000
CDUS45 KTWC 270026
CLIDUG

CLIMATE REPORT
NATIONAL WEATHER SERVICE TUCSON AZ
525 PM MST WED NOV 26 2014


...................................

...THE DOUGLAS AZ CLIMATE SUMMARY FOR NOVEMBER 26 2014...
VALID TODAY AS OF 0500 PM LOCAL TIME.

CLIMATE NORMAL PERIOD 1981 TO 2010
CLIMATE RECORD PERIOD 1948 TO 2014


WEATHER ITEM   OBSERVED TIME   RECORD YEAR NORMAL DEPARTURE LAST
                VALUE   (LST)  VALUE       VALUE  FROM      YEAR
                                                  NORMAL
..................................................................
TEMPERATURE (F)
 TODAY
  MAXIMUM         71    328 PM  80    1977  67      4       58
  MINIMUM         22    615 AM  17    2010  32    -10       26
  AVERAGE         47                        50     -3       42

PRECIPITATION (IN)
  TODAY            0.00                      0.02  -0.02     0.00
  MONTH TO DATE    0.01                      0.59  -0.58     0.52
  SINCE OCT 1      1.37                      1.48  -0.11     0.52
  SINCE JAN 1     14.94                     12.03   2.91    17.63

DEGREE DAYS
 HEATING
  TODAY           18                        16      2       23
  MONTH TO DATE  319                       288     31      257
  SINCE SEP 1    338                       371    -33      376
  SINCE JUL 1    338                       371    -33      376
..................................................................


WIND (MPH)
  HIGHEST WIND SPEED    12   HIGHEST WIND DIRECTION    NW (330)
  HIGHEST GUST SPEED    15   HIGHEST GUST DIRECTION    NW (330)
  AVERAGE WIND SPEED     4.0


SKY COVER
  POSSIBLE SUNSHINE  MM
  AVERAGE SKY COVER 0.0


WEATHER CONDITIONS
 THE FOLLOWING WEATHER WAS RECORDED TODAY.
  NO SIGNIFICANT WEATHER WAS OBSERVED.


RELATIVE HUMIDITY (PERCENT)
 HIGHEST    42
 LOWEST      9
 AVERAGE    26

..........................................................


THE DOUGLAS AZ CLIMATE NORMALS FOR TOMORROW
                         NORMAL    RECORD    YEAR
 MAXIMUM TEMPERATURE (F)   66        81      1949
 MINIMUM TEMPERATURE (F)   32        17      1993


SUNRISE AND SUNSET
NOVEMBER 26 2014......SUNRISE   656 AM MST   SUNSET   516 PM MST
NOVEMBER 27 2014......SUNRISE   657 AM MST   SUNSET   515 PM MST


-  INDICATES NEGATIVE NUMBERS.
R  INDICATES RECORD WAS SET OR TIED.
MM INDICATES DATA IS MISSING.
T  INDICATES TRACE AMOUNT.




$$
