000
CDUS45 KTWC 010026
CLIDUG

CLIMATE REPORT
NATIONAL WEATHER SERVICE TUCSON AZ
525 PM MST TUE MAY 31 2016


...................................

...THE DOUGLAS AZ CLIMATE SUMMARY FOR MAY 31 2016...
VALID TODAY AS OF 0500 PM LOCAL TIME.

CLIMATE NORMAL PERIOD 1981 TO 2010
CLIMATE RECORD PERIOD 1948 TO 2016


WEATHER ITEM   OBSERVED TIME   RECORD YEAR NORMAL DEPARTURE LAST
                VALUE   (LST)  VALUE       VALUE  FROM      YEAR
                                                  NORMAL
..................................................................
TEMPERATURE (F)
 TODAY
  MAXIMUM         87    342 PM 105    2002  93     -6       98
  MINIMUM         55    530 AM  39    1988  56     -1       56
  AVERAGE         71                        74     -3       77

PRECIPITATION (IN)
  TODAY            0.00                      0.01  -0.01     0.00
  MONTH TO DATE    T                         0.28  -0.28      T
  SINCE OCT 1      2.68                      4.95  -2.27     4.80
  SINCE JAN 1      1.47                      2.40  -0.93     2.83

DEGREE DAYS
 COOLING
  TODAY            6                         9     -3       12
  MONTH TO DATE  130                       171    -41       58
  SINCE MAR 1    148                       201    -53       62
  SINCE JAN 1    148                       201    -53       62
..................................................................


WIND (MPH)
  HIGHEST WIND SPEED    20   HIGHEST WIND DIRECTION     S (200)
  HIGHEST GUST SPEED    28   HIGHEST GUST DIRECTION     S (170)
  AVERAGE WIND SPEED     8.8


SKY COVER
  POSSIBLE SUNSHINE  MM
  AVERAGE SKY COVER 0.1


WEATHER CONDITIONS
 THE FOLLOWING WEATHER WAS RECORDED TODAY.
  NO SIGNIFICANT WEATHER WAS OBSERVED.


RELATIVE HUMIDITY (PERCENT)
 HIGHEST    38
 LOWEST     11
 AVERAGE    25

..........................................................


THE DOUGLAS AZ CLIMATE NORMALS FOR TOMORROW
                         NORMAL    RECORD    YEAR
 MAXIMUM TEMPERATURE (F)   93       101      2014
                                             2012
                                             2011
 MINIMUM TEMPERATURE (F)   56        43      1949


SUNRISE AND SUNSET
MAY 31 2016...........SUNRISE   515 AM MST   SUNSET   718 PM MST
JUNE  1 2016..........SUNRISE   514 AM MST   SUNSET   719 PM MST


-  INDICATES NEGATIVE NUMBERS.
R  INDICATES RECORD WAS SET OR TIED.
MM INDICATES DATA IS MISSING.
T  INDICATES TRACE AMOUNT.




$$
