000
CDUS45 KTWC 240028
CLIDUG

CLIMATE REPORT
NATIONAL WEATHER SERVICE TUCSON AZ
526 PM MST SAT MAY 23 2015


...................................

...THE DOUGLAS AZ CLIMATE SUMMARY FOR MAY 23 2015...
VALID TODAY AS OF 0500 PM LOCAL TIME.

CLIMATE NORMAL PERIOD 1981 TO 2010
CLIMATE RECORD PERIOD 1948 TO 2015


WEATHER ITEM   OBSERVED TIME   RECORD YEAR NORMAL DEPARTURE LAST
                VALUE   (LST)  VALUE       VALUE  FROM      YEAR
                                                  NORMAL
..................................................................
TEMPERATURE (F)
 TODAY
  MAXIMUM         78    352 PM 102    2005  90    -12       85
  MINIMUM         43    606 AM  42    1962  53    -10       53
  AVERAGE         61                        72    -11       69

PRECIPITATION (IN)
  TODAY            0.00                      0.01  -0.01     0.00
  MONTH TO DATE    T                         0.20  -0.20      T
  SINCE OCT 1      4.80                      4.87  -0.07     1.39
  SINCE JAN 1      2.83                      2.32   0.51     0.57

DEGREE DAYS
 COOLING
  TODAY            0                         7     -7        4
  MONTH TO DATE   23                       107    -84       81
  SINCE MAR 1     27                       137   -110       99
  SINCE JAN 1     27                       137   -110       99
..................................................................


WIND (MPH)
  HIGHEST WIND SPEED    23   HIGHEST WIND DIRECTION     W (260)
  HIGHEST GUST SPEED    31   HIGHEST GUST DIRECTION     W (260)
  AVERAGE WIND SPEED     6.7


SKY COVER
  POSSIBLE SUNSHINE  MM
  AVERAGE SKY COVER 0.0


WEATHER CONDITIONS
 THE FOLLOWING WEATHER WAS RECORDED TODAY.
  NO SIGNIFICANT WEATHER WAS OBSERVED.


RELATIVE HUMIDITY (PERCENT)
 HIGHEST    57
 LOWEST     10
 AVERAGE    34

..........................................................


THE DOUGLAS AZ CLIMATE NORMALS FOR TOMORROW
                         NORMAL    RECORD    YEAR
 MAXIMUM TEMPERATURE (F)   90       101      1984
 MINIMUM TEMPERATURE (F)   54        41      1971


SUNRISE AND SUNSET
MAY 23 2015...........SUNRISE   518 AM MST   SUNSET   713 PM MST
MAY 24 2015...........SUNRISE   517 AM MST   SUNSET   714 PM MST


-  INDICATES NEGATIVE NUMBERS.
R  INDICATES RECORD WAS SET OR TIED.
MM INDICATES DATA IS MISSING.
T  INDICATES TRACE AMOUNT.




$$
