000
CDUS45 KTWC 300028
CLIDUG

CLIMATE REPORT
NATIONAL WEATHER SERVICE TUCSON AZ
526 PM MST SAT APR 29 2017


...................................

...THE DOUGLAS AZ CLIMATE SUMMARY FOR APRIL 29 2017...
VALID TODAY AS OF 0500 PM LOCAL TIME.

CLIMATE NORMAL PERIOD 1981 TO 2010
CLIMATE RECORD PERIOD 1948 TO 2017


WEATHER ITEM   OBSERVED TIME   RECORD YEAR NORMAL DEPARTURE LAST
                VALUE   (LST)  VALUE       VALUE  FROM      YEAR
                                                  NORMAL
..................................................................
TEMPERATURE (F)
 TODAY
  MAXIMUM         71    157 PM  95    1992  83    -12       73
  MINIMUM         51    657 AM  28    1991  47      4       36
  AVERAGE         61                        65     -4       55

PRECIPITATION (IN)
  TODAY            0.00                      0.01  -0.01     0.00
  MONTH TO DATE    T                         0.22  -0.22     0.04
  SINCE OCT 1      3.05                      4.66  -1.61     2.68
  SINCE JAN 1      1.70                      2.11  -0.41     1.47

DEGREE DAYS
 HEATING
  TODAY            4                         2      2       10
  MONTH TO DATE   93                       136    -43      150
  SINCE MAR 1    274                       461   -187      417
  SINCE JUL 1   2067                      2497   -430     2589

 COOLING
  TODAY            0                         2     -2        0
  MONTH TO DATE   37                        24     13       18
  SINCE MAR 1     44                        25     19       18
  SINCE JAN 1     44                        25     19       18
..................................................................


WIND (MPH)
  HIGHEST WIND SPEED    31   HIGHEST WIND DIRECTION    NW (300)
  HIGHEST GUST SPEED    39   HIGHEST GUST DIRECTION    NW (310)
  AVERAGE WIND SPEED    17.0


SKY COVER
  POSSIBLE SUNSHINE  MM
  AVERAGE SKY COVER 0.4


WEATHER CONDITIONS
 THE FOLLOWING WEATHER WAS RECORDED TODAY.
  NO SIGNIFICANT WEATHER WAS OBSERVED.


RELATIVE HUMIDITY (PERCENT)
 HIGHEST    19
 LOWEST      6
 AVERAGE    13

..........................................................


THE DOUGLAS AZ CLIMATE NORMALS FOR TOMORROW
                         NORMAL    RECORD    YEAR
 MAXIMUM TEMPERATURE (F)   84        97      1992
 MINIMUM TEMPERATURE (F)   47        27      1970


SUNRISE AND SUNSET
APRIL 29 2017.........SUNRISE   535 AM MST   SUNSET   657 PM MST
APRIL 30 2017.........SUNRISE   534 AM MST   SUNSET   658 PM MST


-  INDICATES NEGATIVE NUMBERS.
R  INDICATES RECORD WAS SET OR TIED.
MM INDICATES DATA IS MISSING.
T  INDICATES TRACE AMOUNT.




$$
