000
CDUS45 KTWC 230731 RRA
CLIDUG

CLIMATE REPORT
NATIONAL WEATHER SERVICE TUCSON AZ
1231 AM MST MON JAN 23 2017


...................................

...THE DOUGLAS AZ CLIMATE SUMMARY FOR JANUARY 22 2017...

CLIMATE NORMAL PERIOD 1981 TO 2010
CLIMATE RECORD PERIOD 1948 TO 2017


WEATHER ITEM   OBSERVED TIME   RECORD YEAR NORMAL DEPARTURE LAST
                VALUE   (LST)  VALUE       VALUE  FROM      YEAR
                                                  NORMAL
..................................................................
TEMPERATURE (F)
 YESTERDAY
  MAXIMUM         57    445 PM  77    1950  63     -6       69
  MINIMUM         26    725 AM  15    1966  30     -4       21
  AVERAGE         42                        47     -5       45

PRECIPITATION (IN)
  YESTERDAY        0.00          0.62 2010   0.03  -0.03     0.00
  MONTH TO DATE    1.24                      0.52   0.72     1.16
  SINCE OCT 1      2.59                      3.07  -0.48     2.37
  SINCE JAN 1      1.24                      0.52   0.72     1.16

DEGREE DAYS
 HEATING
  YESTERDAY       23                        18      5       20
  MONTH TO DATE  388                       419    -31      496
  SINCE DEC 1    892                      1008   -116     1159
  SINCE JUL 1   1228                      1443   -215     1612

 COOLING
  YESTERDAY        0                         0      0        0
  MONTH TO DATE    0                         0      0        0
  SINCE DEC 1      0                         0      0        0
  SINCE JAN 1      0                         0      0        0
..................................................................


WIND (MPH)
  HIGHEST WIND SPEED    12   HIGHEST WIND DIRECTION    SE (150)
  HIGHEST GUST SPEED    14   HIGHEST GUST DIRECTION    SE (150)
  AVERAGE WIND SPEED     4.0


SKY COVER
  POSSIBLE SUNSHINE  MM
  AVERAGE SKY COVER 0.1


WEATHER CONDITIONS
 THE FOLLOWING WEATHER WAS RECORDED YESTERDAY.
  NO SIGNIFICANT WEATHER WAS OBSERVED.


RELATIVE HUMIDITY (PERCENT)
 HIGHEST    92
 LOWEST     30
 AVERAGE    61

..........................................................


THE DOUGLAS AZ CLIMATE NORMALS FOR TODAY
                         NORMAL    RECORD    YEAR
 MAXIMUM TEMPERATURE (F)   63        77      1986
                                             1950
 MINIMUM TEMPERATURE (F)   30        14      1955


SUNRISE AND SUNSET
JANUARY 23 2017.......SUNRISE   716 AM MST   SUNSET   545 PM MST
JANUARY 24 2017.......SUNRISE   715 AM MST   SUNSET   546 PM MST


-  INDICATES NEGATIVE NUMBERS.
R  INDICATES RECORD WAS SET OR TIED.
MM INDICATES DATA IS MISSING.
T  INDICATES TRACE AMOUNT.




$$
