000
CDUS45 KTWC 270746
CLIDUG

CLIMATE REPORT
NATIONAL WEATHER SERVICE TUCSON AZ
1245 AM MST TUE JAN 27 2015


...................................

...THE DOUGLAS AZ CLIMATE SUMMARY FOR JANUARY 26 2015...

CLIMATE NORMAL PERIOD 1981 TO 2010
CLIMATE RECORD PERIOD 1948 TO 2015


WEATHER ITEM   OBSERVED TIME   RECORD YEAR NORMAL DEPARTURE LAST
                VALUE   (LST)  VALUE       VALUE  FROM      YEAR
                                                  NORMAL
..................................................................
TEMPERATURE (F)
 YESTERDAY
  MAXIMUM         65    424 PM  78    1975  64      1       69
  MINIMUM         37    331 AM  16    2011  30      7       37
  AVERAGE         51                        47      4       53

PRECIPITATION (IN)
  YESTERDAY        0.00          0.49 2005   0.02  -0.02     0.00
  MONTH TO DATE    0.10                      0.61  -0.51      T
  SINCE OCT 1      2.07                      3.16  -1.09     0.82
  SINCE JAN 1      0.10                      0.61  -0.51      T

DEGREE DAYS
 HEATING
  YESTERDAY       14                        18     -4       12
  MONTH TO DATE  530                       491     39      473
  SINCE DEC 1   1088                      1080      8     1121
  SINCE JUL 1   1482                      1515    -33     1567

 COOLING
  YESTERDAY        0                         0      0        0
  MONTH TO DATE    0                         0      0        0
  SINCE DEC 1      0                         0      0        0
  SINCE JAN 1      0                         0      0        0
..................................................................


WIND (MPH)
  HIGHEST WIND SPEED    17   HIGHEST WIND DIRECTION     E (80)
  HIGHEST GUST SPEED    21   HIGHEST GUST DIRECTION     E (80)
  AVERAGE WIND SPEED     5.3


SKY COVER
  POSSIBLE SUNSHINE  MM
  AVERAGE SKY COVER 0.5


WEATHER CONDITIONS
 THE FOLLOWING WEATHER WAS RECORDED YESTERDAY.
  NO SIGNIFICANT WEATHER WAS OBSERVED.


RELATIVE HUMIDITY (PERCENT)
 HIGHEST    52
 LOWEST     25
 AVERAGE    39

..........................................................


THE DOUGLAS AZ CLIMATE NORMALS FOR TODAY
                         NORMAL    RECORD    YEAR
 MAXIMUM TEMPERATURE (F)   64        78      1990
 MINIMUM TEMPERATURE (F)   30        19      1965


SUNRISE AND SUNSET
JANUARY 27 2015.......SUNRISE   714 AM MST   SUNSET   549 PM MST
JANUARY 28 2015.......SUNRISE   713 AM MST   SUNSET   550 PM MST


-  INDICATES NEGATIVE NUMBERS.
R  INDICATES RECORD WAS SET OR TIED.
MM INDICATES DATA IS MISSING.
T  INDICATES TRACE AMOUNT.




$$
