000
CDUS45 KTWC 231438
CLIDUG

CLIMATE REPORT
NATIONAL WEATHER SERVICE TUCSON AZ
736 AM MST WED JUL 23 2014


...................................

...THE DOUGLAS AZ CLIMATE SUMMARY FOR JULY 23 2014...
VALID AS OF 0700 AM LOCAL TIME.

CLIMATE NORMAL PERIOD 1981 TO 2010
CLIMATE RECORD PERIOD 1948 TO 2014


WEATHER ITEM   OBSERVED TIME   RECORD YEAR NORMAL DEPARTURE LAST
                VALUE   (LST)  VALUE       VALUE  FROM      YEAR
                                                  NORMAL
..................................................................
TEMPERATURE (F)
 TODAY
  MINIMUM         67    605 AM  56    1986  66      1       67

PRECIPITATION (IN)
  TODAY            T             1.15 1964   0.11  -0.11     0.56
  MONTH TO DATE    2.81                      1.98   0.83     9.03
  SINCE OCT 1      4.28                      7.54  -3.26    10.64
  SINCE JAN 1      3.46                      4.99  -1.53    10.01

DEGREE DAYS
 HEATING
  TODAY            0                         0      0        0

 COOLING
  TODAY            7                        14     -7       14
..................................................................


WIND (MPH)
  HIGHEST WIND SPEED    26   HIGHEST WIND DIRECTION     E (80)
  HIGHEST GUST SPEED    31   HIGHEST GUST DIRECTION     E (80)
  AVERAGE WIND SPEED    11.3


SKY COVER
  POSSIBLE SUNSHINE  MM
  AVERAGE SKY COVER 0.4


WEATHER CONDITIONS
 THE FOLLOWING WEATHER WAS RECORDED TODAY.
  LIGHT RAIN


RELATIVE HUMIDITY (PERCENT)
 HIGHEST    81           600 AM

..........................................................


THE DOUGLAS AZ CLIMATE NORMALS FOR TOMORROW
                         NORMAL    RECORD    YEAR
 MAXIMUM TEMPERATURE (F)   93       102      1963
 MINIMUM TEMPERATURE (F)   66        58      1958


SUNRISE AND SUNSET
JULY 23 2014..........SUNRISE   529 AM MST   SUNSET   720 PM MST
JULY 24 2014..........SUNRISE   530 AM MST   SUNSET   720 PM MST


-  INDICATES NEGATIVE NUMBERS.
R  INDICATES RECORD WAS SET OR TIED.
MM INDICATES DATA IS MISSING.
T  INDICATES TRACE AMOUNT.




$$
