000
CDUS45 KTWC 291428 RRA
CLIDUG

CLIMATE REPORT
NATIONAL WEATHER SERVICE TUCSON AZ
726 AM MST THU SEP 29 2016


...................................

...THE DOUGLAS AZ CLIMATE SUMMARY FOR SEPTEMBER 29 2016...
VALID AS OF 0700 AM LOCAL TIME.

CLIMATE NORMAL PERIOD 1981 TO 2010
CLIMATE RECORD PERIOD 1948 TO 2016


WEATHER ITEM   OBSERVED TIME   RECORD YEAR NORMAL DEPARTURE LAST
                VALUE   (LST)  VALUE       VALUE  FROM      YEAR
                                                  NORMAL
..................................................................
TEMPERATURE (F)
 TODAY
  MINIMUM         58    632 AM  44    1970  54      4       54

PRECIPITATION (IN)
  TODAY            0.00          0.34 1966   0.04  -0.04     0.00
  MONTH TO DATE    1.63                      1.50   0.13      T
  SINCE OCT 1     13.04                     13.06  -0.02    13.33
  SINCE JAN 1     11.83                     10.51   1.32    11.36

DEGREE DAYS
 HEATING
  TODAY            4                         0      4        0

 COOLING
  TODAY            0                         6     -6        9
..................................................................


WIND (MPH)
  HIGHEST WIND SPEED     8   HIGHEST WIND DIRECTION    NE (30)
  HIGHEST GUST SPEED     9   HIGHEST GUST DIRECTION     N (20)
  AVERAGE WIND SPEED     5.0


SKY COVER
  POSSIBLE SUNSHINE  MM
  AVERAGE SKY COVER 0.0


WEATHER CONDITIONS
 THE FOLLOWING WEATHER WAS RECORDED TODAY.
  NO SIGNIFICANT WEATHER WAS OBSERVED.


RELATIVE HUMIDITY (PERCENT)
 HIGHEST    93           400 AM

..........................................................


THE DOUGLAS AZ CLIMATE NORMALS FOR TOMORROW
                         NORMAL    RECORD    YEAR
 MAXIMUM TEMPERATURE (F)   86        96      2010
                                             2003
 MINIMUM TEMPERATURE (F)   54        36      1965


SUNRISE AND SUNSET
SEPTEMBER 29 2016.....SUNRISE   611 AM MST   SUNSET   605 PM MST
SEPTEMBER 30 2016.....SUNRISE   612 AM MST   SUNSET   604 PM MST


-  INDICATES NEGATIVE NUMBERS.
R  INDICATES RECORD WAS SET OR TIED.
MM INDICATES DATA IS MISSING.
T  INDICATES TRACE AMOUNT.




$$
