000
CDUS45 KTWC 290731
CLIDUG

CLIMATE REPORT
NATIONAL WEATHER SERVICE TUCSON AZ
1230 AM MST FRI AUG 29 2014


...................................

...THE DOUGLAS AZ CLIMATE SUMMARY FOR AUGUST 28 2014...

CLIMATE NORMAL PERIOD 1981 TO 2010
CLIMATE RECORD PERIOD 1948 TO 2014


WEATHER ITEM   OBSERVED TIME   RECORD YEAR NORMAL DEPARTURE LAST
                VALUE   (LST)  VALUE       VALUE  FROM      YEAR
                                                  NORMAL
..................................................................
TEMPERATURE (F)
 YESTERDAY
  MAXIMUM         91    435 PM 100    2011  92     -1       86
                                      1948
  MINIMUM         61    416 AM  57    2006  64     -3       65
                                      1957
  AVERAGE         76                        78     -2       76

PRECIPITATION (IN)
  YESTERDAY        0.00          1.69 1972   0.07  -0.07     0.00
  MONTH TO DATE    4.00                      2.85   1.15     3.25
  SINCE OCT 1     10.26                     11.36  -1.10    14.98
  SINCE JAN 1      9.44                      8.81   0.63    14.35

DEGREE DAYS
 HEATING
  YESTERDAY        0                         0      0        0
  MONTH TO DATE    0                         0      0        0
  SINCE JUN 1      0                         0      0        0
  SINCE JUL 1      0                         0      0        0

 COOLING
  YESTERDAY       11                        13     -2       11
  MONTH TO DATE  291                       366    -75      354
  SINCE JUN 1   1244                      1226     18     1308
  SINCE JAN 1   1412                      1427    -15     1508
..................................................................


WIND (MPH)
  HIGHEST WIND SPEED    13   HIGHEST WIND DIRECTION     N (340)
  HIGHEST GUST SPEED    18   HIGHEST GUST DIRECTION     N (350)
  AVERAGE WIND SPEED     6.4


SKY COVER
  POSSIBLE SUNSHINE  MM
  AVERAGE SKY COVER 0.0


WEATHER CONDITIONS
 THE FOLLOWING WEATHER WAS RECORDED YESTERDAY.
  NO SIGNIFICANT WEATHER WAS OBSERVED.


RELATIVE HUMIDITY (PERCENT)
 HIGHEST    90
 LOWEST     21
 AVERAGE    56

..........................................................


THE DOUGLAS AZ CLIMATE NORMALS FOR TODAY
                         NORMAL    RECORD    YEAR
 MAXIMUM TEMPERATURE (F)   92       102      2011
 MINIMUM TEMPERATURE (F)   64        57      1979
                                             1970
                                             1951


SUNRISE AND SUNSET
AUGUST 29 2014........SUNRISE   552 AM MST   SUNSET   646 PM MST
AUGUST 30 2014........SUNRISE   553 AM MST   SUNSET   644 PM MST


-  INDICATES NEGATIVE NUMBERS.
R  INDICATES RECORD WAS SET OR TIED.
MM INDICATES DATA IS MISSING.
T  INDICATES TRACE AMOUNT.

$$
