000
CDUS45 KTWC 240731
CLIDUG

CLIMATE REPORT
NATIONAL WEATHER SERVICE TUCSON AZ
1229 AM MST THU AUG 24 2017


...................................

...THE DOUGLAS AZ CLIMATE SUMMARY FOR AUGUST 23 2017...

CLIMATE NORMAL PERIOD 1981 TO 2010
CLIMATE RECORD PERIOD 1948 TO 2017


WEATHER ITEM   OBSERVED TIME   RECORD YEAR NORMAL DEPARTURE LAST
                VALUE   (LST)  VALUE       VALUE  FROM      YEAR
                                                  NORMAL
..................................................................
TEMPERATURE (F)
 YESTERDAY
  MAXIMUM         92    113 PM 101    2011  92      0       91
  MINIMUM         64   1125 PM  54    1979  64      0       58
  AVERAGE         78                        78      0       75

PRECIPITATION (IN)
  YESTERDAY        0.35          1.07 2005   0.09   0.26     0.00
  MONTH TO DATE    1.99                      2.48  -0.49     2.44
  SINCE OCT 1     10.03                     10.99  -0.96    11.27
  SINCE JAN 1      8.68                      8.44   0.24    10.06

DEGREE DAYS
 HEATING
  YESTERDAY        0                         0      0        0
  MONTH TO DATE    0                         0      0        0
  SINCE JUN 1      0                         0      0        0
  SINCE JUL 1      0                         0      0        0

 COOLING
  YESTERDAY       13                        13      0       10
  MONTH TO DATE  292                       301     -9      265
  SINCE JUN 1   1223                      1161     62     1242
  SINCE JAN 1   1416                      1362     54     1390
..................................................................


WIND (MPH)
  HIGHEST WIND SPEED    36   HIGHEST WIND DIRECTION    SE (130)
  HIGHEST GUST SPEED    44   HIGHEST GUST DIRECTION    SE (130)
  AVERAGE WIND SPEED     6.3


SKY COVER
  POSSIBLE SUNSHINE  MM
  AVERAGE SKY COVER 0.4


WEATHER CONDITIONS
 THE FOLLOWING WEATHER WAS RECORDED YESTERDAY.
  THUNDERSTORM
  RAIN
  LIGHT RAIN
  FOG


RELATIVE HUMIDITY (PERCENT)
 HIGHEST    93
 LOWEST     37
 AVERAGE    65

..........................................................


THE DOUGLAS AZ CLIMATE NORMALS FOR TODAY
                         NORMAL    RECORD    YEAR
 MAXIMUM TEMPERATURE (F)   92       103      2011
 MINIMUM TEMPERATURE (F)   64        55      1979


SUNRISE AND SUNSET
AUGUST 24 2017........SUNRISE   550 AM MST   SUNSET   651 PM MST
AUGUST 25 2017........SUNRISE   550 AM MST   SUNSET   650 PM MST


-  INDICATES NEGATIVE NUMBERS.
R  INDICATES RECORD WAS SET OR TIED.
MM INDICATES DATA IS MISSING.
T  INDICATES TRACE AMOUNT.




$$
