734
CDUS45 KTWC 290748 RRA
CLIDUG

CLIMATE REPORT
NATIONAL WEATHER SERVICE TUCSON AZ
1247 AM MST FRI JUL 29 2016

...................................

...THE DOUGLAS AZ CLIMATE SUMMARY FOR JULY 28 2016...

CLIMATE NORMAL PERIOD 1981 TO 2010
CLIMATE RECORD PERIOD 1948 TO 2016


WEATHER ITEM   OBSERVED TIME   RECORD YEAR NORMAL DEPARTURE LAST
                VALUE   (LST)  VALUE       VALUE  FROM      YEAR
                                                  NORMAL
..................................................................
TEMPERATURE (F)
 YESTERDAY
  MAXIMUM         96    511 PM 106    1995  92      4       MM
  MINIMUM         67    542 AM  61    1999  66      1       MM
                                      1976
  AVERAGE         82                        79      3       MM

PRECIPITATION (IN)
  YESTERDAY        0.00          1.16 1969   0.12  -0.12     0.00
  MONTH TO DATE    3.50                      2.57   0.93     4.29
  SINCE OCT 1      8.04                      8.13  -0.09    10.28
  SINCE JAN 1      6.83                      5.58   1.25     8.31

DEGREE DAYS
 HEATING
  YESTERDAY        0                         0      0       MM
  MONTH TO DATE    0                         0      0        0
  SINCE JUN 1      0                         0      0        0
  SINCE JUL 1      0                         0      0        0

 COOLING
  YESTERDAY       17                        14      3       MM
  MONTH TO DATE  464                       426     38      381
  SINCE JUN 1    932                       821    111      837
  SINCE JAN 1   1080                      1022     58      899
..................................................................


WIND (MPH)
  HIGHEST WIND SPEED    16   HIGHEST WIND DIRECTION     E (90)
  HIGHEST GUST SPEED    21   HIGHEST GUST DIRECTION     E (90)
  AVERAGE WIND SPEED     6.1


SKY COVER
  POSSIBLE SUNSHINE  MM
  AVERAGE SKY COVER 0.1


WEATHER CONDITIONS
 THE FOLLOWING WEATHER WAS RECORDED YESTERDAY.
  NO SIGNIFICANT WEATHER WAS OBSERVED.


RELATIVE HUMIDITY (PERCENT)
 HIGHEST    93
 LOWEST     24
 AVERAGE    59

..........................................................


THE DOUGLAS AZ CLIMATE NORMALS FOR TODAY
                         NORMAL    RECORD    YEAR
 MAXIMUM TEMPERATURE (F)   92       101      1986
 MINIMUM TEMPERATURE (F)   66        55      1958


SUNRISE AND SUNSET
JULY 29 2016..........SUNRISE   533 AM MST   SUNSET   716 PM MST
JULY 30 2016..........SUNRISE   534 AM MST   SUNSET   715 PM MST


-  INDICATES NEGATIVE NUMBERS.
R  INDICATES RECORD WAS SET OR TIED.
MM INDICATES DATA IS MISSING.
T  INDICATES TRACE AMOUNT.

$$
