000
CDUS43 KDVN 282229
CLIDVN


CLIMATE REPORT
NATIONAL WEATHER SERVICE QUAD CITIES IA IL
429 PM CST FRI NOV 28 2014


...................................

...THE DAVENPORT IA CLIMATE SUMMARY FOR NOVEMBER 28 2014...
VALID TODAY AS OF 0400 PM LOCAL TIME.

CLIMATE NORMAL PERIOD 1981 TO 2010
CLIMATE RECORD PERIOD 9999 TO 9999


WEATHER ITEM   OBSERVED TIME   RECORD YEAR NORMAL DEPARTURE LAST
                VALUE   (LST)  VALUE       VALUE  FROM      YEAR
                                                  NORMAL
..................................................................
TEMPERATURE (F)
 TODAY
  MAXIMUM         34    355 PM  MM      MM  41     -7       35
  MINIMUM         13   1239 AM  MM      MM  24    -11       15
  AVERAGE         24                        32     -8       25

PRECIPITATION (IN)
  TODAY            T            MM      MM   0.07  -0.07     0.00
  MONTH TO DATE    1.80                      2.30  -0.50     1.70
  SINCE SEP 1      8.74                      8.33   0.41     5.38
  SINCE JAN 1     33.43                     34.15  -0.72    33.77

SNOWFALL (IN)
  TODAY            T            MM      MM  MM     MM        0.0
  MONTH TO DATE    4.0                      MM     MM        0.8
  SINCE SEP 1      4.0                      MM     MM        3.3
  SINCE JUL 1      4.0                      MM     MM        3.3
  SNOW DEPTH       1

DEGREE DAYS
 HEATING
  TODAY           41                        33      8       40
  MONTH TO DATE  961                       720    241      809
  SINCE SEP 1   1529                      1266    263     1326
  SINCE JUL 1   1550                      1280    270     1345

 COOLING
  TODAY            0                         0      0        0
  MONTH TO DATE    0                         0      0        0
  SINCE SEP 1     69                        82    -13      165
  SINCE JAN 1    728                       786    -58      938
..................................................................


WIND (MPH)
  HIGHEST WIND SPEED    22   HIGHEST WIND DIRECTION     S (160)
  HIGHEST GUST SPEED    27   HIGHEST GUST DIRECTION    SE (150)
  AVERAGE WIND SPEED    12.1


SKY COVER
  POSSIBLE SUNSHINE  MM
  AVERAGE SKY COVER 0.5


WEATHER CONDITIONS
 THE FOLLOWING WEATHER WAS RECORDED TODAY.
  LIGHT SNOW


RELATIVE HUMIDITY (PERCENT)
 HIGHEST    75           400 PM
 LOWEST     67          1200 AM
 AVERAGE    71

..........................................................


THE DAVENPORT IA CLIMATE NORMALS FOR TOMORROW
                         NORMAL    RECORD    YEAR
 MAXIMUM TEMPERATURE (F)   40        MM        MM
 MINIMUM TEMPERATURE (F)   24        MM        MM


SUNRISE AND SUNSET
NOVEMBER 28 2014......SUNRISE   706 AM CST   SUNSET   434 PM CST
NOVEMBER 29 2014......SUNRISE   707 AM CST   SUNSET   434 PM CST


-  INDICATES NEGATIVE NUMBERS.
R  INDICATES RECORD WAS SET OR TIED.
MM INDICATES DATA IS MISSING.
T  INDICATES TRACE AMOUNT.




$$
