000
CDUS46 KOTX 030833
CLIEAT


CLIMATE REPORT
NATIONAL WEATHER SERVICE SPOKANE, WA
133 AM PDT WED JUN 3 2015


...................................

...THE WENATCHEE WA PANGBORN FIELD CLIMATE SUMMARY FOR JUNE 2 2015...

CLIMATE NORMAL PERIOD 1981 TO 2010
CLIMATE RECORD PERIOD 1959 TO 2015


WEATHER ITEM   OBSERVED TIME   RECORD YEAR NORMAL DEPARTURE LAST
                VALUE   (LST)  VALUE       VALUE  FROM      YEAR
                                                  NORMAL
..................................................................
TEMPERATURE (F)
 YESTERDAY
  MAXIMUM         74    358 PM  96    1986  75     -1       88
  MINIMUM         60   1159 PM  40    1976  53      7       59
  AVERAGE         67                        64      3       74

PRECIPITATION (IN)
  YESTERDAY        0.00          0.64 1988   0.03  -0.03      T
  MONTH TO DATE    T                         0.06  -0.06      T
  SINCE OCT 1      6.87                      6.66   0.21     2.87
  SINCE JAN 1      3.69                      3.71  -0.02     2.31

SNOWFALL (IN)
  YESTERDAY       MM

DEGREE DAYS
 HEATING
  YESTERDAY        0                         3     -3        0
  MONTH TO DATE    0                         6     -6        0
  SINCE JUN 1      0                         6     -6        0
  SINCE JUL 1   4498                      5720  -1222     5623

 COOLING
  YESTERDAY        2                         2      0        9
  MONTH TO DATE   12                         4      8       17
  SINCE JUN 1     12                         4      8       17
  SINCE JAN 1    111                       151    -40       75
..................................................................


WIND (MPH)
  HIGHEST WIND SPEED    22   HIGHEST WIND DIRECTION    NW (300)
  HIGHEST GUST SPEED    27   HIGHEST GUST DIRECTION     W (290)
  AVERAGE WIND SPEED    15.5


SKY COVER
  POSSIBLE SUNSHINE  MM
  AVERAGE SKY COVER 0.6


WEATHER CONDITIONS
 THE FOLLOWING WEATHER WAS RECORDED YESTERDAY.
  NO SIGNIFICANT WEATHER WAS OBSERVED.


RELATIVE HUMIDITY (PERCENT)
 HIGHEST    52          1200 AM
 LOWEST     27           400 PM
 AVERAGE    40

..........................................................


THE WENATCHEE WA PANGBORN FIELD CLIMATE NORMALS FOR TODAY
                         NORMAL    RECORD    YEAR
 MAXIMUM TEMPERATURE (F)   76        98      1970
 MINIMUM TEMPERATURE (F)   53        38      1976


SUNRISE AND SUNSET
JUNE  3 2015..........SUNRISE   507 AM PDT   SUNSET   851 PM PDT
JUNE  4 2015..........SUNRISE   506 AM PDT   SUNSET   852 PM PDT


-  INDICATES NEGATIVE NUMBERS.
R  INDICATES RECORD WAS SET OR TIED.
MM INDICATES DATA IS MISSING.
T  INDICATES TRACE AMOUNT.




$$
