000
CDUS46 KOTX 220827
CLIEAT


CLIMATE REPORT
NATIONAL WEATHER SERVICE SPOKANE, WA
1226 AM PST WED FEB 22 2017


...................................

...THE WENATCHEE WA PANGBORN FIELD CLIMATE SUMMARY FOR FEBRUARY 21 2017...

CLIMATE NORMAL PERIOD 1981 TO 2010
CLIMATE RECORD PERIOD 1959 TO 2017


WEATHER ITEM   OBSERVED TIME   RECORD YEAR NORMAL DEPARTURE LAST
                VALUE   (LST)  VALUE       VALUE  FROM      YEAR
                                                  NORMAL
..................................................................
TEMPERATURE (F)
 YESTERDAY
  MAXIMUM         40    353 PM  65    1988  44     -4       44
  MINIMUM         31    102 AM  10    1986  29      2       29
  AVERAGE         36                        36      0       37

PRECIPITATION (IN)
  YESTERDAY        0.03          0.28 1983   0.03   0.00     0.00
  MONTH TO DATE    1.64                      0.62   1.02     0.43
  SINCE OCT 1      5.57                      4.63   0.94     6.51
  SINCE JAN 1      2.75                      1.68   1.07     2.65

SNOWFALL (IN)
  YESTERDAY       MM

DEGREE DAYS
 HEATING
  YESTERDAY       29                        29      0       28
  MONTH TO DATE  808                       653    155      585
  SINCE DEC 1   3462                      2901    561     2638
  SINCE JUL 1   4539                      4273    266     3703

 COOLING
  YESTERDAY        0                         0      0        0
  MONTH TO DATE    0                         0      0        0
  SINCE DEC 1      0                         0      0        0
  SINCE JAN 1      0                         0      0        0
..................................................................


WIND (MPH)
  HIGHEST WIND SPEED    12   HIGHEST WIND DIRECTION     W (290)
  HIGHEST GUST SPEED    13   HIGHEST GUST DIRECTION     W (290)
  AVERAGE WIND SPEED     4.4


SKY COVER
  POSSIBLE SUNSHINE  MM
  AVERAGE SKY COVER 0.4


WEATHER CONDITIONS
 THE FOLLOWING WEATHER WAS RECORDED YESTERDAY.
  LIGHT SNOW
  FOG
  FOG W/VISIBILITY <= 1/4 MILE


RELATIVE HUMIDITY (PERCENT)
 HIGHEST   100           100 AM
 LOWEST     59          1100 PM
 AVERAGE    80

..........................................................


THE WENATCHEE WA PANGBORN FIELD CLIMATE NORMALS FOR TODAY
                         NORMAL    RECORD    YEAR
 MAXIMUM TEMPERATURE (F)   44        63      2002
 MINIMUM TEMPERATURE (F)   29        18      1969


SUNRISE AND SUNSET
FEBRUARY 22 2017......SUNRISE   653 AM PST   SUNSET   536 PM PST
FEBRUARY 23 2017......SUNRISE   651 AM PST   SUNSET   537 PM PST


-  INDICATES NEGATIVE NUMBERS.
R  INDICATES RECORD WAS SET OR TIED.
MM INDICATES DATA IS MISSING.
T  INDICATES TRACE AMOUNT.




$$
