000
CDUS46 KOTX 240844
CLIEAT


CLIMATE REPORT
NATIONAL WEATHER SERVICE SPOKANE, WA
144 AM PDT TUE OCT 24 2017


...................................

...THE WENATCHEE WA PANGBORN FIELD CLIMATE SUMMARY FOR OCTOBER 23 2017...

CLIMATE NORMAL PERIOD 1981 TO 2010
CLIMATE RECORD PERIOD 1959 TO 2017


WEATHER ITEM   OBSERVED TIME   RECORD YEAR NORMAL DEPARTURE LAST
                VALUE   (LST)  VALUE       VALUE  FROM      YEAR
                                                  NORMAL
..................................................................
TEMPERATURE (F)
 YESTERDAY
  MAXIMUM         60    358 PM  69    1992  57      3       57
  MINIMUM         37    143 AM  29    1980  38     -1       45
  AVERAGE         49                        48      1       51

PRECIPITATION (IN)
  YESTERDAY        0.00          0.80 1989   0.01  -0.01     0.00
  MONTH TO DATE    0.81                      0.26   0.55     1.21
  SINCE OCT 1      0.81                      0.26   0.55     1.21
  SINCE JAN 1      7.89                      5.32   2.57     8.56

SNOWFALL (IN)
  YESTERDAY       MM

DEGREE DAYS
 HEATING
  YESTERDAY       16                        17     -1       14
  MONTH TO DATE  359                       283     76      304
  SINCE SEP 1    461                       381     80      373
  SINCE JUL 1    461                       395     66      377

 COOLING
  YESTERDAY        0                         0      0        0
  MONTH TO DATE    0                         0      0        0
  SINCE SEP 1    113                         2    111       28
  SINCE JAN 1   1058                       790    268      801
..................................................................


WIND (MPH)
  HIGHEST WIND SPEED    16   HIGHEST WIND DIRECTION    NW (300)
  HIGHEST GUST SPEED    20   HIGHEST GUST DIRECTION    NW (300)
  AVERAGE WIND SPEED     4.9


SKY COVER
  POSSIBLE SUNSHINE  MM
  AVERAGE SKY COVER 0.1


WEATHER CONDITIONS
 THE FOLLOWING WEATHER WAS RECORDED YESTERDAY.
  HAZE


RELATIVE HUMIDITY (PERCENT)
 HIGHEST    89          1100 PM
 LOWEST     39           300 PM
 AVERAGE    64

..........................................................


THE WENATCHEE WA PANGBORN FIELD CLIMATE NORMALS FOR TODAY
                         NORMAL    RECORD    YEAR
 MAXIMUM TEMPERATURE (F)   56        69      1992
 MINIMUM TEMPERATURE (F)   38        29      1983


SUNRISE AND SUNSET
OCTOBER 24 2017.......SUNRISE   733 AM PDT   SUNSET   556 PM PDT
OCTOBER 25 2017.......SUNRISE   734 AM PDT   SUNSET   554 PM PDT


-  INDICATES NEGATIVE NUMBERS.
R  INDICATES RECORD WAS SET OR TIED.
MM INDICATES DATA IS MISSING.
T  INDICATES TRACE AMOUNT.




$$
