000
CDUS46 KOTX 010831
CLIEAT


CLIMATE REPORT
NATIONAL WEATHER SERVICE SPOKANE, WA
127 AM PDT MON SEP 1 2014


...................................

...THE WENATCHEE WA PANGBORN FIELD CLIMATE SUMMARY FOR AUGUST 31 2014...

CLIMATE NORMAL PERIOD 1981 TO 2010
CLIMATE RECORD PERIOD 1959 TO 2014


WEATHER ITEM   OBSERVED TIME   RECORD YEAR NORMAL DEPARTURE LAST
                VALUE   (LST)  VALUE       VALUE  FROM      YEAR
                                                  NORMAL
..................................................................
TEMPERATURE (F)
 YESTERDAY
  MAXIMUM         77    306 PM  99    1998  82     -5       85
  MINIMUM         60    559 AM  45    1999  57      3       55
  AVERAGE         69                        70     -1       70

PRECIPITATION (IN)
  YESTERDAY        0.00        0.05   1964  0.01  -0.01     0.00
  MONTH TO DATE    0.83                     0.20   0.63     1.91
  SINCE OCT 1      4.52                     7.67  -3.15     9.68
  SINCE JAN 1      3.96                     4.72  -0.76     5.88

SNOWFALL (IN)
  YESTERDAY       MM                        0.0     MM       MM
  MONTH TO DATE   MM                        0.0     MM       MM
  SINCE JUN 1     MM                        0.0     MM       MM
  SINCE JUL 1     MM                        0.0     MM       MM
  SNOW DEPTH      MM

DEGREE DAYS
 HEATING
  YESTERDAY        0                         1     -1        0
  MONTH TO DATE    0                         3     -3        0
  SINCE JUN 1     15                        72    -57       35
  SINCE JUL 1      0                        14    -14        0

 COOLING
  YESTERDAY        4                         5     -1        5
  MONTH TO DATE  386                        80    306      296
  SINCE JUN 1   1033                       641    392      821
  SINCE JAN 1   1091                       788    303      881
..................................................................


WIND (MPH)
  HIGHEST WIND SPEED    25   HIGHEST WIND DIRECTION     W (290)
  HIGHEST GUST SPEED    32   HIGHEST GUST DIRECTION    NW (310)
  AVERAGE WIND SPEED    15.9


SKY COVER
  POSSIBLE SUNSHINE  MM
  AVERAGE SKY COVER 0.1


WEATHER CONDITIONS
 THE FOLLOWING WEATHER WAS RECORDED YESTERDAY.
  NO SIGNIFICANT WEATHER WAS OBSERVED.


RELATIVE HUMIDITY (PERCENT)
 HIGHEST    55           400 AM
 LOWEST     23           300 PM
 AVERAGE    39

..........................................................


THE WENATCHEE WA PANGBORN FIELD CLIMATE NORMALS FOR TODAY
                         NORMAL    RECORD    YEAR
 MAXIMUM TEMPERATURE (F)   82       101      1987
 MINIMUM TEMPERATURE (F)   57        44      1999


SUNRISE AND SUNSET
SEPTEMBER  1 2014.....SUNRISE   620 AM PDT   SUNSET   741 PM PDT
SEPTEMBER  2 2014.....SUNRISE   621 AM PDT   SUNSET   739 PM PDT


-  INDICATES NEGATIVE NUMBERS.
R  INDICATES RECORD WAS SET OR TIED.
MM INDICATES DATA IS MISSING.
T  INDICATES TRACE AMOUNT.

$$
