000
CDUS46 KOTX 312346
CLIEAT


CLIMATE REPORT
NATIONAL WEATHER SERVICE SPOKANE, WA
445 PM PDT TUE MAY 31 2016


...................................

...THE WENATCHEE WA PANGBORN FIELD CLIMATE SUMMARY FOR MAY 31 2016...
VALID AS OF 0400 PM LOCAL TIME.

CLIMATE NORMAL PERIOD 1981 TO 2010
CLIMATE RECORD PERIOD 1959 TO 2016


WEATHER ITEM   OBSERVED TIME   RECORD YEAR NORMAL DEPARTURE LAST
                VALUE   (LST)  VALUE       VALUE  FROM      YEAR
                                                  NORMAL
..................................................................
TEMPERATURE (F)
 TODAY
  MAXIMUM         81    259 PM 103    1986  75      6       88
  MINIMUM         53    449 AM  41    1984  52      1       63
  AVERAGE         67                        64      3       76

PRECIPITATION (IN)
  TODAY            0.00          0.77 1993   0.03  -0.03     0.00
  MONTH TO DATE    0.94                      0.68   0.26     1.21
  SINCE OCT 1     10.24                      6.60   3.64     6.87
  SINCE JAN 1      6.38                      3.65   2.73     3.69

SNOWFALL (IN)
  TODAY           MM

DEGREE DAYS
 HEATING
  TODAY            0                         4     -4        0
  MONTH TO DATE   72                       201   -129       74
  SINCE MAR 1    838                      1250   -412      869
  SINCE JUL 1   4711                      5714  -1003     4498

 COOLING
  TODAY            2                         2      0       11
  MONTH TO DATE   29                       109    -80       99
  SINCE MAR 1     41                       147   -106       99
  SINCE JAN 1     41                       147   -106       99
..................................................................


WIND (MPH)
  HIGHEST WIND SPEED    14   HIGHEST WIND DIRECTION     S (160)
  HIGHEST GUST SPEED    21   HIGHEST GUST DIRECTION    SE (140)
  AVERAGE WIND SPEED     7.0


SKY COVER
  POSSIBLE SUNSHINE  MM
  AVERAGE SKY COVER 0.0


WEATHER CONDITIONS
 THE FOLLOWING WEATHER WAS RECORDED TODAY.
  NO SIGNIFICANT WEATHER WAS OBSERVED.


RELATIVE HUMIDITY (PERCENT)
 HIGHEST    59           500 AM
 LOWEST     19          1200 PM
 AVERAGE    39

..........................................................


THE WENATCHEE WA PANGBORN FIELD CLIMATE NORMALS FOR TOMORROW
                         NORMAL    RECORD    YEAR
 MAXIMUM TEMPERATURE (F)   75        98      1986
 MINIMUM TEMPERATURE (F)   53        39      1976


SUNRISE AND SUNSET
MAY 31 2016...........SUNRISE   508 AM PDT   SUNSET   849 PM PDT
JUNE  1 2016..........SUNRISE   508 AM PDT   SUNSET   850 PM PDT


-  INDICATES NEGATIVE NUMBERS.
R  INDICATES RECORD WAS SET OR TIED.
MM INDICATES DATA IS MISSING.
T  INDICATES TRACE AMOUNT.




$$
