000
CDUS43 KMPX 300028
CLIEAU


CLIMATE REPORT
NATIONAL WEATHER SERVICE CHANHASSEN MN
727 PM CDT FRI JUL 29 2016


...................................

...THE EAU CLAIRE WI CLIMATE SUMMARY FOR JULY 29 2016...
VALID TODAY AS OF 0700 PM LOCAL TIME.

CLIMATE NORMAL PERIOD 1981 TO 2010
CLIMATE RECORD PERIOD 1893 TO 2016


WEATHER ITEM   OBSERVED TIME   RECORD YEAR NORMAL DEPARTURE LAST
                VALUE   (LST)  VALUE       VALUE  FROM      YEAR
                                                  NORMAL
..................................................................
TEMPERATURE (F)
 TODAY
  MAXIMUM         80    529 PM  99    1933  83     -3       82
  MINIMUM         61    557 AM  43    1952  60      1       63
  AVERAGE         71                        71      0       73

PRECIPITATION (IN)
  TODAY            0.00          1.65 1924   0.13  -0.13     0.00
  MONTH TO DATE    3.51                      3.61  -0.10     6.09
  SINCE JUN 1      9.80                      7.74   2.06    10.92
  SINCE JAN 1     21.99                     17.38   4.61    20.37

SNOWFALL (IN)
  TODAY            0.0           0.0    MM   0.0    0.0      0.0
  MONTH TO DATE    0.0                       0.0    0.0      0.0
  SINCE JUN 1      0.0                       0.0    0.0      0.0
  SINCE JUL 1      0.0                       0.0    0.0      0.0
  SNOW DEPTH       0

DEGREE DAYS
 HEATING
  TODAY            0                         0      0        0
  MONTH TO DATE    4                         2      2       16
  SINCE JUN 1     36                        64    -28       44
  SINCE JUL 1      4                         2      2       16

 COOLING
  TODAY            6                         7     -1        8
  MONTH TO DATE  209                       202      7      167
  SINCE JUN 1    335                       322     13      249
  SINCE JAN 1    375                       354     21      267
..................................................................


WIND (MPH)
  HIGHEST WIND SPEED    12   HIGHEST WIND DIRECTION     N (340)
  HIGHEST GUST SPEED    15   HIGHEST GUST DIRECTION    NW (330)
  AVERAGE WIND SPEED     4.8


SKY COVER
  POSSIBLE SUNSHINE  MM
  AVERAGE SKY COVER 0.5


WEATHER CONDITIONS
 THE FOLLOWING WEATHER WAS RECORDED TODAY.
  NO SIGNIFICANT WEATHER WAS OBSERVED.


RELATIVE HUMIDITY (PERCENT)
 HIGHEST    93          1200 AM
 LOWEST     46          1100 AM
 AVERAGE    70

..........................................................


THE EAU CLAIRE WI CLIMATE NORMALS FOR TOMORROW
                         NORMAL    RECORD    YEAR
 MAXIMUM TEMPERATURE (F)   82       103      1999
 MINIMUM TEMPERATURE (F)   60        46      1899


SUNRISE AND SUNSET
JULY 29 2016..........SUNRISE   549 AM CDT   SUNSET   835 PM CDT
JULY 30 2016..........SUNRISE   550 AM CDT   SUNSET   834 PM CDT


-  INDICATES NEGATIVE NUMBERS.
R  INDICATES RECORD WAS SET OR TIED.
MM INDICATES DATA IS MISSING.
T  INDICATES TRACE AMOUNT.




$$
