000
CDUS43 KMPX 100156
CLIEAU


CLIMATE REPORT
NATIONAL WEATHER SERVICE CHANHASSEN MN
756 PM CST FRI DEC 9 2016


...................................

...THE EAU CLAIRE WI CLIMATE SUMMARY FOR DECEMBER 9 2016...
VALID TODAY AS OF 0700 PM LOCAL TIME.

CLIMATE NORMAL PERIOD 1981 TO 2010
CLIMATE RECORD PERIOD 1893 TO 2016


WEATHER ITEM   OBSERVED TIME   RECORD YEAR NORMAL DEPARTURE LAST
                VALUE   (LST)  VALUE       VALUE  FROM      YEAR
                                                  NORMAL
..................................................................
TEMPERATURE (F)
 TODAY
  MAXIMUM         19   1211 AM  56    1939  29    -10       44
  MINIMUM          8    606 AM -22    1927  13     -5       30
  AVERAGE         14                        21     -7       37

PRECIPITATION (IN)
  TODAY            T             0.78 2012   0.04  -0.04     0.00
  MONTH TO DATE    0.44                      0.36   0.08     0.25
  SINCE DEC 1      0.44                      0.36   0.08     0.25
  SINCE JAN 1     39.36                     30.34   9.02    38.84

SNOWFALL (IN)
  TODAY            0.1          12.5  2012   0.4   -0.3      0.0
  MONTH TO DATE    4.9                       2.8    2.1      0.4
  SINCE DEC 1      4.9                       2.8    2.1      0.4
  SINCE JUL 1      6.6                       9.1   -2.5      1.8
  SNOW DEPTH       1

DEGREE DAYS
 HEATING
  TODAY           51                        44      7       28
  MONTH TO DATE  346                       383    -37      274
  SINCE DEC 1    346                       383    -37      274
  SINCE JUL 1   1555                      2129   -574     1636

 COOLING
  TODAY            0                         0      0        0
  MONTH TO DATE    0                         0      0        0
  SINCE DEC 1      0                         0      0        0
  SINCE JAN 1    624                       579     45      520
..................................................................


WIND (MPH)
  HIGHEST WIND SPEED    13   HIGHEST WIND DIRECTION     W (260)
  HIGHEST GUST SPEED    16   HIGHEST GUST DIRECTION    NW (300)
  AVERAGE WIND SPEED     6.1


SKY COVER
  POSSIBLE SUNSHINE  MM
  AVERAGE SKY COVER 0.7


WEATHER CONDITIONS
 THE FOLLOWING WEATHER WAS RECORDED TODAY.
  LIGHT SNOW
  FOG
  HAZE


RELATIVE HUMIDITY (PERCENT)
 HIGHEST    92           700 AM
 LOWEST     73          1200 AM
 AVERAGE    83

..........................................................


THE EAU CLAIRE WI CLIMATE NORMALS FOR TOMORROW
                         NORMAL    RECORD    YEAR
 MAXIMUM TEMPERATURE (F)   29        53      1979
 MINIMUM TEMPERATURE (F)   12       -20      1919
                                             1978


SUNRISE AND SUNSET
DECEMBER  9 2016......SUNRISE   732 AM CST   SUNSET   425 PM CST
DECEMBER 10 2016......SUNRISE   733 AM CST   SUNSET   425 PM CST


-  INDICATES NEGATIVE NUMBERS.
R  INDICATES RECORD WAS SET OR TIED.
MM INDICATES DATA IS MISSING.
T  INDICATES TRACE AMOUNT.




$$
