000
CDUS43 KMPX 290200
CLIEAU


CLIMATE REPORT
NATIONAL WEATHER SERVICE CHANHASSEN MN
900 PM CDT SUN MAY 28 2017


...................................

...THE EAU CLAIRE WI CLIMATE SUMMARY FOR MAY 28 2017...
VALID TODAY AS OF 0900 PM LOCAL TIME.

CLIMATE NORMAL PERIOD 1981 TO 2010
CLIMATE RECORD PERIOD 1893 TO 2017


WEATHER ITEM   OBSERVED TIME   RECORD YEAR NORMAL DEPARTURE LAST
                VALUE   (LST)  VALUE       VALUE  FROM      YEAR
                                                  NORMAL
..................................................................
TEMPERATURE (F)
 TODAY
  MAXIMUM         73    314 PM  95    2006  73      0       77
  MINIMUM         54    530 AM  33    1906  49      5       59
  AVERAGE         64                        61      3       68

PRECIPITATION (IN)
  TODAY            0.11          2.40 1941   0.12  -0.01     0.20
  MONTH TO DATE    4.24                      3.10   1.14     3.02
  SINCE MAR 1     10.30                      7.58   2.72    10.24
  SINCE JAN 1     14.38                      9.28   5.10    11.40

SNOWFALL (IN)
  TODAY            0.0           T    1965   0.0    0.0      0.0
  MONTH TO DATE    T                         0.2   -0.2      0.0
  SINCE MAR 1      5.6                      10.7   -5.1     13.9
  SINCE JUL 1     54.5                      47.0    7.5     38.0
  SNOW DEPTH       0

DEGREE DAYS
 HEATING
  TODAY            1                         5     -4        0
  MONTH TO DATE  263                       242     21      245
  SINCE MAR 1   1834                      1862    -28     1633
  SINCE JUL 1   6944                      7882   -938     6811

 COOLING
  TODAY            0                         1     -1        3
  MONTH TO DATE    8                        22    -14       25
  SINCE MAR 1      8                        26    -18       29
  SINCE JAN 1      8                        26    -18       29
..................................................................


WIND (MPH)
  HIGHEST WIND SPEED    22   HIGHEST WIND DIRECTION     W (260)
  HIGHEST GUST SPEED    39   HIGHEST GUST DIRECTION    NW (300)
  AVERAGE WIND SPEED    10.8


SKY COVER
  POSSIBLE SUNSHINE  MM
  AVERAGE SKY COVER 0.5


WEATHER CONDITIONS
 THE FOLLOWING WEATHER WAS RECORDED TODAY.
  THUNDERSTORM
  HEAVY RAIN
  LIGHT RAIN


RELATIVE HUMIDITY (PERCENT)
 HIGHEST    93           500 AM
 LOWEST     38           300 PM
 AVERAGE    66

..........................................................


THE EAU CLAIRE WI CLIMATE NORMALS FOR TOMORROW
                         NORMAL    RECORD    YEAR
 MAXIMUM TEMPERATURE (F)   73        95      2006
 MINIMUM TEMPERATURE (F)   50        32      1966
                                             1965


SUNRISE AND SUNSET
MAY 28 2017...........SUNRISE   525 AM CDT   SUNSET   842 PM CDT
MAY 29 2017...........SUNRISE   525 AM CDT   SUNSET   843 PM CDT


-  INDICATES NEGATIVE NUMBERS.
R  INDICATES RECORD WAS SET OR TIED.
MM INDICATES DATA IS MISSING.
T  INDICATES TRACE AMOUNT.




$$
