000
CDUS42 KAKQ 290539
CLIECG


CLIMATE REPORT
NATIONAL WEATHER SERVICE WAKEFIELD, VA
137 AM EDT FRI MAY 29 2015


...................................

...THE ELIZABETH CITY NC CLIMATE SUMMARY FOR MAY 28 2015...

CLIMATE NORMAL PERIOD 1981 TO 2010
CLIMATE RECORD PERIOD 1934 TO 2015


WEATHER ITEM   OBSERVED TIME   RECORD YEAR NORMAL DEPARTURE LAST
                VALUE   (LST)  VALUE       VALUE  FROM      YEAR
                                                  NORMAL
..................................................................
TEMPERATURE (F)
 YESTERDAY
  MAXIMUM         83    417 PM 100    1941  80      3       92
  MINIMUM         69   1159 PM  38    1997  61      8       69
  AVERAGE         76                        70      6       81

PRECIPITATION (IN)
  YESTERDAY        0.00          0.64 1934   0.13  -0.13      T
  MONTH TO DATE    3.42                      3.21   0.21     2.29
  SINCE MAR 1     10.50                     10.33   0.17    10.78
  SINCE JAN 1     17.30                     16.77   0.53    14.92

SNOWFALL (IN)
  YESTERDAY        0.0           0.0  2002  MM     MM
  MONTH TO DATE    0.0                      MM     MM
  SINCE NOV 1      T                        MM     MM
  SINCE JUL 1      T                        MM     MM
  SNOW DEPTH       0

DEGREE DAYS
 HEATING
  YESTERDAY        0                         1     -1        0
  MONTH TO DATE   29                        66    -37       22
  SINCE MAR 1    701                       755    -54      760
  SINCE JUL 1   3235                      3227      8     3335

 COOLING
  YESTERDAY       11                         6      5       16
  MONTH TO DATE  143                       102     41      178
  SINCE MAR 1    176                       142     34      207
  SINCE JAN 1    178                       144     34      207
..................................................................


WIND (MPH)
  HIGHEST WIND SPEED    15   HIGHEST WIND DIRECTION    SE (120)
  HIGHEST GUST SPEED    18   HIGHEST GUST DIRECTION    SE (150)
  AVERAGE WIND SPEED     8.1


SKY COVER
  POSSIBLE SUNSHINE  MM
  AVERAGE SKY COVER 0.4


WEATHER CONDITIONS
 THE FOLLOWING WEATHER WAS RECORDED YESTERDAY.
  NO SIGNIFICANT WEATHER WAS OBSERVED.


RELATIVE HUMIDITY (PERCENT)
 HIGHEST    84          1200 AM
 LOWEST     58           400 PM
 AVERAGE    71

..........................................................


THE ELIZABETH CITY NC CLIMATE NORMALS FOR TODAY
                         NORMAL    RECORD    YEAR
 MAXIMUM TEMPERATURE (F)   80        99      1941
 MINIMUM TEMPERATURE (F)   61        37      1997


SUNRISE AND SUNSET
MAY 29 2015...........SUNRISE   550 AM EDT   SUNSET   815 PM EDT
MAY 30 2015...........SUNRISE   549 AM EDT   SUNSET   815 PM EDT


-  INDICATES NEGATIVE NUMBERS.
R  INDICATES RECORD WAS SET OR TIED.
MM INDICATES DATA IS MISSING.
T  INDICATES TRACE AMOUNT.




$$
