000
CDUS42 KAKQ 250540
CLIECG


CLIMATE REPORT
NATIONAL WEATHER SERVICE WAKEFIELD, VA
138 AM EDT THU AUG 25 2016


...................................

...THE ELIZABETH CITY NC CLIMATE SUMMARY FOR AUGUST 24 2016...

CLIMATE NORMAL PERIOD 1981 TO 2010
CLIMATE RECORD PERIOD 1934 TO 2016


WEATHER ITEM   OBSERVED TIME   RECORD YEAR NORMAL DEPARTURE LAST
                VALUE   (LST)  VALUE       VALUE  FROM      YEAR
                                                  NORMAL
..................................................................
TEMPERATURE (F)
 YESTERDAY
  MAXIMUM         85    137 PM  97    2002  86     -1       88
                                      1968
  MINIMUM         60    250 AM  55    1969  68     -8       63
  AVERAGE         73                        77     -4       76

PRECIPITATION (IN)
  YESTERDAY        0.00          1.07 1966   0.23  -0.23     0.00
  MONTH TO DATE    2.29                      5.22  -2.93     1.71
  SINCE JUN 1      8.45                     15.37  -6.92    12.14
  SINCE JAN 1     26.66                     32.54  -5.88    29.44

SNOWFALL (IN)
  YESTERDAY        0.0           0.0  2002  MM     MM
  MONTH TO DATE    0.0                      MM     MM
  SINCE NOV 1      1.8                      MM     MM
  SINCE JUL 1      0.0                      MM     MM
  SNOW DEPTH       0

DEGREE DAYS
 HEATING
  YESTERDAY        0                         0      0        0
  MONTH TO DATE    0                         0      0        0
  SINCE JUN 1      0                         3     -3        0
  SINCE JUL 1      0                         0      0        0

 COOLING
  YESTERDAY        8                        12     -4       11
  MONTH TO DATE  391                       312     79      308
  SINCE JUN 1   1227                      1052    175     1158
  SINCE JAN 1   1397                      1216    181     1363
..................................................................


WIND (MPH)
  HIGHEST WIND SPEED    14   HIGHEST WIND DIRECTION    NE (30)
  HIGHEST GUST SPEED    19   HIGHEST GUST DIRECTION    NE (30)
  AVERAGE WIND SPEED     6.4


SKY COVER
  POSSIBLE SUNSHINE  MM
  AVERAGE SKY COVER 0.0


WEATHER CONDITIONS
 THE FOLLOWING WEATHER WAS RECORDED YESTERDAY.
  NO SIGNIFICANT WEATHER WAS OBSERVED.


RELATIVE HUMIDITY (PERCENT)
 HIGHEST    97           300 AM
 LOWEST     47          1100 AM
 AVERAGE    72

..........................................................


THE ELIZABETH CITY NC CLIMATE NORMALS FOR TODAY
                         NORMAL    RECORD    YEAR
 MAXIMUM TEMPERATURE (F)   86        97      1936
 MINIMUM TEMPERATURE (F)   68        51      1952


SUNRISE AND SUNSET
AUGUST 25 2016........SUNRISE   631 AM EDT   SUNSET   742 PM EDT
AUGUST 26 2016........SUNRISE   632 AM EDT   SUNSET   740 PM EDT


-  INDICATES NEGATIVE NUMBERS.
R  INDICATES RECORD WAS SET OR TIED.
MM INDICATES DATA IS MISSING.
T  INDICATES TRACE AMOUNT.




$$
