000
CDUS42 KAKQ 250634
CLIECG


CLIMATE REPORT
NATIONAL WEATHER SERVICE WAKEFIELD, VA
133 AM EST SAT FEB 25 2017


...................................

...THE ELIZABETH CITY NC CLIMATE SUMMARY FOR FEBRUARY 24 2017...

CLIMATE NORMAL PERIOD 1981 TO 2010
CLIMATE RECORD PERIOD 1934 TO 2017


WEATHER ITEM   OBSERVED TIME   RECORD YEAR NORMAL DEPARTURE LAST
                VALUE   (LST)  VALUE       VALUE  FROM      YEAR
                                                  NORMAL
..................................................................
TEMPERATURE (F)
 YESTERDAY
  MAXIMUM         76   1241 PM  79    1985  55     21       71
  MINIMUM         51    336 AM  19    1947  35     16       48
  AVERAGE         64                        45     19       60

PRECIPITATION (IN)
  YESTERDAY        0.00          1.30 1952   0.11  -0.11     0.25
  MONTH TO DATE    0.91                      2.74  -1.83     4.68
  SINCE DEC 1      7.27                      8.56  -1.29    11.60
  SINCE JAN 1      4.60                      6.00  -1.40     7.59

SNOWFALL (IN)
  YESTERDAY        0.0           1.4  1968  MM     MM
  MONTH TO DATE    0.0                      MM     MM
  SINCE NOV 1      1.2                      MM     MM
  SINCE JUL 1      1.2                      MM     MM
  SNOW DEPTH       0

DEGREE DAYS
 HEATING
  YESTERDAY        1                        20    -19        5
  MONTH TO DATE  364                       508   -144      498
  SINCE DEC 1   1571                      1880   -309     1474
  SINCE JUL 1   2061                      2395   -334     1830

 COOLING
  YESTERDAY        0                         0      0        0
  MONTH TO DATE    3                         0      3        0
  SINCE DEC 1      3                         3      0       31
  SINCE JAN 1      3                         1      2        0
..................................................................


WIND (MPH)
  HIGHEST WIND SPEED    18   HIGHEST WIND DIRECTION    SE (120)
  HIGHEST GUST SPEED    22   HIGHEST GUST DIRECTION    SE (130)
  AVERAGE WIND SPEED     7.7


SKY COVER
  POSSIBLE SUNSHINE  MM
  AVERAGE SKY COVER 0.2


WEATHER CONDITIONS
 THE FOLLOWING WEATHER WAS RECORDED YESTERDAY.
  NO SIGNIFICANT WEATHER WAS OBSERVED.


RELATIVE HUMIDITY (PERCENT)
 HIGHEST   100           500 AM
 LOWEST     57          1100 AM
 AVERAGE    79

..........................................................


THE ELIZABETH CITY NC CLIMATE NORMALS FOR TODAY
                         NORMAL    RECORD    YEAR
 MAXIMUM TEMPERATURE (F)   56        77      1985
 MINIMUM TEMPERATURE (F)   36        14      1967


SUNRISE AND SUNSET
FEBRUARY 25 2017......SUNRISE   640 AM EST   SUNSET   556 PM EST
FEBRUARY 26 2017......SUNRISE   639 AM EST   SUNSET   557 PM EST


-  INDICATES NEGATIVE NUMBERS.
R  INDICATES RECORD WAS SET OR TIED.
MM INDICATES DATA IS MISSING.
T  INDICATES TRACE AMOUNT.




$$
