000
CDUS42 KAKQ 030801
CLIECG


CLIMATE REPORT
NATIONAL WEATHER SERVICE WAKEFIELD, VA
259 AM EST TUE MAR 3 2015


...................................

...THE ELIZABETH CITY NC CLIMATE SUMMARY FOR MARCH 2 2015...

CLIMATE NORMAL PERIOD 1981 TO 2010
CLIMATE RECORD PERIOD 1934 TO 2015


WEATHER ITEM   OBSERVED TIME   RECORD YEAR NORMAL DEPARTURE LAST
                VALUE   (LST)  VALUE       VALUE  FROM      YEAR
                                                  NORMAL
..................................................................
TEMPERATURE (F)
 YESTERDAY
  MAXIMUM         50    200 PM  82    1997  57     -7       69
  MINIMUM         37   1159 PM  21    1980  36      1       31
  AVERAGE         44                        46     -2       50

PRECIPITATION (IN)
  YESTERDAY        T             3.70 1994   0.11  -0.11     0.00
  MONTH TO DATE    0.62                      0.21   0.41     0.00
  SINCE MAR 1      0.62                      0.21   0.41     0.00
  SINCE JAN 1      7.42                      6.65   0.77     4.14

SNOWFALL (IN)
  YESTERDAY        0.0           4.5  1939  MM     MM
  MONTH TO DATE    0.0                      MM     MM
  SINCE NOV 1      T                        MM     MM
  SINCE JUL 1      T                        MM     MM
  SNOW DEPTH       0

DEGREE DAYS
 HEATING
  YESTERDAY       21                        19      2       15
  MONTH TO DATE   49                        38     11       37
  SINCE MAR 1     49                        38     11       37
  SINCE JUL 1   2583                      2510     73     2612

 COOLING
  YESTERDAY        0                         0      0        0
  MONTH TO DATE    0                         0      0        0
  SINCE MAR 1      0                         0      0        0
  SINCE JAN 1      2                         2      0        0
..................................................................


WIND (MPH)
  HIGHEST WIND SPEED    22   HIGHEST WIND DIRECTION     N (10)
  HIGHEST GUST SPEED    28   HIGHEST GUST DIRECTION     N (10)
  AVERAGE WIND SPEED    10.2


SKY COVER
  POSSIBLE SUNSHINE  MM
  AVERAGE SKY COVER 0.7


WEATHER CONDITIONS
 THE FOLLOWING WEATHER WAS RECORDED YESTERDAY.
  LIGHT RAIN
  FOG
  FOG W/VISIBILITY <= 1/4 MILE


RELATIVE HUMIDITY (PERCENT)
 HIGHEST   100           500 AM
 LOWEST     54          1100 PM
 AVERAGE    77

..........................................................


THE ELIZABETH CITY NC CLIMATE NORMALS FOR TODAY
                         NORMAL    RECORD    YEAR
 MAXIMUM TEMPERATURE (F)   57        82      1976
 MINIMUM TEMPERATURE (F)   37        19      2009


SUNRISE AND SUNSET
MARCH  3 2015.........SUNRISE   633 AM EST   SUNSET   601 PM EST
MARCH  4 2015.........SUNRISE   631 AM EST   SUNSET   602 PM EST


-  INDICATES NEGATIVE NUMBERS.
R  INDICATES RECORD WAS SET OR TIED.
MM INDICATES DATA IS MISSING.
T  INDICATES TRACE AMOUNT.




$$
