000
CDUS42 KAKQ 250544
CLIECG


CLIMATE REPORT
NATIONAL WEATHER SERVICE WAKEFIELD, VA
144 AM EDT TUE JUL 25 2017


...................................

...THE ELIZABETH CITY NC CLIMATE SUMMARY FOR JULY 24 2017...

CLIMATE NORMAL PERIOD 1981 TO 2010
CLIMATE RECORD PERIOD 1934 TO 2017


WEATHER ITEM   OBSERVED TIME   RECORD YEAR NORMAL DEPARTURE LAST
                VALUE   (LST)  VALUE       VALUE  FROM      YEAR
                                                  NORMAL
..................................................................
TEMPERATURE (F)
 YESTERDAY
  MAXIMUM         88    351 PM  97    2012  88      0       95
                                      2011
                                      1995
  MINIMUM         72    500 AM  54    1977  70      2       76
  AVERAGE         80                        79      1       86

PRECIPITATION (IN)
  YESTERDAY        0.02          3.57 1940   0.20  -0.18     0.00
  MONTH TO DATE    4.33                      4.31   0.02     2.81
  SINCE JUN 1      7.75                      8.80  -1.05     5.71
  SINCE JAN 1     24.72                     25.97  -1.25    23.92

SNOWFALL (IN)
  YESTERDAY        0.0           0.0  2002  MM     MM
  MONTH TO DATE    0.0                      MM     MM
  SINCE NOV 1      1.2                      MM     MM
  SINCE JUL 1      0.0                      MM     MM
  SNOW DEPTH       0

DEGREE DAYS
 HEATING
  YESTERDAY        0                         0      0        0
  MONTH TO DATE    0                         0      0        0
  SINCE JUN 1      4                         3      1        0
  SINCE JUL 1      0                         0      0        0

 COOLING
  YESTERDAY       15                        14      1       21
  MONTH TO DATE  405                       331     74      380
  SINCE JUN 1    753                       645    108      700
  SINCE JAN 1   1051                       809    242      870
..................................................................


WIND (MPH)
  HIGHEST WIND SPEED    18   HIGHEST WIND DIRECTION    SW (220)
  HIGHEST GUST SPEED    23   HIGHEST GUST DIRECTION    SW (210)
  AVERAGE WIND SPEED     9.3


SKY COVER
  POSSIBLE SUNSHINE  MM
  AVERAGE SKY COVER 0.1


WEATHER CONDITIONS
 THE FOLLOWING WEATHER WAS RECORDED YESTERDAY.
  LIGHT RAIN


RELATIVE HUMIDITY (PERCENT)
 HIGHEST   100           100 AM
 LOWEST     72           200 PM
 AVERAGE    86

..........................................................


THE ELIZABETH CITY NC CLIMATE NORMALS FOR TODAY
                         NORMAL    RECORD    YEAR
 MAXIMUM TEMPERATURE (F)   88        97      1949
 MINIMUM TEMPERATURE (F)   70        60      1973
                                             1947


SUNRISE AND SUNSET
JULY 25 2017..........SUNRISE   606 AM EDT   SUNSET   816 PM EDT
JULY 26 2017..........SUNRISE   607 AM EDT   SUNSET   815 PM EDT


-  INDICATES NEGATIVE NUMBERS.
R  INDICATES RECORD WAS SET OR TIED.
MM INDICATES DATA IS MISSING.
T  INDICATES TRACE AMOUNT.




$$
