000
CDUS42 KAKQ 280550
CLIECG


CLIMATE REPORT
NATIONAL WEATHER SERVICE WAKEFIELD, VA
150 AM EDT FRI AUG 28 2015


...................................

...THE ELIZABETH CITY NC CLIMATE SUMMARY FOR AUGUST 27 2015...

CLIMATE NORMAL PERIOD 1981 TO 2010
CLIMATE RECORD PERIOD 1934 TO 2015


WEATHER ITEM   OBSERVED TIME   RECORD YEAR NORMAL DEPARTURE LAST
                VALUE   (LST)  VALUE       VALUE  FROM      YEAR
                                                  NORMAL
..................................................................
TEMPERATURE (F)
 YESTERDAY
  MAXIMUM         81   1050 AM 100    1948  86     -5       83
  MINIMUM         73   1159 PM  55    1945  67      6       64
  AVERAGE         77                        77      0       74

PRECIPITATION (IN)
  YESTERDAY        T             4.92 2011   0.20  -0.20     0.00
  MONTH TO DATE    2.12                      5.87  -3.75     3.19
  SINCE JUN 1     12.55                     16.02  -3.47    12.40
  SINCE JAN 1     29.85                     33.19  -3.34    27.36

SNOWFALL (IN)
  YESTERDAY        0.0           0.0  2002  MM     MM
  MONTH TO DATE    0.0                      MM     MM
  SINCE NOV 1      T                        MM     MM
  SINCE JUL 1      0.0                      MM     MM
  SNOW DEPTH       0

DEGREE DAYS
 HEATING
  YESTERDAY        0                         0      0        0
  MONTH TO DATE    0                         0      0        0
  SINCE JUN 1      0                         3     -3        5
  SINCE JUL 1      0                         0      0        0

 COOLING
  YESTERDAY       12                        12      0        9
  MONTH TO DATE  346                       348     -2      294
  SINCE JUN 1   1196                      1088    108      979
  SINCE JAN 1   1401                      1252    149     1188
..................................................................


WIND (MPH)
  HIGHEST WIND SPEED    21   HIGHEST WIND DIRECTION    NE (40)
  HIGHEST GUST SPEED    24   HIGHEST GUST DIRECTION    NE (40)
  AVERAGE WIND SPEED    10.4


SKY COVER
  POSSIBLE SUNSHINE  MM
  AVERAGE SKY COVER 0.9


WEATHER CONDITIONS
 THE FOLLOWING WEATHER WAS RECORDED YESTERDAY.
  NO SIGNIFICANT WEATHER WAS OBSERVED.


RELATIVE HUMIDITY (PERCENT)
 HIGHEST    87          1200 AM
 LOWEST     58          1100 AM
 AVERAGE    73

..........................................................


THE ELIZABETH CITY NC CLIMATE NORMALS FOR TODAY
                         NORMAL    RECORD    YEAR
 MAXIMUM TEMPERATURE (F)   86       100      1948
 MINIMUM TEMPERATURE (F)   67        51      1944


SUNRISE AND SUNSET
AUGUST 28 2015........SUNRISE   633 AM EDT   SUNSET   738 PM EDT
AUGUST 29 2015........SUNRISE   634 AM EDT   SUNSET   737 PM EDT


-  INDICATES NEGATIVE NUMBERS.
R  INDICATES RECORD WAS SET OR TIED.
MM INDICATES DATA IS MISSING.
T  INDICATES TRACE AMOUNT.




$$
