000
CDUS42 KAKQ 220834
CLIECG


CLIMATE REPORT
NATIONAL WEATHER SERVICE WAKEFIELD, VA
434 AM EDT TUE JUL 22 2014


...................................

...THE ELIZABETH CITY NC CLIMATE SUMMARY FOR JULY 21 2014...

CLIMATE NORMAL PERIOD 1981 TO 2010
CLIMATE RECORD PERIOD 1934 TO 2014


WEATHER ITEM   OBSERVED TIME   RECORD YEAR NORMAL DEPARTURE LAST
                VALUE   (LST)  VALUE       VALUE  FROM      YEAR
                                                  NORMAL
..................................................................
TEMPERATURE (F)
 YESTERDAY
  MAXIMUM         83   1131 AM 102    1987  88     -5       88
  MINIMUM         74   1159 PM  57    1974  70      4       75
  AVERAGE         79                        79      0       82

PRECIPITATION (IN)
  YESTERDAY        T             3.05 2012   0.19  -0.19     0.00
  MONTH TO DATE    5.22                      3.73   1.49     3.26
  SINCE JUN 1      9.05                      8.22   0.83     9.88
  SINCE JAN 1     24.01                     25.39  -1.38    20.55

SNOWFALL (IN)
  YESTERDAY        0.0           0.0  2002  MM     MM
  MONTH TO DATE    0.0                      MM     MM
  SINCE NOV 1     10.2                      MM     MM
  SINCE JUL 1      0.0                      MM     MM
  SNOW DEPTH       0

DEGREE DAYS
 HEATING
  YESTERDAY        0                         0      0        0
  MONTH TO DATE    0                         0      0        0
  SINCE JUN 1      5                         3      2        0
  SINCE JUL 1      0                         0      0        0

 COOLING
  YESTERDAY       14                        14      0       17
  MONTH TO DATE  262                       289    -27      336
  SINCE JUN 1    573                       603    -30      684
  SINCE JAN 1    782                       767     15      890
..................................................................


WIND (MPH)
  HIGHEST WIND SPEED    13   HIGHEST WIND DIRECTION     E (110)
  HIGHEST GUST SPEED    16   HIGHEST GUST DIRECTION     E (100)
  AVERAGE WIND SPEED     6.7


SKY COVER
  POSSIBLE SUNSHINE  MM
  AVERAGE SKY COVER 0.6


WEATHER CONDITIONS
 THE FOLLOWING WEATHER WAS RECORDED YESTERDAY.
  LIGHT RAIN


RELATIVE HUMIDITY (PERCENT)
 HIGHEST    94           600 AM
 LOWEST     69          1100 AM
 AVERAGE    82

..........................................................


THE ELIZABETH CITY NC CLIMATE NORMALS FOR TODAY
                         NORMAL    RECORD    YEAR
 MAXIMUM TEMPERATURE (F)   88       104      1952
 MINIMUM TEMPERATURE (F)   70        57      1974


SUNRISE AND SUNSET
JULY 22 2014..........SUNRISE   604 AM EDT   SUNSET   818 PM EDT
JULY 23 2014..........SUNRISE   605 AM EDT   SUNSET   817 PM EDT


-  INDICATES NEGATIVE NUMBERS.
R  INDICATES RECORD WAS SET OR TIED.
MM INDICATES DATA IS MISSING.
T  INDICATES TRACE AMOUNT.




$$
