000
CDUS42 KAKQ 160829
CLIECG


CLIMATE REPORT
NATIONAL WEATHER SERVICE WAKEFIELD, VA
429 AM EDT TUE SEP 16 2014


...................................

...THE ELIZABETH CITY NC CLIMATE SUMMARY FOR SEPTEMBER 15 2014...

CLIMATE NORMAL PERIOD 1981 TO 2010
CLIMATE RECORD PERIOD 1934 TO 2014


WEATHER ITEM   OBSERVED TIME   RECORD YEAR NORMAL DEPARTURE LAST
                VALUE   (LST)  VALUE       VALUE  FROM      YEAR
                                                  NORMAL
..................................................................
TEMPERATURE (F)
 YESTERDAY
  MAXIMUM         75   1112 AM  95    1938  82     -7       78
  MINIMUM         63    251 AM  49    1985  64     -1       54
  AVERAGE         69                        72     -3       66

PRECIPITATION (IN)
  YESTERDAY        T             1.91 1963   0.14  -0.14     0.00
  MONTH TO DATE    4.55                      2.06   2.49     0.67
  SINCE SEP 1      4.55                      2.06   2.49     0.67
  SINCE JAN 1     31.99                     36.02  -4.03    30.70

SNOWFALL (IN)
  YESTERDAY        0.0           0.0  2002  MM     MM
  MONTH TO DATE    0.0                      MM     MM
  SINCE NOV 1     10.2                      MM     MM
  SINCE JUL 1      0.0                      MM     MM
  SNOW DEPTH       0

DEGREE DAYS
 HEATING
  YESTERDAY        0                         0      0        0
  MONTH TO DATE    0                         0      0        0
  SINCE SEP 1      0                         0      0        0
  SINCE JUL 1      0                         0      0        0

 COOLING
  YESTERDAY        4                         8     -4        1
  MONTH TO DATE  187                       140     47      153
  SINCE SEP 1    187                       140     47      153
  SINCE JAN 1   1430                      1436     -6     1533
..................................................................


WIND (MPH)
  HIGHEST WIND SPEED    10   HIGHEST WIND DIRECTION     E (80)
  HIGHEST GUST SPEED    26   HIGHEST GUST DIRECTION    NE (30)
  AVERAGE WIND SPEED     5.9


SKY COVER
  POSSIBLE SUNSHINE  MM
  AVERAGE SKY COVER 0.9


WEATHER CONDITIONS
 THE FOLLOWING WEATHER WAS RECORDED YESTERDAY.
  NO SIGNIFICANT WEATHER WAS OBSERVED.


RELATIVE HUMIDITY (PERCENT)
 HIGHEST    84           300 AM
 LOWEST     64           100 PM
 AVERAGE    74

..........................................................


THE ELIZABETH CITY NC CLIMATE NORMALS FOR TODAY
                         NORMAL    RECORD    YEAR
 MAXIMUM TEMPERATURE (F)   81        94      1943
 MINIMUM TEMPERATURE (F)   63        52      2000


SUNRISE AND SUNSET
SEPTEMBER 16 2014.....SUNRISE   648 AM EDT   SUNSET   711 PM EDT
SEPTEMBER 17 2014.....SUNRISE   649 AM EDT   SUNSET   709 PM EDT


-  INDICATES NEGATIVE NUMBERS.
R  INDICATES RECORD WAS SET OR TIED.
MM INDICATES DATA IS MISSING.
T  INDICATES TRACE AMOUNT.




$$
