000
CDUS45 KGJT 300739
CLIEEO


CLIMATE REPORT
NATIONAL WEATHER SERVICE GRAND JUNCTION CO
132 AM MDT WED JUL 30 2014


...................................

...THE MEEKER CO CLIMATE SUMMARY FOR JULY 29 2014...

CLIMATE NORMAL PERIOD 1981 TO 2010
CLIMATE RECORD PERIOD 9999 TO 9999


WEATHER ITEM   OBSERVED TIME   RECORD YEAR NORMAL DEPARTURE LAST
                VALUE   (LST)  VALUE       VALUE  FROM      YEAR
                                                  NORMAL
..................................................................
TEMPERATURE (F)
 YESTERDAY
  MAXIMUM         73    239 PM  MM      MM  87    -14       79
  MINIMUM         55   1054 PM  MM      MM  50      5       56
  AVERAGE         64                        68     -4       68

PRECIPITATION (IN)
  YESTERDAY        0.26         MM      MM   0.04   0.22     0.07
  MONTH TO DATE    0.47                      1.05  -0.58     2.04
  SINCE JUN 1      0.97                      2.29  -1.32     2.11
  SINCE JAN 1      8.40                      8.44  -0.04     8.48

SNOWFALL (IN)
  YESTERDAY       MM            MM      MM  MM     MM       MM
  MONTH TO DATE   MM                        MM     MM       MM
  SINCE JUN 1     MM                        MM     MM       MM
  SINCE JUL 1     MM                        MM     MM       MM
  SNOW DEPTH      MM

DEGREE DAYS
 HEATING
  YESTERDAY        1                         0      1        0
  MONTH TO DATE    7                        16     -9        0
  SINCE JUN 1    142                       160    -18       76
  SINCE JUL 1      7                        16     -9        0

 COOLING
  YESTERDAY        0                         4     -4        3
  MONTH TO DATE  149                        77     72      159
  SINCE JUN 1    154                        94     60      196
  SINCE JAN 1    155                        95     60      196
..................................................................


WIND (MPH)
  HIGHEST WIND SPEED    30   HIGHEST WIND DIRECTION    NW (320)
  HIGHEST GUST SPEED    39   HIGHEST GUST DIRECTION    NW (330)
  AVERAGE WIND SPEED     5.6


SKY COVER
  POSSIBLE SUNSHINE  MM
  AVERAGE SKY COVER 0.8


WEATHER CONDITIONS
 THE FOLLOWING WEATHER WAS RECORDED YESTERDAY.
  THUNDERSTORM
  HEAVY RAIN
  RAIN
  LIGHT RAIN
  FOG


RELATIVE HUMIDITY (PERCENT)
 HIGHEST    93           800 PM
 LOWEST     53           200 PM
 AVERAGE    73

..........................................................


THE MEEKER CO CLIMATE NORMALS FOR TODAY
                         NORMAL    RECORD    YEAR
 MAXIMUM TEMPERATURE (F)   87        MM        MM
 MINIMUM TEMPERATURE (F)   50        MM        MM


SUNRISE AND SUNSET
JULY 30 2014..........SUNRISE   608 AM MDT   SUNSET   827 PM MDT
JULY 31 2014..........SUNRISE   609 AM MDT   SUNSET   826 PM MDT


-  INDICATES NEGATIVE NUMBERS.
R  INDICATES RECORD WAS SET OR TIED.
MM INDICATES DATA IS MISSING.
T  INDICATES TRACE AMOUNT.




$$
