129
CDUS44 KBMX 050839
CLIEET


CLIMATE REPORT
NATIONAL WEATHER SERVICE BIRMINGHAM, AL
339 AM CDT THU MAY 5 2016


...................................

...THE SHELBY COUNTY AIRPORT CLIMATE SUMMARY FOR MAY 4 2016...

CLIMATE NORMAL PERIOD 1981 TO 2010
CLIMATE RECORD PERIOD 9999 TO 9999


WEATHER ITEM   OBSERVED TIME   RECORD YEAR NORMAL DEPARTURE LAST
                VALUE   (LST)  VALUE       VALUE  FROM      YEAR
                                                  NORMAL
..................................................................
TEMPERATURE (F)
 YESTERDAY
  MAXIMUM         72    448 PM  MM      MM  79     -7       82
  MINIMUM         52    524 AM  MM      MM  56     -4       MM
  AVERAGE         62                        67     -5       MM

PRECIPITATION (IN)
  YESTERDAY        0.01                      0.15  -0.14     0.00
  MONTH TO DATE    0.66                      0.57   0.09     0.00
  SINCE MAR 1     11.03                      8.94   2.09    10.60
  SINCE JAN 1     21.67                     20.02   1.65    19.97

DEGREE DAYS
 COOLING
  YESTERDAY        0                         4     -4       MM
  MONTH TO DATE   13                        15     -2        1
  SINCE MAR 1    108                        86     22      110
  SINCE JAN 1    115                        90     25      110
..................................................................


WIND (MPH)
  HIGHEST WIND SPEED    16   HIGHEST WIND DIRECTION    NW (310)
  HIGHEST GUST SPEED    23   HIGHEST GUST DIRECTION    NW (310)
  AVERAGE WIND SPEED     6.1


SKY COVER
  POSSIBLE SUNSHINE  MM
  AVERAGE SKY COVER 0.3


WEATHER CONDITIONS
 THE FOLLOWING WEATHER WAS RECORDED YESTERDAY.
  NO SIGNIFICANT WEATHER WAS OBSERVED.


RELATIVE HUMIDITY (PERCENT)
 HIGHEST    93          1000 PM
 LOWEST     38           100 PM
 AVERAGE    66

..........................................................


THE SHELBY COUNTY AIRPORT CLIMATE NORMALS FOR TODAY
                         NORMAL    RECORD    YEAR
 MAXIMUM TEMPERATURE (F)   79        MM        MM
 MINIMUM TEMPERATURE (F)   57        MM        MM


SUNRISE AND SUNSET
MAY  5 2016...........SUNRISE   555 AM CDT   SUNSET   733 PM CDT
MAY  6 2016...........SUNRISE   554 AM CDT   SUNSET   734 PM CDT


-  INDICATES NEGATIVE NUMBERS.
R  INDICATES RECORD WAS SET OR TIED.
MM INDICATES DATA IS MISSING.
T  INDICATES TRACE AMOUNT.




$$
