000
CDUS44 KBMX 270735
CLIEET


CLIMATE REPORT
NATIONAL WEATHER SERVICE BIRMINGHAM, AL
234 AM CDT WED JUL 27 2016


...................................

...THE SHELBY COUNTY AIRPORT CLIMATE SUMMARY FOR JULY 26 2016...

CLIMATE NORMAL PERIOD 1981 TO 2010
CLIMATE RECORD PERIOD 9999 TO 9999


WEATHER ITEM   OBSERVED TIME   RECORD YEAR NORMAL DEPARTURE LAST
                VALUE   (LST)  VALUE       VALUE  FROM      YEAR
                                                  NORMAL
..................................................................
TEMPERATURE (F)
 YESTERDAY
  MAXIMUM         95    214 PM  MM      MM  91      4       92
  MINIMUM         73    334 AM  MM      MM  71      2       75
  AVERAGE         84                        81      3       84

PRECIPITATION (IN)
  YESTERDAY        0.00                      0.15  -0.15     0.13
  MONTH TO DATE    1.54                      3.99  -2.45     9.15
  SINCE JUN 1      4.55                      8.62  -4.07    11.17
  SINCE JAN 1     27.07                     32.55  -5.48    35.38

DEGREE DAYS
 COOLING
  YESTERDAY       19                        16      3       19
  MONTH TO DATE  482                       408     74      422
  SINCE JUN 1    937                       782    155      852
  SINCE JAN 1   1241                      1051    190     1202
..................................................................


WIND (MPH)
  HIGHEST WIND SPEED    14   HIGHEST WIND DIRECTION    SW (210)
  HIGHEST GUST SPEED    18   HIGHEST GUST DIRECTION    SE (120)
  AVERAGE WIND SPEED     4.7


SKY COVER
  POSSIBLE SUNSHINE  MM
  AVERAGE SKY COVER 0.1


WEATHER CONDITIONS
 THE FOLLOWING WEATHER WAS RECORDED YESTERDAY.
  NO SIGNIFICANT WEATHER WAS OBSERVED.


RELATIVE HUMIDITY (PERCENT)
 HIGHEST    94          1200 AM
 LOWEST     46           200 PM
 AVERAGE    70

..........................................................


THE SHELBY COUNTY AIRPORT CLIMATE NORMALS FOR TODAY
                         NORMAL    RECORD    YEAR
 MAXIMUM TEMPERATURE (F)   91        MM        MM
 MINIMUM TEMPERATURE (F)   71        MM        MM


SUNRISE AND SUNSET
JULY 27 2016..........SUNRISE   557 AM CDT   SUNSET   750 PM CDT
JULY 28 2016..........SUNRISE   558 AM CDT   SUNSET   749 PM CDT


-  INDICATES NEGATIVE NUMBERS.
R  INDICATES RECORD WAS SET OR TIED.
MM INDICATES DATA IS MISSING.
T  INDICATES TRACE AMOUNT.




$$
