000
CDUS44 KBMX 290910
CLIEET


CLIMATE REPORT
NATIONAL WEATHER SERVICE BIRMINGHAM, AL
409 AM CDT SUN MAR 29 2015


...................................

...THE SHELBY COUNTY AIRPORT CLIMATE SUMMARY FOR MARCH 28 2015...

CLIMATE NORMAL PERIOD 1981 TO 2010
CLIMATE RECORD PERIOD 9999 TO 9999


WEATHER ITEM   OBSERVED TIME   RECORD YEAR NORMAL DEPARTURE LAST
                VALUE   (LST)  VALUE       VALUE  FROM      YEAR
                                                  NORMAL
..................................................................
TEMPERATURE (F)
 YESTERDAY
  MAXIMUM         54    233 PM  MM      MM  70    -16       64
  MINIMUM         36    618 AM  MM      MM  47    -11       56
  AVERAGE         45                        58    -13       60

PRECIPITATION (IN)
  YESTERDAY        0.00                      0.14  -0.14     2.16
  MONTH TO DATE    3.55                      4.08  -0.53     6.72
  SINCE MAR 1      3.55                      4.08  -0.53     6.72
  SINCE JAN 1     12.92                     15.16  -2.24    15.25

SNOWFALL (IN)
  YESTERDAY        0.0                      MM     MM        0.0
  MONTH TO DATE    T                        MM     MM        0.0
  SINCE MAR 1      T                        MM     MM        0.0
  SINCE JUL 1      T                        MM     MM        1.3
  SNOW DEPTH       0

DEGREE DAYS
 HEATING
  YESTERDAY       20                         7     13        5
  MONTH TO DATE  196                       288    -92      317
  SINCE MAR 1    196                       288    -92      317
  SINCE JUL 1   2441                      2417     24     2596

 COOLING
  YESTERDAY        0                         1     -1        0
  MONTH TO DATE   14                         2     12        0
  SINCE MAR 1     14                         2     12        0
  SINCE JAN 1     14                         6      8        4
..................................................................


WIND (MPH)
  HIGHEST WIND SPEED    15   HIGHEST WIND DIRECTION    NW (320)
  HIGHEST GUST SPEED    23   HIGHEST GUST DIRECTION    NW (310)
  AVERAGE WIND SPEED     6.0


SKY COVER
  POSSIBLE SUNSHINE  MM
  AVERAGE SKY COVER 0.5


WEATHER CONDITIONS
 THE FOLLOWING WEATHER WAS RECORDED YESTERDAY.
  NO SIGNIFICANT WEATHER WAS OBSERVED.


RELATIVE HUMIDITY (PERCENT)
 HIGHEST    85           100 AM
 LOWEST     28           100 PM
 AVERAGE    57

..........................................................


THE SHELBY COUNTY AIRPORT CLIMATE NORMALS FOR TODAY
                         NORMAL    RECORD    YEAR
 MAXIMUM TEMPERATURE (F)   70        MM        MM
 MINIMUM TEMPERATURE (F)   47        MM        MM


SUNRISE AND SUNSET
MARCH 29 2015.........SUNRISE   639 AM CDT   SUNSET   705 PM CDT
MARCH 30 2015.........SUNRISE   638 AM CDT   SUNSET   706 PM CDT


-  INDICATES NEGATIVE NUMBERS.
R  INDICATES RECORD WAS SET OR TIED.
MM INDICATES DATA IS MISSING.
T  INDICATES TRACE AMOUNT.




$$
