000
CDUS44 KBMX 230735
CLIEET


CLIMATE REPORT
NATIONAL WEATHER SERVICE BIRMINGHAM, AL
235 AM CDT WED AUG 23 2017


...................................

...THE SHELBY COUNTY AIRPORT CLIMATE SUMMARY FOR AUGUST 22 2017...

CLIMATE NORMAL PERIOD 1981 TO 2010
CLIMATE RECORD PERIOD 9999 TO 9999


WEATHER ITEM   OBSERVED TIME   RECORD YEAR NORMAL DEPARTURE LAST
                VALUE   (LST)  VALUE       VALUE  FROM      YEAR
                                                  NORMAL
..................................................................
TEMPERATURE (F)
 YESTERDAY
  MAXIMUM         92    110 PM  MM      MM  90      2       88
  MINIMUM         73    545 AM  MM      MM  70      3       73
  AVERAGE         83                        80      3       81

PRECIPITATION (IN)
  YESTERDAY        0.83                      0.16   0.67      T
  MONTH TO DATE    5.84                      3.41   2.43     2.53
  SINCE JUN 1     21.84                     12.80   9.04     8.31
  SINCE JAN 1     49.62                     36.73  12.89    30.83

DEGREE DAYS
 COOLING
  YESTERDAY       18                        15      3       16
  MONTH TO DATE  353                       342     11      386
  SINCE JUN 1   1248                      1203     45     1409
  SINCE JAN 1   1670                      1472    198     1713
..................................................................


WIND (MPH)
  HIGHEST WIND SPEED    17   HIGHEST WIND DIRECTION    NW (310)
  HIGHEST GUST SPEED    29   HIGHEST GUST DIRECTION    NW (310)
  AVERAGE WIND SPEED     1.7


SKY COVER
  POSSIBLE SUNSHINE  MM
  AVERAGE SKY COVER 0.2


WEATHER CONDITIONS
 THE FOLLOWING WEATHER WAS RECORDED YESTERDAY.
  THUNDERSTORM
  HEAVY RAIN
  RAIN
  LIGHT RAIN
  FOG
  HAZE


RELATIVE HUMIDITY (PERCENT)
 HIGHEST   100           100 AM
 LOWEST     56          1200 PM
 AVERAGE    78

..........................................................


THE SHELBY COUNTY AIRPORT CLIMATE NORMALS FOR TODAY
                         NORMAL    RECORD    YEAR
 MAXIMUM TEMPERATURE (F)   90        MM        MM
 MINIMUM TEMPERATURE (F)   70        MM        MM


SUNRISE AND SUNSET
AUGUST 23 2017........SUNRISE   616 AM CDT   SUNSET   723 PM CDT
AUGUST 24 2017........SUNRISE   616 AM CDT   SUNSET   722 PM CDT


-  INDICATES NEGATIVE NUMBERS.
R  INDICATES RECORD WAS SET OR TIED.
MM INDICATES DATA IS MISSING.
T  INDICATES TRACE AMOUNT.




$$
