000
CDUS44 KBMX 030748
CLIEET


CLIMATE REPORT
NATIONAL WEATHER SERVICE BIRMINGHAM, AL
246 AM CDT FRI JUL 3 2015


...................................

...THE SHELBY COUNTY AIRPORT CLIMATE SUMMARY FOR JULY 2 2015...

CLIMATE NORMAL PERIOD 1981 TO 2010
CLIMATE RECORD PERIOD 9999 TO 9999


WEATHER ITEM   OBSERVED TIME   RECORD YEAR NORMAL DEPARTURE LAST
                VALUE   (LST)  VALUE       VALUE  FROM      YEAR
                                                  NORMAL
..................................................................
TEMPERATURE (F)
 YESTERDAY
  MAXIMUM         87    232 PM  MM      MM  90     -3       94
  MINIMUM         70    510 AM  MM      MM  70      0       71
  AVERAGE         79                        80     -1       83

PRECIPITATION (IN)
  YESTERDAY        T                         0.15  -0.15     0.17
  MONTH TO DATE    3.99                      0.31   3.68     0.17
  SINCE JUN 1      6.01                      4.94   1.07     5.64
  SINCE JAN 1     30.22                     28.87   1.35    33.14

DEGREE DAYS
 COOLING
  YESTERDAY       14                        15     -1       18
  MONTH TO DATE   27                        30     -3       35
  SINCE JUN 1    457                       404     53      450
  SINCE JAN 1    807                       673    134      744
..................................................................


WIND (MPH)
  HIGHEST WIND SPEED    14   HIGHEST WIND DIRECTION    SW (230)
  HIGHEST GUST SPEED    23   HIGHEST GUST DIRECTION    SW (230)
  AVERAGE WIND SPEED     5.0


SKY COVER
  POSSIBLE SUNSHINE  MM
  AVERAGE SKY COVER 0.2


WEATHER CONDITIONS
 THE FOLLOWING WEATHER WAS RECORDED YESTERDAY.
  FOG
  HAZE


RELATIVE HUMIDITY (PERCENT)
 HIGHEST   100           400 AM
 LOWEST     61           100 PM
 AVERAGE    81

..........................................................


THE SHELBY COUNTY AIRPORT CLIMATE NORMALS FOR TODAY
                         NORMAL    RECORD    YEAR
 MAXIMUM TEMPERATURE (F)   90        MM        MM
 MINIMUM TEMPERATURE (F)   70        MM        MM


SUNRISE AND SUNSET
JULY  3 2015..........SUNRISE   542 AM CDT   SUNSET   800 PM CDT
JULY  4 2015..........SUNRISE   543 AM CDT   SUNSET   800 PM CDT


-  INDICATES NEGATIVE NUMBERS.
R  INDICATES RECORD WAS SET OR TIED.
MM INDICATES DATA IS MISSING.
T  INDICATES TRACE AMOUNT.




$$
