869
CDUS46 KEKA 150013
CLIEKA


CLIMATE REPORT
NATIONAL WEATHER SERVICE EUREKA CA
413 PM PST THU DEC 14 2017


...................................

...THE EUREKA CA CLIMATE SUMMARY FOR DECEMBER 14 2017...
VALID TODAY AS OF 0400 PM LOCAL TIME.

CLIMATE NORMAL PERIOD 1981 TO 2010
CLIMATE RECORD PERIOD 1886 TO 2017


WEATHER ITEM   OBSERVED RECORD YEAR NORMAL DEPARTURE LAST
                VALUE   VALUE       VALUE  FROM      YEAR
                                           NORMAL
...........................................................
TEMPERATURE (F)
 TODAY
  MAXIMUM         58     70    1962  55      3       61
  MINIMUM         37     29    1926  40     -3       46
  AVERAGE         48                 48      0       54

PRECIPITATION (IN)
  TODAY            0.00   2.78 2002   0.27  -0.27     2.31
  MONTH TO DATE    0.87               3.63  -2.76     5.61
  SINCE OCT 1      9.91              11.48  -1.57    23.51
  SINCE JAN 1     47.98              35.84  12.14    50.87

SNOWFALL (IN)
  TODAY            0.0    0.0  2001   0.0    0.0     MM
  MONTH TO DATE    0.0                0.0    0.0      0.0
  SINCE DEC 1      0.0                0.0    0.0      0.0
  SINCE JUL 1      0.0                0.0    0.0       T
  SNOW DEPTH      MM

...........................................................


WIND (MPH)
  HIGHEST WIND SPEED    12   HIGHEST WIND DIRECTION     N (360)
  HIGHEST GUST SPEED    10   HIGHEST GUST DIRECTION    MM
  AVERAGE WIND SPEED     2.4


SKY COVER
  AVERAGE SKY COVER 0.4


WEATHER CONDITIONS
 THE FOLLOWING WEATHER WAS RECORDED TODAY.
  FOG


..........................................................


THE EUREKA CA CLIMATE NORMALS FOR TOMORROW
                         NORMAL    RECORD    YEAR
 MAXIMUM TEMPERATURE (F)   55        70      1891
 MINIMUM TEMPERATURE (F)   40        29      1932


SUNRISE AND SUNSET
DECEMBER 14 2017......SUNRISE   733 AM PST   SUNSET   450 PM PST
DECEMBER 15 2017......SUNRISE   734 AM PST   SUNSET   450 PM PST


-  INDICATES NEGATIVE NUMBERS.
R  INDICATES RECORD WAS SET OR TIED.
MM INDICATES DATA IS MISSING.
T  INDICATES TRACE AMOUNT.




&&

..........................................................

TOTAL SEASON     NORMAL   % OF NORMAL     LAST SEASON

     9.91         11.48        86            23.51


$$
