000
CDUS46 KEKA 311609 CCA
CLIEKA

CLIMATE REPORT...UPDATED WEATHER CONDITIONS
NATIONAL WEATHER SERVICE EUREKA CA
903 AM PDT FRI JUL 31 2015


...................................

...THE EUREKA CA CLIMATE SUMMARY FOR JULY 30 2015...

CLIMATE NORMAL PERIOD 1981 TO 2010
CLIMATE RECORD PERIOD 1886 TO 2015


WEATHER ITEM   OBSERVED RECORD YEAR NORMAL DEPARTURE LAST
                VALUE   VALUE       VALUE  FROM      YEAR
                                           NORMAL
...........................................................
TEMPERATURE (F)
 YESTERDAY
  MAXIMUM         67     69    1947  64      3       63
  MINIMUM         53     48    1995  53      0       53
                               1945
  AVERAGE         60                 58      2       58

PRECIPITATION (IN)
  YESTERDAY        0.00   0.15 2001   0.01  -0.01      T
  MONTH TO DATE    0.15               0.18  -0.03     0.02
  SINCE OCT 1     30.82              39.43  -8.61    17.91
  SINCE JAN 1     12.44              23.46 -11.02    16.01

SNOWFALL (IN)
  YESTERDAY        0.0   MM      MM   0.0    0.0      0.0
  MONTH TO DATE    0.0                0.0    0.0      0.0
  SINCE JUN 1      0.0                0.0    0.0      0.0
  SINCE JUL 1      0.0                0.0    0.0      0.0
  SNOW DEPTH       0

DEGREE DAYS
 HEATING
  YESTERDAY        5                  7     -2        7
  MONTH TO DATE  113                221   -108      180
  SINCE JUN 1    354                487   -133      432
  SINCE JUL 1    113                221   -108      180

 COOLING
  YESTERDAY        0                  0      0        0
  MONTH TO DATE    1                  0      1        0
  SINCE JUN 1      1                  0      1        0
  SINCE JAN 1      1                  0      1        1
...........................................................


WIND (MPH)
  HIGHEST WIND SPEED     9   HIGHEST WIND DIRECTION    NW (310)
  HIGHEST GUST SPEED    10   HIGHEST GUST DIRECTION    MM
  AVERAGE WIND SPEED     2.5


SKY COVER
  AVERAGE SKY COVER 0.6


WEATHER CONDITIONS
 THE FOLLOWING WEATHER WAS RECORDED YESTERDAY.
  FOG
  FOG W/VISIBILITY <= 1/4 MILE
  SMOKE

..........................................................


THE EUREKA CA CLIMATE NORMALS FOR TODAY
                         NORMAL    RECORD    YEAR
 MAXIMUM TEMPERATURE (F)   64        74      1995
 MINIMUM TEMPERATURE (F)   53        49      1975
                                             1954
                                             1950


SUNRISE AND SUNSET
JULY 31 2015..........SUNRISE   612 AM PDT   SUNSET   833 PM PDT
AUGUST  1 2015........SUNRISE   613 AM PDT   SUNSET   832 PM PDT


-  INDICATES NEGATIVE NUMBERS.
R  INDICATES RECORD WAS SET OR TIED.
MM INDICATES DATA IS MISSING.
T  INDICATES TRACE AMOUNT.




&&

..........................................................

TOTAL SEASON     NORMAL   % OF NORMAL     LAST SEASON

    30.82         39.43        78            17.91


$$
