000
CDUS46 KEKA 220014
CLIEKA


CLIMATE REPORT
NATIONAL WEATHER SERVICE EUREKA CA
411 PM PST FRI NOV 21 2014


...................................

...THE EUREKA CA CLIMATE SUMMARY FOR NOVEMBER 21 2014...
VALID TODAY AS OF 0400 PM LOCAL TIME.

CLIMATE NORMAL PERIOD 1981 TO 2010
CLIMATE RECORD PERIOD 1886 TO 2014


WEATHER ITEM   OBSERVED RECORD YEAR NORMAL DEPARTURE LAST
                VALUE   VALUE       VALUE  FROM      YEAR
                                           NORMAL
...........................................................
TEMPERATURE (F)
 TODAY
  MAXIMUM         57     70    1930  57      0       54
                               1912
  MINIMUM         48     32    1994  43      5       33
  AVERAGE         53                 50      3       44

PRECIPITATION (IN)
  TODAY            0.18   4.37 1998   0.20  -0.02     0.00
  MONTH TO DATE    1.98               3.57  -1.59     1.29
  SINCE JUL 1      9.85               6.89   2.96     4.56
  SINCE JAN 1     25.84              30.17  -4.33    16.04

SNOWFALL (IN)
  TODAY           MM      0.0  2002   0.0   MM        0.0
                               2001
  MONTH TO DATE    0.0                0.0    0.0      0.0
  SINCE SEP 1      0.0                0.0    0.0      0.0
  SINCE JUL 1      0.0                0.0    0.0      0.0
  SNOW DEPTH      MM

...........................................................


WIND (MPH)
  HIGHEST WIND SPEED    12   HIGHEST WIND DIRECTION     S (180)
  HIGHEST GUST SPEED    21   HIGHEST GUST DIRECTION     S (180)
  AVERAGE WIND SPEED     5.8


SKY COVER
  AVERAGE SKY COVER 1.0


WEATHER CONDITIONS
 THE FOLLOWING WEATHER WAS RECORDED TODAY.
  LIGHT RAIN
  FOG


..........................................................


THE EUREKA CA CLIMATE NORMALS FOR TOMORROW
                         NORMAL    RECORD    YEAR
 MAXIMUM TEMPERATURE (F)   57        74      1930
 MINIMUM TEMPERATURE (F)   43        29      2013


SUNRISE AND SUNSET
NOVEMBER 21 2014......SUNRISE   711 AM PST   SUNSET   454 PM PST
NOVEMBER 22 2014......SUNRISE   712 AM PST   SUNSET   453 PM PST


-  INDICATES NEGATIVE NUMBERS.
R  INDICATES RECORD WAS SET OR TIED.
MM INDICATES DATA IS MISSING.
T  INDICATES TRACE AMOUNT.




&&

..........................................................

TOTAL SEASON     NORMAL   % OF NORMAL     LAST SEASON

     9.85          6.89        143             4.56


$$
