000
CDUS46 KEKA 271217
CLIEKA


CLIMATE REPORT
NATIONAL WEATHER SERVICE EUREKA CA
417 AM PST SAT DEC 27 2014


...................................

...THE EUREKA CA CLIMATE SUMMARY FOR DECEMBER 26 2014...

CLIMATE NORMAL PERIOD 1981 TO 2010
CLIMATE RECORD PERIOD 1886 TO 2014


WEATHER ITEM   OBSERVED RECORD YEAR NORMAL DEPARTURE LAST
                VALUE   VALUE       VALUE  FROM      YEAR
                                           NORMAL
...........................................................
TEMPERATURE (F)
 YESTERDAY
  MAXIMUM         55     75    1980  55      0       58
  MINIMUM         33     30    1988  41     -8       33
  AVERAGE         44                 48     -4       46

PRECIPITATION (IN)
  YESTERDAY        0.00   1.68 1931   0.26  -0.26     0.00
  MONTH TO DATE    9.64               6.89   2.75     0.56
  SINCE JUL 1     21.40              15.82   5.58     5.12
  SINCE JAN 1     37.39              39.10  -1.71    16.60

SNOWFALL (IN)
  YESTERDAY        0.0    0.0  2001   0.0    0.0      0.0
  MONTH TO DATE    0.0                0.0    0.0       T
  SINCE DEC 1      0.0                0.0    0.0       T
  SINCE JUL 1      0.0                0.0    0.0       T
  SNOW DEPTH       0

DEGREE DAYS
 HEATING
  YESTERDAY       21                 17      4       19
  MONTH TO DATE  268                441   -173      596
  SINCE DEC 1    268                441   -173      596
  SINCE JUL 1   1288               1863   -575     2047

 COOLING
  YESTERDAY        0                  0      0        0
  MONTH TO DATE    0                  0      0        0
  SINCE DEC 1      0                  0      0        0
  SINCE JAN 1      4                  0      4        6
...........................................................


WIND (MPH)
  HIGHEST WIND SPEED    13   HIGHEST WIND DIRECTION    NE (30)
  HIGHEST GUST SPEED    21   HIGHEST GUST DIRECTION     N (360)
  AVERAGE WIND SPEED     5.0


SKY COVER
  AVERAGE SKY COVER 0.0


WEATHER CONDITIONS
 THE FOLLOWING WEATHER WAS RECORDED YESTERDAY.
  NO SIGNIFICANT WEATHER WAS OBSERVED.


..........................................................


THE EUREKA CA CLIMATE NORMALS FOR TODAY
                         NORMAL    RECORD    YEAR
 MAXIMUM TEMPERATURE (F)   55        67      1917
 MINIMUM TEMPERATURE (F)   41        30      1954


SUNRISE AND SUNSET
DECEMBER 27 2014......SUNRISE   740 AM PST   SUNSET   456 PM PST
DECEMBER 28 2014......SUNRISE   740 AM PST   SUNSET   457 PM PST


-  INDICATES NEGATIVE NUMBERS.
R  INDICATES RECORD WAS SET OR TIED.
MM INDICATES DATA IS MISSING.
T  INDICATES TRACE AMOUNT.




&&

..........................................................

TOTAL SEASON     NORMAL   % OF NORMAL     LAST SEASON

    21.40         15.82        135             5.12


$$
