000
CDUS46 KEKA 081209
CLIEKA


CLIMATE REPORT
NATIONAL WEATHER SERVICE EUREKA CA
409 AM PST THU DEC 8 2016


...................................

...THE EUREKA CA CLIMATE SUMMARY FOR DECEMBER 7 2016...

CLIMATE NORMAL PERIOD 1981 TO 2010
CLIMATE RECORD PERIOD 1886 TO 2016


WEATHER ITEM   OBSERVED RECORD YEAR NORMAL DEPARTURE LAST
                VALUE   VALUE       VALUE  FROM      YEAR
                                           NORMAL
...........................................................
TEMPERATURE (F)
 YESTERDAY
  MAXIMUM         44     67    2014  55    -11       61
  MINIMUM         31     28    2013  41    -10       57
                               2009
                               1978
  AVERAGE         38                 48    -10       59

PRECIPITATION (IN)
  YESTERDAY        0.36   2.74 1993   0.26   0.10     0.04
  MONTH TO DATE    0.77               1.81  -1.04     2.04
  SINCE OCT 1     18.67               9.66   9.01     8.10
  SINCE JAN 1     46.03              34.02  12.01    21.22

SNOWFALL (IN)
  YESTERDAY       MM      T    2013   0.0   MM        0.0
  MONTH TO DATE    0.0                0.0    0.0      0.0
  SINCE DEC 1      0.0                0.0    0.0      0.0
  SINCE JUL 1      T                  0.0    0.0       T
  SNOW DEPTH       0

DEGREE DAYS
 HEATING
  YESTERDAY       27                 17     10        6
  MONTH TO DATE  149                118     31       67
  SINCE DEC 1    149                118     31       67
  SINCE JUL 1   1383               1540   -157     1149

 COOLING
  YESTERDAY        0                  0      0        0
  MONTH TO DATE    0                  0      0        0
  SINCE DEC 1      0                  0      0        0
  SINCE JAN 1      0                  0      0        6
...........................................................


WIND (MPH)
  HIGHEST WIND SPEED     7   HIGHEST WIND DIRECTION     S (190)
  HIGHEST GUST SPEED    16   HIGHEST GUST DIRECTION    MM
  AVERAGE WIND SPEED     1.0


SKY COVER
  AVERAGE SKY COVER 1.0


WEATHER CONDITIONS
 THE FOLLOWING WEATHER WAS RECORDED YESTERDAY.
  LIGHT RAIN


..........................................................


THE EUREKA CA CLIMATE NORMALS FOR TODAY
                         NORMAL    RECORD    YEAR
 MAXIMUM TEMPERATURE (F)   55        72      2006
 MINIMUM TEMPERATURE (F)   41        24      2013


SUNRISE AND SUNSET
DECEMBER  8 2016......SUNRISE   729 AM PST   SUNSET   449 PM PST
DECEMBER  9 2016......SUNRISE   730 AM PST   SUNSET   449 PM PST


-  INDICATES NEGATIVE NUMBERS.
R  INDICATES RECORD WAS SET OR TIED.
MM INDICATES DATA IS MISSING.
T  INDICATES TRACE AMOUNT.




&&

..........................................................

TOTAL SEASON     NORMAL   % OF NORMAL     LAST SEASON

    18.67          9.66        193             8.10


$$
