000
CDUS46 KEKA 301210
CLIEKA


CLIMATE REPORT
NATIONAL WEATHER SERVICE EUREKA CA
508 AM PDT SAT APR 30 2016


...................................

...THE EUREKA CA CLIMATE SUMMARY FOR APRIL 29 2016...

CLIMATE NORMAL PERIOD 1981 TO 2010
CLIMATE RECORD PERIOD 1886 TO 2016


WEATHER ITEM   OBSERVED RECORD YEAR NORMAL DEPARTURE LAST
                VALUE   VALUE       VALUE  FROM      YEAR
                                           NORMAL
...........................................................
TEMPERATURE (F)
 YESTERDAY
  MAXIMUM         59     72    2004  59      0       58
  MINIMUM         51     38    1967  46      5       47
                               1952
                               1911
  AVERAGE         55                 52      3       53

PRECIPITATION (IN)
  YESTERDAY        0.05   0.75 1912   0.08  -0.03     0.00
  MONTH TO DATE    2.84               3.24  -0.40     2.57
  SINCE OCT 1     46.71              36.64  10.07    30.56
  SINCE JAN 1     25.99              20.67   5.32    12.18

SNOWFALL (IN)
  YESTERDAY        0.0    0.0  2002   0.0    0.0      0.0
                               2001
  MONTH TO DATE    0.0                0.0    0.0       T
  SINCE MAR 1      0.0                0.0    0.0       T
  SINCE JUL 1      T                  0.2   -0.2       T
  SNOW DEPTH       0

DEGREE DAYS
 HEATING
  YESTERDAY       10                 13     -3       12
  MONTH TO DATE  295                411   -116      412
  SINCE MAR 1    686                887   -201      807
  SINCE JUL 1   3096               3809   -713     2962

 COOLING
  YESTERDAY        0                  0      0        0
  MONTH TO DATE    0                  0      0        0
  SINCE MAR 1      0                  0      0        0
  SINCE JAN 1      0                  0      0        0
...........................................................


WIND (MPH)
  HIGHEST WIND SPEED    14   HIGHEST WIND DIRECTION    NE (40)
  HIGHEST GUST SPEED    18   HIGHEST GUST DIRECTION     N (20)
  AVERAGE WIND SPEED     8.7


SKY COVER
  AVERAGE SKY COVER 0.8


WEATHER CONDITIONS
 THE FOLLOWING WEATHER WAS RECORDED YESTERDAY.
  LIGHT RAIN


..........................................................


THE EUREKA CA CLIMATE NORMALS FOR TODAY
                         NORMAL    RECORD    YEAR
 MAXIMUM TEMPERATURE (F)   59        80      2014
 MINIMUM TEMPERATURE (F)   46        37      1972
                                             1946


SUNRISE AND SUNSET
APRIL 30 2016.........SUNRISE   616 AM PDT   SUNSET   813 PM PDT
MAY  1 2016...........SUNRISE   614 AM PDT   SUNSET   814 PM PDT


-  INDICATES NEGATIVE NUMBERS.
R  INDICATES RECORD WAS SET OR TIED.
MM INDICATES DATA IS MISSING.
T  INDICATES TRACE AMOUNT.




&&

..........................................................

TOTAL SEASON     NORMAL   % OF NORMAL     LAST SEASON

    46.71         36.64        127            30.56


$$
