000
CDUS46 KEKA 201216
CLIEKA


CLIMATE REPORT
NATIONAL WEATHER SERVICE EUREKA CA
516 AM PDT SUN AUG 20 2017


...................................

...THE EUREKA CA CLIMATE SUMMARY FOR AUGUST 19 2017...

CLIMATE NORMAL PERIOD 1981 TO 2010
CLIMATE RECORD PERIOD 1886 TO 2017


WEATHER ITEM   OBSERVED RECORD YEAR NORMAL DEPARTURE LAST
                VALUE   VALUE       VALUE  FROM      YEAR
                                           NORMAL
...........................................................
TEMPERATURE (F)
 YESTERDAY
  MAXIMUM         64     74    2007  64      0       62
  MINIMUM         52     46    1947  53     -1       49
  AVERAGE         58                 59     -1       56

PRECIPITATION (IN)
  YESTERDAY        0.00   0.41 1968   0.02  -0.02     0.00
  MONTH TO DATE    0.01               0.15  -0.14      T
  SINCE OCT 1     62.79              39.58  23.21    48.03
  SINCE JAN 1     37.02              23.61  13.41    27.31

SNOWFALL (IN)
  YESTERDAY        0.0   MM      MM   0.0    0.0      0.0
  MONTH TO DATE    0.0                0.0    0.0      0.0
  SINCE JUN 1      0.0                0.0    0.0      0.0
  SINCE JUL 1      0.0                0.0    0.0      0.0
  SNOW DEPTH       0

DEGREE DAYS
 HEATING
  YESTERDAY        7                  6      1        9
  MONTH TO DATE   96                120    -24      151
  SINCE JUN 1    543                612    -69      579
  SINCE JUL 1    313                346    -33      355

 COOLING
  YESTERDAY        0                  0      0        0
  MONTH TO DATE    0                  0      0        0
  SINCE JUN 1      0                  0      0        0
  SINCE JAN 1      0                  0      0        0
...........................................................


WIND (MPH)
  HIGHEST WIND SPEED     9   HIGHEST WIND DIRECTION     S (200)
  HIGHEST GUST SPEED    12   HIGHEST GUST DIRECTION     W (270)
  AVERAGE WIND SPEED     5.1


SKY COVER
  AVERAGE SKY COVER 1.0


WEATHER CONDITIONS
 THE FOLLOWING WEATHER WAS RECORDED YESTERDAY.
  FOG
  HAZE


..........................................................


THE EUREKA CA CLIMATE NORMALS FOR TODAY
                         NORMAL    RECORD    YEAR
 MAXIMUM TEMPERATURE (F)   64        75      1964
 MINIMUM TEMPERATURE (F)   53        47      1996


SUNRISE AND SUNSET
AUGUST 20 2017........SUNRISE   632 AM PDT   SUNSET   807 PM PDT
AUGUST 21 2017........SUNRISE   633 AM PDT   SUNSET   805 PM PDT


-  INDICATES NEGATIVE NUMBERS.
R  INDICATES RECORD WAS SET OR TIED.
MM INDICATES DATA IS MISSING.
T  INDICATES TRACE AMOUNT.




&&

..........................................................

TOTAL SEASON     NORMAL   % OF NORMAL     LAST SEASON

    62.79         39.58        159            48.03


$$
