000
CDUS46 KEKA 281216
CLIEKA


CLIMATE REPORT
NATIONAL WEATHER SERVICE EUREKA CA
516 AM PDT WED SEP 28 2016


...................................

...THE EUREKA CA CLIMATE SUMMARY FOR SEPTEMBER 27 2016...

CLIMATE NORMAL PERIOD 1981 TO 2010
CLIMATE RECORD PERIOD 1886 TO 2016


WEATHER ITEM   OBSERVED RECORD YEAR NORMAL DEPARTURE LAST
                VALUE   VALUE       VALUE  FROM      YEAR
                                           NORMAL
...........................................................
TEMPERATURE (F)
 YESTERDAY
  MAXIMUM         62     75    1970  63     -1       63
                               1958
  MINIMUM         52     42    1999  49      3       47
                               1986
  AVERAGE         57                 56      1       55

PRECIPITATION (IN)
  YESTERDAY        0.00   0.66 1938   0.03  -0.03     0.00
  MONTH TO DATE    0.01               0.51  -0.50     0.27
  SINCE OCT 1     48.08              40.25   7.83    31.50
  SINCE JAN 1     27.36              24.28   3.08    13.12

SNOWFALL (IN)
  YESTERDAY        0.0    0.0  2002   0.0    0.0      0.0
                               2001
  MONTH TO DATE    0.0                0.0    0.0      0.0
  SINCE SEP 1      0.0                0.0    0.0      0.0
  SINCE JUL 1      0.0                0.0    0.0      0.0
  SNOW DEPTH       0

DEGREE DAYS
 HEATING
  YESTERDAY        8                  9     -1       10
  MONTH TO DATE  208                212     -4      174
  SINCE SEP 1    208                212     -4      174
  SINCE JUL 1    655                638     17      397

 COOLING
  YESTERDAY        0                  0      0        0
  MONTH TO DATE    0                  0      0        0
  SINCE SEP 1      0                  0      0        0
  SINCE JAN 1      0                  0      0        5
...........................................................


WIND (MPH)
  HIGHEST WIND SPEED     6   HIGHEST WIND DIRECTION     N (350)
  HIGHEST GUST SPEED     8   HIGHEST GUST DIRECTION    MM
  AVERAGE WIND SPEED     2.8


SKY COVER
  AVERAGE SKY COVER 0.4


WEATHER CONDITIONS
 THE FOLLOWING WEATHER WAS RECORDED YESTERDAY.
  FOG


..........................................................


THE EUREKA CA CLIMATE NORMALS FOR TODAY
                         NORMAL    RECORD    YEAR
 MAXIMUM TEMPERATURE (F)   63        79      1945
 MINIMUM TEMPERATURE (F)   49        42      1999


SUNRISE AND SUNSET
SEPTEMBER 28 2016.....SUNRISE   711 AM PDT   SUNSET   703 PM PDT
SEPTEMBER 29 2016.....SUNRISE   712 AM PDT   SUNSET   701 PM PDT


-  INDICATES NEGATIVE NUMBERS.
R  INDICATES RECORD WAS SET OR TIED.
MM INDICATES DATA IS MISSING.
T  INDICATES TRACE AMOUNT.




&&

..........................................................

TOTAL SEASON     NORMAL   % OF NORMAL     LAST SEASON

    48.08         40.25        119            31.50


$$
