000
CDUS46 KEKA 211210
CLIEKA


CLIMATE REPORT
NATIONAL WEATHER SERVICE EUREKA CA
509 AM PDT SAT OCT 21 2017


...................................

...THE EUREKA CA CLIMATE SUMMARY FOR OCTOBER 20 2017...

CLIMATE NORMAL PERIOD 1981 TO 2010
CLIMATE RECORD PERIOD 1886 TO 2017


WEATHER ITEM   OBSERVED RECORD YEAR NORMAL DEPARTURE LAST
                VALUE   VALUE       VALUE  FROM      YEAR
                                           NORMAL
...........................................................
TEMPERATURE (F)
 YESTERDAY
  MAXIMUM         60     77    1998  62     -2       68
  MINIMUM         44     35    1949  47     -3       46
  AVERAGE         52                 54     -2       57

PRECIPITATION (IN)
  YESTERDAY        0.23   1.89 1947   0.08   0.15      T
  MONTH TO DATE    1.61               1.09   0.52     6.53
  SINCE OCT 1      1.61               1.09   0.52     6.53
  SINCE JAN 1     39.68              25.45  14.23    33.89

SNOWFALL (IN)
  YESTERDAY        0.0    0.0  2002   0.0    0.0     MM
                               2001
  MONTH TO DATE    0.0                0.0    0.0      0.0
  SINCE SEP 1      0.0                0.0    0.0      0.0
  SINCE JUL 1      0.0                0.0    0.0      0.0
  SNOW DEPTH       0

DEGREE DAYS
 HEATING
  YESTERDAY       13                 11      2        8
  MONTH TO DATE  246                203     43      149
  SINCE SEP 1    393                442    -49      386
  SINCE JUL 1    784                868    -84      833

 COOLING
  YESTERDAY        0                  0      0        0
  MONTH TO DATE    0                  0      0        0
  SINCE SEP 1     13                  0     13        0
  SINCE JAN 1     13                  0     13        0
...........................................................


WIND (MPH)
  HIGHEST WIND SPEED     9   HIGHEST WIND DIRECTION    SW (240)
  HIGHEST GUST SPEED    16   HIGHEST GUST DIRECTION    MM
  AVERAGE WIND SPEED     4.1


SKY COVER
  AVERAGE SKY COVER 0.5


WEATHER CONDITIONS
 THE FOLLOWING WEATHER WAS RECORDED YESTERDAY.
  LIGHT RAIN
  HAZE


..........................................................


THE EUREKA CA CLIMATE NORMALS FOR TODAY
                         NORMAL    RECORD    YEAR
 MAXIMUM TEMPERATURE (F)   61        73      1998
 MINIMUM TEMPERATURE (F)   47        36      1908


SUNRISE AND SUNSET
OCTOBER 21 2017.......SUNRISE   735 AM PDT   SUNSET   627 PM PDT
OCTOBER 22 2017.......SUNRISE   736 AM PDT   SUNSET   625 PM PDT


-  INDICATES NEGATIVE NUMBERS.
R  INDICATES RECORD WAS SET OR TIED.
MM INDICATES DATA IS MISSING.
T  INDICATES TRACE AMOUNT.




&&

..........................................................

TOTAL SEASON     NORMAL   % OF NORMAL     LAST SEASON

     1.61          1.09        148             6.53


$$
