000
CDUS46 KEKA 211215
CLIEKA


CLIMATE REPORT
NATIONAL WEATHER SERVICE EUREKA CA
515 AM PDT TUE OCT 21 2014


...................................

...THE EUREKA CA CLIMATE SUMMARY FOR OCTOBER 20 2014...

CLIMATE NORMAL PERIOD 1981 TO 2010
CLIMATE RECORD PERIOD 1886 TO 2014


WEATHER ITEM   OBSERVED RECORD YEAR NORMAL DEPARTURE LAST
                VALUE   VALUE       VALUE  FROM      YEAR
                                           NORMAL
...........................................................
TEMPERATURE (F)
 YESTERDAY
  MAXIMUM         68     77    1998  62      6       50
  MINIMUM         53     35    1949  47      6       44
  AVERAGE         61                 54      7       47

PRECIPITATION (IN)
  YESTERDAY        0.52   1.89 1947   0.08   0.44     0.00
  MONTH TO DATE    1.70               1.09   0.61      T
  SINCE JUL 1      4.83               2.17   2.66     3.22
  SINCE JAN 1     20.82              25.45  -4.63    14.70

SNOWFALL (IN)
  YESTERDAY        0.0    0.0  2002   0.0    0.0      0.0
                               2001
  MONTH TO DATE    0.0                0.0    0.0      0.0
  SINCE SEP 1      0.0                0.0    0.0      0.0
  SINCE JUL 1      0.0                0.0    0.0      0.0
  SNOW DEPTH       0

DEGREE DAYS
 HEATING
  YESTERDAY        4                 11     -7       18
  MONTH TO DATE  112                203    -91      252
  SINCE SEP 1    272                442   -170      390
  SINCE JUL 1    635                868   -233      809

 COOLING
  YESTERDAY        0                  0      0        0
  MONTH TO DATE    0                  0      0        0
  SINCE SEP 1      3                  0      3        1
  SINCE JAN 1      4                  0      4        6
...........................................................


WIND (MPH)
  HIGHEST WIND SPEED    14   HIGHEST WIND DIRECTION     W (260)
  HIGHEST GUST SPEED    26   HIGHEST GUST DIRECTION     W (260)
  AVERAGE WIND SPEED     8.2


SKY COVER
  AVERAGE SKY COVER 0.8


WEATHER CONDITIONS
 THE FOLLOWING WEATHER WAS RECORDED YESTERDAY.
  RAIN
  LIGHT RAIN


..........................................................


THE EUREKA CA CLIMATE NORMALS FOR TODAY
                         NORMAL    RECORD    YEAR
 MAXIMUM TEMPERATURE (F)   61        73      1998
 MINIMUM TEMPERATURE (F)   47        36      1908


SUNRISE AND SUNSET
OCTOBER 21 2014.......SUNRISE   735 AM PDT   SUNSET   627 PM PDT
OCTOBER 22 2014.......SUNRISE   736 AM PDT   SUNSET   626 PM PDT


-  INDICATES NEGATIVE NUMBERS.
R  INDICATES RECORD WAS SET OR TIED.
MM INDICATES DATA IS MISSING.
T  INDICATES TRACE AMOUNT.




&&

..........................................................

TOTAL SEASON     NORMAL   % OF NORMAL     LAST SEASON

     4.83          2.17        223             3.22


$$
