259
CDUS41 KRLX 172214
CLIEKN


CLIMATE REPORT
NATIONAL WEATHER SERVICE CHARLESTON WV
614 PM EDT TUE OCT 17 2017


...................................

...THE ELKINS WV CLIMATE SUMMARY FOR OCTOBER 17 2017...
VALID TODAY AS OF 0500 PM LOCAL TIME.

CLIMATE NORMAL PERIOD 1981 TO 2010
CLIMATE RECORD PERIOD 1899 TO 2017


WEATHER ITEM   OBSERVED TIME   RECORD YEAR NORMAL DEPARTURE LAST
                VALUE   (LST)  VALUE       VALUE  FROM      YEAR
                                                  NORMAL
..................................................................
TEMPERATURE (F)
 TODAY
  MAXIMUM         62    351 PM  84    1928  64     -2       76
  MINIMUM         35    754 AM  22    1994  38     -3       48
                                      1970
  AVERAGE         49                        51     -2       62

PRECIPITATION (IN)
  TODAY            0.00          1.17 1957   0.08  -0.08     0.00
  MONTH TO DATE    1.93                      1.55   0.38     1.22
  SINCE SEP 1      2.99                      5.18  -2.19     6.32
  SINCE JAN 1     37.43                     37.99  -0.56    36.32

DEGREE DAYS
 HEATING
  TODAY           16                        14      2        3
  MONTH TO DATE   75                       199   -124      130
  SINCE SEP 1    178                       329   -151      152
  SINCE JUL 1    200                       359   -159      152

 COOLING
  TODAY            0                         0      0        0
  MONTH TO DATE   25                         0     25        0
  SINCE SEP 1     82                        45     37      115
  SINCE JAN 1    544                       471     73      804
..................................................................


WIND (MPH)
  HIGHEST WIND SPEED     8   HIGHEST WIND DIRECTION    NW (320)
  HIGHEST GUST SPEED    10   HIGHEST GUST DIRECTION     N (10)
  AVERAGE WIND SPEED     1.6


SKY COVER
  POSSIBLE SUNSHINE  MM
  AVERAGE SKY COVER 0.7


WEATHER CONDITIONS
 THE FOLLOWING WEATHER WAS RECORDED TODAY.
  FOG
  FOG W/VISIBILITY <= 1/4 MILE


RELATIVE HUMIDITY (PERCENT)
 HIGHEST    92          1200 AM
 LOWEST     34           400 PM
 AVERAGE    63

..........................................................


THE ELKINS WV CLIMATE NORMALS FOR TOMORROW
                         NORMAL    RECORD    YEAR
 MAXIMUM TEMPERATURE (F)   64        86      1938
 MINIMUM TEMPERATURE (F)   37        22      1976


SUNRISE AND SUNSET
OCTOBER 17 2017.......SUNRISE   731 AM EDT   SUNSET   638 PM EDT
OCTOBER 18 2017.......SUNRISE   732 AM EDT   SUNSET   636 PM EDT


-  INDICATES NEGATIVE NUMBERS.
R  INDICATES RECORD WAS SET OR TIED.
MM INDICATES DATA IS MISSING.
T  INDICATES TRACE AMOUNT.




$$
