000
CDUS41 KRLX 212118
CLIEKN


CLIMATE REPORT
NATIONAL WEATHER SERVICE CHARLESTON WV
518 PM EDT MON AUG 21 2017


...................................

...THE ELKINS WV CLIMATE SUMMARY FOR AUGUST 21 2017...
VALID TODAY AS OF 0500 PM LOCAL TIME.

CLIMATE NORMAL PERIOD 1981 TO 2010
CLIMATE RECORD PERIOD 1899 TO 2017


WEATHER ITEM   OBSERVED TIME   RECORD YEAR NORMAL DEPARTURE LAST
                VALUE   (LST)  VALUE       VALUE  FROM      YEAR
                                                  NORMAL
..................................................................
TEMPERATURE (F)
 TODAY
  MAXIMUM         85    358 PM  94    1936  80      5       73
  MINIMUM         62    623 AM  38    1981  58      4       59
  AVERAGE         74                        69      5       66

PRECIPITATION (IN)
  TODAY            0.00          1.64 1931   0.12  -0.12     0.29
  MONTH TO DATE    3.16                      2.70   0.46     2.77
  SINCE JUN 1     13.37                     12.46   0.91    12.16
  SINCE JAN 1     34.07                     31.67   2.40    29.60

DEGREE DAYS
 HEATING
  TODAY            0                         1     -1        0
  MONTH TO DATE    8                         6      2        0
  SINCE JUN 1     69                        73     -4       28
  SINCE JUL 1     11                        18     -7        0

 COOLING
  TODAY            9                         4      5        1
  MONTH TO DATE   98                       104     -6      208
  SINCE JUN 1    407                       362     45      584
  SINCE JAN 1    451                       385     66      613
..................................................................


WIND (MPH)
  HIGHEST WIND SPEED    12   HIGHEST WIND DIRECTION     W (250)
  HIGHEST GUST SPEED    15   HIGHEST GUST DIRECTION     W (290)
  AVERAGE WIND SPEED     0.8


SKY COVER
  POSSIBLE SUNSHINE  MM
  AVERAGE SKY COVER 0.5


WEATHER CONDITIONS
 THE FOLLOWING WEATHER WAS RECORDED TODAY.
  FOG
  FOG W/VISIBILITY <= 1/4 MILE


RELATIVE HUMIDITY (PERCENT)
 HIGHEST    93          1200 AM
 LOWEST     47           100 PM
 AVERAGE    70

..........................................................


THE ELKINS WV CLIMATE NORMALS FOR TOMORROW
                         NORMAL    RECORD    YEAR
 MAXIMUM TEMPERATURE (F)   80        95      1936
 MINIMUM TEMPERATURE (F)   58        44      1925
                                             1922


SUNRISE AND SUNSET
AUGUST 21 2017........SUNRISE   639 AM EDT   SUNSET   806 PM EDT
AUGUST 22 2017........SUNRISE   640 AM EDT   SUNSET   804 PM EDT


-  INDICATES NEGATIVE NUMBERS.
R  INDICATES RECORD WAS SET OR TIED.
MM INDICATES DATA IS MISSING.
T  INDICATES TRACE AMOUNT.




$$
