000
CDUS41 KRLX 260826
CLIEKN


CLIMATE REPORT
NATIONAL WEATHER SERVICE CHARLESTON WV
324 AM EST FRI DEC 26 2014


...................................

...THE ELKINS WV CLIMATE SUMMARY FOR DECEMBER 25 2014...

CLIMATE NORMAL PERIOD 1981 TO 2010
CLIMATE RECORD PERIOD 1899 TO 2014


WEATHER ITEM   OBSERVED TIME   RECORD YEAR NORMAL DEPARTURE LAST
                VALUE   (LST)  VALUE       VALUE  FROM      YEAR
                                                  NORMAL
..................................................................
TEMPERATURE (F)
 YESTERDAY
  MAXIMUM         44   1203 AM  68    1982  40      4       41
  MINIMUM         30   1159 PM -17    1983  21      9        9
  AVERAGE         37                        30      7       25

PRECIPITATION (IN)
  YESTERDAY        0.02          0.96 1913   0.10  -0.08     0.00
  MONTH TO DATE    3.48                      2.68   0.80     5.16
  SINCE JAN 1     41.86                     45.35  -3.49    44.90

SNOWFALL (IN)
  YESTERDAY        0.0
  MONTH TO DATE    T
  SINCE SEP 1      7.6
  SNOW DEPTH       0

DEGREE DAYS
 HEATING
  YESTERDAY       28                        35     -7       40
  MONTH TO DATE  688                       798   -110      718
  SINCE DEC 1    688                       798   -110      718
  SINCE JUL 1   2044                      2082    -38     2013

 COOLING
  YESTERDAY        0                         0      0        0
  MONTH TO DATE    0                         0      0        0
  SINCE DEC 1      0                         0      0        0
  SINCE JAN 1    505                       475     30      533
..................................................................


WIND (MPH)
  HIGHEST WIND SPEED    21   HIGHEST WIND DIRECTION     W (290)
  HIGHEST GUST SPEED    34   HIGHEST GUST DIRECTION     W (250)
  AVERAGE WIND SPEED     8.5


SKY COVER
  POSSIBLE SUNSHINE  MM
  AVERAGE SKY COVER 1.0


WEATHER CONDITIONS
 THE FOLLOWING WEATHER WAS RECORDED YESTERDAY.
  LIGHT RAIN
  FOG


RELATIVE HUMIDITY (PERCENT)
 HIGHEST    82           100 AM
 LOWEST     70           400 PM
 AVERAGE    76

..........................................................


THE ELKINS WV CLIMATE NORMALS FOR TODAY
                         NORMAL    RECORD    YEAR
 MAXIMUM TEMPERATURE (F)   40        62      1982
                                             1964
                                             1922
 MINIMUM TEMPERATURE (F)   20       -11      1980


SUNRISE AND SUNSET
DECEMBER 26 2014......SUNRISE   736 AM EST   SUNSET   504 PM EST
DECEMBER 27 2014......SUNRISE   737 AM EST   SUNSET   504 PM EST


-  INDICATES NEGATIVE NUMBERS.
R  INDICATES RECORD WAS SET OR TIED.
MM INDICATES DATA IS MISSING.
T  INDICATES TRACE AMOUNT.




$$
