000
CDUS41 KRLX 010716
CLIEKN


CLIMATE REPORT
NATIONAL WEATHER SERVICE CHARLESTON WV
315 AM EDT MON MAY 1 2017


...................................

...THE ELKINS WV CLIMATE SUMMARY FOR APRIL 30 2017...

CLIMATE NORMAL PERIOD 1981 TO 2010
CLIMATE RECORD PERIOD 1899 TO 2017


WEATHER ITEM   OBSERVED TIME   RECORD YEAR NORMAL DEPARTURE LAST
                VALUE   (LST)  VALUE       VALUE  FROM      YEAR
                                                  NORMAL
..................................................................
TEMPERATURE (F)
 YESTERDAY
  MAXIMUM         85    430 PM  87    1899  67     18       70
  MINIMUM         54    541 AM  24    1977  41     13       48
  AVERAGE         70                        54     16       59

PRECIPITATION (IN)
  YESTERDAY        0.00          1.90 1966   0.13  -0.13     0.13
  MONTH TO DATE    4.95                      3.80   1.15     3.45
  SINCE JAN 1     16.34                     14.09   2.25    11.20

SNOWFALL (IN)
  YESTERDAY        0.0
  MONTH TO DATE    3.2
  SINCE SEP 1     44.5
  SNOW DEPTH       0

DEGREE DAYS
 HEATING
  YESTERDAY        0                        11    -11        6
  MONTH TO DATE  273                       463   -190      426
  SINCE MAR 1    990                      1242   -252      988
  SINCE JUL 1   4393                      5563  -1170     4730

 COOLING
  YESTERDAY        5                         0      5        0
  MONTH TO DATE   10                         3      7        3
  SINCE MAR 1     10                         3      7        3
  SINCE JAN 1     10                         3      7        3
..................................................................


WIND (MPH)
  HIGHEST WIND SPEED    17   HIGHEST WIND DIRECTION     S (170)
  HIGHEST GUST SPEED    23   HIGHEST GUST DIRECTION     S (170)
  AVERAGE WIND SPEED     4.8


SKY COVER
  POSSIBLE SUNSHINE  MM
  AVERAGE SKY COVER 0.3


WEATHER CONDITIONS
 THE FOLLOWING WEATHER WAS RECORDED YESTERDAY.
  FOG
  HAZE


RELATIVE HUMIDITY (PERCENT)
 HIGHEST    93           200 AM
 LOWEST     32          1200 PM
 AVERAGE    63

..........................................................


THE ELKINS WV CLIMATE NORMALS FOR TODAY
                         NORMAL    RECORD    YEAR
 MAXIMUM TEMPERATURE (F)   67        88      1942
 MINIMUM TEMPERATURE (F)   41        24      1971
                                             1969


SUNRISE AND SUNSET
MAY  1 2017...........SUNRISE   621 AM EDT   SUNSET   812 PM EDT
MAY  2 2017...........SUNRISE   620 AM EDT   SUNSET   813 PM EDT


-  INDICATES NEGATIVE NUMBERS.
R  INDICATES RECORD WAS SET OR TIED.
MM INDICATES DATA IS MISSING.
T  INDICATES TRACE AMOUNT.




$$
