000
CDUS41 KRLX 030821
CLIEKN


CLIMATE REPORT
NATIONAL WEATHER SERVICE CHARLESTON WV
414 AM EDT MON AUG 3 2015


...................................

...THE ELKINS WV CLIMATE SUMMARY FOR AUGUST 2 2015...

CLIMATE NORMAL PERIOD 1981 TO 2010
CLIMATE RECORD PERIOD 1899 TO 2015


WEATHER ITEM   OBSERVED TIME   RECORD YEAR NORMAL DEPARTURE LAST
                VALUE   (LST)  VALUE       VALUE  FROM      YEAR
                                                  NORMAL
..................................................................
TEMPERATURE (F)
 YESTERDAY
  MAXIMUM         82    421 PM  94    1995  81      1       81
  MINIMUM         52    546 AM  46    1998  59     -7       52
                                      1912
  AVERAGE         67                        70     -3       67

PRECIPITATION (IN)
  YESTERDAY        0.00          2.09 1921   0.15  -0.15     0.55
  MONTH TO DATE    0.00                      0.29  -0.29     0.55
  SINCE JAN 1     35.35                     29.26   6.09    25.69

SNOWFALL (IN)
  YESTERDAY        0.0
  MONTH TO DATE    0.0
  SINCE SEP 1     70.3
  SNOW DEPTH       0

DEGREE DAYS
 HEATING
  YESTERDAY        0                         0      0        0
  MONTH TO DATE    0                         0      0        0
  SINCE JUN 1     21                        67    -46       47
  SINCE JUL 1      0                        12    -12       33

 COOLING
  YESTERDAY        2                         5     -3        2
  MONTH TO DATE    5                        10     -5        3
  SINCE JUN 1    359                       268     91      291
  SINCE JAN 1    424                       291    133      327
..................................................................


WIND (MPH)
  HIGHEST WIND SPEED     9   HIGHEST WIND DIRECTION    NW (310)
  HIGHEST GUST SPEED    13   HIGHEST GUST DIRECTION     W (290)
  AVERAGE WIND SPEED     1.7


SKY COVER
  POSSIBLE SUNSHINE  MM
  AVERAGE SKY COVER 0.0


WEATHER CONDITIONS
 THE FOLLOWING WEATHER WAS RECORDED YESTERDAY.
  FOG


RELATIVE HUMIDITY (PERCENT)
 HIGHEST    96           500 AM
 LOWEST     39           100 PM
 AVERAGE    68

..........................................................


THE ELKINS WV CLIMATE NORMALS FOR TODAY
                         NORMAL    RECORD    YEAR
 MAXIMUM TEMPERATURE (F)   81        94      1955
 MINIMUM TEMPERATURE (F)   59        44      1965


SUNRISE AND SUNSET
AUGUST  3 2015........SUNRISE   622 AM EDT   SUNSET   829 PM EDT
AUGUST  4 2015........SUNRISE   623 AM EDT   SUNSET   828 PM EDT


-  INDICATES NEGATIVE NUMBERS.
R  INDICATES RECORD WAS SET OR TIED.
MM INDICATES DATA IS MISSING.
T  INDICATES TRACE AMOUNT.




$$
