000
CDUS41 KRLX 010724
CLIEKN


CLIMATE REPORT
NATIONAL WEATHER SERVICE CHARLESTON WV
321 AM EDT FRI AUG 1 2014


...................................

...THE ELKINS WV CLIMATE SUMMARY FOR JULY 31 2014...

CLIMATE NORMAL PERIOD 1981 TO 2010
CLIMATE RECORD PERIOD 1899 TO 2014


WEATHER ITEM   OBSERVED TIME   RECORD YEAR NORMAL DEPARTURE LAST
                VALUE   (LST)  VALUE       VALUE  FROM      YEAR
                                                  NORMAL
..................................................................
TEMPERATURE (F)
 YESTERDAY
  MAXIMUM         80    227 PM  93    1999  81     -1       77
  MINIMUM         51    600 AM  42    1997  59     -8       56
  AVERAGE         66                        70     -4       67

PRECIPITATION (IN)
  YESTERDAY        0.00          2.20 1996   0.16  -0.16     0.23
  MONTH TO DATE    5.28                      5.36  -0.08     4.32
  SINCE JAN 1     25.14                     28.97  -3.83    24.88

SNOWFALL (IN)
  YESTERDAY        0.0
  MONTH TO DATE    0.0
  SINCE SEP 1     92.3
  SNOW DEPTH       0

DEGREE DAYS
 HEATING
  YESTERDAY        0                         0      0        0
  MONTH TO DATE   33                         8     25        4
  SINCE JUN 1     47                        67    -20       16
  SINCE JUL 1     33                        12     21        4

 COOLING
  YESTERDAY        1                         5     -4        2
  MONTH TO DATE  143                       166    -23      208
  SINCE JUN 1    288                       258     30      305
  SINCE JAN 1    324                       281     43      330
..................................................................


WIND (MPH)
  HIGHEST WIND SPEED    14   HIGHEST WIND DIRECTION    NW (310)
  HIGHEST GUST SPEED    17   HIGHEST GUST DIRECTION    NW (300)
  AVERAGE WIND SPEED     2.5


SKY COVER
  POSSIBLE SUNSHINE  MM
  AVERAGE SKY COVER 0.3


WEATHER CONDITIONS
 THE FOLLOWING WEATHER WAS RECORDED YESTERDAY.
  FOG
  FOG W/VISIBILITY <= 1/4 MILE
  HAZE


RELATIVE HUMIDITY (PERCENT)
 HIGHEST    93           200 AM
 LOWEST     37           400 PM
 AVERAGE    65

..........................................................


THE ELKINS WV CLIMATE NORMALS FOR TODAY
                         NORMAL    RECORD    YEAR
 MAXIMUM TEMPERATURE (F)   81        91      1917
 MINIMUM TEMPERATURE (F)   59        46      1966


SUNRISE AND SUNSET
AUGUST  1 2014........SUNRISE   620 AM EDT   SUNSET   830 PM EDT
AUGUST  2 2014........SUNRISE   621 AM EDT   SUNSET   829 PM EDT


-  INDICATES NEGATIVE NUMBERS.
R  INDICATES RECORD WAS SET OR TIED.
MM INDICATES DATA IS MISSING.
T  INDICATES TRACE AMOUNT.




$$
