000
CDUS41 KRLX 240720
CLIEKN


CLIMATE REPORT
NATIONAL WEATHER SERVICE CHARLESTON WV
319 AM EDT FRI MAR 24 2017


...................................

...THE ELKINS WV CLIMATE SUMMARY FOR MARCH 23 2017...

CLIMATE NORMAL PERIOD 1981 TO 2010
CLIMATE RECORD PERIOD 1899 TO 2017


WEATHER ITEM   OBSERVED TIME   RECORD YEAR NORMAL DEPARTURE LAST
                VALUE   (LST)  VALUE       VALUE  FROM      YEAR
                                                  NORMAL
..................................................................
TEMPERATURE (F)
 YESTERDAY
  MAXIMUM         58    448 PM  84    2012  54      4       71
  MINIMUM         16    627 AM  12    1922  30    -14       36
  AVERAGE         37                        42     -5       54

PRECIPITATION (IN)
  YESTERDAY        0.00          2.19 1948   0.13  -0.13     0.00
  MONTH TO DATE    2.61                      2.89  -0.28     1.82
  SINCE JAN 1      9.86                      9.22   0.64     7.20

SNOWFALL (IN)
  YESTERDAY        0.0
  MONTH TO DATE   10.9
  SINCE SEP 1     41.3
  SNOW DEPTH       0

DEGREE DAYS
 HEATING
  YESTERDAY       28                        23      5       11
  MONTH TO DATE  649                       609     40      452
  SINCE MAR 1    649                       609     40      452
  SINCE JUL 1   4052                      4930   -878     4194

 COOLING
  YESTERDAY        0                         0      0        0
  MONTH TO DATE    0                         0      0        0
  SINCE MAR 1      0                         0      0        0
  SINCE JAN 1      0                         0      0        0
..................................................................


WIND (MPH)
  HIGHEST WIND SPEED    12   HIGHEST WIND DIRECTION    SW (210)
  HIGHEST GUST SPEED    18   HIGHEST GUST DIRECTION    SW (210)
  AVERAGE WIND SPEED     3.7


SKY COVER
  POSSIBLE SUNSHINE  MM
  AVERAGE SKY COVER 0.0


WEATHER CONDITIONS
 THE FOLLOWING WEATHER WAS RECORDED YESTERDAY.
  NO SIGNIFICANT WEATHER WAS OBSERVED.


RELATIVE HUMIDITY (PERCENT)
 HIGHEST    84           200 AM
 LOWEST     14           100 PM
 AVERAGE    49

..........................................................


THE ELKINS WV CLIMATE NORMALS FOR TODAY
                         NORMAL    RECORD    YEAR
 MAXIMUM TEMPERATURE (F)   55        80      1910
 MINIMUM TEMPERATURE (F)   30        11      1940


SUNRISE AND SUNSET
MARCH 24 2017.........SUNRISE   716 AM EDT   SUNSET   736 PM EDT
MARCH 25 2017.........SUNRISE   715 AM EDT   SUNSET   737 PM EDT


-  INDICATES NEGATIVE NUMBERS.
R  INDICATES RECORD WAS SET OR TIED.
MM INDICATES DATA IS MISSING.
T  INDICATES TRACE AMOUNT.




$$
