000
CDUS41 KRLX 300716
CLIEKN


CLIMATE REPORT
NATIONAL WEATHER SERVICE CHARLESTON WV
316 AM EDT SAT APR 30 2016


...................................

...THE ELKINS WV CLIMATE SUMMARY FOR APRIL 29 2016...

CLIMATE NORMAL PERIOD 1981 TO 2010
CLIMATE RECORD PERIOD 1899 TO 2016


WEATHER ITEM   OBSERVED TIME   RECORD YEAR NORMAL DEPARTURE LAST
                VALUE   (LST)  VALUE       VALUE  FROM      YEAR
                                                  NORMAL
..................................................................
TEMPERATURE (F)
 YESTERDAY
  MAXIMUM         72    358 PM  87    1996  67      5       69
  MINIMUM         54    337 AM  21    1982  40     14       31
  AVERAGE         63                        54      9       50

PRECIPITATION (IN)
  YESTERDAY        0.01          2.07 2009   0.13  -0.12     0.00
  MONTH TO DATE    3.32                      3.67  -0.35     6.72
  SINCE JAN 1     11.07                     13.96  -2.89    19.81

SNOWFALL (IN)
  YESTERDAY        0.0
  MONTH TO DATE    8.4
  SINCE SEP 1     59.0
  SNOW DEPTH       0

DEGREE DAYS
 HEATING
  YESTERDAY        2                        12    -10       15
  MONTH TO DATE  420                       452    -32      386
  SINCE MAR 1    982                      1232   -250     1187
  SINCE JUL 1   4724                      5553   -829     5818

 COOLING
  YESTERDAY        0                         0      0        0
  MONTH TO DATE    3                         0      3        3
  SINCE MAR 1      3                         0      3        3
  SINCE JAN 1      3                         0      3        3
..................................................................


WIND (MPH)
  HIGHEST WIND SPEED    16   HIGHEST WIND DIRECTION     N (340)
  HIGHEST GUST SPEED    23   HIGHEST GUST DIRECTION    NW (330)
  AVERAGE WIND SPEED     6.4


SKY COVER
  POSSIBLE SUNSHINE  MM
  AVERAGE SKY COVER 0.8


WEATHER CONDITIONS
 THE FOLLOWING WEATHER WAS RECORDED YESTERDAY.
  LIGHT RAIN
  FOG


RELATIVE HUMIDITY (PERCENT)
 HIGHEST    93           100 AM
 LOWEST     41           400 PM
 AVERAGE    67

..........................................................


THE ELKINS WV CLIMATE NORMALS FOR TODAY
                         NORMAL    RECORD    YEAR
 MAXIMUM TEMPERATURE (F)   67        87      1899
 MINIMUM TEMPERATURE (F)   41        24      1977


SUNRISE AND SUNSET
APRIL 30 2016.........SUNRISE   622 AM EDT   SUNSET   811 PM EDT
MAY  1 2016...........SUNRISE   621 AM EDT   SUNSET   812 PM EDT


-  INDICATES NEGATIVE NUMBERS.
R  INDICATES RECORD WAS SET OR TIED.
MM INDICATES DATA IS MISSING.
T  INDICATES TRACE AMOUNT.




$$
