000
CDUS41 KRLX 260719
CLIEKN


CLIMATE REPORT
NATIONAL WEATHER SERVICE CHARLESTON WV
317 AM EDT TUE MAY 26 2015


...................................

...THE ELKINS WV CLIMATE SUMMARY FOR MAY 25 2015...

CLIMATE NORMAL PERIOD 1981 TO 2010
CLIMATE RECORD PERIOD 1899 TO 2015


WEATHER ITEM   OBSERVED TIME   RECORD YEAR NORMAL DEPARTURE LAST
                VALUE   (LST)  VALUE       VALUE  FROM      YEAR
                                                  NORMAL
..................................................................
TEMPERATURE (F)
 YESTERDAY
  MAXIMUM         85    347 PM  90    1914  73     12       77
  MINIMUM         49    533 AM  30    1956  48      1       42
  AVERAGE         67                        60      7       60

PRECIPITATION (IN)
  YESTERDAY        0.00          1.55 1918   0.16  -0.16     0.00
  MONTH TO DATE    1.35                      4.12  -2.77     3.27
  SINCE JAN 1     21.41                     18.21   3.20    14.66

SNOWFALL (IN)
  YESTERDAY        0.0
  MONTH TO DATE    0.0
  SINCE SEP 1     70.3
  SNOW DEPTH       0

DEGREE DAYS
 HEATING
  YESTERDAY        0                         6     -6        5
  MONTH TO DATE  108                       207    -99      175
  SINCE MAR 1   1304                      1449   -145     1459
  SINCE JUL 1   5935                      5770    165     5982

 COOLING
  YESTERDAY        2                         1      1        0
  MONTH TO DATE   34                        12     22       21
  SINCE MAR 1     37                        15     22       23
  SINCE JAN 1     37                        15     22       23
..................................................................


WIND (MPH)
  HIGHEST WIND SPEED    14   HIGHEST WIND DIRECTION     S (180)
  HIGHEST GUST SPEED    17   HIGHEST GUST DIRECTION     S (190)
  AVERAGE WIND SPEED     3.1


SKY COVER
  POSSIBLE SUNSHINE  MM
  AVERAGE SKY COVER 0.0


WEATHER CONDITIONS
 THE FOLLOWING WEATHER WAS RECORDED YESTERDAY.
  FOG


RELATIVE HUMIDITY (PERCENT)
 HIGHEST    93          1200 AM
 LOWEST     31           300 PM
 AVERAGE    62

..........................................................


THE ELKINS WV CLIMATE NORMALS FOR TODAY
                         NORMAL    RECORD    YEAR
 MAXIMUM TEMPERATURE (F)   73        90      1991
 MINIMUM TEMPERATURE (F)   49        31      2013
                                             1988
                                             1930


SUNRISE AND SUNSET
MAY 26 2015...........SUNRISE   559 AM EDT   SUNSET   834 PM EDT
MAY 27 2015...........SUNRISE   558 AM EDT   SUNSET   835 PM EDT


-  INDICATES NEGATIVE NUMBERS.
R  INDICATES RECORD WAS SET OR TIED.
MM INDICATES DATA IS MISSING.
T  INDICATES TRACE AMOUNT.




$$
