000
CDUS41 KRLX 160816
CLIEKN


CLIMATE REPORT
NATIONAL WEATHER SERVICE CHARLESTON WV
316 AM EST SAT DEC 16 2017


...................................

...THE ELKINS WV CLIMATE SUMMARY FOR DECEMBER 15 2017...

CLIMATE NORMAL PERIOD 1981 TO 2010
CLIMATE RECORD PERIOD 1899 TO 2017


WEATHER ITEM   OBSERVED TIME   RECORD YEAR NORMAL DEPARTURE LAST
                VALUE   (LST)  VALUE       VALUE  FROM      YEAR
                                                  NORMAL
..................................................................
TEMPERATURE (F)
 YESTERDAY
  MAXIMUM         27   1159 PM  71    1971  42    -15       26
  MINIMUM         24    224 AM  -4    1914  23      1        3
  AVERAGE         26                        32     -6       15

PRECIPITATION (IN)
  YESTERDAY        T             1.92 1948   0.11  -0.11      T
  MONTH TO DATE    0.65                      1.68  -1.03     1.77
  SINCE JAN 1     44.36                     44.35   0.01    41.96

SNOWFALL (IN)
  YESTERDAY        T             4.6  1989   0.6   -0.6      0.2
                                      2004
  MONTH TO DATE    4.9                       7.4   -2.5      3.2
  SINCE SEP 1      4.9                      13.0   -8.1      7.9
  SNOW DEPTH       2

DEGREE DAYS
 HEATING
  YESTERDAY       39                        33      6       50
  MONTH TO DATE  467                       459      8      485
  SINCE DEC 1    467                       459      8      485
  SINCE JUL 1   1552                      1743   -191     1430

 COOLING
  YESTERDAY        0                         0      0        0
  MONTH TO DATE    0                         0      0        0
  SINCE DEC 1      0                         0      0        0
  SINCE JAN 1    544                       475     69      809
..................................................................


WIND (MPH)
  HIGHEST WIND SPEED    17   HIGHEST WIND DIRECTION    SW (240)
  HIGHEST GUST SPEED    25   HIGHEST GUST DIRECTION     W (270)
  AVERAGE WIND SPEED     5.5


SKY COVER
  POSSIBLE SUNSHINE  MM
  AVERAGE SKY COVER 1.0


WEATHER CONDITIONS
 THE FOLLOWING WEATHER WAS RECORDED YESTERDAY.
  LIGHT SNOW
  HAZE


RELATIVE HUMIDITY (PERCENT)
 HIGHEST    88           700 AM
 LOWEST     63           400 PM
 AVERAGE    76

..........................................................


THE ELKINS WV CLIMATE NORMALS FOR TODAY
                         NORMAL    RECORD    YEAR
 MAXIMUM TEMPERATURE (F)   42        65      1984
 MINIMUM TEMPERATURE (F)   22       -10      1914


SUNRISE AND SUNSET
DECEMBER 16 2017......SUNRISE   732 AM EST   SUNSET   459 PM EST
DECEMBER 17 2017......SUNRISE   732 AM EST   SUNSET   459 PM EST


-  INDICATES NEGATIVE NUMBERS.
R  INDICATES RECORD WAS SET OR TIED.
MM INDICATES DATA IS MISSING.
T  INDICATES TRACE AMOUNT.




$$
