000
CDUS41 KRLX 172119
CLIEKN


CLIMATE REPORT
NATIONAL WEATHER SERVICE CHARLESTON WV
519 PM EDT THU APR 17 2014


...................................

...THE ELKINS WV CLIMATE SUMMARY FOR APRIL 17 2014...
VALID TODAY AS OF 0500 PM LOCAL TIME.

CLIMATE NORMAL PERIOD 1981 TO 2010
CLIMATE RECORD PERIOD 1899 TO 2014


WEATHER ITEM   OBSERVED TIME   RECORD YEAR NORMAL DEPARTURE LAST
                VALUE   (LST)  VALUE       VALUE  FROM      YEAR
                                                  NORMAL
..................................................................
TEMPERATURE (F)
 TODAY
  MAXIMUM         66    327 PM  87    1976  64      2       75
  MINIMUM         26    536 AM  18    1904  37    -11       51
  AVERAGE         46                        50     -4       63

PRECIPITATION (IN)
  TODAY            0.00          1.32 2006   0.12  -0.12     0.00
  MONTH TO DATE    0.51                      2.12  -1.61     1.59
  SINCE MAR 1      3.70                      6.08  -2.38     4.83
  SINCE JAN 1      9.96                     12.41  -2.45    11.44

DEGREE DAYS
 HEATING
  TODAY           19                        15      4        2
  MONTH TO DATE  231                       295    -64      220
  SINCE MAR 1   1128                      1075     53     1147
  SINCE JUL 1   5651                      5396    255     5394

 COOLING
  TODAY            0                         0      0        0
  MONTH TO DATE    2                         0      2        3
  SINCE MAR 1      2                         0      2        3
  SINCE JAN 1      2                         0      2        3
..................................................................


WIND (MPH)
  HIGHEST WIND SPEED    14   HIGHEST WIND DIRECTION    SE (140)
  HIGHEST GUST SPEED    17   HIGHEST GUST DIRECTION    SE (140)
  AVERAGE WIND SPEED     5.0


SKY COVER
  POSSIBLE SUNSHINE  MM
  AVERAGE SKY COVER 0.0


WEATHER CONDITIONS
 THE FOLLOWING WEATHER WAS RECORDED TODAY.
  NO SIGNIFICANT WEATHER WAS OBSERVED.


RELATIVE HUMIDITY (PERCENT)
 HIGHEST    68           500 AM
 LOWEST     16           200 PM
 AVERAGE    42

..........................................................


THE ELKINS WV CLIMATE NORMALS FOR TOMORROW
                         NORMAL    RECORD    YEAR
 MAXIMUM TEMPERATURE (F)   64        88      1976
 MINIMUM TEMPERATURE (F)   37        19      1983


SUNRISE AND SUNSET
APRIL 17 2014.........SUNRISE   640 AM EDT   SUNSET   758 PM EDT
APRIL 18 2014.........SUNRISE   639 AM EDT   SUNSET   759 PM EDT


-  INDICATES NEGATIVE NUMBERS.
R  INDICATES RECORD WAS SET OR TIED.
MM INDICATES DATA IS MISSING.
T  INDICATES TRACE AMOUNT.




$$
