000
CDUS41 KRLX 230803
CLIEKN


CLIMATE REPORT
NATIONAL WEATHER SERVICE CHARLESTON WV
402 AM EDT FRI JUN 23 2017


...................................

...THE ELKINS WV CLIMATE SUMMARY FOR JUNE 22 2017...

CLIMATE NORMAL PERIOD 1981 TO 2010
CLIMATE RECORD PERIOD 1899 TO 2017


WEATHER ITEM   OBSERVED TIME   RECORD YEAR NORMAL DEPARTURE LAST
                VALUE   (LST)  VALUE       VALUE  FROM      YEAR
                                                  NORMAL
..................................................................
TEMPERATURE (F)
 YESTERDAY
  MAXIMUM         82    239 PM  93    1923  80      2       75
  MINIMUM         64    118 AM  38    1992  56      8       60
  AVERAGE         73                        68      5       68

PRECIPITATION (IN)
  YESTERDAY        0.04          1.35 1929   0.15  -0.11      T
  MONTH TO DATE    2.05                      3.14  -1.09     2.82
  SINCE JAN 1     22.75                     22.35   0.40    20.26

SNOWFALL (IN)
  YESTERDAY        0.0
  MONTH TO DATE    0.0
  SINCE SEP 1     44.5
  SNOW DEPTH       0

DEGREE DAYS
 HEATING
  YESTERDAY        0                         1     -1        0
  MONTH TO DATE   42                        48     -6       24
  SINCE JUN 1     42                        48     -6       24
  SINCE JUL 1   4631                      5845  -1214     4984

 COOLING
  YESTERDAY        8                         4      4        3
  MONTH TO DATE   81                        57     24       84
  SINCE JUN 1     81                        57     24       84
  SINCE JAN 1    125                        80     45      113
..................................................................


WIND (MPH)
  HIGHEST WIND SPEED     9   HIGHEST WIND DIRECTION     W (250)
  HIGHEST GUST SPEED    12   HIGHEST GUST DIRECTION     W (290)
  AVERAGE WIND SPEED     2.6


SKY COVER
  POSSIBLE SUNSHINE  MM
  AVERAGE SKY COVER 0.7


WEATHER CONDITIONS
 THE FOLLOWING WEATHER WAS RECORDED YESTERDAY.
  LIGHT RAIN


RELATIVE HUMIDITY (PERCENT)
 HIGHEST    93          1200 AM
 LOWEST     54           100 PM
 AVERAGE    74

..........................................................


THE ELKINS WV CLIMATE NORMALS FOR TODAY
                         NORMAL    RECORD    YEAR
 MAXIMUM TEMPERATURE (F)   80        89      1899
 MINIMUM TEMPERATURE (F)   57        38      1992
                                             1963
                                             1902


SUNRISE AND SUNSET
JUNE 23 2017..........SUNRISE   555 AM EDT   SUNSET   848 PM EDT
JUNE 24 2017..........SUNRISE   555 AM EDT   SUNSET   849 PM EDT


-  INDICATES NEGATIVE NUMBERS.
R  INDICATES RECORD WAS SET OR TIED.
MM INDICATES DATA IS MISSING.
T  INDICATES TRACE AMOUNT.




$$
