000
CDUS41 KRLX 240722
CLIEKN


CLIMATE REPORT
NATIONAL WEATHER SERVICE CHARLESTON WV
321 AM EDT THU APR 24 2014


...................................

...THE ELKINS WV CLIMATE SUMMARY FOR APRIL 23 2014...

CLIMATE NORMAL PERIOD 1981 TO 2010
CLIMATE RECORD PERIOD 1899 TO 2014


WEATHER ITEM   OBSERVED TIME   RECORD YEAR NORMAL DEPARTURE LAST
                VALUE   (LST)  VALUE       VALUE  FROM      YEAR
                                                  NORMAL
..................................................................
TEMPERATURE (F)
 YESTERDAY
  MAXIMUM         52    459 PM  88    2001  65    -13       71
  MINIMUM         31   1159 PM  19    1982  39     -8       29
  AVERAGE         42                        52    -10       50

PRECIPITATION (IN)
  YESTERDAY        0.00          1.64 1970   0.13  -0.13     0.00
  MONTH TO DATE    0.72                      2.89  -2.17     2.30
  SINCE JAN 1     10.17                     13.18  -3.01    12.15

SNOWFALL (IN)
  YESTERDAY        0.0
  MONTH TO DATE    0.2
  SINCE SEP 1     92.3
  SNOW DEPTH       0

DEGREE DAYS
 HEATING
  YESTERDAY       23                        13     10       15
  MONTH TO DATE  309                       378    -69      309
  SINCE MAR 1   1206                      1158     48     1236
  SINCE JUL 1   5729                      5479    250     5483

 COOLING
  YESTERDAY        0                         0      0        0
  MONTH TO DATE    2                         0      2        3
  SINCE MAR 1      2                         0      2        3
  SINCE JAN 1      2                         0      2        3
..................................................................


WIND (MPH)
  HIGHEST WIND SPEED    20   HIGHEST WIND DIRECTION     W (290)
  HIGHEST GUST SPEED    27   HIGHEST GUST DIRECTION     W (290)
  AVERAGE WIND SPEED     9.6


SKY COVER
  POSSIBLE SUNSHINE  MM
  AVERAGE SKY COVER 0.7


WEATHER CONDITIONS
 THE FOLLOWING WEATHER WAS RECORDED YESTERDAY.
  NO SIGNIFICANT WEATHER WAS OBSERVED.


RELATIVE HUMIDITY (PERCENT)
 HIGHEST    66          1200 AM
 LOWEST     41           500 PM
 AVERAGE    54

..........................................................


THE ELKINS WV CLIMATE NORMALS FOR TODAY
                         NORMAL    RECORD    YEAR
 MAXIMUM TEMPERATURE (F)   66        90      1925
 MINIMUM TEMPERATURE (F)   39        18      1986


SUNRISE AND SUNSET
APRIL 24 2014.........SUNRISE   630 AM EDT   SUNSET   805 PM EDT
APRIL 25 2014.........SUNRISE   629 AM EDT   SUNSET   806 PM EDT


-  INDICATES NEGATIVE NUMBERS.
R  INDICATES RECORD WAS SET OR TIED.
MM INDICATES DATA IS MISSING.
T  INDICATES TRACE AMOUNT.




$$
