000
CDUS45 KLKN 240932
CLIEKO


CLIMATE REPORT
NATIONAL WEATHER SERVICE ELKO NV
230 AM PDT MON JUL 24 2017


...................................

...THE ELKO AIRPORT NV CLIMATE SUMMARY FOR JULY 23 2017...

CLIMATE NORMAL PERIOD 1981 TO 2010
CLIMATE RECORD PERIOD 1888 TO 2017


WEATHER ITEM   OBSERVED TIME   RECORD YEAR NORMAL DEPARTURE LAST
                VALUE   (LST)  VALUE       VALUE  FROM      YEAR
                                                  NORMAL
..................................................................
TEMPERATURE (F)
 YESTERDAY
  MAXIMUM         99    138 PM 103    1890  92      7       91
  MINIMUM         59    257 AM  36    2000  51      8       42
                                      1954
                                      1912
  AVERAGE         79                        71      8       67

PRECIPITATION (IN)
  YESTERDAY        T             0.46 2012   0.01  -0.01     0.00
  MONTH TO DATE    T                         0.26  -0.26     0.01
  SINCE OCT 1     13.46                      8.86   4.60    12.15
  SINCE JAN 1      7.83                      5.80   2.03     7.61

SNOWFALL (IN)
  YESTERDAY        0.0           0.0  1888   0.0    0.0      0.0
  MONTH TO DATE    0.0                       0.0    0.0      0.0
  SINCE JUN 1      T                         0.0    0.0       T
  SINCE JUL 1      0.0                       0.0    0.0      0.0
  SNOW DEPTH       0

DEGREE DAYS
 HEATING
  YESTERDAY        0                         0      0        0
  MONTH TO DATE    0                        17    -17        9
  SINCE JUN 1     62                       148    -86       39
  SINCE JUL 1      0                        17    -17        9

 COOLING
  YESTERDAY       14                         7      7        2
  MONTH TO DATE  257                       129    128      139
  SINCE JUN 1    370                       176    194      270
  SINCE JAN 1    374                       180    194      270
..................................................................


WIND (MPH)
  HIGHEST WIND SPEED    28   HIGHEST WIND DIRECTION     S (170)
  HIGHEST GUST SPEED    35   HIGHEST GUST DIRECTION     S (160)
  AVERAGE WIND SPEED     3.9



WEATHER CONDITIONS
 THE FOLLOWING WEATHER WAS RECORDED YESTERDAY.
  THUNDERSTORM
  LIGHT RAIN


RELATIVE HUMIDITY (PERCENT)
 HIGHEST    47           300 AM
 LOWEST      9           200 PM
 AVERAGE    28

..........................................................


THE ELKO AIRPORT NV CLIMATE NORMALS FOR TODAY
                         NORMAL    RECORD    YEAR
 MAXIMUM TEMPERATURE (F)   92       107      1890
 MINIMUM TEMPERATURE (F)   51        34      1899


SUNRISE AND SUNSET
JULY 24 2017..........SUNRISE   532 AM PDT   SUNSET   806 PM PDT
JULY 25 2017..........SUNRISE   533 AM PDT   SUNSET   805 PM PDT


-  INDICATES NEGATIVE NUMBERS.
R  INDICATES RECORD WAS SET OR TIED.
MM INDICATES DATA IS MISSING.
T  INDICATES TRACE AMOUNT.




$$
