000
CDUS45 KLKN 210027
CLIEKO


CLIMATE REPORT
NATIONAL WEATHER SERVICE ELKO NV
427 PM PST TUE FEB 20 2018


...................................

...THE ELKO AIRPORT NV CLIMATE SUMMARY FOR FEBRUARY 20 2018...
VALID TODAY AS OF 0400 PM LOCAL TIME.

CLIMATE NORMAL PERIOD 1981 TO 2010
CLIMATE RECORD PERIOD 1888 TO 2018


WEATHER ITEM   OBSERVED TIME   RECORD YEAR NORMAL DEPARTURE LAST
                VALUE   (LST)  VALUE       VALUE  FROM      YEAR
                                                  NORMAL
..................................................................
TEMPERATURE (F)
 TODAY
  MAXIMUM         24    307 PM  67    1977  43    -19       48
  MINIMUM         12    718 AM -16    1932  20     -8       37
  AVERAGE         18                        32    -14       43

PRECIPITATION (IN)
  TODAY            0.00          0.75 1900   0.04  -0.04     0.28
  MONTH TO DATE    0.31                      0.59  -0.28     1.37
  SINCE OCT 1      2.48                      4.77  -2.29     9.48
  SINCE JAN 1      0.78                      1.71  -0.93     3.85

SNOWFALL (IN)
  TODAY            0.0           7.5  1900   0.2   -0.2      0.0
  MONTH TO DATE    4.3                       4.9   -0.6       T
  SINCE DEC 1     10.6                      25.3  -14.7     42.8
  SINCE JUL 1     11.3                      31.0  -19.7     48.3
  SNOW DEPTH       T

DEGREE DAYS
 HEATING
  TODAY           47                        34     13       22
  MONTH TO DATE  638                       728    -90      517
  SINCE DEC 1   2709                      3175   -466     3111
  SINCE JUL 1   4297                      4913   -616     4456

 COOLING
  TODAY            0                         0      0        0
  MONTH TO DATE    0                         0      0        0
  SINCE DEC 1      0                         0      0        0
  SINCE JAN 1      0                         0      0        0
..................................................................


WIND (MPH)
  HIGHEST WIND SPEED    15   HIGHEST WIND DIRECTION    SW (210)
  HIGHEST GUST SPEED    19   HIGHEST GUST DIRECTION    SW (230)



WEATHER CONDITIONS
 THE FOLLOWING WEATHER WAS RECORDED TODAY.
  NO SIGNIFICANT WEATHER WAS OBSERVED.


RELATIVE HUMIDITY (PERCENT)
 HIGHEST    84           600 AM
 LOWEST     45           100 PM
 AVERAGE    65

..........................................................


THE ELKO AIRPORT NV CLIMATE NORMALS FOR TOMORROW
                         NORMAL    RECORD    YEAR
 MAXIMUM TEMPERATURE (F)   44        64      1995
                                             1896
 MINIMUM TEMPERATURE (F)   20       -10      1932


SUNRISE AND SUNSET
FEBRUARY 20 2018......SUNRISE   630 AM PST   SUNSET   524 PM PST
FEBRUARY 21 2018......SUNRISE   629 AM PST   SUNSET   525 PM PST


-  INDICATES NEGATIVE NUMBERS.
R  INDICATES RECORD WAS SET OR TIED.
MM INDICATES DATA IS MISSING.
T  INDICATES TRACE AMOUNT.




$$
