000
CDUS45 KLKN 010928
CLIEKO


CLIMATE REPORT
NATIONAL WEATHER SERVICE ELKO NV
226 AM PDT TUE SEP 1 2015


...................................

...THE ELKO AIRPORT NV CLIMATE SUMMARY FOR AUGUST 31 2015...

CLIMATE NORMAL PERIOD 1981 TO 2010
CLIMATE RECORD PERIOD 1888 TO 2015


WEATHER ITEM   OBSERVED TIME   RECORD YEAR NORMAL DEPARTURE LAST
                VALUE   (LST)  VALUE       VALUE  FROM      YEAR
                                                  NORMAL
..................................................................
TEMPERATURE (F)
 YESTERDAY
  MAXIMUM         88    347 PM  96    1955  85      3       79
                                      1950
                                      1924
  MINIMUM         40    541 AM  27    1932  45     -5       46
  AVERAGE         64                        64      0       63

PRECIPITATION (IN)
  YESTERDAY        0.00          0.26 2012   0.01  -0.01     0.00
  MONTH TO DATE    0.63                      0.37   0.26     1.27
  SINCE OCT 1      9.00                      9.34  -0.34     9.28
  SINCE JAN 1      6.76                      6.28   0.48     7.67

SNOWFALL (IN)
  YESTERDAY        0.0           0.0  1888   0.0    0.0      0.0
  MONTH TO DATE    0.0                       0.0    0.0      0.0
  SINCE JUN 1      0.0                       0.0    0.0      0.0
  SINCE JUL 1      0.0                       0.0    0.0      0.0
  SNOW DEPTH       0

DEGREE DAYS
 HEATING
  YESTERDAY        1                         3     -2        2
  MONTH TO DATE    2                        31    -29       20
  SINCE JUN 1     35                       182   -147      112
  SINCE JUL 1     11                        51    -40       20

 COOLING
  YESTERDAY        0                         2     -2        0
  MONTH TO DATE  212                       131     81      128
  SINCE JUN 1    578                       358    220      501
  SINCE JAN 1    585                       362    223      504
..................................................................


WIND (MPH)
  HIGHEST WIND SPEED    17   HIGHEST WIND DIRECTION    SW (240)
  HIGHEST GUST SPEED    21   HIGHEST GUST DIRECTION     W (280)
  AVERAGE WIND SPEED     3.8



WEATHER CONDITIONS
 THE FOLLOWING WEATHER WAS RECORDED YESTERDAY.
  HAZE


RELATIVE HUMIDITY (PERCENT)
 HIGHEST    43           500 AM
 LOWEST     11           100 PM
 AVERAGE    27

..........................................................


THE ELKO AIRPORT NV CLIMATE NORMALS FOR TODAY
                         NORMAL    RECORD    YEAR
 MAXIMUM TEMPERATURE (F)   84        97      1950
 MINIMUM TEMPERATURE (F)   44        29      1910


SUNRISE AND SUNSET
SEPTEMBER  1 2015.....SUNRISE   610 AM PDT   SUNSET   716 PM PDT
SEPTEMBER  2 2015.....SUNRISE   611 AM PDT   SUNSET   714 PM PDT


-  INDICATES NEGATIVE NUMBERS.
R  INDICATES RECORD WAS SET OR TIED.
MM INDICATES DATA IS MISSING.
T  INDICATES TRACE AMOUNT.




$$
