000
CDUS45 KLKN 280935
CLIEKO


CLIMATE REPORT
NATIONAL WEATHER SERVICE ELKO NV
132 AM PST SAT FEB 28 2015


...................................

...THE ELKO AIRPORT NV CLIMATE SUMMARY FOR FEBRUARY 27 2015...

CLIMATE NORMAL PERIOD 1981 TO 2010
CLIMATE RECORD PERIOD 1888 TO 2015


WEATHER ITEM   OBSERVED TIME   RECORD YEAR NORMAL DEPARTURE LAST
                VALUE   (LST)  VALUE       VALUE  FROM      YEAR
                                                  NORMAL
..................................................................
TEMPERATURE (F)
 YESTERDAY
  MAXIMUM         45   1252 PM  66    1986  46     -1       50
                                      1980
  MINIMUM         23    621 AM -41    1890  22      1       33
  AVERAGE         34                        34      0       42

PRECIPITATION (IN)
  YESTERDAY        0.15          1.20 1902   0.03   0.12     0.10
  MONTH TO DATE    0.25                      0.81  -0.56     1.82
  SINCE OCT 1      2.69                      4.99  -2.30     3.85
  SINCE JAN 1      0.45                      1.93  -1.48     2.24

SNOWFALL (IN)
  YESTERDAY        1.4          12.0  1902   0.2    1.2       T
  MONTH TO DATE    1.4                       6.2   -4.8      1.6
  SINCE DEC 1      7.0                      26.6  -19.6      6.6
  SINCE JUL 1      8.9                      32.3  -23.4     12.3
  SNOW DEPTH       T

DEGREE DAYS
 HEATING
  YESTERDAY       31                        31      0       23
  MONTH TO DATE  655                       952   -297      755
  SINCE DEC 1   2615                      3399   -784     3143
  SINCE JUL 1   3975                      5137  -1162     4703

 COOLING
  YESTERDAY        0                         0      0        0
  MONTH TO DATE    0                         0      0        0
  SINCE DEC 1      0                         0      0        0
  SINCE JAN 1      0                         0      0        0
..................................................................


WIND (MPH)
  HIGHEST WIND SPEED    18   HIGHEST WIND DIRECTION    SW (230)
  HIGHEST GUST SPEED    23   HIGHEST GUST DIRECTION    SW (210)
  AVERAGE WIND SPEED     3.3



WEATHER CONDITIONS
 THE FOLLOWING WEATHER WAS RECORDED YESTERDAY.
  LIGHT SNOW
  FOG
  FOG W/VISIBILITY <= 1/4 MILE
  HAZE


RELATIVE HUMIDITY (PERCENT)
 HIGHEST    96           600 AM
 LOWEST     41          1100 AM
 AVERAGE    69

..........................................................


THE ELKO AIRPORT NV CLIMATE NORMALS FOR TODAY
                         NORMAL    RECORD    YEAR
 MAXIMUM TEMPERATURE (F)   46        70      1986
                                             1905
 MINIMUM TEMPERATURE (F)   22       -34      1890


SUNRISE AND SUNSET
FEBRUARY 28 2015......SUNRISE   619 AM PST   SUNSET   533 PM PST
MARCH  1 2015.........SUNRISE   617 AM PST   SUNSET   534 PM PST


-  INDICATES NEGATIVE NUMBERS.
R  INDICATES RECORD WAS SET OR TIED.
MM INDICATES DATA IS MISSING.
T  INDICATES TRACE AMOUNT.




$$
