728
CDUS45 KLKN 270941
CLIEKO


CLIMATE REPORT
NATIONAL WEATHER SERVICE ELKO NV
139 AM PST MON FEB 27 2017


...................................

...THE ELKO AIRPORT NV CLIMATE SUMMARY FOR FEBRUARY 26 2017...

CLIMATE NORMAL PERIOD 1981 TO 2010
CLIMATE RECORD PERIOD 1888 TO 2017


WEATHER ITEM   OBSERVED TIME   RECORD YEAR NORMAL DEPARTURE LAST
                VALUE   (LST)  VALUE       VALUE  FROM      YEAR
                                                  NORMAL
..................................................................
TEMPERATURE (F)
 YESTERDAY
  MAXIMUM         41    241 PM  65    1986  46     -5       59
                                      1950
                                      1905
  MINIMUM         16    653 AM -31    1890  22     -6       28
  AVERAGE         29                        34     -5       44

PRECIPITATION (IN)
  YESTERDAY        0.06          0.60 1902   0.03   0.03     0.00
  MONTH TO DATE    1.57                      0.78   0.79     0.31
  SINCE OCT 1      9.68                      4.96   4.72     6.82
  SINCE JAN 1      4.05                      1.90   2.15     2.28

SNOWFALL (IN)
  YESTERDAY        1.0           6.0  1902   0.2    0.8      0.0
  MONTH TO DATE    2.7                       6.0   -3.3      3.3
  SINCE DEC 1     45.5                      26.4   19.1     44.1
  SINCE JUL 1     51.0                      32.1   18.9     56.3
  SNOW DEPTH       1

DEGREE DAYS
 HEATING
  YESTERDAY       36                        31      5       21
  MONTH TO DATE  723                       921   -198      943
  SINCE DEC 1   3317                      3368    -51     3481
  SINCE JUL 1   4662                      5106   -444     4962

 COOLING
  YESTERDAY        0                         0      0        0
  MONTH TO DATE    0                         0      0        0
  SINCE DEC 1      0                         0      0        0
  SINCE JAN 1      0                         0      0        0
..................................................................


WIND (MPH)
  HIGHEST WIND SPEED    25   HIGHEST WIND DIRECTION    SW (230)
  HIGHEST GUST SPEED    31   HIGHEST GUST DIRECTION    SW (210)
  AVERAGE WIND SPEED     6.3



WEATHER CONDITIONS
 THE FOLLOWING WEATHER WAS RECORDED YESTERDAY.
  LIGHT SNOW
  FOG


RELATIVE HUMIDITY (PERCENT)
 HIGHEST    92          1000 PM
 LOWEST     30           400 PM
 AVERAGE    61

..........................................................


THE ELKO AIRPORT NV CLIMATE NORMALS FOR TODAY
                         NORMAL    RECORD    YEAR
 MAXIMUM TEMPERATURE (F)   46        66      1986
                                             1980
 MINIMUM TEMPERATURE (F)   22       -41      1890


SUNRISE AND SUNSET
FEBRUARY 27 2017......SUNRISE   620 AM PST   SUNSET   532 PM PST
FEBRUARY 28 2017......SUNRISE   618 AM PST   SUNSET   534 PM PST


-  INDICATES NEGATIVE NUMBERS.
R  INDICATES RECORD WAS SET OR TIED.
MM INDICATES DATA IS MISSING.
T  INDICATES TRACE AMOUNT.




$$
