000
CDUS45 KLKN 240927
CLIEKO


CLIMATE REPORT
NATIONAL WEATHER SERVICE ELKO NV
127 AM PST TUE JAN 24 2017


...................................

...THE ELKO AIRPORT NV CLIMATE SUMMARY FOR JANUARY 23 2017...

CLIMATE NORMAL PERIOD 1981 TO 2010
CLIMATE RECORD PERIOD 1888 TO 2017


WEATHER ITEM   OBSERVED TIME   RECORD YEAR NORMAL DEPARTURE LAST
                VALUE   (LST)  VALUE       VALUE  FROM      YEAR
                                                  NORMAL
..................................................................
TEMPERATURE (F)
 YESTERDAY
  MAXIMUM         34   1236 AM  62    1970  36     -2       40
  MINIMUM         23    834 PM -30    1937  14      9       25
  AVERAGE         29                        25      4       33

PRECIPITATION (IN)
  YESTERDAY        0.11          0.60 1928   0.03   0.08     0.02
  MONTH TO DATE    2.44                      0.87   1.57     0.92
  SINCE OCT 1      8.07                      3.93   4.14     5.46
  SINCE JAN 1      2.44                      0.87   1.57     0.92

SNOWFALL (IN)
  YESTERDAY       MM             6.0  1999   0.3   MM        0.3
  MONTH TO DATE   28.3                       8.1   20.2     11.7
  SINCE DEC 1     40.5                      18.0   22.5     35.0
  SINCE JUL 1     46.0                      23.7   22.3     47.2
  SNOW DEPTH       0

DEGREE DAYS
 HEATING
  YESTERDAY       36                        40     -4       32
  MONTH TO DATE  946                       920     26      945
  SINCE DEC 1   2200                      2130     70     2195
  SINCE JUL 1   3545                      3868   -323     3676

 COOLING
  YESTERDAY        0                         0      0        0
  MONTH TO DATE    0                         0      0        0
  SINCE DEC 1      0                         0      0        0
  SINCE JAN 1      0                         0      0        0
..................................................................


WIND (MPH)
  HIGHEST WIND SPEED    24   HIGHEST WIND DIRECTION     W (250)
  HIGHEST GUST SPEED    29   HIGHEST GUST DIRECTION     W (250)
  AVERAGE WIND SPEED     9.2



WEATHER CONDITIONS
 THE FOLLOWING WEATHER WAS RECORDED YESTERDAY.
  LIGHT SNOW
  FOG


RELATIVE HUMIDITY (PERCENT)
 HIGHEST    92           400 AM
 LOWEST     69           300 PM
 AVERAGE    81

..........................................................


THE ELKO AIRPORT NV CLIMATE NORMALS FOR TODAY
                         NORMAL    RECORD    YEAR
 MAXIMUM TEMPERATURE (F)   37        54      1959
 MINIMUM TEMPERATURE (F)   14       -32      1949


SUNRISE AND SUNSET
JANUARY 24 2017.......SUNRISE   700 AM PST   SUNSET   451 PM PST
JANUARY 25 2017.......SUNRISE   659 AM PST   SUNSET   452 PM PST


-  INDICATES NEGATIVE NUMBERS.
R  INDICATES RECORD WAS SET OR TIED.
MM INDICATES DATA IS MISSING.
T  INDICATES TRACE AMOUNT.




$$
