000
CDUS45 KLKN 280929
CLIEKO


CLIMATE REPORT
NATIONAL WEATHER SERVICE ELKO NV
129 AM PST WED JAN 28 2015


...................................

...THE ELKO AIRPORT NV CLIMATE SUMMARY FOR JANUARY 27 2015...

CLIMATE NORMAL PERIOD 1981 TO 2010
CLIMATE RECORD PERIOD 1888 TO 2015


WEATHER ITEM   OBSERVED TIME   RECORD YEAR NORMAL DEPARTURE LAST
                VALUE   (LST)  VALUE       VALUE  FROM      YEAR
                                                  NORMAL
..................................................................
TEMPERATURE (F)
 YESTERDAY
  MAXIMUM         48    232 PM  54    1971  37     11       51
  MINIMUM         31    302 AM -20    1898  15     16       14
  AVERAGE         40                        26     14       33

PRECIPITATION (IN)
  YESTERDAY        0.12          0.73 1968   0.03   0.09     0.00
  MONTH TO DATE    0.20                      0.99  -0.79     0.08
  SINCE OCT 1      2.44                      4.05  -1.61     1.69
  SINCE JAN 1      0.20                      0.99  -0.79     0.08

SNOWFALL (IN)
  YESTERDAY        0.0          12.0  1968   0.3   -0.3      0.0
  MONTH TO DATE    T                         9.3   -9.3      0.3
  SINCE DEC 1      5.6                      19.2  -13.6      4.7
  SINCE JUL 1      7.5                      24.9  -17.4     10.4
  SNOW DEPTH       0

DEGREE DAYS
 HEATING
  YESTERDAY       25                        39    -14       32
  MONTH TO DATE  850                      1078   -228      899
  SINCE DEC 1   1849                      2288   -439     2270
  SINCE JUL 1   3209                      4026   -817     3830

 COOLING
  YESTERDAY        0                         0      0        0
  MONTH TO DATE    0                         0      0        0
  SINCE DEC 1      0                         0      0        0
  SINCE JAN 1      0                         0      0        0
..................................................................


WIND (MPH)
  HIGHEST WIND SPEED    21   HIGHEST WIND DIRECTION     W (250)
  HIGHEST GUST SPEED    24   HIGHEST GUST DIRECTION     W (260)
  AVERAGE WIND SPEED     6.6



WEATHER CONDITIONS
 THE FOLLOWING WEATHER WAS RECORDED YESTERDAY.
  HEAVY RAIN
  LIGHT RAIN
  FOG


RELATIVE HUMIDITY (PERCENT)
 HIGHEST    92           900 AM
 LOWEST     71           200 PM
 AVERAGE    82

..........................................................


THE ELKO AIRPORT NV CLIMATE NORMALS FOR TODAY
                         NORMAL    RECORD    YEAR
 MAXIMUM TEMPERATURE (F)   37        58      1899
 MINIMUM TEMPERATURE (F)   15       -26      1895


SUNRISE AND SUNSET
JANUARY 28 2015.......SUNRISE   657 AM PST   SUNSET   455 PM PST
JANUARY 29 2015.......SUNRISE   656 AM PST   SUNSET   457 PM PST


-  INDICATES NEGATIVE NUMBERS.
R  INDICATES RECORD WAS SET OR TIED.
MM INDICATES DATA IS MISSING.
T  INDICATES TRACE AMOUNT.




$$
