000
CDUS45 KLKN 290931
CLIEKO


CLIMATE REPORT
NATIONAL WEATHER SERVICE ELKO NV
231 AM PDT MON JUN 29 2015


...................................

...THE ELKO AIRPORT NV CLIMATE SUMMARY FOR JUNE 28 2015...

CLIMATE NORMAL PERIOD 1981 TO 2010
CLIMATE RECORD PERIOD 1888 TO 2015


WEATHER ITEM   OBSERVED TIME   RECORD YEAR NORMAL DEPARTURE LAST
                VALUE   (LST)  VALUE       VALUE  FROM      YEAR
                                                  NORMAL
..................................................................
TEMPERATURE (F)
 YESTERDAY
  MAXIMUM        103R   238 PM 103    2013  85     18       85
  MINIMUM         60    249 AM  29    1945  47     13       42
  AVERAGE         82                        66     16       64

PRECIPITATION (IN)
  YESTERDAY        0.00          0.23 1941   0.02  -0.02     0.00
  MONTH TO DATE    0.34                      0.63  -0.29     0.14
  SINCE OCT 1      7.45                      8.58  -1.13     7.46
  SINCE JAN 1      5.21                      5.52  -0.31     5.85

SNOWFALL (IN)
  YESTERDAY        0.0           0.0  1888   0.0    0.0      0.0
  MONTH TO DATE    0.0                       0.0    0.0      0.0
  SINCE JUN 1      0.0                       0.0    0.0      0.0
  SINCE JUL 1     14.3                      41.3  -27.0     20.5
  SNOW DEPTH       0

DEGREE DAYS
 HEATING
  YESTERDAY        0                         2     -2        1
  MONTH TO DATE   24                       128   -104       92
  SINCE JUN 1     24                       128   -104       92
  SINCE JUL 1   5549                      7063  -1514     6474

 COOLING
  YESTERDAY       17                         3     14        0
  MONTH TO DATE  144                        42    102       22
  SINCE JUN 1    144                        42    102       22
  SINCE JAN 1    151                        46    105       25
..................................................................


WIND (MPH)
  HIGHEST WIND SPEED    16   HIGHEST WIND DIRECTION     S (200)
  HIGHEST GUST SPEED    22   HIGHEST GUST DIRECTION     S (190)
  AVERAGE WIND SPEED     4.5



WEATHER CONDITIONS
 THE FOLLOWING WEATHER WAS RECORDED YESTERDAY.
  NO SIGNIFICANT WEATHER WAS OBSERVED.


RELATIVE HUMIDITY (PERCENT)
 HIGHEST    48           400 AM
 LOWEST      9           200 PM
 AVERAGE    29

..........................................................


THE ELKO AIRPORT NV CLIMATE NORMALS FOR TODAY
                         NORMAL    RECORD    YEAR
 MAXIMUM TEMPERATURE (F)   86       102      2013
 MINIMUM TEMPERATURE (F)   48        32      1913


SUNRISE AND SUNSET
JUNE 29 2015..........SUNRISE   514 AM PDT   SUNSET   819 PM PDT
JUNE 30 2015..........SUNRISE   515 AM PDT   SUNSET   819 PM PDT


-  INDICATES NEGATIVE NUMBERS.
R  INDICATES RECORD WAS SET OR TIED.
MM INDICATES DATA IS MISSING.
T  INDICATES TRACE AMOUNT.




$$
