000
CDUS45 KLKN 220932
CLIEKO


CLIMATE REPORT
NATIONAL WEATHER SERVICE ELKO NV
232 AM PDT FRI MAY 22 2015


...................................

...THE ELKO AIRPORT NV CLIMATE SUMMARY FOR MAY 21 2015...

CLIMATE NORMAL PERIOD 1981 TO 2010
CLIMATE RECORD PERIOD 1888 TO 2015


WEATHER ITEM   OBSERVED TIME   RECORD YEAR NORMAL DEPARTURE LAST
                VALUE   (LST)  VALUE       VALUE  FROM      YEAR
                                                  NORMAL
..................................................................
TEMPERATURE (F)
 YESTERDAY
  MAXIMUM         67   1219 PM  92    1919  71     -4       62
  MINIMUM         41    429 AM  21    1945  39      2       36
                                      1931
  AVERAGE         54                        55     -1       49

PRECIPITATION (IN)
  YESTERDAY        0.03          1.73 1971   0.03   0.00     0.25
  MONTH TO DATE    2.02                      0.65   1.37     1.08
  SINCE OCT 1      5.64                      7.64  -2.00     7.32
  SINCE JAN 1      3.40                      4.58  -1.18     5.71

SNOWFALL (IN)
  YESTERDAY        0.0           7.8  1971   0.0    0.0      0.0
  MONTH TO DATE    2.0                       0.4    1.6      0.3
  SINCE MAR 1      4.9                       8.7   -3.8      8.2
  SINCE JUL 1     14.3                      41.2  -26.9     20.5
  SNOW DEPTH       0

DEGREE DAYS
 HEATING
  YESTERDAY       11                        10      1       16
  MONTH TO DATE  247                       274    -27      259
  SINCE MAR 1   1455                      1677   -222     1603
  SINCE JUL 1   5463                      6845  -1382     6334

 COOLING
  YESTERDAY        0                         0      0        0
  MONTH TO DATE    0                         0      0        0
  SINCE MAR 1      0                         0      0        0
  SINCE JAN 1      0                         0      0        0
..................................................................


WIND (MPH)
  HIGHEST WIND SPEED    25   HIGHEST WIND DIRECTION     S (200)
  HIGHEST GUST SPEED    33   HIGHEST GUST DIRECTION     S (200)
  AVERAGE WIND SPEED     5.1



WEATHER CONDITIONS
 THE FOLLOWING WEATHER WAS RECORDED YESTERDAY.
  THUNDERSTORM
  LIGHT RAIN


RELATIVE HUMIDITY (PERCENT)
 HIGHEST    93           400 AM
 LOWEST     29          1200 PM
 AVERAGE    61

..........................................................


THE ELKO AIRPORT NV CLIMATE NORMALS FOR TODAY
                         NORMAL    RECORD    YEAR
 MAXIMUM TEMPERATURE (F)   71        91      1919
 MINIMUM TEMPERATURE (F)   39        19      1895


SUNRISE AND SUNSET
MAY 22 2015...........SUNRISE   520 AM PDT   SUNSET   800 PM PDT
MAY 23 2015...........SUNRISE   519 AM PDT   SUNSET   801 PM PDT


-  INDICATES NEGATIVE NUMBERS.
R  INDICATES RECORD WAS SET OR TIED.
MM INDICATES DATA IS MISSING.
T  INDICATES TRACE AMOUNT.




$$
