000
CDUS44 KSHV 160831
CLIELD


CLIMATE REPORT
NATIONAL WEATHER SERVICE SHREVEPORT, LA
231 AM CST SAT DEC 16 2017


...................................

...THE EL DORADO CLIMATE SUMMARY FOR DECEMBER 15 2017...

CLIMATE NORMAL PERIOD 1981 TO 2010
CLIMATE RECORD PERIOD 1907 TO 2017


WEATHER ITEM   OBSERVED TIME   RECORD YEAR NORMAL DEPARTURE LAST
                VALUE   (LST)  VALUE       VALUE  FROM      YEAR
                                                  NORMAL
..................................................................
TEMPERATURE (F)
 YESTERDAY
  MAXIMUM         53    328 PM  76    1948  56     -3       44
  MINIMUM         29    423 AM  12    1963  35     -6       30
  AVERAGE         41                        45     -4       37

PRECIPITATION (IN)
  YESTERDAY        0.00          2.88 1982   0.16  -0.16     0.00
  MONTH TO DATE    0.62                      2.72  -2.10     2.27
  SINCE DEC 1      0.62                      2.72  -2.10     2.27
  SINCE JAN 1     41.69                     50.46  -8.77    57.62

SNOWFALL (IN)
  YESTERDAY        0.0
  MONTH TO DATE    0.0
  SINCE DEC 1      0.0
  SINCE JUL 1      0.0
  SNOW DEPTH       0

DEGREE DAYS
 HEATING
  YESTERDAY       24                        20      4       28
  MONTH TO DATE  252                       274    -22      294
  SINCE DEC 1    252                       274    -22      294
  SINCE JUL 1    654                       753    -99      567

 COOLING
  YESTERDAY        0                         0      0        0
  MONTH TO DATE    0                         0      0        0
  SINCE DEC 1      0                         0      0        0
  SINCE JAN 1   2241                      2126    115     2391
..................................................................


WIND (MPH)
  HIGHEST WIND SPEED    10   HIGHEST WIND DIRECTION     S (160)
  HIGHEST GUST SPEED    14   HIGHEST GUST DIRECTION     S (160)
  AVERAGE WIND SPEED     1.7


SKY COVER
  POSSIBLE SUNSHINE  MM
  AVERAGE SKY COVER 0.0


WEATHER CONDITIONS
 THE FOLLOWING WEATHER WAS RECORDED YESTERDAY.
  NO SIGNIFICANT WEATHER WAS OBSERVED.


RELATIVE HUMIDITY (PERCENT)
 HIGHEST   100           700 AM
 LOWEST     41           300 PM
 AVERAGE    71

..........................................................


THE EL DORADO CLIMATE NORMALS FOR TODAY
                         NORMAL    RECORD    YEAR
 MAXIMUM TEMPERATURE (F)   56        83      1924
 MINIMUM TEMPERATURE (F)   35        12      1955


SUNRISE AND SUNSET
DECEMBER 16 2017......SUNRISE   708 AM CST   SUNSET   506 PM CST
DECEMBER 17 2017......SUNRISE   709 AM CST   SUNSET   506 PM CST


-  INDICATES NEGATIVE NUMBERS.
R  INDICATES RECORD WAS SET OR TIED.
MM INDICATES DATA IS MISSING.
T  INDICATES TRACE AMOUNT.




$$
