000
CDUS44 KSHV 092131
CLIELD


CLIMATE REPORT
NATIONAL WEATHER SERVICE SHREVEPORT, LA
431 PM CDT WED JUL 9 2014


...................................

...THE EL DORADO CLIMATE SUMMARY FOR JULY 9 2014...
VALID TODAY AS OF 0400 PM LOCAL TIME.

CLIMATE NORMAL PERIOD 1981 TO 2010
CLIMATE RECORD PERIOD 1907 TO 2014


WEATHER ITEM   OBSERVED TIME   RECORD YEAR NORMAL DEPARTURE LAST
                VALUE   (LST)  VALUE       VALUE  FROM      YEAR
                                                  NORMAL
..................................................................
TEMPERATURE (F)
 TODAY
  MAXIMUM         88   1240 PM 103    1964  92     -4       95
  MINIMUM         71    516 AM  61    1947  71      0       72
  AVERAGE         80                        81     -1       84

PRECIPITATION (IN)
  TODAY            0.00          1.24 2007   0.14  -0.14     0.00
  MONTH TO DATE    0.00                      1.25  -1.25     0.03
  SINCE DEC 1     31.46                     34.31  -2.85    27.35
  SINCE JAN 1     24.90                     29.13  -4.23    21.29

DEGREE DAYS
 HEATING
  TODAY            0                         0      0        0
  MONTH TO DATE    0                         0      0        0
  SINCE JUN 1      0                         0      0        0
  SINCE JUL 1      0                         0      0        0

 COOLING
  TODAY           15                        16     -1       19
  MONTH TO DATE  123                       144    -21      115
  SINCE JUN 1    540                       540      0      529
  SINCE JAN 1    792                       851    -59      807
..................................................................


WIND (MPH)
  HIGHEST WIND SPEED    15   HIGHEST WIND DIRECTION     N (350)
  HIGHEST GUST SPEED    19   HIGHEST GUST DIRECTION     N (360)
  AVERAGE WIND SPEED     6.3


SKY COVER
  POSSIBLE SUNSHINE  MM
  AVERAGE SKY COVER 0.2


WEATHER CONDITIONS
 THE FOLLOWING WEATHER WAS RECORDED TODAY.
  NO SIGNIFICANT WEATHER WAS OBSERVED.


RELATIVE HUMIDITY (PERCENT)
 HIGHEST    90           400 AM
 LOWEST     61           100 PM
 AVERAGE    76

..........................................................


THE EL DORADO CLIMATE NORMALS FOR TOMORROW
                         NORMAL    RECORD    YEAR
 MAXIMUM TEMPERATURE (F)   92       102      2011
                                             1998
 MINIMUM TEMPERATURE (F)   71        57      1947


SUNRISE AND SUNSET
JULY  9 2014..........SUNRISE   610 AM CDT   SUNSET   823 PM CDT
JULY 10 2014..........SUNRISE   610 AM CDT   SUNSET   823 PM CDT


-  INDICATES NEGATIVE NUMBERS.
R  INDICATES RECORD WAS SET OR TIED.
MM INDICATES DATA IS MISSING.
T  INDICATES TRACE AMOUNT.




$$
