000
CDUS44 KSHV 142238
CLIELD


CLIMATE REPORT
NATIONAL WEATHER SERVICE SHREVEPORT, LA
437 PM CST SUN FEB 14 2016


...................................

...THE EL DORADO CLIMATE SUMMARY FOR FEBRUARY 14 2016...
VALID TODAY AS OF 0400 PM LOCAL TIME.

CLIMATE NORMAL PERIOD 1981 TO 2010
CLIMATE RECORD PERIOD 1907 TO 2016


WEATHER ITEM   OBSERVED TIME   RECORD YEAR NORMAL DEPARTURE LAST
                VALUE   (LST)  VALUE       VALUE  FROM      YEAR
                                                  NORMAL
..................................................................
TEMPERATURE (F)
 TODAY
  MAXIMUM         65    252 PM  82    1949  59      6       73
  MINIMUM         40    116 AM   2    1905  36      4       28
  AVERAGE         53                        48      5       51

PRECIPITATION (IN)
  TODAY            0.00          1.82 1969   0.17  -0.17     0.00
  MONTH TO DATE    0.00                      2.33  -2.33     0.35
  SINCE DEC 1     10.81                     11.81  -1.00     8.57
  SINCE JAN 1      2.75                      6.63  -3.88     5.24

SNOWFALL (IN)
  TODAY            0.0
  MONTH TO DATE    0.0
  SINCE DEC 1      1.5
  SINCE JUL 1      1.5
  SNOW DEPTH       0

DEGREE DAYS
 HEATING
  TODAY           12                        18     -6       14
  MONTH TO DATE  232                       266    -34      277
  SINCE DEC 1   1274                      1530   -256     1527
  SINCE JUL 1   1568                      2009   -441     2078

 COOLING
  TODAY            0                         0      0        0
  MONTH TO DATE    0                         0      0        0
  SINCE DEC 1     19                         6     13        0
  SINCE JAN 1      4                         2      2        0
..................................................................


WIND (MPH)
  HIGHEST WIND SPEED    18   HIGHEST WIND DIRECTION     S (180)
  HIGHEST GUST SPEED    24   HIGHEST GUST DIRECTION     S (180)
  AVERAGE WIND SPEED     7.7


SKY COVER
  POSSIBLE SUNSHINE  MM
  AVERAGE SKY COVER 0.9


WEATHER CONDITIONS
 THE FOLLOWING WEATHER WAS RECORDED TODAY.
  NO SIGNIFICANT WEATHER WAS OBSERVED.


RELATIVE HUMIDITY (PERCENT)
 HIGHEST    64          1100 AM
 LOWEST     39           300 AM
 AVERAGE    52

..........................................................


THE EL DORADO CLIMATE NORMALS FOR TOMORROW
                         NORMAL    RECORD    YEAR
 MAXIMUM TEMPERATURE (F)   59        81      1945
 MINIMUM TEMPERATURE (F)   36        11      1905


SUNRISE AND SUNSET
FEBRUARY 14 2016......SUNRISE   656 AM CST   SUNSET   555 PM CST
FEBRUARY 15 2016......SUNRISE   655 AM CST   SUNSET   556 PM CST


-  INDICATES NEGATIVE NUMBERS.
R  INDICATES RECORD WAS SET OR TIED.
MM INDICATES DATA IS MISSING.
T  INDICATES TRACE AMOUNT.




$$
