000
CDUS44 KSHV 272134
CLIELD


CLIMATE REPORT
NATIONAL WEATHER SERVICE SHREVEPORT, LA
433 PM CDT THU APR 27 2017


...................................

...THE EL DORADO CLIMATE SUMMARY FOR APRIL 27 2017...
VALID TODAY AS OF 0400 PM LOCAL TIME.

CLIMATE NORMAL PERIOD 1981 TO 2010
CLIMATE RECORD PERIOD 1907 TO 2017


WEATHER ITEM   OBSERVED TIME   RECORD YEAR NORMAL DEPARTURE LAST
                VALUE   (LST)  VALUE       VALUE  FROM      YEAR
                                                  NORMAL
..................................................................
TEMPERATURE (F)
 TODAY
  MAXIMUM         72    259 PM  93    1987  78     -6       82
  MINIMUM         47    559 AM  39    1992  55     -8       61
  AVERAGE         60                        66     -6       72

PRECIPITATION (IN)
  TODAY            0.00          1.26 1962   0.14  -0.14     0.23
  MONTH TO DATE    7.44                      3.67   3.77     6.63
  SINCE DEC 1     23.85                     22.69   1.16    34.01
  SINCE JAN 1     17.56                     17.51   0.05    25.95

SNOWFALL (IN)
  TODAY            0.0
  MONTH TO DATE    0.0
  SINCE MAR 1      0.0
  SINCE JUL 1      T
  SNOW DEPTH       0

DEGREE DAYS
 HEATING
  TODAY            5                         2      3        0
  MONTH TO DATE   42                       112    -70       70
  SINCE MAR 1    254                       420   -166      271
  SINCE JUL 1   1706                      2648   -942     2010

 COOLING
  TODAY            0                         3     -3        7
  MONTH TO DATE   76                        60     16       47
  SINCE MAR 1    129                        82     47       74
  SINCE JAN 1    156                        88     68       80
..................................................................


WIND (MPH)
  HIGHEST WIND SPEED    14   HIGHEST WIND DIRECTION    NW (300)
  HIGHEST GUST SPEED    24   HIGHEST GUST DIRECTION     W (290)
  AVERAGE WIND SPEED     5.3


SKY COVER
  POSSIBLE SUNSHINE  MM
  AVERAGE SKY COVER 0.1


WEATHER CONDITIONS
 THE FOLLOWING WEATHER WAS RECORDED TODAY.
  NO SIGNIFICANT WEATHER WAS OBSERVED.


RELATIVE HUMIDITY (PERCENT)
 HIGHEST   100           500 AM
 LOWEST     49           300 PM
 AVERAGE    75

..........................................................


THE EL DORADO CLIMATE NORMALS FOR TOMORROW
                         NORMAL    RECORD    YEAR
 MAXIMUM TEMPERATURE (F)   78        91      1948
 MINIMUM TEMPERATURE (F)   55        40      1992


SUNRISE AND SUNSET
APRIL 27 2017.........SUNRISE   627 AM CDT   SUNSET   751 PM CDT
APRIL 28 2017.........SUNRISE   626 AM CDT   SUNSET   752 PM CDT


-  INDICATES NEGATIVE NUMBERS.
R  INDICATES RECORD WAS SET OR TIED.
MM INDICATES DATA IS MISSING.
T  INDICATES TRACE AMOUNT.




$$
