000
CDUS44 KSHV 200737
CLIELD


CLIMATE REPORT
NATIONAL WEATHER SERVICE SHREVEPORT, LA
234 AM CDT FRI OCT 20 2017


...................................

...THE EL DORADO CLIMATE SUMMARY FOR OCTOBER 19 2017...

CLIMATE NORMAL PERIOD 1981 TO 2010
CLIMATE RECORD PERIOD 1907 TO 2017


WEATHER ITEM   OBSERVED TIME   RECORD YEAR NORMAL DEPARTURE LAST
                VALUE   (LST)  VALUE       VALUE  FROM      YEAR
                                                  NORMAL
..................................................................
TEMPERATURE (F)
 YESTERDAY
  MAXIMUM         78    233 PM  94    1932  75      3       86
  MINIMUM         44    630 AM  31    1948  50     -6       64
  AVERAGE         61                        63     -2       75

PRECIPITATION (IN)
  YESTERDAY        0.00          6.60 1985   0.19  -0.19     0.00
  MONTH TO DATE    0.03                      3.12  -3.09     2.09
  SINCE DEC 1     44.93                     45.96  -1.03    60.63
  SINCE JAN 1     38.64                     40.78  -2.14    52.57

SNOWFALL (IN)
  YESTERDAY        0.0
  MONTH TO DATE    0.0
  SINCE SEP 1      0.0
  SINCE JUL 1      0.0
  SNOW DEPTH       0

DEGREE DAYS
 HEATING
  YESTERDAY        4                         4      0        0
  MONTH TO DATE   26                        50    -24        5
  SINCE SEP 1     29                        62    -33        5
  SINCE JUL 1     29                        62    -33        5

 COOLING
  YESTERDAY        0                         2     -2       10
  MONTH TO DATE  126                        63     63      107
  SINCE SEP 1    442                       363     79      491
  SINCE JAN 1   2177                      2090     87     2349
..................................................................


WIND (MPH)
  HIGHEST WIND SPEED     9   HIGHEST WIND DIRECTION     E (110)
  HIGHEST GUST SPEED    11   HIGHEST GUST DIRECTION     E (110)
  AVERAGE WIND SPEED     1.6


SKY COVER
  POSSIBLE SUNSHINE  MM
  AVERAGE SKY COVER 0.0


WEATHER CONDITIONS
 THE FOLLOWING WEATHER WAS RECORDED YESTERDAY.
  FOG


RELATIVE HUMIDITY (PERCENT)
 HIGHEST   100          1200 AM
 LOWEST     47           300 PM
 AVERAGE    74

..........................................................


THE EL DORADO CLIMATE NORMALS FOR TODAY
                         NORMAL    RECORD    YEAR
 MAXIMUM TEMPERATURE (F)   75        91      1978
 MINIMUM TEMPERATURE (F)   50        27      2011
                                             1989


SUNRISE AND SUNSET
OCTOBER 20 2017.......SUNRISE   720 AM CDT   SUNSET   632 PM CDT
OCTOBER 21 2017.......SUNRISE   721 AM CDT   SUNSET   631 PM CDT


-  INDICATES NEGATIVE NUMBERS.
R  INDICATES RECORD WAS SET OR TIED.
MM INDICATES DATA IS MISSING.
T  INDICATES TRACE AMOUNT.




$$
