213
CDUS44 KSHV 172200
CLIELD


CLIMATE REPORT
NATIONAL WEATHER SERVICE SHREVEPORT, LA
500 PM CDT THU AUG 17 2017


...................................

...THE EL DORADO CLIMATE SUMMARY FOR AUGUST 17 2017...
VALID TODAY AS OF 0500 PM LOCAL TIME.

CLIMATE NORMAL PERIOD 1981 TO 2010
CLIMATE RECORD PERIOD 1907 TO 2017


WEATHER ITEM   OBSERVED TIME   RECORD YEAR NORMAL DEPARTURE LAST
                VALUE   (LST)  VALUE       VALUE  FROM      YEAR
                                                  NORMAL
..................................................................
TEMPERATURE (F)
 TODAY
  MAXIMUM         86    225 PM 106    2000  93     -7       84
  MINIMUM         74    846 AM  53    1992  70      4       72
  AVERAGE         80                        82     -2       78

PRECIPITATION (IN)
  TODAY            0.04          0.72 1932   0.10  -0.06     0.35
  MONTH TO DATE    3.23                      1.76   1.47     6.74
  SINCE DEC 1     41.36                     38.38   2.98    50.73
  SINCE JAN 1     35.07                     33.20   1.87    42.67

DEGREE DAYS
 HEATING
  TODAY            0                         0      0        0
  MONTH TO DATE    0                         0      0        0
  SINCE JUN 1      0                         0      0        0
  SINCE JUL 1      0                         0      0        0

 COOLING
  TODAY           15                        16     -1       13
  MONTH TO DATE  260                       288    -28      304
  SINCE JUN 1   1186                      1200    -14     1348
  SINCE JAN 1   1532                      1511     21     1629
..................................................................


WIND (MPH)
  HIGHEST WIND SPEED    21   HIGHEST WIND DIRECTION     W (280)
  HIGHEST GUST SPEED    28   HIGHEST GUST DIRECTION     W (290)
  AVERAGE WIND SPEED     8.0


SKY COVER
  POSSIBLE SUNSHINE  MM
  AVERAGE SKY COVER 0.6


WEATHER CONDITIONS
 THE FOLLOWING WEATHER WAS RECORDED TODAY.
  LIGHT RAIN
  FOG


RELATIVE HUMIDITY (PERCENT)
 HIGHEST    97           400 AM
 LOWEST     65           200 PM
 AVERAGE    81

..........................................................


THE EL DORADO CLIMATE NORMALS FOR TOMORROW
                         NORMAL    RECORD    YEAR
 MAXIMUM TEMPERATURE (F)   93       108      2000
 MINIMUM TEMPERATURE (F)   70        56      1992


SUNRISE AND SUNSET
AUGUST 17 2017........SUNRISE   636 AM CDT   SUNSET   754 PM CDT
AUGUST 18 2017........SUNRISE   636 AM CDT   SUNSET   753 PM CDT


-  INDICATES NEGATIVE NUMBERS.
R  INDICATES RECORD WAS SET OR TIED.
MM INDICATES DATA IS MISSING.
T  INDICATES TRACE AMOUNT.




$$
