000
CDUS44 KSHV 020852
CLIELD


CLIMATE REPORT
NATIONAL WEATHER SERVICE SHREVEPORT, LA
252 AM CST MON MAR 2 2015


...................................

...THE EL DORADO CLIMATE SUMMARY FOR MARCH 1 2015...

CLIMATE NORMAL PERIOD 1981 TO 2010
CLIMATE RECORD PERIOD 1907 TO 2015


WEATHER ITEM   OBSERVED TIME   RECORD YEAR NORMAL DEPARTURE LAST
                VALUE   (LST)  VALUE       VALUE  FROM      YEAR
                                                  NORMAL
..................................................................
TEMPERATURE (F)
 YESTERDAY
  MAXIMUM         41   1159 PM  83    1932  63    -22       70
  MINIMUM         33    847 AM  18    1968  40     -7       49
  AVERAGE         37                        52    -15       60

PRECIPITATION (IN)
  YESTERDAY       MM             3.55 2004   0.16  MM         T
  MONTH TO DATE   MM                         0.16  MM         T
  SINCE DEC 1      9.56                     14.43  -4.87    11.14
  SINCE JAN 1      6.23                      9.25  -3.02     4.58

SNOWFALL (IN)
  YESTERDAY        0.0
  MONTH TO DATE    0.0
  SINCE MAR 1      0.0
  SINCE JUL 1      T
  SNOW DEPTH       0

DEGREE DAYS
 HEATING
  YESTERDAY       28                        14     14        5
  MONTH TO DATE   28                        14     14        5
  SINCE MAR 1     28                        14     14        5
  SINCE JUL 1   2514                      2242    272     2612

 COOLING
  YESTERDAY        0                         0      0        0
  MONTH TO DATE    0                         0      0        0
  SINCE MAR 1      0                         0      0        0
  SINCE JAN 1      0                         6     -6        0
..................................................................


WIND (MPH)
  HIGHEST WIND SPEED    10   HIGHEST WIND DIRECTION    NE (50)
  HIGHEST GUST SPEED    14   HIGHEST GUST DIRECTION     N (20)
  AVERAGE WIND SPEED     5.6


SKY COVER
  POSSIBLE SUNSHINE  MM
  AVERAGE SKY COVER 1.0


WEATHER CONDITIONS
 THE FOLLOWING WEATHER WAS RECORDED YESTERDAY.
  HEAVY RAIN
  RAIN
  LIGHT RAIN
  FOG


RELATIVE HUMIDITY (PERCENT)
 HIGHEST   100           900 AM
 LOWEST     70          1200 AM
 AVERAGE    85

..........................................................


THE EL DORADO CLIMATE NORMALS FOR TODAY
                         NORMAL    RECORD    YEAR
 MAXIMUM TEMPERATURE (F)   63        84      1916
 MINIMUM TEMPERATURE (F)   40        16      1980


SUNRISE AND SUNSET
MARCH  2 2015.........SUNRISE   638 AM CST   SUNSET   609 PM CST
MARCH  3 2015.........SUNRISE   637 AM CST   SUNSET   610 PM CST


-  INDICATES NEGATIVE NUMBERS.
R  INDICATES RECORD WAS SET OR TIED.
MM INDICATES DATA IS MISSING.
T  INDICATES TRACE AMOUNT.




$$
