783
CDUS44 KEPZ 220933
CLIELP


CLIMATE REPORT
NATIONAL WEATHER SERVICE EL PASO, TX
232 AM MST SUN JAN 22 2017


...................................

...THE EL PASO CLIMATE SUMMARY FOR JANUARY 21 2017...

CLIMATE NORMAL PERIOD 1981 TO 2010
CLIMATE RECORD PERIOD 1879 TO 2017


WEATHER ITEM   OBSERVED TIME   RECORD YEAR NORMAL DEPARTURE LAST
                VALUE   (LST)  VALUE       VALUE  FROM      YEAR
                                                  NORMAL
..................................................................
TEMPERATURE (F)
 YESTERDAY
  MAXIMUM         49    415 PM  78    1974  58     -9       57
  MINIMUM         42   1159 PM   8    1883  33      9       38
  AVERAGE         46                        46      0       48

PRECIPITATION (IN)
  YESTERDAY        0.26          0.42 1923   0.01   0.25     0.00
  MONTH TO DATE    1.05                      0.26   0.79     0.46
  SINCE DEC 1      1.91                      1.04   0.87     1.54
  SINCE JAN 1      1.05                      0.26   0.79     0.46

SNOWFALL (IN)
  YESTERDAY        T                                         0.0
  MONTH TO DATE    T                                          T
  SINCE DEC 1      T                                         8.1
  SINCE JUL 1      T                                         8.1
  SNOW DEPTH       0

DEGREE DAYS
 HEATING
  YESTERDAY       19                        19      0       17
  MONTH TO DATE  300                       431   -131      437
  SINCE DEC 1    780                      1057   -277      991
  SINCE JUL 1   1022                      1499   -477     1326

 COOLING
  YESTERDAY        0                         0      0        0
  MONTH TO DATE    0                         0      0        0
  SINCE DEC 1      0                         0      0        0
  SINCE JAN 1      0                         0      0        0
..................................................................


WIND (MPH)
  HIGHEST WIND SPEED    51   HIGHEST WIND DIRECTION     W (260)
  HIGHEST GUST SPEED    69   HIGHEST GUST DIRECTION     W (260)
  AVERAGE WIND SPEED    24.7


SKY COVER
  POSSIBLE SUNSHINE  MM
  AVERAGE SKY COVER 0.5


WEATHER CONDITIONS
 THE FOLLOWING WEATHER WAS RECORDED YESTERDAY.
  RAIN
  LIGHT RAIN
  HAIL
  SLEET


RELATIVE HUMIDITY (PERCENT)
 HIGHEST    82           800 AM
 LOWEST     37           500 PM
 AVERAGE    60

..........................................................


THE EL PASO CLIMATE NORMALS FOR TODAY
                         NORMAL    RECORD    YEAR
 MAXIMUM TEMPERATURE (F)   58        75      1950
 MINIMUM TEMPERATURE (F)   33         8      1918


SUNRISE AND SUNSET
JANUARY 22 2017.......SUNRISE   704 AM MST   SUNSET   531 PM MST
JANUARY 23 2017.......SUNRISE   703 AM MST   SUNSET   532 PM MST


-  INDICATES NEGATIVE NUMBERS.
R  INDICATES RECORD WAS SET OR TIED.
MM INDICATES DATA IS MISSING.
T  INDICATES TRACE AMOUNT.




$$
