000
CDUS44 KEPZ 201011 CCA
CLIELP

CLIMATE REPORT
NATIONAL WEATHER SERVICE EL PASO, TX
350 AM MDT SUN APR 20 2014


...................................

...THE EL PASO CLIMATE SUMMARY FOR APRIL 19 2014...

CLIMATE NORMAL PERIOD 1981 TO 2010
CLIMATE RECORD PERIOD 1879 TO 2014


WEATHER ITEM   OBSERVED TIME   RECORD YEAR NORMAL DEPARTURE LAST
                VALUE   (LST)  VALUE       VALUE  FROM      YEAR
                                                  NORMAL
..................................................................
TEMPERATURE (F)
 YESTERDAY
  MAXIMUM         76    133 PM  95    1994  80     -4       68
  MINIMUM         53    332 PM  34    1975  52      1       36
  AVERAGE         65                        66     -1       52

PRECIPITATION (IN)
  YESTERDAY        0.45          0.72 1888   0.01   0.44     0.00
  MONTH TO DATE    0.45                      0.14   0.31      T
  SINCE MAR 1      0.63                      0.40   0.23      T
  SINCE JAN 1      0.63                      1.26  -0.63     0.71

SNOWFALL (IN)
  YESTERDAY        0.00                                      0.0
  MONTH TO DATE    0.00                                      0.0
  SINCE MAR 1      0.00                                      0.0
  SINCE JUL 1      T                                         3.1
  SNOW DEPTH       0

DEGREE DAYS
 HEATING
  YESTERDAY        0                         2     -2       13
  MONTH TO DATE   49                        74    -25       50
  SINCE MAR 1    226                       344   -118      223
  SINCE JUL 1   2014                      2447   -433     2188

 COOLING
  YESTERDAY        0                         3     -3        0
  MONTH TO DATE   49                        36     13       74
  SINCE MAR 1     67                        46     21      107
  SINCE JAN 1     74                        46     28      107
..................................................................


WIND (MPH)
  HIGHEST WIND SPEED    30   HIGHEST WIND DIRECTION    SW (230)
  HIGHEST GUST SPEED    39   HIGHEST GUST DIRECTION     W (250)
  AVERAGE WIND SPEED     7.7


SKY COVER
  POSSIBLE SUNSHINE  MM
  AVERAGE SKY COVER 0.7


WEATHER CONDITIONS
 THE FOLLOWING WEATHER WAS RECORDED YESTERDAY.
  THUNDERSTORM
  HEAVY RAIN
  RAIN
  LIGHT RAIN
  HAIL
  FOG


RELATIVE HUMIDITY (PERCENT)
 HIGHEST    83          1100 PM
 LOWEST     36           100 PM
 AVERAGE    60

..........................................................


THE EL PASO CLIMATE NORMALS FOR TODAY
                         NORMAL    RECORD    YEAR
 MAXIMUM TEMPERATURE (F)   80        96      1989
 MINIMUM TEMPERATURE (F)   52        36      1975
                                             1920


SUNRISE AND SUNSET
APRIL 20 2014.........SUNRISE   631 AM MDT   SUNSET   738 PM MDT
APRIL 21 2014.........SUNRISE   630 AM MDT   SUNSET   739 PM MDT


-  INDICATES NEGATIVE NUMBERS.
R  INDICATES RECORD WAS SET OR TIED.
MM INDICATES DATA IS MISSING.
T  INDICATES TRACE AMOUNT.




$$
