000
CDUS44 KEPZ 310933
CLIELP


CLIMATE REPORT
NATIONAL WEATHER SERVICE EL PASO, TX
332 AM MDT FRI JUL 31 2015


...................................

...THE EL PASO CLIMATE SUMMARY FOR JULY 30 2015...

CLIMATE NORMAL PERIOD 1981 TO 2010
CLIMATE RECORD PERIOD 1879 TO 2015


WEATHER ITEM   OBSERVED TIME   RECORD YEAR NORMAL DEPARTURE LAST
                VALUE   (LST)  VALUE       VALUE  FROM      YEAR
                                                  NORMAL
..................................................................
TEMPERATURE (F)
 YESTERDAY
  MAXIMUM         91    512 PM 103    1980  93     -2      101
                                      1944
  MINIMUM         68    751 AM  62    1974  71     -3       71
  AVERAGE         80                        82     -2       86

PRECIPITATION (IN)
  YESTERDAY        0.72R         0.72 1931   0.07   0.65     0.01
  MONTH TO DATE    2.86                      1.48   1.38     0.65
  SINCE JUN 1      3.04                      2.42   0.62     0.66
  SINCE JAN 1      5.58                      4.24   1.34     1.30

SNOWFALL (IN)
  YESTERDAY        0.0                                       0.0
  MONTH TO DATE    0.0                                       0.0
  SINCE JUN 1      0.0                                       0.0
  SINCE JUL 1      0.0                                       0.0
  SNOW DEPTH       0

DEGREE DAYS
 HEATING
  YESTERDAY        0                         0      0        0
  MONTH TO DATE    0                         0      0        0
  SINCE JUN 1      0                         0      0        0
  SINCE JUL 1      0                         0      0        0

 COOLING
  YESTERDAY       15                        17     -2       21
  MONTH TO DATE  594                       533     61      606
  SINCE JUN 1   1186                      1035    151     1299
  SINCE JAN 1   1557                      1412    145     1726
..................................................................


WIND (MPH)
  HIGHEST WIND SPEED    24   HIGHEST WIND DIRECTION     E (70)
  HIGHEST GUST SPEED    29   HIGHEST GUST DIRECTION    NE (50)
  AVERAGE WIND SPEED     9.0


SKY COVER
  POSSIBLE SUNSHINE  MM
  AVERAGE SKY COVER 0.6


WEATHER CONDITIONS
 THE FOLLOWING WEATHER WAS RECORDED YESTERDAY.
  THUNDERSTORM
  HEAVY RAIN
  RAIN
  LIGHT RAIN
  FOG


RELATIVE HUMIDITY (PERCENT)
 HIGHEST    93           800 AM
 LOWEST     34           400 PM
 AVERAGE    64

..........................................................


THE EL PASO CLIMATE NORMALS FOR TODAY
                         NORMAL    RECORD    YEAR
 MAXIMUM TEMPERATURE (F)   93       104      1972
                                             1944
 MINIMUM TEMPERATURE (F)   71        60      1925


SUNRISE AND SUNSET
JULY 31 2015..........SUNRISE   621 AM MDT   SUNSET   803 PM MDT
AUGUST  1 2015........SUNRISE   621 AM MDT   SUNSET   802 PM MDT


-  INDICATES NEGATIVE NUMBERS.
R  INDICATES RECORD WAS SET OR TIED.
MM INDICATES DATA IS MISSING.
T  INDICATES TRACE AMOUNT.




$$
