000
CDUS44 KEPZ 262332
CLIELP


CLIMATE REPORT
NATIONAL WEATHER SERVICE EL PASO, TX
532 PM MDT WED JUL 26 2017


...................................

...THE EL PASO CLIMATE SUMMARY FOR JULY 26 2017...
VALID TODAY AS OF 500 PM LOCAL TIME.

CLIMATE NORMAL PERIOD 1981 TO 2010
CLIMATE RECORD PERIOD 1879 TO 2017


WEATHER ITEM   OBSERVED TIME   RECORD YEAR NORMAL DEPARTURE LAST
                VALUE   (LST)  VALUE       VALUE  FROM      YEAR
                                                  NORMAL
..................................................................
TEMPERATURE (F)
 TODAY
  MAXIMUM         98    243 PM 106    1995  94      4      100
                                      1980
  MINIMUM         77    550 AM  58    1880  71      6       75

PRECIPITATION (IN)
  TODAY            T                         0.05  -0.05      T
  MONTH TO DATE    2.13                      1.22   0.91     0.13
  SINCE JUN 1      3.29                      2.16   1.13     0.46
  SINCE JAN 1      4.67                      3.98   0.69     1.10

..................................................................


WIND (MPH)
  HIGHEST WIND SPEED    21   HIGHEST WIND DIRECTION    SE (120)
  HIGHEST GUST SPEED    27   HIGHEST GUST DIRECTION     E (110)


SKY COVER
  AVERAGE SKY COVER 0.4


WEATHER CONDITIONS
 THE FOLLOWING WEATHER WAS RECORDED TODAY.
  THUNDERSTORM
  LIGHT RAIN


RELATIVE HUMIDITY (PERCENT)
 HIGHEST    67           500 AM
 LOWEST     28           300 PM

..........................................................


THE EL PASO CLIMATE NORMALS FOR TOMORROW
                         NORMAL    RECORD    YEAR
 MAXIMUM TEMPERATURE (F)   93       108      1995
 MINIMUM TEMPERATURE (F)   71        60      1880


SUNRISE AND SUNSET
JULY 26 2017..........SUNRISE   618 AM MDT   SUNSET   806 PM MDT
JULY 27 2017..........SUNRISE   618 AM MDT   SUNSET   806 PM MDT


-  INDICATES NEGATIVE NUMBERS.
R  INDICATES RECORD WAS SET OR TIED.
MM INDICATES DATA IS MISSING.
T  INDICATES TRACE AMOUNT.




$$
