000
CDUS44 KEPZ 170927
CLIELP


CLIMATE REPORT
NATIONAL WEATHER SERVICE EL PASO, TX
226 AM MST FRI NOV 17 2017


...................................

...THE EL PASO CLIMATE SUMMARY FOR NOVEMBER 16 2017...

CLIMATE NORMAL PERIOD 1981 TO 2010
CLIMATE RECORD PERIOD 1879 TO 2017


WEATHER ITEM   OBSERVED TIME   RECORD YEAR NORMAL DEPARTURE LAST
                VALUE   (LST)  VALUE       VALUE  FROM      YEAR
                                                  NORMAL
..................................................................
TEMPERATURE (F)
 YESTERDAY
  MAXIMUM         81    356 PM  82    1981  66     15       77
  MINIMUM         46    615 AM  18    1970  40      6       40
  AVERAGE         64                        53     11       59

PRECIPITATION (IN)
  YESTERDAY        0.00          0.45 1912   0.02  -0.02     0.00
  MONTH TO DATE    0.28                      0.26   0.02     0.38
  SINCE SEP 1      1.49                      2.38  -0.89     2.50
  SINCE JAN 1      9.41                      8.70   0.71     8.47

SNOWFALL (IN)
  YESTERDAY        0.0                                       0.0
  MONTH TO DATE    0.0                                       0.0
  SINCE SEP 1      0.0                                       0.0
  SINCE JUL 1      0.0                                        T
  SNOW DEPTH       0

DEGREE DAYS
 HEATING
  YESTERDAY        1                        12    -11        6
  MONTH TO DATE   27                       147   -120       71
  SINCE SEP 1     70                       230   -160       78
  SINCE JUL 1     70                       230   -160       78

 COOLING
  YESTERDAY        0                         0      0        0
  MONTH TO DATE   14                         0     14       20
  SINCE SEP 1    630                       399    231      584
  SINCE JAN 1   2917                      2328    589     2808
..................................................................


WIND (MPH)
  HIGHEST WIND SPEED    12   HIGHEST WIND DIRECTION    SW (220)
  HIGHEST GUST SPEED    14   HIGHEST GUST DIRECTION    SW (220)
  AVERAGE WIND SPEED     5.0


SKY COVER
  POSSIBLE SUNSHINE  MM
  AVERAGE SKY COVER 0.1


WEATHER CONDITIONS
 THE FOLLOWING WEATHER WAS RECORDED YESTERDAY.
  NO SIGNIFICANT WEATHER WAS OBSERVED.


RELATIVE HUMIDITY (PERCENT)
 HIGHEST    56           400 AM
 LOWEST     14           400 PM
 AVERAGE    35

..........................................................


THE EL PASO CLIMATE NORMALS FOR TODAY
                         NORMAL    RECORD    YEAR
 MAXIMUM TEMPERATURE (F)   66        82      1981
 MINIMUM TEMPERATURE (F)   39        15      1880


SUNRISE AND SUNSET
NOVEMBER 17 2017......SUNRISE   636 AM MST   SUNSET   505 PM MST
NOVEMBER 18 2017......SUNRISE   637 AM MST   SUNSET   505 PM MST


-  INDICATES NEGATIVE NUMBERS.
R  INDICATES RECORD WAS SET OR TIED.
MM INDICATES DATA IS MISSING.
T  INDICATES TRACE AMOUNT.




$$
