000
CDUS44 KEPZ 160931
CLIELP


CLIMATE REPORT
NATIONAL WEATHER SERVICE EL PASO, TX
227 AM MST TUE JAN 16 2018


...................................

...THE EL PASO CLIMATE SUMMARY FOR JANUARY 15 2018...

CLIMATE NORMAL PERIOD 1981 TO 2010
CLIMATE RECORD PERIOD 1879 TO 2018


WEATHER ITEM   OBSERVED TIME   RECORD YEAR NORMAL DEPARTURE LAST
                VALUE   (LST)  VALUE       VALUE  FROM      YEAR
                                                  NORMAL
..................................................................
TEMPERATURE (F)
 YESTERDAY
  MAXIMUM         63    242 PM  71    2003  57      6       51
                                      1914
                                      1911
  MINIMUM         32    611 AM  13    1963  32      0       41
                                      1892
                                      1888
  AVERAGE         48                        45      3       46

PRECIPITATION (IN)
  YESTERDAY        0.00          0.51 2017   0.01  -0.01     0.51
  MONTH TO DATE    0.10                      0.19  -0.09     0.75
  SINCE DEC 1      0.78                      0.97  -0.19     1.61
  SINCE JAN 1      0.10                      0.19  -0.09     0.75

SNOWFALL (IN)
  YESTERDAY        0.0                                       0.0
  MONTH TO DATE    0.0                                       0.0
  SINCE DEC 1      0.1                                       0.0
  SINCE JUL 1      0.1                                        T
  SNOW DEPTH       0

DEGREE DAYS
 HEATING
  YESTERDAY       17                        20     -3       19
  MONTH TO DATE  247                       312    -65      196
  SINCE DEC 1    751                       938   -187      676
  SINCE JUL 1    914                      1380   -466      918

 COOLING
  YESTERDAY        0                         0      0        0
  MONTH TO DATE    0                         0      0        0
  SINCE DEC 1      0                         0      0        0
  SINCE JAN 1      0                         0      0        0
..................................................................


WIND (MPH)
  HIGHEST WIND SPEED    23   HIGHEST WIND DIRECTION     E (80)
  HIGHEST GUST SPEED    29   HIGHEST GUST DIRECTION     E (80)
  AVERAGE WIND SPEED     5.5


SKY COVER
  POSSIBLE SUNSHINE  MM
  AVERAGE SKY COVER 0.5


WEATHER CONDITIONS
 THE FOLLOWING WEATHER WAS RECORDED YESTERDAY.
  HAZE


RELATIVE HUMIDITY (PERCENT)
 HIGHEST    61           700 AM
 LOWEST     21           200 PM
 AVERAGE    41

..........................................................


THE EL PASO CLIMATE NORMALS FOR TODAY
                         NORMAL    RECORD    YEAR
 MAXIMUM TEMPERATURE (F)   58        74      1914
 MINIMUM TEMPERATURE (F)   32        11      1964


SUNRISE AND SUNSET
JANUARY 16 2018.......SUNRISE   706 AM MST   SUNSET   525 PM MST
JANUARY 17 2018.......SUNRISE   705 AM MST   SUNSET   526 PM MST


-  INDICATES NEGATIVE NUMBERS.
R  INDICATES RECORD WAS SET OR TIED.
MM INDICATES DATA IS MISSING.
T  INDICATES TRACE AMOUNT.




$$
