000
CDUS44 KEPZ 250927
CLIELP


CLIMATE REPORT
NATIONAL WEATHER SERVICE EL PASO, TX
326 AM MDT SAT OCT 25 2014


...................................

...THE EL PASO CLIMATE SUMMARY FOR OCTOBER 24 2014...

CLIMATE NORMAL PERIOD 1981 TO 2010
CLIMATE RECORD PERIOD 1879 TO 2014


WEATHER ITEM   OBSERVED TIME   RECORD YEAR NORMAL DEPARTURE LAST
                VALUE   (LST)  VALUE       VALUE  FROM      YEAR
                                                  NORMAL
..................................................................
TEMPERATURE (F)
 YESTERDAY
  MAXIMUM         84    256 PM  87    2003  76      8       82
                                      1973
  MINIMUM         54    646 AM  32    1908  49      5       53
  AVERAGE         69                        62      7       68

PRECIPITATION (IN)
  YESTERDAY        0.00          1.09 1904   0.02  -0.02     0.00
  MONTH TO DATE    0.98                      0.48   0.50     0.00
  SINCE SEP 1      5.21                      1.99   3.22     3.85
  SINCE JAN 1      8.34                      8.31   0.03     9.15

SNOWFALL (IN)
  YESTERDAY        0.0                                       0.0
  MONTH TO DATE    0.0                                       0.0
  SINCE SEP 1      0.0                                       0.0
  SINCE JUL 1      0.0                                        T
  SNOW DEPTH       0

DEGREE DAYS
 HEATING
  YESTERDAY        0                         4     -4        0
  MONTH TO DATE    5                        45    -40       47
  SINCE SEP 1      5                        49    -44       47
  SINCE JUL 1      5                        49    -44       47

 COOLING
  YESTERDAY        4                         1      3        3
  MONTH TO DATE  107                        77     30       70
  SINCE SEP 1    423                       394     29      407
  SINCE JAN 1   2642                      2323    319     2685
..................................................................


WIND (MPH)
  HIGHEST WIND SPEED     8   HIGHEST WIND DIRECTION     N (10)
  HIGHEST GUST SPEED     9   HIGHEST GUST DIRECTION     W (250)
  AVERAGE WIND SPEED     2.0


SKY COVER
  POSSIBLE SUNSHINE  MM
  AVERAGE SKY COVER 0.0


WEATHER CONDITIONS
 THE FOLLOWING WEATHER WAS RECORDED YESTERDAY.
  NO SIGNIFICANT WEATHER WAS OBSERVED.


RELATIVE HUMIDITY (PERCENT)
 HIGHEST    86           600 AM
 LOWEST     24           300 PM
 AVERAGE    55

..........................................................


THE EL PASO CLIMATE NORMALS FOR TODAY
                         NORMAL    RECORD    YEAR
 MAXIMUM TEMPERATURE (F)   75        90      1982
 MINIMUM TEMPERATURE (F)   49        34      1906


SUNRISE AND SUNSET
OCTOBER 25 2014.......SUNRISE   716 AM MDT   SUNSET   622 PM MDT
OCTOBER 26 2014.......SUNRISE   717 AM MDT   SUNSET   621 PM MDT


-  INDICATES NEGATIVE NUMBERS.
R  INDICATES RECORD WAS SET OR TIED.
MM INDICATES DATA IS MISSING.
T  INDICATES TRACE AMOUNT.




$$
