000
CDUS44 KEPZ 290927
CLIELP


CLIMATE REPORT
NATIONAL WEATHER SERVICE EL PASO, TX
326 AM MDT MON MAY 29 2017


...................................

...THE EL PASO CLIMATE SUMMARY FOR MAY 28 2017...

CLIMATE NORMAL PERIOD 1981 TO 2010
CLIMATE RECORD PERIOD 1879 TO 2017


WEATHER ITEM   OBSERVED TIME   RECORD YEAR NORMAL DEPARTURE LAST
                VALUE   (LST)  VALUE       VALUE  FROM      YEAR
                                                  NORMAL
..................................................................
TEMPERATURE (F)
 YESTERDAY
  MAXIMUM         88    255 PM 104    1951  92     -4       92
  MINIMUM         64    529 AM  50    1978  63      1       58
  AVERAGE         76                        78     -2       75

PRECIPITATION (IN)
  YESTERDAY        0.00          0.29 1930   0.02  -0.02     0.00
  MONTH TO DATE    T                         0.42  -0.42      T
  SINCE MAR 1      0.14                      0.91  -0.77     0.05
  SINCE JAN 1      1.35                      1.77  -0.42     0.58

SNOWFALL (IN)
  YESTERDAY        0.0                                       0.0
  MONTH TO DATE    0.0                                       0.0
  SINCE MAR 1      0.0                                       0.0
  SINCE JUL 1      T                                         8.1
  SNOW DEPTH       0

DEGREE DAYS
 HEATING
  YESTERDAY        0                         0      0        0
  MONTH TO DATE    2                         6     -4       14
  SINCE MAR 1    108                       368   -260      184
  SINCE JUL 1   1577                      2471   -894     2018

 COOLING
  YESTERDAY       11                        13     -2       10
  MONTH TO DATE  278                       246     32      242
  SINCE MAR 1    517                       338    179      353
  SINCE JAN 1    520                       338    182      356
..................................................................


WIND (MPH)
  HIGHEST WIND SPEED    18   HIGHEST WIND DIRECTION     E (100)
  HIGHEST GUST SPEED    26   HIGHEST GUST DIRECTION     E (110)
  AVERAGE WIND SPEED     8.9


SKY COVER
  POSSIBLE SUNSHINE  MM
  AVERAGE SKY COVER 0.2


WEATHER CONDITIONS
 THE FOLLOWING WEATHER WAS RECORDED YESTERDAY.
  NO SIGNIFICANT WEATHER WAS OBSERVED.


RELATIVE HUMIDITY (PERCENT)
 HIGHEST    37           600 AM
 LOWEST      5          1200 AM
 AVERAGE    21

..........................................................


THE EL PASO CLIMATE NORMALS FOR TODAY
                         NORMAL    RECORD    YEAR
 MAXIMUM TEMPERATURE (F)   92       102      1896
 MINIMUM TEMPERATURE (F)   64        45      1987


SUNRISE AND SUNSET
MAY 29 2017...........SUNRISE   602 AM MDT   SUNSET   805 PM MDT
MAY 30 2017...........SUNRISE   601 AM MDT   SUNSET   805 PM MDT


-  INDICATES NEGATIVE NUMBERS.
R  INDICATES RECORD WAS SET OR TIED.
MM INDICATES DATA IS MISSING.
T  INDICATES TRACE AMOUNT.




$$
