000
CDUS44 KEPZ 040939
CLIELP


CLIMATE REPORT
NATIONAL WEATHER SERVICE EL PASO, TX
338 AM MDT FRI SEP 4 2015


...................................

...THE EL PASO CLIMATE SUMMARY FOR SEPTEMBER 3 2015...

CLIMATE NORMAL PERIOD 1981 TO 2010
CLIMATE RECORD PERIOD 1879 TO 2015


WEATHER ITEM   OBSERVED TIME   RECORD YEAR NORMAL DEPARTURE LAST
                VALUE   (LST)  VALUE       VALUE  FROM      YEAR
                                                  NORMAL
..................................................................
TEMPERATURE (F)
 YESTERDAY
  MAXIMUM         92    116 PM 101    2011  91      1       99
                                      1959
  MINIMUM         77    642 AM  50    1880  67     10       70
  AVERAGE         85                        79      6       85

PRECIPITATION (IN)
  YESTERDAY        0.00          1.33 2006   0.04  -0.04     0.00
  MONTH TO DATE    T                         0.15  -0.15     0.00
  SINCE SEP 1      T                         0.15  -0.15     0.00
  SINCE JAN 1      7.15                      6.47   0.68     3.13

SNOWFALL (IN)
  YESTERDAY        0.0                                       0.0
  MONTH TO DATE    0.0                                       0.0
  SINCE SEP 1      0.0                                       0.0
  SINCE JUL 1      0.0                                       0.0
  SNOW DEPTH       0

DEGREE DAYS
 HEATING
  YESTERDAY        0                         0      0        0
  MONTH TO DATE    0                         0      0        0
  SINCE SEP 1      0                         0      0        0
  SINCE JUL 1      0                         0      0        0

 COOLING
  YESTERDAY       20                        14      6       20
  MONTH TO DATE   60                        42     18       61
  SINCE SEP 1     60                        42     18       61
  SINCE JAN 1   2277                      1971    306     2280
..................................................................


WIND (MPH)
  HIGHEST WIND SPEED    17   HIGHEST WIND DIRECTION     W (270)
  HIGHEST GUST SPEED    21   HIGHEST GUST DIRECTION     W (290)
  AVERAGE WIND SPEED     7.4


SKY COVER
  POSSIBLE SUNSHINE  MM
  AVERAGE SKY COVER 0.9


WEATHER CONDITIONS
 THE FOLLOWING WEATHER WAS RECORDED YESTERDAY.
  NO SIGNIFICANT WEATHER WAS OBSERVED.


RELATIVE HUMIDITY (PERCENT)
 HIGHEST    40           600 AM
 LOWEST     24           200 PM
 AVERAGE    32

..........................................................


THE EL PASO CLIMATE NORMALS FOR TODAY
                         NORMAL    RECORD    YEAR
 MAXIMUM TEMPERATURE (F)   91       101      1983
 MINIMUM TEMPERATURE (F)   67        53      1893


SUNRISE AND SUNSET
SEPTEMBER  4 2015.....SUNRISE   643 AM MDT   SUNSET   726 PM MDT
SEPTEMBER  5 2015.....SUNRISE   643 AM MDT   SUNSET   725 PM MDT


-  INDICATES NEGATIVE NUMBERS.
R  INDICATES RECORD WAS SET OR TIED.
MM INDICATES DATA IS MISSING.
T  INDICATES TRACE AMOUNT.




$$
