000
CDUS44 KEPZ 010928
CLIELP


CLIMATE REPORT
NATIONAL WEATHER SERVICE EL PASO, TX
227 AM MST WED MAR 1 2017


...................................

...THE EL PASO CLIMATE SUMMARY FOR FEBRUARY 28 2017...

CLIMATE NORMAL PERIOD 1981 TO 2010
CLIMATE RECORD PERIOD 1879 TO 2017


WEATHER ITEM   OBSERVED TIME   RECORD YEAR NORMAL DEPARTURE LAST
                VALUE   (LST)  VALUE       VALUE  FROM      YEAR
                                                  NORMAL
..................................................................
TEMPERATURE (F)
 YESTERDAY
  MAXIMUM         75   1206 PM  83    2006  66      9       80
  MINIMUM         51    647 AM  21    1922  40     11       45
  AVERAGE         63                        53     10       63

PRECIPITATION (IN)
  YESTERDAY        0.00          0.54 1942   0.01  -0.01     0.00
  MONTH TO DATE    0.16                      0.46  -0.30     0.07
  SINCE DEC 1      2.07                      1.64   0.43     1.61
  SINCE JAN 1      1.21                      0.86   0.35     0.53

SNOWFALL (IN)
  YESTERDAY        0.0                                       0.0
  MONTH TO DATE    T                                          T
  SINCE DEC 1      T                                         8.1
  SINCE JUL 1      T                                         8.1
  SNOW DEPTH       0

DEGREE DAYS
 HEATING
  YESTERDAY        2                        12    -10        2
  MONTH TO DATE  251                       418   -167      341
  SINCE DEC 1   1227                      1661   -434     1497
  SINCE JUL 1   1469                      2103   -634     1832

 COOLING
  YESTERDAY        0                         0      0        0
  MONTH TO DATE    3                         0      3        3
  SINCE DEC 1      3                         0      3        3
  SINCE JAN 1      3                         0      3        3
..................................................................


WIND (MPH)
  HIGHEST WIND SPEED    46   HIGHEST WIND DIRECTION     W (250)
  HIGHEST GUST SPEED    56   HIGHEST GUST DIRECTION     W (260)
  AVERAGE WIND SPEED    18.0


SKY COVER
  POSSIBLE SUNSHINE  MM
  AVERAGE SKY COVER 0.5


WEATHER CONDITIONS
 THE FOLLOWING WEATHER WAS RECORDED YESTERDAY.
  HAZE
  SANDSTORM


RELATIVE HUMIDITY (PERCENT)
 HIGHEST    35          1000 PM
 LOWEST      6           100 PM
 AVERAGE    21

..........................................................


THE EL PASO CLIMATE NORMALS FOR TODAY
                         NORMAL    RECORD    YEAR
 MAXIMUM TEMPERATURE (F)   67        81      2006
                                             1974
                                             1904
 MINIMUM TEMPERATURE (F)   40        23      1998


SUNRISE AND SUNSET
MARCH  1 2017.........SUNRISE   632 AM MST   SUNSET   604 PM MST
MARCH  2 2017.........SUNRISE   631 AM MST   SUNSET   605 PM MST


-  INDICATES NEGATIVE NUMBERS.
R  INDICATES RECORD WAS SET OR TIED.
MM INDICATES DATA IS MISSING.
T  INDICATES TRACE AMOUNT.




$$
