000
CDUS45 KLKN 110026
CLIELY


CLIMATE REPORT
NATIONAL WEATHER SERVICE ELKO NV
426 PM PST WED FEB 10 2016


...................................

...THE ELY AIRPORT NV CLIMATE SUMMARY FOR FEBRUARY 10 2016...
VALID TODAY AS OF 0400 PM LOCAL TIME.

CLIMATE NORMAL PERIOD 1981 TO 2010
CLIMATE RECORD PERIOD 1893 TO 2016


WEATHER ITEM   OBSERVED TIME   RECORD YEAR NORMAL DEPARTURE LAST
                VALUE   (LST)  VALUE       VALUE  FROM      YEAR
                                                  NORMAL
..................................................................
TEMPERATURE (F)
 TODAY
  MAXIMUM         42    242 PM  65    1951  41      1       50
  MINIMUM          9    422 AM -14    1955  14     -5       16
  AVERAGE         26                        28     -2       33

PRECIPITATION (IN)
  TODAY            0.00          0.62 1978   0.02  -0.02     0.00
  MONTH TO DATE    0.05                      0.24  -0.19      T
  SINCE OCT 1      6.52                      3.23   3.29     1.48
  SINCE JAN 1      2.16                      0.94   1.22     0.31

SNOWFALL (IN)
  TODAY            0.0           6.0  1978   0.3   -0.3      0.0
  MONTH TO DATE    0.3                       2.9   -2.6      0.0
  SINCE DEC 1     57.8                      20.4   37.4      6.7
  SINCE JUL 1     75.5                      29.9   45.6      7.4
  SNOW DEPTH      13

DEGREE DAYS
 HEATING
  TODAY           39                        37      2       32
  MONTH TO DATE  501                       380    121      223
  SINCE DEC 1   3173                      2841    332     2270
  SINCE JUL 1   4802                      4709     93     3717

 COOLING
  TODAY            0                         0      0        0
  MONTH TO DATE    0                         0      0        0
  SINCE DEC 1      0                         0      0        0
  SINCE JAN 1      0                         0      0        0
..................................................................


WIND (MPH)
  HIGHEST WIND SPEED    22   HIGHEST WIND DIRECTION     S (170)
  HIGHEST GUST SPEED    25   HIGHEST GUST DIRECTION     S (170)



WEATHER CONDITIONS
 THE FOLLOWING WEATHER WAS RECORDED TODAY.
  NO SIGNIFICANT WEATHER WAS OBSERVED.


RELATIVE HUMIDITY (PERCENT)
 HIGHEST    76          1200 AM
 LOWEST     50           200 PM
 AVERAGE    63

..........................................................


THE ELY AIRPORT NV CLIMATE NORMALS FOR TOMORROW
                         NORMAL    RECORD    YEAR
 MAXIMUM TEMPERATURE (F)   42        60      1991
 MINIMUM TEMPERATURE (F)   14       -13      1966


SUNRISE AND SUNSET
FEBRUARY 10 2016......SUNRISE   638 AM PST   SUNSET   510 PM PST
FEBRUARY 11 2016......SUNRISE   636 AM PST   SUNSET   511 PM PST


-  INDICATES NEGATIVE NUMBERS.
R  INDICATES RECORD WAS SET OR TIED.
MM INDICATES DATA IS MISSING.
T  INDICATES TRACE AMOUNT.




$$
