000
CDUS45 KLKN 100026
CLIELY


CLIMATE REPORT
NATIONAL WEATHER SERVICE ELKO NV
525 PM PDT WED JUL 9 2014


...................................

...THE ELY AIRPORT NV CLIMATE SUMMARY FOR JULY 9 2014...
VALID TODAY AS OF 0500 PM LOCAL TIME.

CLIMATE NORMAL PERIOD 1981 TO 2010
CLIMATE RECORD PERIOD 1893 TO 2014


WEATHER ITEM   OBSERVED TIME   RECORD YEAR NORMAL DEPARTURE LAST
                VALUE   (LST)  VALUE       VALUE  FROM      YEAR
                                                  NORMAL
..................................................................
TEMPERATURE (F)
 TODAY
  MAXIMUM         89   1230 PM  97    2002  87      2       91
  MINIMUM         53    457 AM  35    1959  48      5       48
  AVERAGE         71                        67      4       70

PRECIPITATION (IN)
  TODAY            T             0.41 1953   0.02  -0.02     0.00
  MONTH TO DATE    T                         0.13  -0.13     0.01
  SINCE OCT 1      7.03                      7.52  -0.49     6.22
  SINCE JAN 1      4.35                      5.23  -0.88     3.12

SNOWFALL (IN)
  TODAY            0.0           0.0  1893   0.0    0.0      0.0
  MONTH TO DATE    0.0                       0.0    0.0      0.0
  SINCE JUN 1      T                         0.1   -0.1      0.0
  SINCE JUL 1      0.0                       0.0    0.0      0.0
  SNOW DEPTH       0

DEGREE DAYS
 HEATING
  TODAY            0                         1     -1        0
  MONTH TO DATE    0                        12    -12        0
  SINCE JUN 1    140                       187    -47       95
  SINCE JUL 1      0                        12    -12        0

 COOLING
  TODAY            6                         3      3        5
  MONTH TO DATE   67                        24     43       81
  SINCE JUN 1     86                        47     39      138
  SINCE JAN 1     88                        48     40      138
..................................................................


WIND (MPH)
  HIGHEST WIND SPEED    24   HIGHEST WIND DIRECTION    NE (30)
  HIGHEST GUST SPEED    28   HIGHEST GUST DIRECTION     N (350)



WEATHER CONDITIONS
 THE FOLLOWING WEATHER WAS RECORDED TODAY.
  THUNDERSTORM
  LIGHT RAIN


RELATIVE HUMIDITY (PERCENT)
 HIGHEST    83           400 AM
 LOWEST     22          1200 PM
 AVERAGE    53

..........................................................


THE ELY AIRPORT NV CLIMATE NORMALS FOR TOMORROW
                         NORMAL    RECORD    YEAR
 MAXIMUM TEMPERATURE (F)   87        98      2012
                                             2003
                                             2002
 MINIMUM TEMPERATURE (F)   48        30      1983


SUNRISE AND SUNSET
JULY  9 2014..........SUNRISE   521 AM PDT   SUNSET   808 PM PDT
JULY 10 2014..........SUNRISE   522 AM PDT   SUNSET   807 PM PDT


-  INDICATES NEGATIVE NUMBERS.
R  INDICATES RECORD WAS SET OR TIED.
MM INDICATES DATA IS MISSING.
T  INDICATES TRACE AMOUNT.




$$
