979
CDUS45 KLKN 250932
CLIELY


CLIMATE REPORT
NATIONAL WEATHER SERVICE ELKO NV
231 AM PDT MON JUL 25 2016


...................................

...THE ELY AIRPORT NV CLIMATE SUMMARY FOR JULY 24 2016...

CLIMATE NORMAL PERIOD 1981 TO 2010
CLIMATE RECORD PERIOD 1893 TO 2016


WEATHER ITEM   OBSERVED TIME   RECORD YEAR NORMAL DEPARTURE LAST
                VALUE   (LST)  VALUE       VALUE  FROM      YEAR
                                                  NORMAL
..................................................................
TEMPERATURE (F)
 YESTERDAY
  MAXIMUM         94    331 PM  96    1899  89      5       85
  MINIMUM         42    458 AM  32    1993  49     -7       46
  AVERAGE         68                        69     -1       66

PRECIPITATION (IN)
  YESTERDAY        0.00          1.20 1952   0.03  -0.03     0.00
  MONTH TO DATE    0.05                      0.45  -0.40     0.66
  SINCE OCT 1     12.93                      7.84   5.09     5.62
  SINCE JAN 1      8.57                      5.55   3.02     4.45

SNOWFALL (IN)
  YESTERDAY        0.0           0.0  1893   0.0    0.0      0.0
  MONTH TO DATE    0.0                       0.0    0.0      0.0
  SINCE JUN 1      0.0                       0.1   -0.1      0.0
  SINCE JUL 1      0.0                       0.0    0.0      0.0
  SNOW DEPTH       0

DEGREE DAYS
 HEATING
  YESTERDAY        0                         0      0        0
  MONTH TO DATE   17                        20     -3       19
  SINCE JUN 1     78                       195   -117       74
  SINCE JUL 1     17                        20     -3       19

 COOLING
  YESTERDAY        3                         4     -1        1
  MONTH TO DATE   77                        82     -5       66
  SINCE JUN 1    132                       105     27      173
  SINCE JAN 1    132                       106     26      176
..................................................................


WIND (MPH)
  HIGHEST WIND SPEED    25   HIGHEST WIND DIRECTION     S (190)
  HIGHEST GUST SPEED    33   HIGHEST GUST DIRECTION    SW (210)
  AVERAGE WIND SPEED     8.9



WEATHER CONDITIONS
 THE FOLLOWING WEATHER WAS RECORDED YESTERDAY.
  NO SIGNIFICANT WEATHER WAS OBSERVED.


RELATIVE HUMIDITY (PERCENT)
 HIGHEST    39           400 AM
 LOWEST      7           400 PM
 AVERAGE    23

..........................................................


THE ELY AIRPORT NV CLIMATE NORMALS FOR TODAY
                         NORMAL    RECORD    YEAR
 MAXIMUM TEMPERATURE (F)   89        96      1980
 MINIMUM TEMPERATURE (F)   49        38      1999


SUNRISE AND SUNSET
JULY 25 2016..........SUNRISE   534 AM PDT   SUNSET   757 PM PDT
JULY 26 2016..........SUNRISE   535 AM PDT   SUNSET   757 PM PDT


-  INDICATES NEGATIVE NUMBERS.
R  INDICATES RECORD WAS SET OR TIED.
MM INDICATES DATA IS MISSING.
T  INDICATES TRACE AMOUNT.




$$
