000
CDUS45 KLKN 230026
CLIELY


CLIMATE REPORT
NATIONAL WEATHER SERVICE ELKO NV
526 PM PDT SAT JUL 22 2017


...................................

...THE ELY AIRPORT NV CLIMATE SUMMARY FOR JULY 22 2017...
VALID TODAY AS OF 0500 PM LOCAL TIME.

CLIMATE NORMAL PERIOD 1981 TO 2010
CLIMATE RECORD PERIOD 1893 TO 2017


WEATHER ITEM   OBSERVED TIME   RECORD YEAR NORMAL DEPARTURE LAST
                VALUE   (LST)  VALUE       VALUE  FROM      YEAR
                                                  NORMAL
..................................................................
TEMPERATURE (F)
 TODAY
  MAXIMUM         92    224 PM  96    2013  89      3       94
                                      1988
                                      1942
  MINIMUM         51    510 AM  36    1987  49      2       51
                                      1897
  AVERAGE         72                        69      3       73

PRECIPITATION (IN)
  TODAY            T             0.26 1979   0.03  -0.03     0.00
  MONTH TO DATE    0.24                      0.40  -0.16     0.05
  SINCE OCT 1      8.21                      7.79   0.42    12.93
  SINCE JAN 1      6.43                      5.50   0.93     8.57

SNOWFALL (IN)
  TODAY            0.0           0.0  1893   0.0    0.0      0.0
  MONTH TO DATE    0.0                       0.0    0.0      0.0
  SINCE JUN 1      T                         0.1   -0.1      0.0
  SINCE JUL 1      0.0                       0.0    0.0      0.0
  SNOW DEPTH       0

DEGREE DAYS
 HEATING
  TODAY            0                         0      0        0
  MONTH TO DATE    0                        20    -20       17
  SINCE JUN 1     72                       195   -123       78
  SINCE JUL 1      0                        20    -20       17

 COOLING
  TODAY            7                         4      3        8
  MONTH TO DATE  168                        74     94       70
  SINCE JUN 1    230                        97    133      125
  SINCE JAN 1    230                        98    132      125
..................................................................


WIND (MPH)
  HIGHEST WIND SPEED    23   HIGHEST WIND DIRECTION    SE (140)
  HIGHEST GUST SPEED    36   HIGHEST GUST DIRECTION    SE (130)



WEATHER CONDITIONS
 THE FOLLOWING WEATHER WAS RECORDED TODAY.
  THUNDERSTORM


RELATIVE HUMIDITY (PERCENT)
 HIGHEST    59           400 AM
 LOWEST     16          1200 PM
 AVERAGE    38

..........................................................


THE ELY AIRPORT NV CLIMATE NORMALS FOR TOMORROW
                         NORMAL    RECORD    YEAR
 MAXIMUM TEMPERATURE (F)   89        96      2014
 MINIMUM TEMPERATURE (F)   49        36      1957


SUNRISE AND SUNSET
JULY 22 2017..........SUNRISE   531 AM PDT   SUNSET   800 PM PDT
JULY 23 2017..........SUNRISE   532 AM PDT   SUNSET   759 PM PDT


-  INDICATES NEGATIVE NUMBERS.
R  INDICATES RECORD WAS SET OR TIED.
MM INDICATES DATA IS MISSING.
T  INDICATES TRACE AMOUNT.




$$
