000
CDUS45 KLKN 070027
CLIELY


CLIMATE REPORT
NATIONAL WEATHER SERVICE ELKO NV
426 PM PST FRI MAR 6 2015


...................................

...THE ELY AIRPORT NV CLIMATE SUMMARY FOR MARCH 6 2015...
VALID TODAY AS OF 0400 PM LOCAL TIME.

CLIMATE NORMAL PERIOD 1981 TO 2010
CLIMATE RECORD PERIOD 1893 TO 2015


WEATHER ITEM   OBSERVED TIME   RECORD YEAR NORMAL DEPARTURE LAST
                VALUE   (LST)  VALUE       VALUE  FROM      YEAR
                                                  NORMAL
..................................................................
TEMPERATURE (F)
 TODAY
  MAXIMUM         56    333 PM  69    1972  48      8       58
  MINIMUM         17    503 AM  -6    1945  21     -4       35
  AVERAGE         37                        34      3       47

PRECIPITATION (IN)
  TODAY            0.00          0.37 1962   0.03  -0.03     0.05
  MONTH TO DATE    0.36                      0.18   0.18     0.07
  SINCE OCT 1      2.05                      3.92  -1.87     4.48
  SINCE JAN 1      0.88                      1.63  -0.75     1.80

SNOWFALL (IN)
  TODAY            0.0           4.4  1962   0.3   -0.3      0.0
  MONTH TO DATE    5.0                       1.7    3.3      0.6
  SINCE MAR 1      5.0                       1.7    3.3      0.6
  SINCE JUL 1     16.0                      36.6  -20.6     39.7
  SNOW DEPTH       0

DEGREE DAYS
 HEATING
  TODAY           28                        31     -3       18
  MONTH TO DATE  222                       189     33      150
  SINCE MAR 1    222                       189     33      150
  SINCE JUL 1   4466                      5526  -1060     5169

 COOLING
  TODAY            0                         0      0        0
  MONTH TO DATE    0                         0      0        0
  SINCE MAR 1      0                         0      0        0
  SINCE JAN 1      0                         0      0        0
..................................................................


WIND (MPH)
  HIGHEST WIND SPEED    16   HIGHEST WIND DIRECTION     N (360)
  HIGHEST GUST SPEED    20   HIGHEST GUST DIRECTION     N (20)



WEATHER CONDITIONS
 THE FOLLOWING WEATHER WAS RECORDED TODAY.
  NO SIGNIFICANT WEATHER WAS OBSERVED.


RELATIVE HUMIDITY (PERCENT)
 HIGHEST    84           100 AM
 LOWEST     24           300 PM
 AVERAGE    54

..........................................................


THE ELY AIRPORT NV CLIMATE NORMALS FOR TOMORROW
                         NORMAL    RECORD    YEAR
 MAXIMUM TEMPERATURE (F)   48        62      1972
 MINIMUM TEMPERATURE (F)   21       -10      1897


SUNRISE AND SUNSET
MARCH  6 2015.........SUNRISE   605 AM PST   SUNSET   537 PM PST
MARCH  7 2015.........SUNRISE   603 AM PST   SUNSET   538 PM PST


-  INDICATES NEGATIVE NUMBERS.
R  INDICATES RECORD WAS SET OR TIED.
MM INDICATES DATA IS MISSING.
T  INDICATES TRACE AMOUNT.




$$
