000
CDUS45 KLKN 280041
CLIELY


CLIMATE REPORT
NATIONAL WEATHER SERVICE ELKO NV
441 PM PST MON FEB 27 2017


...................................

...THE ELY AIRPORT NV CLIMATE SUMMARY FOR FEBRUARY 27 2017...
VALID TODAY AS OF 0400 PM LOCAL TIME.

CLIMATE NORMAL PERIOD 1981 TO 2010
CLIMATE RECORD PERIOD 1893 TO 2017


WEATHER ITEM   OBSERVED TIME   RECORD YEAR NORMAL DEPARTURE LAST
                VALUE   (LST)  VALUE       VALUE  FROM      YEAR
                                                  NORMAL
..................................................................
TEMPERATURE (F)
 TODAY
  MAXIMUM         34    917 AM  63    1972  46    -12       57
  MINIMUM         23   1000 AM -18    1962  19      4       28
  AVERAGE         29                        32     -3       43

PRECIPITATION (IN)
  TODAY            0.08          0.62 1904   0.03   0.05     0.00
  MONTH TO DATE    1.69                      0.72   0.97     0.60
  SINCE OCT 1      4.99                      3.71   1.28     7.54
  SINCE JAN 1      3.21                      1.42   1.79     3.18

SNOWFALL (IN)
  TODAY            0.8           9.0  1904   0.2    0.6      0.0
  MONTH TO DATE   11.9                       7.6    4.3      4.1
  SINCE DEC 1     43.6                      25.1   18.5     61.6
  SINCE JUL 1     49.5                      34.6   14.9     79.3
  SNOW DEPTH       6

DEGREE DAYS
 HEATING
  TODAY           36                        33      3       22
  MONTH TO DATE  777                       975   -198     1028
  SINCE DEC 1   3348                      3436    -88     3700
  SINCE JUL 1   4901                      5304   -403     5329

 COOLING
  TODAY            0                         0      0        0
  MONTH TO DATE    0                         0      0        0
  SINCE DEC 1      0                         0      0        0
  SINCE JAN 1      0                         0      0        0
..................................................................


WIND (MPH)
  HIGHEST WIND SPEED    29   HIGHEST WIND DIRECTION     W (260)
  HIGHEST GUST SPEED    38   HIGHEST GUST DIRECTION     W (260)



WEATHER CONDITIONS
 THE FOLLOWING WEATHER WAS RECORDED TODAY.
  HEAVY SNOW
  SNOW
  LIGHT SNOW
  FOG
  HAZE


RELATIVE HUMIDITY (PERCENT)
 HIGHEST    81          1100 AM
 LOWEST     49           100 PM
 AVERAGE    65

..........................................................


THE ELY AIRPORT NV CLIMATE NORMALS FOR TOMORROW
                         NORMAL    RECORD    YEAR
 MAXIMUM TEMPERATURE (F)   46        67      1986
 MINIMUM TEMPERATURE (F)   19        -9      1997


SUNRISE AND SUNSET
FEBRUARY 27 2017......SUNRISE   615 AM PST   SUNSET   530 PM PST
FEBRUARY 28 2017......SUNRISE   613 AM PST   SUNSET   531 PM PST


-  INDICATES NEGATIVE NUMBERS.
R  INDICATES RECORD WAS SET OR TIED.
MM INDICATES DATA IS MISSING.
T  INDICATES TRACE AMOUNT.




$$
