858
CDUS45 KLKN 210032
CLIELY


CLIMATE REPORT
NATIONAL WEATHER SERVICE ELKO NV
431 PM PST MON NOV   2017


...................................

...THE ELY AIRPORT NV CLIMATE SUMMARY FOR NOVEMBER 20 2017...
VALID TODAY AS OF 0400 PM LOCAL TIME.

CLIMATE NORMAL PERIOD 1981 TO 2010
CLIMATE RECORD PERIOD 1893 TO 2017


WEATHER ITEM   OBSERVED TIME   RECORD YEAR NORMAL DEPARTURE LAST
                VALUE   (LST)  VALUE       VALUE  FROM      YEAR
                                                  NORMAL
..................................................................
TEMPERATURE (F)
 TODAY
  MAXIMUM         57    330 PM  72    1989  46     11       56
  MINIMUM         26    526 AM  -8    1956  17      9       38
  AVERAGE         42                        32     10       47

PRECIPITATION (IN)
  TODAY            0.00          0.65 2010   0.02  -0.02     0.02
  MONTH TO DATE    0.08                      0.51  -0.43     0.19
  SINCE OCT 1      0.12                      1.51  -1.39     0.30
  SINCE JAN 1      9.22                      8.98   0.24    10.02

SNOWFALL (IN)
  TODAY            0.0           8.0  2010   0.3   -0.3      0.0
  MONTH TO DATE    T                         3.9   -3.9      2.8
  SINCE SEP 1      5.0                       7.3   -2.3      2.8
  SINCE JUL 1      5.0                       7.3   -2.3      2.8
  SNOW DEPTH       0

DEGREE DAYS
 HEATING
  TODAY           23                        33    -10       18
  MONTH TO DATE  510                       584    -74      453
  SINCE SEP 1   1427                      1448    -21     1164
  SINCE JUL 1   1433                      1512    -79     1201

 COOLING
  TODAY            0                         0      0        0
  MONTH TO DATE    0                         0      0        0
  SINCE SEP 1     24                         6     18       12
  SINCE JAN 1    433                       218    215      267
..................................................................


WIND (MPH)
  HIGHEST WIND SPEED    12   HIGHEST WIND DIRECTION     S (160)
  HIGHEST GUST SPEED    12   HIGHEST GUST DIRECTION     S (160)



WEATHER CONDITIONS
 THE FOLLOWING WEATHER WAS RECORDED TODAY.
  NO SIGNIFICANT WEATHER WAS OBSERVED.


RELATIVE HUMIDITY (PERCENT)
 HIGHEST    42           500 AM
 LOWEST     13          1100 AM
 AVERAGE    28

..........................................................


THE ELY AIRPORT NV CLIMATE NORMALS FOR TOMORROW
                         NORMAL    RECORD    YEAR
 MAXIMUM TEMPERATURE (F)   46        65      2002
 MINIMUM TEMPERATURE (F)   17        -4      1941


SUNRISE AND SUNSET
NOVEMBER 20 2017......SUNRISE   629 AM PST   SUNSET   421 PM PST
NOVEMBER 21 2017......SUNRISE   630 AM PST   SUNSET   420 PM PST


-  INDICATES NEGATIVE NUMBERS.
R  INDICATES RECORD WAS SET OR TIED.
MM INDICATES DATA IS MISSING.
T  INDICATES TRACE AMOUNT.




$$
