000
CDUS45 KLKN 230933
CLIELY


CLIMATE REPORT
NATIONAL WEATHER SERVICE ELKO NV
230 AM PDT SUN APR 23 2017


...................................

...THE ELY AIRPORT NV CLIMATE SUMMARY FOR APRIL 22 2017...

CLIMATE NORMAL PERIOD 1981 TO 2010
CLIMATE RECORD PERIOD 1893 TO 2017


WEATHER ITEM   OBSERVED TIME   RECORD YEAR NORMAL DEPARTURE LAST
                VALUE   (LST)  VALUE       VALUE  FROM      YEAR
                                                  NORMAL
..................................................................
TEMPERATURE (F)
 YESTERDAY
  MAXIMUM         65    302 PM  80    2012  60      5       70
  MINIMUM         22    517 AM  -5    1963  28     -6       33
  AVERAGE         44                        44      0       52

PRECIPITATION (IN)
  YESTERDAY        0.00          0.36 1904   0.03  -0.03     0.06
  MONTH TO DATE    0.89                      0.68   0.21     0.42
  SINCE OCT 1      7.53                      5.35   2.18     9.52
  SINCE JAN 1      5.75                      3.06   2.69     5.16

SNOWFALL (IN)
  YESTERDAY        0.0           2.0  2003   0.2   -0.2       T
                                      1968
  MONTH TO DATE    1.4                       4.1   -2.7      1.7
  SINCE MAR 1     17.2                      12.4    4.8     17.9
  SINCE JUL 1     66.8                      47.3   19.5     97.2
  SNOW DEPTH       0

DEGREE DAYS
 HEATING
  YESTERDAY       21                        21      0       13
  MONTH TO DATE  487                       519    -32      415
  SINCE MAR 1   1227                      1409   -182     1216
  SINCE JUL 1   6188                      6746   -558     6590

 COOLING
  YESTERDAY        0                         0      0        0
  MONTH TO DATE    0                         0      0        0
  SINCE MAR 1      0                         0      0        0
  SINCE JAN 1      0                         0      0        0
..................................................................


WIND (MPH)
  HIGHEST WIND SPEED    20   HIGHEST WIND DIRECTION    SE (150)
  HIGHEST GUST SPEED    26   HIGHEST GUST DIRECTION    SE (150)
  AVERAGE WIND SPEED     7.8



WEATHER CONDITIONS
 THE FOLLOWING WEATHER WAS RECORDED YESTERDAY.
  NO SIGNIFICANT WEATHER WAS OBSERVED.


RELATIVE HUMIDITY (PERCENT)
 HIGHEST    88           500 AM
 LOWEST     27          1200 PM
 AVERAGE    58

..........................................................


THE ELY AIRPORT NV CLIMATE NORMALS FOR TODAY
                         NORMAL    RECORD    YEAR
 MAXIMUM TEMPERATURE (F)   60        83      2012
 MINIMUM TEMPERATURE (F)   29         7      1963


SUNRISE AND SUNSET
APRIL 23 2017.........SUNRISE   551 AM PDT   SUNSET   725 PM PDT
APRIL 24 2017.........SUNRISE   549 AM PDT   SUNSET   726 PM PDT


-  INDICATES NEGATIVE NUMBERS.
R  INDICATES RECORD WAS SET OR TIED.
MM INDICATES DATA IS MISSING.
T  INDICATES TRACE AMOUNT.




$$
