000
CDUS45 KLKN 040930
CLIELY


CLIMATE REPORT
NATIONAL WEATHER SERVICE ELKO NV
227 AM PDT FRI SEP 4 2015


...................................

...THE ELY AIRPORT NV CLIMATE SUMMARY FOR SEPTEMBER 3 2015...

CLIMATE NORMAL PERIOD 1981 TO 2010
CLIMATE RECORD PERIOD 1893 TO 2015


WEATHER ITEM   OBSERVED TIME   RECORD YEAR NORMAL DEPARTURE LAST
                VALUE   (LST)  VALUE       VALUE  FROM      YEAR
                                                  NORMAL
..................................................................
TEMPERATURE (F)
 YESTERDAY
  MAXIMUM         81    157 PM  93    1950  81      0       87
  MINIMUM         57   1022 PM  25    1961  43     14       50
  AVERAGE         69                        62      7       69

PRECIPITATION (IN)
  YESTERDAY        0.00          0.52 1954   0.02  -0.02     0.00
  MONTH TO DATE    0.00                      0.07  -0.07     0.00
  SINCE OCT 1      6.16                      9.00  -2.84     9.94
  SINCE JAN 1      4.99                      6.71  -1.72     7.26

SNOWFALL (IN)
  YESTERDAY        0.0           0.0  1893   0.0    0.0      0.0
  MONTH TO DATE    0.0                       0.0    0.0      0.0
  SINCE SEP 1      0.0                       0.0    0.0      0.0
  SINCE JUL 1      0.0                       0.0    0.0      0.0
  SNOW DEPTH       0

DEGREE DAYS
 HEATING
  YESTERDAY        0                         4     -4        0
  MONTH TO DATE    0                        11    -11        1
  SINCE SEP 1      0                        11    -11        1
  SINCE JUL 1     32                        75    -43       49

 COOLING
  YESTERDAY        4                         1      3        4
  MONTH TO DATE   12                         3      9        5
  SINCE SEP 1     12                         3      9        5
  SINCE JAN 1    316                       215    101      273
..................................................................


WIND (MPH)
  HIGHEST WIND SPEED    35   HIGHEST WIND DIRECTION     S (180)
  HIGHEST GUST SPEED    47   HIGHEST GUST DIRECTION     S (190)
  AVERAGE WIND SPEED    19.1



WEATHER CONDITIONS
 THE FOLLOWING WEATHER WAS RECORDED YESTERDAY.
  NO SIGNIFICANT WEATHER WAS OBSERVED.


RELATIVE HUMIDITY (PERCENT)
 HIGHEST    43           500 AM
 LOWEST     12           200 PM
 AVERAGE    28

..........................................................


THE ELY AIRPORT NV CLIMATE NORMALS FOR TODAY
                         NORMAL    RECORD    YEAR
 MAXIMUM TEMPERATURE (F)   81        90      1976
                                             1955
 MINIMUM TEMPERATURE (F)   42        25      1999


SUNRISE AND SUNSET
SEPTEMBER  4 2015.....SUNRISE   610 AM PDT   SUNSET   706 PM PDT
SEPTEMBER  5 2015.....SUNRISE   611 AM PDT   SUNSET   704 PM PDT


-  INDICATES NEGATIVE NUMBERS.
R  INDICATES RECORD WAS SET OR TIED.
MM INDICATES DATA IS MISSING.
T  INDICATES TRACE AMOUNT.




$$
