000
CDUS45 KLKN 250031
CLIELY


CLIMATE REPORT
NATIONAL WEATHER SERVICE ELKO NV
527 PM PDT TUE MAY 24 2016


...................................

...THE ELY AIRPORT NV CLIMATE SUMMARY FOR MAY 24 2016...
VALID TODAY AS OF 500 PM LOCAL TIME.

CLIMATE NORMAL PERIOD 1981 TO 2010
CLIMATE RECORD PERIOD 1893 TO 2016


WEATHER ITEM   OBSERVED TIME   RECORD YEAR NORMAL DEPARTURE LAST
                VALUE   (LST)  VALUE       VALUE  FROM      YEAR
                                                  NORMAL
..................................................................
TEMPERATURE (F)
 TODAY
  MAXIMUM         56   1028 AM  87    2001  71    -15       63
  MINIMUM         32    456 AM  20    1978  35     -3       39
  AVERAGE         44                        53     -9       51

PRECIPITATION (IN)
  TODAY            0.02          0.76 1995   0.04  -0.02     0.02
  MONTH TO DATE    0.49                      0.86  -0.37     1.52
  SINCE OCT 1     11.28                      6.48   4.80     4.24
  SINCE JAN 1      6.92                      4.19   2.73     3.07

SNOWFALL (IN)
  TODAY            0.0           4.2  1980   0.1   -0.1      0.0
  MONTH TO DATE    0.0                       2.2   -2.2       T
  SINCE MAR 1     21.1                      15.7    5.4      8.7
  SINCE JUL 1    100.4                      50.6   49.8     19.7
  SNOW DEPTH       0

DEGREE DAYS
 HEATING
  TODAY           21                        12      9       14
  MONTH TO DATE  376                       365     11      388
  SINCE MAR 1   1792                      1931   -139     1743
  SINCE JUL 1   7166                      7268   -102     5987

 COOLING
  TODAY            0                         0      0        0
  MONTH TO DATE    0                         0      0        0
  SINCE MAR 1      0                         0      0        0
  SINCE JAN 1      0                         0      0        0
..................................................................


WIND (MPH)
  HIGHEST WIND SPEED    23   HIGHEST WIND DIRECTION    NW (300)
  HIGHEST GUST SPEED    28   HIGHEST GUST DIRECTION    NW (300)



WEATHER CONDITIONS
 THE FOLLOWING WEATHER WAS RECORDED TODAY.
  THUNDERSTORM
  LIGHT RAIN


RELATIVE HUMIDITY (PERCENT)
 HIGHEST    89           500 AM
 LOWEST     41          1000 AM
 AVERAGE    65

..........................................................


THE ELY AIRPORT NV CLIMATE NORMALS FOR TOMORROW
                         NORMAL    RECORD    YEAR
 MAXIMUM TEMPERATURE (F)   71        88      2001
 MINIMUM TEMPERATURE (F)   35        22      1899


SUNRISE AND SUNSET
MAY 24 2016...........SUNRISE   519 AM PDT   SUNSET   754 PM PDT
MAY 25 2016...........SUNRISE   518 AM PDT   SUNSET   755 PM PDT


-  INDICATES NEGATIVE NUMBERS.
R  INDICATES RECORD WAS SET OR TIED.
MM INDICATES DATA IS MISSING.
T  INDICATES TRACE AMOUNT.




$$
