000
CDUS45 KLKN 250036
CLIELY


CLIMATE REPORT
NATIONAL WEATHER SERVICE ELKO NV
436 PM PST TUE JAN 24 2017


...................................

...THE ELY AIRPORT NV CLIMATE SUMMARY FOR JANUARY 24 2017...
VALID TODAY AS OF 0400 PM LOCAL TIME.

CLIMATE NORMAL PERIOD 1981 TO 2010
CLIMATE RECORD PERIOD 1893 TO 2017


WEATHER ITEM   OBSERVED TIME   RECORD YEAR NORMAL DEPARTURE LAST
                VALUE   (LST)  VALUE       VALUE  FROM      YEAR
                                                  NORMAL
..................................................................
TEMPERATURE (F)
 TODAY
  MAXIMUM         27   1153 AM  58    1959  40    -13       35
                                      1953
  MINIMUM         -8    130 AM -23    1949  12    -20       18
  AVERAGE         10                        26    -16       27

PRECIPITATION (IN)
  TODAY            T             0.88 1967   0.02  -0.02     0.01
  MONTH TO DATE    1.56                      0.54   1.02     1.60
  SINCE OCT 1      3.34                      2.83   0.51     5.96
  SINCE JAN 1      1.56                      0.54   1.02     1.60

SNOWFALL (IN)
  TODAY            0.0          11.9  1967   0.2   -0.2       T
  MONTH TO DATE   22.0                       7.1   14.9     20.7
  SINCE DEC 1     31.1                      15.5   15.6     42.8
  SINCE JUL 1     37.0                      25.0   12.0     60.5
  SNOW DEPTH       9

DEGREE DAYS
 HEATING
  TODAY           55                        39     16       38
  MONTH TO DATE 1019                       957     62     1076
  SINCE DEC 1   2246                      2189     57     2347
  SINCE JUL 1   3799                      4057   -258     3976

 COOLING
  TODAY            0                         0      0        0
  MONTH TO DATE    0                         0      0        0
  SINCE DEC 1      0                         0      0        0
  SINCE JAN 1      0                         0      0        0
..................................................................


WIND (MPH)
  HIGHEST WIND SPEED    14   HIGHEST WIND DIRECTION     S (160)
  HIGHEST GUST SPEED    16   HIGHEST GUST DIRECTION    NW (320)



WEATHER CONDITIONS
 THE FOLLOWING WEATHER WAS RECORDED TODAY.
  LIGHT SNOW


RELATIVE HUMIDITY (PERCENT)
 HIGHEST    87           300 AM
 LOWEST     55          1200 PM
 AVERAGE    71

..........................................................


THE ELY AIRPORT NV CLIMATE NORMALS FOR TOMORROW
                         NORMAL    RECORD    YEAR
 MAXIMUM TEMPERATURE (F)   40        68      1951
 MINIMUM TEMPERATURE (F)   12       -27      1949


SUNRISE AND SUNSET
JANUARY 24 2017.......SUNRISE   652 AM PST   SUNSET   451 PM PST
JANUARY 25 2017.......SUNRISE   652 AM PST   SUNSET   452 PM PST


-  INDICATES NEGATIVE NUMBERS.
R  INDICATES RECORD WAS SET OR TIED.
MM INDICATES DATA IS MISSING.
T  INDICATES TRACE AMOUNT.




$$
