000
CDUS45 KLKN 280929
CLIELY


CLIMATE REPORT
NATIONAL WEATHER SERVICE ELKO NV
226 AM PDT THU AUG 28 2014


...................................

...THE ELY AIRPORT NV CLIMATE SUMMARY FOR AUGUST 27 2014...

CLIMATE NORMAL PERIOD 1981 TO 2010
CLIMATE RECORD PERIOD 1893 TO 2014


WEATHER ITEM   OBSERVED TIME   RECORD YEAR NORMAL DEPARTURE LAST
                VALUE   (LST)  VALUE       VALUE  FROM      YEAR
                                                  NORMAL
..................................................................
TEMPERATURE (F)
 YESTERDAY
  MAXIMUM         76    418 PM  94    2001  83     -7       82
  MINIMUM         38    416 AM  29    1992  45     -7       51
  AVERAGE         57                        64     -7       67

PRECIPITATION (IN)
  YESTERDAY        0.00          0.44 1999   0.03  -0.03      T
  MONTH TO DATE    2.48                      0.79   1.69     0.40
  SINCE OCT 1      9.94                      8.82   1.12     6.86
  SINCE JAN 1      7.26                      6.53   0.73     3.76

SNOWFALL (IN)
  YESTERDAY        0.0           0.0  1893   0.0    0.0      0.0
  MONTH TO DATE    0.0                       0.0    0.0      0.0
  SINCE JUN 1      T                         0.1   -0.1      0.0
  SINCE JUL 1      0.0                       0.0    0.0      0.0
  SNOW DEPTH       0

DEGREE DAYS
 HEATING
  YESTERDAY        8                         2      6        0
  MONTH TO DATE   45                        29     16        3
  SINCE JUN 1    185                       227    -42      103
  SINCE JUL 1     45                        52     -7        8

 COOLING
  YESTERDAY        0                         1     -1        2
  MONTH TO DATE   34                        73    -39       83
  SINCE JUN 1    259                       207     52      351
  SINCE JAN 1    261                       208     53      351
..................................................................


WIND (MPH)
  HIGHEST WIND SPEED    14   HIGHEST WIND DIRECTION     S (170)
  HIGHEST GUST SPEED    20   HIGHEST GUST DIRECTION    NE (40)
  AVERAGE WIND SPEED     7.5



WEATHER CONDITIONS
 THE FOLLOWING WEATHER WAS RECORDED YESTERDAY.
  NO SIGNIFICANT WEATHER WAS OBSERVED.


RELATIVE HUMIDITY (PERCENT)
 HIGHEST   100           200 AM
 LOWEST     23           500 PM
 AVERAGE    62

..........................................................


THE ELY AIRPORT NV CLIMATE NORMALS FOR TODAY
                         NORMAL    RECORD    YEAR
 MAXIMUM TEMPERATURE (F)   83        92      2001
 MINIMUM TEMPERATURE (F)   45        31      1960


SUNRISE AND SUNSET
AUGUST 28 2014........SUNRISE   604 AM PDT   SUNSET   716 PM PDT
AUGUST 29 2014........SUNRISE   605 AM PDT   SUNSET   715 PM PDT


-  INDICATES NEGATIVE NUMBERS.
R  INDICATES RECORD WAS SET OR TIED.
MM INDICATES DATA IS MISSING.
T  INDICATES TRACE AMOUNT.




$$
