000
CDUS43 KTOP 252131
CLIEMP


CLIMATE REPORT
NATIONAL WEATHER SERVICE TOPEKA KS
430 PM CDT MON MAY 25 2015


...................................

...THE EMPORIA KS CLIMATE SUMMARY FOR MAY 25 2015...
VALID TODAY AS OF 0400 PM LOCAL TIME.

CLIMATE NORMAL PERIOD 1981 TO 2010
CLIMATE RECORD PERIOD 9999 TO 9999


WEATHER ITEM   OBSERVED NORMAL DEPARTURE LAST
                VALUE   VALUE  FROM      YEAR
                               NORMAL
...............................................
TEMPERATURE (F)
 TODAY
  MAXIMUM         81     78      3       83
  MINIMUM         57     58     -1       63
  AVERAGE         69     68      1       73

PRECIPITATION (IN)
  TODAY            0.09   0.17  -0.08     0.20
  MONTH TO DATE    6.93   3.83   3.10     3.05
  SINCE MAR 1     11.82   9.74   2.08     5.11
  SINCE JAN 1     13.22  11.60   1.62     5.60

DEGREE DAYS
 HEATING
  TODAY            0      1     -1        0
  MONTH TO DATE  101     76     25      113
  SINCE MAR 1    861    983   -122     1169
  SINCE JUL 1   4862   4805     57     5494

 COOLING
  TODAY            4      4      0        8
  MONTH TO DATE   46     65    -19      112
  SINCE MAR 1     52     88    -36      130
  SINCE JAN 1     52     88    -36      130
...............................................


WIND (MPH)
  HIGHEST WIND SPEED    30   HIGHEST WIND DIRECTION     S (180)
  HIGHEST GUST SPEED    37   HIGHEST GUST DIRECTION     S (180)
  AVERAGE WIND SPEED    13.9



WEATHER CONDITIONS
 THE FOLLOWING WEATHER WAS RECORDED TODAY.
  THUNDERSTORM
  RAIN
  LIGHT RAIN
  FOG


RELATIVE HUMIDITY (PERCENT)
 HIGHEST   100
 LOWEST     62
 AVERAGE    81

..........................................................


THE EMPORIA KS CLIMATE NORMALS FOR TOMORROW
                         NORMAL
 MAXIMUM TEMPERATURE (F)   79
 MINIMUM TEMPERATURE (F)   58


SUNRISE AND SUNSET
MAY 25 2015...........SUNRISE   607 AM CDT   SUNSET   837 PM CDT
MAY 26 2015...........SUNRISE   606 AM CDT   SUNSET   838 PM CDT


-  INDICATES NEGATIVE NUMBERS.
R  INDICATES RECORD WAS SET OR TIED.
MM INDICATES DATA IS MISSING.
T  INDICATES TRACE AMOUNT.




$$
