000
CDUS43 KTOP 210635
CLIEMP


CLIMATE REPORT
NATIONAL WEATHER SERVICE TOPEKA KS
1235 AM CST TUE FEB 21 2017


...................................

...THE EMPORIA KS CLIMATE SUMMARY FOR FEBRUARY 20 2017...

CLIMATE NORMAL PERIOD 1981 TO 2010
CLIMATE RECORD PERIOD 9999 TO 9999


WEATHER ITEM   OBSERVED NORMAL DEPARTURE LAST
                VALUE   VALUE  FROM      YEAR
                               NORMAL
...............................................
TEMPERATURE (F)
 YESTERDAY
  MAXIMUM         63     48     15       71
  MINIMUM         48     26     22       35
  AVERAGE         56     37     19       53

PRECIPITATION (IN)
  YESTERDAY        0.68   0.05   0.63     0.00
  MONTH TO DATE    0.68   0.88  -0.20     0.71
  SINCE DEC 1      2.50   2.86  -0.36     4.26
  SINCE JAN 1      1.73   1.51   0.22     1.17

DEGREE DAYS
 HEATING
  YESTERDAY        9     28    -19       12
  MONTH TO DATE  431    619   -188      504
  SINCE DEC 1   2403   2667   -264     2200
  SINCE JUL 1   2953   3607   -654     2919

 COOLING
  YESTERDAY        0      0      0        0
  MONTH TO DATE    0      0      0        0
  SINCE DEC 1      0      0      0        0
  SINCE JAN 1      0      0      0        0
...............................................


WIND (MPH)
  HIGHEST WIND SPEED    23   HIGHEST WIND DIRECTION    SW (220)
  HIGHEST GUST SPEED    31   HIGHEST GUST DIRECTION    SE (120)
  AVERAGE WIND SPEED    11.0


SKY COVER
  AVERAGE SKY COVER 0.5


WEATHER CONDITIONS
 THE FOLLOWING WEATHER WAS RECORDED YESTERDAY.
  THUNDERSTORM
  HEAVY RAIN
  RAIN
  LIGHT RAIN
  FOG
  HAZE


RELATIVE HUMIDITY (PERCENT)
 HIGHEST   100
 LOWEST     67
 AVERAGE    84

..........................................................


THE EMPORIA KS CLIMATE NORMALS FOR TODAY
                         NORMAL
 MAXIMUM TEMPERATURE (F)   48
 MINIMUM TEMPERATURE (F)   26


SUNRISE AND SUNSET
FEBRUARY 21 2017......SUNRISE   707 AM CST   SUNSET   610 PM CST
FEBRUARY 22 2017......SUNRISE   706 AM CST   SUNSET   611 PM CST


-  INDICATES NEGATIVE NUMBERS.
R  INDICATES RECORD WAS SET OR TIED.
MM INDICATES DATA IS MISSING.
T  INDICATES TRACE AMOUNT.




$$
