000
CDUS43 KTOP 250632
CLIEMP


CLIMATE REPORT
NATIONAL WEATHER SERVICE TOPEKA KS
131 AM CDT SUN SEP 25 2016


...................................

...THE EMPORIA KS CLIMATE SUMMARY FOR SEPTEMBER 24 2016...

CLIMATE NORMAL PERIOD 1981 TO 2010
CLIMATE RECORD PERIOD 9999 TO 9999


WEATHER ITEM   OBSERVED NORMAL DEPARTURE LAST
                VALUE   VALUE  FROM      YEAR
                               NORMAL
...............................................
TEMPERATURE (F)
 YESTERDAY
  MAXIMUM         88     78     10       85
  MINIMUM         66     53     13       65
  AVERAGE         77     65     12       75

PRECIPITATION (IN)
  YESTERDAY        1.73   0.12   1.61     0.00
  MONTH TO DATE    7.10   2.77   4.33     1.19
  SINCE SEP 1      7.10   2.77   4.33     1.19
  SINCE JAN 1     35.69  29.38   6.31    26.81

DEGREE DAYS
 HEATING
  YESTERDAY        0      3     -3        0
  MONTH TO DATE    0     24    -24       13
  SINCE SEP 1      0     24    -24       13
  SINCE JUL 1      0     25    -25       13

 COOLING
  YESTERDAY       12      3      9       10
  MONTH TO DATE  221    147     74      251
  SINCE SEP 1    221    147     74      251
  SINCE JAN 1   1557   1355    202     1430
...............................................


WIND (MPH)
  HIGHEST WIND SPEED    25   HIGHEST WIND DIRECTION     W (260)
  HIGHEST GUST SPEED    37   HIGHEST GUST DIRECTION     W (270)
  AVERAGE WIND SPEED    12.3


SKY COVER
  AVERAGE SKY COVER 0.5


WEATHER CONDITIONS
 THE FOLLOWING WEATHER WAS RECORDED YESTERDAY.
  THUNDERSTORM
  HEAVY RAIN
  RAIN
  LIGHT RAIN
  FOG
  HAZE


RELATIVE HUMIDITY (PERCENT)
 HIGHEST   100
 LOWEST     55
 AVERAGE    78

..........................................................


THE EMPORIA KS CLIMATE NORMALS FOR TODAY
                         NORMAL
 MAXIMUM TEMPERATURE (F)   77
 MINIMUM TEMPERATURE (F)   53


SUNRISE AND SUNSET
SEPTEMBER 25 2016.....SUNRISE   716 AM CDT   SUNSET   716 PM CDT
SEPTEMBER 26 2016.....SUNRISE   717 AM CDT   SUNSET   715 PM CDT


-  INDICATES NEGATIVE NUMBERS.
R  INDICATES RECORD WAS SET OR TIED.
MM INDICATES DATA IS MISSING.
T  INDICATES TRACE AMOUNT.




$$
