000
CDUS43 KTOP 240639
CLIEMP


CLIMATE REPORT
NATIONAL WEATHER SERVICE TOPEKA KS
139 AM CDT WED AUG 24 2016


...................................

...THE EMPORIA KS CLIMATE SUMMARY FOR AUGUST 23 2016...

CLIMATE NORMAL PERIOD 1981 TO 2010
CLIMATE RECORD PERIOD 9999 TO 9999


WEATHER ITEM   OBSERVED NORMAL DEPARTURE LAST
                VALUE   VALUE  FROM      YEAR
                               NORMAL
...............................................
TEMPERATURE (F)
 YESTERDAY
  MAXIMUM         87     89     -2       75
  MINIMUM         67     64      3       58
  AVERAGE         77     77      0       67

PRECIPITATION (IN)
  YESTERDAY        T      0.16  -0.16     1.01
  MONTH TO DATE    3.12   2.56   0.56     3.51
  SINCE JUN 1      9.16  12.67  -3.51    10.51
  SINCE JAN 1     24.89  25.35  -0.46    25.55

DEGREE DAYS
 HEATING
  YESTERDAY        0      0      0        0
  MONTH TO DATE    0      0      0        0
  SINCE JUN 1      0      8     -8        3
  SINCE JUL 1      0      0      0        0

 COOLING
  YESTERDAY       12     12      0        2
  MONTH TO DATE  295    305    -10      240
  SINCE JUN 1   1163   1002    161     1057
  SINCE JAN 1   1239   1121    118     1125
...............................................


WIND (MPH)
  HIGHEST WIND SPEED    31   HIGHEST WIND DIRECTION     S (180)
  HIGHEST GUST SPEED    39   HIGHEST GUST DIRECTION     S (190)
  AVERAGE WIND SPEED    16.6


SKY COVER
  AVERAGE SKY COVER 0.5


WEATHER CONDITIONS
 THE FOLLOWING WEATHER WAS RECORDED YESTERDAY.
  THUNDERSTORM


RELATIVE HUMIDITY (PERCENT)
 HIGHEST    97
 LOWEST     61
 AVERAGE    79

..........................................................


THE EMPORIA KS CLIMATE NORMALS FOR TODAY
                         NORMAL
 MAXIMUM TEMPERATURE (F)   89
 MINIMUM TEMPERATURE (F)   64


SUNRISE AND SUNSET
AUGUST 24 2016........SUNRISE   648 AM CDT   SUNSET   806 PM CDT
AUGUST 25 2016........SUNRISE   649 AM CDT   SUNSET   804 PM CDT


-  INDICATES NEGATIVE NUMBERS.
R  INDICATES RECORD WAS SET OR TIED.
MM INDICATES DATA IS MISSING.
T  INDICATES TRACE AMOUNT.




$$
