224
CDUS43 KTOP 020659
CLIEMP


CLIMATE REPORT
NATIONAL WEATHER SERVICE TOPEKA KS
159 AM CDT MON MAY 2 2016


...................................

...THE EMPORIA KS CLIMATE SUMMARY FOR MAY 1 2016...

CLIMATE NORMAL PERIOD 1981 TO 2010
CLIMATE RECORD PERIOD 9999 TO 9999


WEATHER ITEM   OBSERVED NORMAL DEPARTURE LAST
                VALUE   VALUE  FROM      YEAR
                               NORMAL
...............................................
TEMPERATURE (F)
 YESTERDAY
  MAXIMUM         61     72    -11       76
  MINIMUM         43     50     -7       43
  AVERAGE         52     61     -9       60

PRECIPITATION (IN)
  YESTERDAY        0.00   0.17  -0.17     0.00
  MONTH TO DATE    0.00   0.17  -0.17     0.00
  SINCE MAR 1      8.15   6.08   2.07     4.89
  SINCE JAN 1      9.32   7.94   1.38     6.29

DEGREE DAYS
 HEATING
  YESTERDAY       13      5      8        5
  MONTH TO DATE   13      5      8        5
  SINCE MAR 1    678    912   -234      765
  SINCE JUL 1   3791   4734   -943     4766

 COOLING
  YESTERDAY        0      1     -1        0
  MONTH TO DATE    0      1     -1        0
  SINCE MAR 1     20     24     -4        6
  SINCE JAN 1     20     24     -4        6
...............................................


WIND (MPH)
  HIGHEST WIND SPEED    20   HIGHEST WIND DIRECTION    NW (320)
  HIGHEST GUST SPEED    28   HIGHEST GUST DIRECTION     W (290)
  AVERAGE WIND SPEED    10.3


SKY COVER
  AVERAGE SKY COVER 0.5


WEATHER CONDITIONS
 THE FOLLOWING WEATHER WAS RECORDED YESTERDAY.
  NO SIGNIFICANT WEATHER WAS OBSERVED.


RELATIVE HUMIDITY (PERCENT)
 HIGHEST    92
 LOWEST     60
 AVERAGE    76

..........................................................


THE EMPORIA KS CLIMATE NORMALS FOR TODAY
                         NORMAL
 MAXIMUM TEMPERATURE (F)   73
 MINIMUM TEMPERATURE (F)   50


SUNRISE AND SUNSET
MAY  2 2016...........SUNRISE   626 AM CDT   SUNSET   818 PM CDT
MAY  3 2016...........SUNRISE   625 AM CDT   SUNSET   819 PM CDT


-  INDICATES NEGATIVE NUMBERS.
R  INDICATES RECORD WAS SET OR TIED.
MM INDICATES DATA IS MISSING.
T  INDICATES TRACE AMOUNT.




$$
