000
CDUS43 KTOP 220631
CLIEMP


CLIMATE REPORT
NATIONAL WEATHER SERVICE TOPEKA KS
131 AM CDT MON MAY 22 2017


...................................

...THE EMPORIA KS CLIMATE SUMMARY FOR MAY 21 2017...

CLIMATE NORMAL PERIOD 1981 TO 2010
CLIMATE RECORD PERIOD 9999 TO 9999


WEATHER ITEM   OBSERVED NORMAL DEPARTURE LAST
                VALUE   VALUE  FROM      YEAR
                               NORMAL
...............................................
TEMPERATURE (F)
 YESTERDAY
  MAXIMUM         72     77     -5       72
  MINIMUM         42     57    -15       51
  AVERAGE         57     67    -10       62

PRECIPITATION (IN)
  YESTERDAY        0.00   0.17  -0.17     0.00
  MONTH TO DATE    2.74   3.16  -0.42     2.21
  SINCE MAR 1     13.21   9.07   4.14    10.36
  SINCE JAN 1     14.95  10.93   4.02    11.53

DEGREE DAYS
 HEATING
  YESTERDAY        8      2      6        3
  MONTH TO DATE   76     69      7      124
  SINCE MAR 1    807    976   -169      789
  SINCE JUL 1   3898   4798   -900     3902

 COOLING
  YESTERDAY        0      4     -4        0
  MONTH TO DATE   60     49     11       10
  SINCE MAR 1    102     72     30       30
  SINCE JAN 1    102     72     30       30
...............................................


WIND (MPH)
  HIGHEST WIND SPEED    14   HIGHEST WIND DIRECTION     W (290)
  HIGHEST GUST SPEED    19   HIGHEST GUST DIRECTION     W (290)
  AVERAGE WIND SPEED     6.1


SKY COVER
  AVERAGE SKY COVER 0.0


WEATHER CONDITIONS
 THE FOLLOWING WEATHER WAS RECORDED YESTERDAY.
  NO SIGNIFICANT WEATHER WAS OBSERVED.


RELATIVE HUMIDITY (PERCENT)
 HIGHEST    89
 LOWEST     40
 AVERAGE    65

..........................................................


THE EMPORIA KS CLIMATE NORMALS FOR TODAY
                         NORMAL
 MAXIMUM TEMPERATURE (F)   78
 MINIMUM TEMPERATURE (F)   57


SUNRISE AND SUNSET
MAY 22 2017...........SUNRISE   608 AM CDT   SUNSET   835 PM CDT
MAY 23 2017...........SUNRISE   607 AM CDT   SUNSET   836 PM CDT


-  INDICATES NEGATIVE NUMBERS.
R  INDICATES RECORD WAS SET OR TIED.
MM INDICATES DATA IS MISSING.
T  INDICATES TRACE AMOUNT.




$$
