000
CDUS43 KTOP 040635
CLIEMP


CLIMATE REPORT
NATIONAL WEATHER SERVICE TOPEKA KS
1234 AM CST WED MAR 4 2015


...................................

...THE EMPORIA KS CLIMATE SUMMARY FOR MARCH 3 2015...

CLIMATE NORMAL PERIOD 1981 TO 2010
CLIMATE RECORD PERIOD 9999 TO 9999


WEATHER ITEM   OBSERVED NORMAL DEPARTURE LAST
                VALUE   VALUE  FROM      YEAR
                               NORMAL
...............................................
TEMPERATURE (F)
 YESTERDAY
  MAXIMUM         49     52     -3       20
  MINIMUM         30     29      1       -4
  AVERAGE         40     41     -1        8

PRECIPITATION (IN)
  YESTERDAY        0.00   0.08  -0.08     0.00
  MONTH TO DATE    0.04   0.23  -0.19     0.09
  SINCE MAR 1      0.04   0.23  -0.19     0.09
  SINCE JAN 1      1.44   2.09  -0.65     0.58

DEGREE DAYS
 HEATING
  YESTERDAY       25     24      1       57
  MONTH TO DATE  101     74     27      161
  SINCE MAR 1    101     74     27      161
  SINCE JUL 1   4102   3896    206     4486

 COOLING
  YESTERDAY        0      0      0        0
  MONTH TO DATE    0      0      0        0
  SINCE MAR 1      0      0      0        0
  SINCE JAN 1      0      0      0        0
...............................................


WIND (MPH)
  HIGHEST WIND SPEED    30   HIGHEST WIND DIRECTION    SW (210)
  HIGHEST GUST SPEED    39   HIGHEST GUST DIRECTION    SW (210)
  AVERAGE WIND SPEED    16.2


SKY COVER
  AVERAGE SKY COVER 0.5


WEATHER CONDITIONS
 THE FOLLOWING WEATHER WAS RECORDED YESTERDAY.
  FOG


RELATIVE HUMIDITY (PERCENT)
 HIGHEST   100
 LOWEST     53
 AVERAGE    77

..........................................................


THE EMPORIA KS CLIMATE NORMALS FOR TODAY
                         NORMAL
 MAXIMUM TEMPERATURE (F)   52
 MINIMUM TEMPERATURE (F)   29


SUNRISE AND SUNSET
MARCH  4 2015.........SUNRISE   653 AM CST   SUNSET   621 PM CST
MARCH  5 2015.........SUNRISE   651 AM CST   SUNSET   622 PM CST


-  INDICATES NEGATIVE NUMBERS.
R  INDICATES RECORD WAS SET OR TIED.
MM INDICATES DATA IS MISSING.
T  INDICATES TRACE AMOUNT.




$$
