000
CDUS46 KOTX 310832
CLIEPH


CLIMATE REPORT
NATIONAL WEATHER SERVICE SPOKANE, WA
130 AM PDT MON AUG 31 2015


...................................

...THE EPHRATA WA AIRPORT CLIMATE SUMMARY FOR AUGUST 30 2015...

CLIMATE NORMAL PERIOD 1981 TO 2010
CLIMATE RECORD PERIOD 9999 TO 9999


WEATHER ITEM   OBSERVED TIME   RECORD YEAR NORMAL DEPARTURE LAST
                VALUE   (LST)  VALUE       VALUE  FROM      YEAR
                                                  NORMAL
..................................................................
TEMPERATURE (F)
 YESTERDAY
  MAXIMUM         75    251 PM 102    1967  84     -9       78
  MINIMUM         54    135 AM  47    2012  55     -1       55
                                      1959
  AVERAGE         65                        69     -4       67

PRECIPITATION (IN)
  YESTERDAY        0.09          0.32 1977   0.00   0.09      T
  MONTH TO DATE    0.09                      0.18  -0.09     0.83
  SINCE OCT 1      6.99                      7.48  -0.49     4.64
  SINCE JAN 1      4.20                      4.65  -0.45     3.89

SNOWFALL (IN)
  YESTERDAY       MM

DEGREE DAYS
 HEATING
  YESTERDAY        0                         1     -1        0
  MONTH TO DATE    0                         4     -4        0
  SINCE JUN 1      4                        72    -68       24
  SINCE JUL 1      0                        12    -12        1

 COOLING
  YESTERDAY        0                         5     -5        2
  MONTH TO DATE  324                       249     75      367
  SINCE JUN 1   1149                       652    497      986
  SINCE JAN 1   1234                       689    545     1030
..................................................................


WIND (MPH)
  HIGHEST WIND SPEED    26   HIGHEST WIND DIRECTION     W (260)
  HIGHEST GUST SPEED    31   HIGHEST GUST DIRECTION     W (260)
  AVERAGE WIND SPEED    10.1


SKY COVER
  POSSIBLE SUNSHINE  MM
  AVERAGE SKY COVER 0.2


WEATHER CONDITIONS
 THE FOLLOWING WEATHER WAS RECORDED YESTERDAY.
  RAIN
  LIGHT RAIN
  FOG


RELATIVE HUMIDITY (PERCENT)
 HIGHEST    87           800 AM
 LOWEST     27           400 PM
 AVERAGE    57

..........................................................


THE EPHRATA WA AIRPORT CLIMATE NORMALS FOR TODAY
                         NORMAL    RECORD    YEAR
 MAXIMUM TEMPERATURE (F)   83       101      1967
 MINIMUM TEMPERATURE (F)   55        44      2006


SUNRISE AND SUNSET
AUGUST 31 2015........SUNRISE   615 AM PDT   SUNSET   740 PM PDT
SEPTEMBER  1 2015.....SUNRISE   617 AM PDT   SUNSET   738 PM PDT


-  INDICATES NEGATIVE NUMBERS.
R  INDICATES RECORD WAS SET OR TIED.
MM INDICATES DATA IS MISSING.
T  INDICATES TRACE AMOUNT.




$$
