000
CDUS46 KOTX 190828
CLIEPH


CLIMATE REPORT
NATIONAL WEATHER SERVICE SPOKANE, WA
1227 AM PST THU JAN 19 2017


...................................

...THE EPHRATA WA AIRPORT CLIMATE SUMMARY FOR JANUARY 18 2017...

CLIMATE NORMAL PERIOD 1981 TO 2010
CLIMATE RECORD PERIOD 9999 TO 9999


WEATHER ITEM   OBSERVED TIME   RECORD YEAR NORMAL DEPARTURE LAST
                VALUE   (LST)  VALUE       VALUE  FROM      YEAR
                                                  NORMAL
..................................................................
TEMPERATURE (F)
 YESTERDAY
  MAXIMUM         35   1028 PM  58    1989  36     -1       36
  MINIMUM         25    132 AM  -6    1960  23      2       25
  AVERAGE         30                        29      1       31

PRECIPITATION (IN)
  YESTERDAY        0.24          0.46 1974   0.02   0.22     0.00
  MONTH TO DATE    0.68                      0.57   0.11     0.83
  SINCE OCT 1      4.28                      3.40   0.88     3.55
  SINCE JAN 1      0.68                      0.57   0.11     0.83

SNOWFALL (IN)
  YESTERDAY       MM

DEGREE DAYS
 HEATING
  YESTERDAY       35                        36     -1       34
  MONTH TO DATE  903                       671    232      647
  SINCE DEC 1   2193                      1838    355     1690
  SINCE JUL 1   3316                      3257     59     2846

 COOLING
  YESTERDAY        0                         0      0        0
  MONTH TO DATE    0                         0      0        0
  SINCE DEC 1      0                         0      0        0
  SINCE JAN 1      0                         0      0        0
..................................................................


WIND (MPH)
  HIGHEST WIND SPEED    12   HIGHEST WIND DIRECTION     N (340)
  HIGHEST GUST SPEED    14   HIGHEST GUST DIRECTION    NW (300)
  AVERAGE WIND SPEED     4.8


SKY COVER
  POSSIBLE SUNSHINE  MM
  AVERAGE SKY COVER 0.9


WEATHER CONDITIONS
 THE FOLLOWING WEATHER WAS RECORDED YESTERDAY.
  RAIN
  LIGHT RAIN
  LT FREEZING RAIN
  FOG
  HAZE


RELATIVE HUMIDITY (PERCENT)
 HIGHEST    89           900 PM
 LOWEST     72           600 AM
 AVERAGE    81

..........................................................


THE EPHRATA WA AIRPORT CLIMATE NORMALS FOR TODAY
                         NORMAL    RECORD    YEAR
 MAXIMUM TEMPERATURE (F)   36        56      1968
 MINIMUM TEMPERATURE (F)   23        -4      1960


SUNRISE AND SUNSET
JANUARY 19 2017.......SUNRISE   737 AM PST   SUNSET   441 PM PST
JANUARY 20 2017.......SUNRISE   736 AM PST   SUNSET   443 PM PST


-  INDICATES NEGATIVE NUMBERS.
R  INDICATES RECORD WAS SET OR TIED.
MM INDICATES DATA IS MISSING.
T  INDICATES TRACE AMOUNT.




$$
