000
CDUS46 KOTX 260824
CLIEPH


CLIMATE REPORT
NATIONAL WEATHER SERVICE SPOKANE, WA
123 AM PDT MON JUN 26 2017


...................................

...THE EPHRATA WA AIRPORT CLIMATE SUMMARY FOR JUNE 25 2017...

CLIMATE NORMAL PERIOD 1981 TO 2010
CLIMATE RECORD PERIOD 9999 TO 9999


WEATHER ITEM   OBSERVED TIME   RECORD YEAR NORMAL DEPARTURE LAST
                VALUE   (LST)  VALUE       VALUE  FROM      YEAR
                                                  NORMAL
..................................................................
TEMPERATURE (F)
 YESTERDAY
  MAXIMUM         99    432 PM 100    1992  82     17       77
  MINIMUM         60    411 AM  42    2001  56      4       47
                                      1966
  AVERAGE         80                        69     11       62

PRECIPITATION (IN)
  YESTERDAY        0.00          0.07 1999   0.02  -0.02     0.00
  MONTH TO DATE    0.24                      0.54  -0.30     1.27
  SINCE OCT 1      9.35                      6.83   2.52     8.69
  SINCE JAN 1      5.75                      4.00   1.75     5.97

SNOWFALL (IN)
  YESTERDAY       MM

DEGREE DAYS
 HEATING
  YESTERDAY        0                         1     -1        3
  MONTH TO DATE   43                        54    -11       70
  SINCE JUN 1     43                        54    -11       70
  SINCE JUL 1   6141                      5963    178     4932

 COOLING
  YESTERDAY       15                         5     10        0
  MONTH TO DATE  101                        81     20      105
  SINCE JUN 1    101                        81     20      105
  SINCE JAN 1    159                       118     41      137
..................................................................


WIND (MPH)
  HIGHEST WIND SPEED    14   HIGHEST WIND DIRECTION     W (250)
  HIGHEST GUST SPEED    19   HIGHEST GUST DIRECTION    NE (40)
  AVERAGE WIND SPEED     6.8


SKY COVER
  POSSIBLE SUNSHINE  MM
  AVERAGE SKY COVER 0.0


WEATHER CONDITIONS
 THE FOLLOWING WEATHER WAS RECORDED YESTERDAY.
  NO SIGNIFICANT WEATHER WAS OBSERVED.


RELATIVE HUMIDITY (PERCENT)
 HIGHEST    42           600 AM
 LOWEST     10           300 PM
 AVERAGE    26

..........................................................


THE EPHRATA WA AIRPORT CLIMATE NORMALS FOR TODAY
                         NORMAL    RECORD    YEAR
 MAXIMUM TEMPERATURE (F)   83       102      2006
 MINIMUM TEMPERATURE (F)   56        41      1974


SUNRISE AND SUNSET
JUNE 26 2017..........SUNRISE   503 AM PDT   SUNSET   859 PM PDT
JUNE 27 2017..........SUNRISE   504 AM PDT   SUNSET   858 PM PDT


-  INDICATES NEGATIVE NUMBERS.
R  INDICATES RECORD WAS SET OR TIED.
MM INDICATES DATA IS MISSING.
T  INDICATES TRACE AMOUNT.




$$
