000
CDUS46 KOTX 220821
CLIEPH


CLIMATE REPORT
NATIONAL WEATHER SERVICE SPOKANE, WA
121 AM PDT MON SEP 22 2014


...................................

...THE EPHRATA WA AIRPORT CLIMATE SUMMARY FOR SEPTEMBER 21 2014...

CLIMATE NORMAL PERIOD 1981 TO 2010
CLIMATE RECORD PERIOD 9999 TO 9999


WEATHER ITEM   OBSERVED TIME   RECORD YEAR NORMAL DEPARTURE LAST
                VALUE   (LST)  VALUE       VALUE  FROM      YEAR
                                                  NORMAL
..................................................................
TEMPERATURE (F)
 YESTERDAY
  MAXIMUM         90    322 PM  94    1967  76     14       75
  MINIMUM         63   1157 PM  36    1996  48     15       55
  AVERAGE         77                        62     15       65

PRECIPITATION (IN)
  YESTERDAY        0.00          0.04 1959   0.01  -0.01     0.00
  MONTH TO DATE    T                         0.23  -0.23     0.50
  SINCE OCT 1      4.64                      7.72  -3.08     8.54
  SINCE JAN 1      3.89                      4.89  -1.00     4.74

SNOWFALL (IN)
  YESTERDAY       MM            MM      MM   0.0   MM       MM
  MONTH TO DATE   MM                         0.0   MM       MM
  SINCE SEP 1     MM                         0.0   MM       MM
  SINCE JUL 1     MM                         0.0   MM       MM
  SNOW DEPTH      MM

DEGREE DAYS
 HEATING
  YESTERDAY        0                         5     -5        0
  MONTH TO DATE   17                        53    -36       19
  SINCE SEP 1     17                        53    -36       19
  SINCE JUL 1     18                        70    -52       19

 COOLING
  YESTERDAY       12                         2     10        0
  MONTH TO DATE   84                        65     19      160
  SINCE SEP 1     84                        65     19      160
  SINCE JAN 1   1117                       759    358     1084
..................................................................


WIND (MPH)
  HIGHEST WIND SPEED    14   HIGHEST WIND DIRECTION    NW (320)
  HIGHEST GUST SPEED    16   HIGHEST GUST DIRECTION    NW (320)
  AVERAGE WIND SPEED     5.9


SKY COVER
  POSSIBLE SUNSHINE  MM
  AVERAGE SKY COVER 0.0


WEATHER CONDITIONS
 THE FOLLOWING WEATHER WAS RECORDED YESTERDAY.
  NO SIGNIFICANT WEATHER WAS OBSERVED.


RELATIVE HUMIDITY (PERCENT)
 HIGHEST    44          1100 PM
 LOWEST     17           200 PM
 AVERAGE    31

..........................................................


THE EPHRATA WA AIRPORT CLIMATE NORMALS FOR TODAY
                         NORMAL    RECORD    YEAR
 MAXIMUM TEMPERATURE (F)   76        96      1966
 MINIMUM TEMPERATURE (F)   48        35      1956


SUNRISE AND SUNSET
SEPTEMBER 22 2014.....SUNRISE   645 AM PDT   SUNSET   656 PM PDT
SEPTEMBER 23 2014.....SUNRISE   646 AM PDT   SUNSET   654 PM PDT


-  INDICATES NEGATIVE NUMBERS.
R  INDICATES RECORD WAS SET OR TIED.
MM INDICATES DATA IS MISSING.
T  INDICATES TRACE AMOUNT.




$$
