000
CDUS46 KOTX 260828
CLIEPH


CLIMATE REPORT
NATIONAL WEATHER SERVICE SPOKANE, WA
1228 AM PST WED NOV 26 2014


...................................

...THE EPHRATA WA AIRPORT CLIMATE SUMMARY FOR NOVEMBER 25 2014...

CLIMATE NORMAL PERIOD 1981 TO 2010
CLIMATE RECORD PERIOD 9999 TO 9999


WEATHER ITEM   OBSERVED TIME   RECORD YEAR NORMAL DEPARTURE LAST
                VALUE   (LST)  VALUE       VALUE  FROM      YEAR
                                                  NORMAL
..................................................................
TEMPERATURE (F)
 YESTERDAY
  MAXIMUM         41    132 PM  60    1962  40      1       41
  MINIMUM         32    205 AM  -3    1985  26      6       18
  AVERAGE         37                        33      4       30

PRECIPITATION (IN)
  YESTERDAY        0.22          0.35 2005   0.04   0.18     0.00
  MONTH TO DATE    0.88                      0.86   0.02     0.59
  SINCE OCT 1      2.02                      1.39   0.63     0.73
  SINCE JAN 1      6.20                      6.41  -0.21     5.70

SNOWFALL (IN)
  YESTERDAY       MM

DEGREE DAYS
 HEATING
  YESTERDAY       28                        32     -4       35
  MONTH TO DATE  683                       673     10      628
  SINCE SEP 1    999                      1237   -238     1196
  SINCE JUL 1   1000                      1254   -254     1196

 COOLING
  YESTERDAY        0                         0      0        0
  MONTH TO DATE    0                         0      0        0
  SINCE SEP 1    104                        78     26      160
  SINCE JAN 1   1137                       772    365     1084
..................................................................


WIND (MPH)
  HIGHEST WIND SPEED    17   HIGHEST WIND DIRECTION     N (340)
  HIGHEST GUST SPEED    19   HIGHEST GUST DIRECTION     N (340)
  AVERAGE WIND SPEED     8.9


SKY COVER
  POSSIBLE SUNSHINE  MM
  AVERAGE SKY COVER 0.7


WEATHER CONDITIONS
 THE FOLLOWING WEATHER WAS RECORDED YESTERDAY.
  LIGHT RAIN
  FOG


RELATIVE HUMIDITY (PERCENT)
 HIGHEST   100          1200 AM
 LOWEST     85           700 AM
 AVERAGE    93

..........................................................


THE EPHRATA WA AIRPORT CLIMATE NORMALS FOR TODAY
                         NORMAL    RECORD    YEAR
 MAXIMUM TEMPERATURE (F)   40        57      1998
 MINIMUM TEMPERATURE (F)   26        -4      1985


SUNRISE AND SUNSET
NOVEMBER 26 2014......SUNRISE   718 AM PST   SUNSET   413 PM PST
NOVEMBER 27 2014......SUNRISE   719 AM PST   SUNSET   412 PM PST


-  INDICATES NEGATIVE NUMBERS.
R  INDICATES RECORD WAS SET OR TIED.
MM INDICATES DATA IS MISSING.
T  INDICATES TRACE AMOUNT.




$$
