000
CDUS46 KOTX 170819
CLIEPH


CLIMATE REPORT
NATIONAL WEATHER SERVICE SPOKANE, WA
119 AM PDT THU AUG 17 2017


...................................

...THE EPHRATA WA AIRPORT CLIMATE SUMMARY FOR AUGUST 16 2017...

CLIMATE NORMAL PERIOD 1981 TO 2010
CLIMATE RECORD PERIOD 9999 TO 9999


WEATHER ITEM   OBSERVED TIME   RECORD YEAR NORMAL DEPARTURE LAST
                VALUE   (LST)  VALUE       VALUE  FROM      YEAR
                                                  NORMAL
..................................................................
TEMPERATURE (F)
 YESTERDAY
  MAXIMUM         92        MM 104    1967  87      5       97
  MINIMUM         54        MM  45    1976  59     -5       61
  AVERAGE         73                        73      0       79

PRECIPITATION (IN)
  YESTERDAY        0.00          0.09 1953   0.01  -0.01     0.00
  MONTH TO DATE    0.06                      0.12  -0.06      T
  SINCE OCT 1      9.41                      7.42   1.99     9.01
  SINCE JAN 1      5.81                      4.59   1.22     6.29

SNOWFALL (IN)
  YESTERDAY       MM

DEGREE DAYS
 HEATING
  YESTERDAY        0                         0      0        0
  MONTH TO DATE    0                         0      0        2
  SINCE JUN 1     43                        68    -25       72
  SINCE JUL 1      0                         8     -8        2

 COOLING
  YESTERDAY        8                         8      0       14
  MONTH TO DATE  243                       157     86      130
  SINCE JUN 1    769                       560    209      557
  SINCE JAN 1    827                       597    230      589
..................................................................


WIND (MPH)
  HIGHEST WIND SPEED    24   HIGHEST WIND DIRECTION    NW (310)
  HIGHEST GUST SPEED    33   HIGHEST GUST DIRECTION    NW (310)
  AVERAGE WIND SPEED    10.0


SKY COVER
  POSSIBLE SUNSHINE  MM
  AVERAGE SKY COVER 0.0


WEATHER CONDITIONS
 THE FOLLOWING WEATHER WAS RECORDED YESTERDAY.
  NO SIGNIFICANT WEATHER WAS OBSERVED.


RELATIVE HUMIDITY (PERCENT)
 HIGHEST    61           500 AM
 LOWEST     18           500 PM
 AVERAGE    40

..........................................................


THE EPHRATA WA AIRPORT CLIMATE NORMALS FOR TODAY
                         NORMAL    RECORD    YEAR
 MAXIMUM TEMPERATURE (F)   87       106      2008
 MINIMUM TEMPERATURE (F)   59        45      1976


SUNRISE AND SUNSET
AUGUST 17 2017........SUNRISE   558 AM PDT   SUNSET   805 PM PDT
AUGUST 18 2017........SUNRISE   559 AM PDT   SUNSET   804 PM PDT


-  INDICATES NEGATIVE NUMBERS.
R  INDICATES RECORD WAS SET OR TIED.
MM INDICATES DATA IS MISSING.
T  INDICATES TRACE AMOUNT.




$$
