000
CDUS46 KOTX 040819
CLIEPH


CLIMATE REPORT
NATIONAL WEATHER SERVICE SPOKANE, WA
118 AM PDT SAT JUL 4 2015


...................................

...THE EPHRATA WA AIRPORT CLIMATE SUMMARY FOR JULY 3 2015...

CLIMATE NORMAL PERIOD 1981 TO 2010
CLIMATE RECORD PERIOD 9999 TO 9999


WEATHER ITEM   OBSERVED TIME   RECORD YEAR NORMAL DEPARTURE LAST
                VALUE   (LST)  VALUE       VALUE  FROM      YEAR
                                                  NORMAL
..................................................................
TEMPERATURE (F)
 YESTERDAY
  MAXIMUM        105R       MM 103    1968  85     20       90
  MINIMUM         77        MM  44    1990  58     19       67
  AVERAGE         91                        71     20       79

PRECIPITATION (IN)
  YESTERDAY        0.00          0.12 1966   0.01  -0.01     0.00
  MONTH TO DATE    0.00                      0.04  -0.04      T
  SINCE OCT 1      6.85                      6.94  -0.09     3.81
  SINCE JAN 1      4.06                      4.11  -0.05     3.06

SNOWFALL (IN)
  YESTERDAY       MM

DEGREE DAYS
 HEATING
  YESTERDAY        0                         1     -1        0
  MONTH TO DATE    0                         3     -3        0
  SINCE JUN 1      4                        63    -59       23
  SINCE JUL 1      0                         3     -3        0

 COOLING
  YESTERDAY       26                         7     19       14
  MONTH TO DATE   73                        20     53       45
  SINCE JUN 1    446                       130    316      191
  SINCE JAN 1    531                       167    364      235
..................................................................


WIND (MPH)
  HIGHEST WIND SPEED    18   HIGHEST WIND DIRECTION    NW (310)
  HIGHEST GUST SPEED    21   HIGHEST GUST DIRECTION     W (260)
  AVERAGE WIND SPEED     9.8


SKY COVER
  POSSIBLE SUNSHINE  MM
  AVERAGE SKY COVER 0.0


WEATHER CONDITIONS
 THE FOLLOWING WEATHER WAS RECORDED YESTERDAY.
  NO SIGNIFICANT WEATHER WAS OBSERVED.


RELATIVE HUMIDITY (PERCENT)
 HIGHEST    35           400 AM
 LOWEST     10           400 PM
 AVERAGE    23

..........................................................


THE EPHRATA WA AIRPORT CLIMATE NORMALS FOR TODAY
                         NORMAL    RECORD    YEAR
 MAXIMUM TEMPERATURE (F)   85       106      1968
 MINIMUM TEMPERATURE (F)   58        45      1989


SUNRISE AND SUNSET
JULY  4 2015..........SUNRISE   508 AM PDT   SUNSET   857 PM PDT
JULY  5 2015..........SUNRISE   508 AM PDT   SUNSET   857 PM PDT


-  INDICATES NEGATIVE NUMBERS.
R  INDICATES RECORD WAS SET OR TIED.
MM INDICATES DATA IS MISSING.
T  INDICATES TRACE AMOUNT.




$$
