000
CDUS41 KCLE 230527
CLIERI


CLIMATE REPORT
NATIONAL WEATHER SERVICE CLEVELAND OH
1227 AM EST SUN NOV 23 2014


...................................

...THE ERIE PA CLIMATE SUMMARY FOR NOVEMBER 22 2014...

CLIMATE NORMAL PERIOD 1981 TO 2010
CLIMATE RECORD PERIOD 1873 TO 2014


WEATHER ITEM   OBSERVED TIME   RECORD YEAR NORMAL DEPARTURE LAST
                VALUE   (LST)  VALUE       VALUE  FROM      YEAR
                                                  NORMAL
..................................................................
TEMPERATURE (F)
 YESTERDAY
  MAXIMUM         49   1158 PM  72    1934  47      2       48
                                      1913
  MINIMUM         19   1223 AM   6    1880  35    -16       35
  AVERAGE         34                        41     -7       42

PRECIPITATION (IN)
  YESTERDAY        0.21                      0.13   0.08     0.15
  MONTH TO DATE    3.02                      2.88   0.14     3.49
  SINCE SEP 1     10.10                     11.54  -1.44    13.68
  SINCE JAN 1     37.81                     37.37   0.44    47.55

SNOWFALL (IN)
  YESTERDAY        T                         0.4   -0.4      0.0
  MONTH TO DATE   24.1                       4.9   19.2      3.1
  SINCE SEP 1     24.1                       5.1   19.0      3.4
  SINCE JUL 1     24.1                       5.1   19.0      3.4
  SNOW DEPTH       6

DEGREE DAYS
 HEATING
  YESTERDAY       31                        24      7       23
  MONTH TO DATE  582                       446    136      463
  SINCE SEP 1   1011                       931     80      895
  SINCE JUL 1   1029                       949     80      907

 COOLING
  YESTERDAY        0                         0      0        0
  MONTH TO DATE    0                         0      0        0
  SINCE SEP 1     87                        80      7       85
  SINCE JAN 1    603                       638    -35      706
..................................................................


WIND (MPH)
  HIGHEST WIND SPEED    29   HIGHEST WIND DIRECTION     S (200)
  HIGHEST GUST SPEED    39   HIGHEST GUST DIRECTION     S (190)
  AVERAGE WIND SPEED    18.2


SKY COVER
  POSSIBLE SUNSHINE  MM
  AVERAGE SKY COVER 0.7


WEATHER CONDITIONS
 THE FOLLOWING WEATHER WAS RECORDED YESTERDAY.
  LIGHT RAIN
  LT FREEZING RAIN
  LIGHT SNOW
  FOG


RELATIVE HUMIDITY (PERCENT)
 HIGHEST    79           100 PM
 LOWEST     41           900 AM
 AVERAGE    60

..........................................................


THE ERIE PA CLIMATE NORMALS FOR TODAY
                         NORMAL    RECORD    YEAR
 MAXIMUM TEMPERATURE (F)   47        74      1931
 MINIMUM TEMPERATURE (F)   34        11      1880


SUNRISE AND SUNSET
NOVEMBER 23 2014......SUNRISE   720 AM EST   SUNSET   454 PM EST
NOVEMBER 24 2014......SUNRISE   722 AM EST   SUNSET   453 PM EST


-  INDICATES NEGATIVE NUMBERS.
R  INDICATES RECORD WAS SET OR TIED.
MM INDICATES DATA IS MISSING.
T  INDICATES TRACE AMOUNT.




$$
