000
CDUS41 KCLE 220528
CLIERI


CLIMATE REPORT
NATIONAL WEATHER SERVICE CLEVELAND OH
1228 AM EST THU FEB 22 2018


...................................

...THE ERIE PA CLIMATE SUMMARY FOR FEBRUARY 21 2018...

CLIMATE NORMAL PERIOD 1981 TO 2010
CLIMATE RECORD PERIOD 1873 TO 2018


WEATHER ITEM   OBSERVED TIME   RECORD YEAR NORMAL DEPARTURE LAST
                VALUE   (LST)  VALUE       VALUE  FROM      YEAR
                                                  NORMAL
..................................................................
TEMPERATURE (F)
 YESTERDAY
  MAXIMUM         70R   537 AM  70    1997  37     33       62
  MINIMUM         34   1159 PM  -1    1968  22     12       41
                                      1918
  AVERAGE         52                        29     23       52

PRECIPITATION (IN)
  YESTERDAY        0.24                      0.08   0.16      T
  MONTH TO DATE    3.02                      1.74   1.28     1.83
  SINCE DEC 1     13.29                      8.43   4.86    10.59
  SINCE JAN 1      5.74                      4.69   1.05     6.71

SNOWFALL (IN)
  YESTERDAY        0.0                       0.6   -0.6      0.0
  MONTH TO DATE   11.4                      14.0   -2.6      9.8
  SINCE DEC 1    154.7                      71.1   83.6     65.4
  SINCE JUL 1    155.2                      79.8   75.4     67.8
  SNOW DEPTH       0

DEGREE DAYS
 HEATING
  YESTERDAY       13                        36    -23       13
  MONTH TO DATE  700                       782    -82      635
  SINCE DEC 1   3034                      2964     70     2606
  SINCE JUL 1   4031                      4120    -89     3386

 COOLING
  YESTERDAY        0                         0      0        0
  MONTH TO DATE    2                         0      2        0
  SINCE DEC 1      2                         0      2        0
  SINCE JAN 1      2                         0      2        0
..................................................................


WIND (MPH)
  HIGHEST WIND SPEED    24   HIGHEST WIND DIRECTION     S (190)
  HIGHEST GUST SPEED    35   HIGHEST GUST DIRECTION    SW (220)
  AVERAGE WIND SPEED    10.1


SKY COVER
  POSSIBLE SUNSHINE  MM
  AVERAGE SKY COVER 0.8


WEATHER CONDITIONS
 THE FOLLOWING WEATHER WAS RECORDED YESTERDAY.
  LIGHT RAIN
  FOG


RELATIVE HUMIDITY (PERCENT)
 HIGHEST    93           800 AM
 LOWEST     53          1200 AM
 AVERAGE    73

..........................................................


THE ERIE PA CLIMATE NORMALS FOR TODAY
                         NORMAL    RECORD    YEAR
 MAXIMUM TEMPERATURE (F)   37        69      1930
 MINIMUM TEMPERATURE (F)   22        -4      1963


SUNRISE AND SUNSET
FEBRUARY 22 2018......SUNRISE   707 AM EST   SUNSET   602 PM EST
FEBRUARY 23 2018......SUNRISE   705 AM EST   SUNSET   604 PM EST


-  INDICATES NEGATIVE NUMBERS.
R  INDICATES RECORD WAS SET OR TIED.
MM INDICATES DATA IS MISSING.
T  INDICATES TRACE AMOUNT.




$$
