000
CDUS41 KCLE 032127
CLIERI


CLIMATE REPORT
NATIONAL WEATHER SERVICE CLEVELAND OH
526 PM EDT WED JUN 3 2015


...................................

...THE ERIE PA CLIMATE SUMMARY FOR JUNE 3 2015...
VALID TODAY AS OF 0500 PM LOCAL TIME.

CLIMATE NORMAL PERIOD 1981 TO 2010
CLIMATE RECORD PERIOD 1873 TO 2015


WEATHER ITEM   OBSERVED TIME   RECORD YEAR NORMAL DEPARTURE LAST
                VALUE   (LST)  VALUE       VALUE  FROM      YEAR
                                                  NORMAL
..................................................................
TEMPERATURE (F)
 TODAY
  MAXIMUM         71    302 PM  93    1925  72     -1       82
  MINIMUM         51    534 AM  37    1977  55     -4       61
  AVERAGE         61                        63     -2       72

PRECIPITATION (IN)
  TODAY            0.00                      0.12  -0.12     0.05
  MONTH TO DATE    T                         0.36  -0.36     0.27
  SINCE JUN 1      T                         0.36  -0.36     0.27
  SINCE JAN 1     14.19                     15.42  -1.23    16.42

SNOWFALL (IN)
  TODAY            0.0                       0.0    0.0      0.0
  MONTH TO DATE    0.0                       0.0    0.0      0.0
  SINCE JUN 1      0.0                       0.0    0.0      0.0
  SINCE JUL 1    110.3                     100.9    9.4    138.4
  SNOW DEPTH       0

DEGREE DAYS
 HEATING
  TODAY            4                         4      0        0
  MONTH TO DATE   26                        12     14        0
  SINCE JUN 1     26                        12     14        0
  SINCE JUL 1   6640                      6098    542     6727

 COOLING
  TODAY            0                         2     -2        7
  MONTH TO DATE    0                         6     -6       25
  SINCE JUN 1      0                         6     -6       25
  SINCE JAN 1    112                        45     67       64
..................................................................


WIND (MPH)
  HIGHEST WIND SPEED    17   HIGHEST WIND DIRECTION    NE (50)
  HIGHEST GUST SPEED    MM   HIGHEST GUST DIRECTION    MM


SKY COVER
  POSSIBLE SUNSHINE  MM
  AVERAGE SKY COVER 0.0


WEATHER CONDITIONS
 THE FOLLOWING WEATHER WAS RECORDED TODAY.
  NO SIGNIFICANT WEATHER WAS OBSERVED.


RELATIVE HUMIDITY (PERCENT)
 HIGHEST    77           400 AM
 LOWEST     42           400 PM
 AVERAGE    60

..........................................................


THE ERIE PA CLIMATE NORMALS FOR TOMORROW
                         NORMAL    RECORD    YEAR
 MAXIMUM TEMPERATURE (F)   73        92      1919
 MINIMUM TEMPERATURE (F)   55        40      2009


SUNRISE AND SUNSET
JUNE  3 2015..........SUNRISE   547 AM EDT   SUNSET   851 PM EDT
JUNE  4 2015..........SUNRISE   546 AM EDT   SUNSET   852 PM EDT


-  INDICATES NEGATIVE NUMBERS.
R  INDICATES RECORD WAS SET OR TIED.
MM INDICATES DATA IS MISSING.
T  INDICATES TRACE AMOUNT.




$$
