000
CDUS41 KCLE 282214
CLIERI


CLIMATE REPORT
NATIONAL WEATHER SERVICE CLEVELAND OH
513 PM EST FRI NOV 28 2014


...................................

...THE ERIE PA CLIMATE SUMMARY FOR NOVEMBER 28 2014...
VALID TODAY AS OF 0500 PM LOCAL TIME.

CLIMATE NORMAL PERIOD 1981 TO 2010
CLIMATE RECORD PERIOD 1873 TO 2014


WEATHER ITEM   OBSERVED TIME   RECORD YEAR NORMAL DEPARTURE LAST
                VALUE   (LST)  VALUE       VALUE  FROM      YEAR
                                                  NORMAL
..................................................................
TEMPERATURE (F)
 TODAY
  MAXIMUM         30   1244 AM  70    1990  45    -15       27
  MINIMUM         25   1002 AM   9    1955  33     -8       25
  AVERAGE         28                        38    -10       26

PRECIPITATION (IN)
  TODAY            0.01                      0.13  -0.12     0.12
  MONTH TO DATE    3.36                      3.67  -0.31     4.27
  SINCE SEP 1     10.44                     12.33  -1.89    14.46
  SINCE JAN 1     38.15                     38.16  -0.01    48.33

SNOWFALL (IN)
  TODAY            0.1                       0.5   -0.4      1.7
  MONTH TO DATE   25.1                       7.6   17.5     12.8
  SINCE SEP 1     25.1                       7.8   17.3     13.1
  SINCE JUL 1     25.1                       7.8   17.3     13.1
  SNOW DEPTH       T

DEGREE DAYS
 HEATING
  TODAY           37                        26     11       39
  MONTH TO DATE  730                       598    132      684
  SINCE SEP 1   1159                      1083     76     1116
  SINCE JUL 1   1177                      1101     76     1128

 COOLING
  TODAY            0                         0      0        0
  MONTH TO DATE    0                         0      0        0
  SINCE SEP 1     87                        80      7       85
  SINCE JAN 1    603                       638    -35      706
..................................................................


WIND (MPH)
  HIGHEST WIND SPEED    18   HIGHEST WIND DIRECTION     W (290)
  HIGHEST GUST SPEED    31   HIGHEST GUST DIRECTION     W (290)


SKY COVER
  POSSIBLE SUNSHINE  MM
  AVERAGE SKY COVER 1.0


WEATHER CONDITIONS
 THE FOLLOWING WEATHER WAS RECORDED TODAY.
  LIGHT SNOW
  HAZE


RELATIVE HUMIDITY (PERCENT)
 HIGHEST    63          1200 AM
 LOWEST     50           300 PM
 AVERAGE    57

..........................................................


THE ERIE PA CLIMATE NORMALS FOR TOMORROW
                         NORMAL    RECORD    YEAR
 MAXIMUM TEMPERATURE (F)   44        69      2005
 MINIMUM TEMPERATURE (F)   32         7      1955


SUNRISE AND SUNSET
NOVEMBER 28 2014......SUNRISE   726 AM EST   SUNSET   451 PM EST
NOVEMBER 29 2014......SUNRISE   727 AM EST   SUNSET   451 PM EST


-  INDICATES NEGATIVE NUMBERS.
R  INDICATES RECORD WAS SET OR TIED.
MM INDICATES DATA IS MISSING.
T  INDICATES TRACE AMOUNT.




$$
