000
CDUS41 KCLE 012111
CLIERI


CLIMATE REPORT
NATIONAL WEATHER SERVICE CLEVELAND OH
511 PM EDT SAT OCT 1 2016


...................................

...THE ERIE PA CLIMATE SUMMARY FOR OCTOBER 1 2016...
VALID TODAY AS OF 0500 PM LOCAL TIME.

CLIMATE NORMAL PERIOD 1981 TO 2010
CLIMATE RECORD PERIOD 1873 TO 2016


WEATHER ITEM   OBSERVED TIME   RECORD YEAR NORMAL DEPARTURE LAST
                VALUE   (LST)  VALUE       VALUE  FROM      YEAR
                                                  NORMAL
..................................................................
TEMPERATURE (F)
 TODAY
  MAXIMUM         68   1046 AM  86    1927  66      2       58
  MINIMUM         58    516 AM  36    1956  50      8       49
                                      1918
                                      1916
  AVERAGE         63                        58      5       54

PRECIPITATION (IN)
  TODAY            0.22                      0.15   0.07     0.00
  MONTH TO DATE    0.22                      0.15   0.07     0.00
  SINCE SEP 1      6.18                      4.76   1.42     5.18
  SINCE JAN 1     33.24                     30.59   2.65    28.89

SNOWFALL (IN)
  TODAY            0.0                       0.0    0.0      0.0
  MONTH TO DATE    0.0                       0.0    0.0      0.0
  SINCE SEP 1      0.0                       0.0    0.0      0.0
  SINCE JUL 1      0.0                       0.0    0.0      0.0
  SNOW DEPTH       0

DEGREE DAYS
 HEATING
  TODAY            2                         8     -6       11
  MONTH TO DATE    2                         8     -6       11
  SINCE SEP 1     25                       114    -89       44
  SINCE JUL 1     25                       132   -107       62

 COOLING
  TODAY            0                         1     -1        0
  MONTH TO DATE    0                         1     -1        0
  SINCE SEP 1    136                        72     64      162
  SINCE JAN 1    985                       630    355      768
..................................................................


WIND (MPH)
  HIGHEST WIND SPEED    10   HIGHEST WIND DIRECTION    SE (150)
  HIGHEST GUST SPEED    14   HIGHEST GUST DIRECTION     S (170)


SKY COVER
  POSSIBLE SUNSHINE  MM
  AVERAGE SKY COVER 0.8


WEATHER CONDITIONS
 THE FOLLOWING WEATHER WAS RECORDED TODAY.
  HEAVY RAIN
  RAIN
  LIGHT RAIN
  FOG


RELATIVE HUMIDITY (PERCENT)
 HIGHEST    87           400 AM
 LOWEST     73           300 PM
 AVERAGE    80

..........................................................


THE ERIE PA CLIMATE NORMALS FOR TOMORROW
                         NORMAL    RECORD    YEAR
 MAXIMUM TEMPERATURE (F)   66        87      1927
 MINIMUM TEMPERATURE (F)   50        35      1899


SUNRISE AND SUNSET
OCTOBER  1 2016.......SUNRISE   718 AM EDT   SUNSET   701 PM EDT
OCTOBER  2 2016.......SUNRISE   719 AM EDT   SUNSET   700 PM EDT


-  INDICATES NEGATIVE NUMBERS.
R  INDICATES RECORD WAS SET OR TIED.
MM INDICATES DATA IS MISSING.
T  INDICATES TRACE AMOUNT.




$$
