000
CDUS46 KPQR 280227
CLIEUG


CLIMATE REPORT
NATIONAL WEATHER SERVICE PORTLAND OREGON
727 PM PDT FRI MAR 27 2015


...................................

...THE EUGENE OR CLIMATE SUMMARY FOR MARCH 27 2015...
VALID TODAY AS OF 0700 PM LOCAL TIME.

CLIMATE NORMAL PERIOD 1981 TO 2010
CLIMATE RECORD PERIOD 1892 TO 2015


WEATHER ITEM   OBSERVED TIME   RECORD YEAR NORMAL DEPARTURE LAST
                VALUE   (LST)  VALUE       VALUE  FROM      YEAR
                                                  NORMAL
..................................................................
TEMPERATURE (F)
 TODAY
  MAXIMUM         68    241 PM  75    1969  58     10       55
  MINIMUM         45    637 AM  26    1935  38      7       44
  AVERAGE         57                        48      9       50

PRECIPITATION (IN)
  TODAY            T             1.25 1897   0.15  -0.15     0.55
  MONTH TO DATE    3.04                      4.39  -1.35     4.89
  SINCE OCT 1     26.63                     35.49  -8.86    19.63
  SINCE JAN 1      9.58                     16.69  -7.11    15.44

SNOWFALL (IN)
  TODAY           MM
  MONTH TO DATE    0.0
  SINCE MAR 1      0.0
  SINCE JUL 1      0.0

DEGREE DAYS
 HEATING
  TODAY            8                        17     -9       15
  MONTH TO DATE  382                       500   -118      414
  SINCE MAR 1    382                       500   -118      414
  SINCE JUL 1   2944                      3827   -883     3981

 COOLING
  TODAY            0                         0      0        0
  MONTH TO DATE    0                         0      0        0
  SINCE MAR 1      0                         0      0        0
  SINCE JAN 1      0                         0      0        0
..................................................................


WIND (MPH)
  HIGHEST WIND SPEED    22   HIGHEST WIND DIRECTION     W (270)
  HIGHEST GUST SPEED    26   HIGHEST GUST DIRECTION     W (270)
  AVERAGE WIND SPEED     8.6


SKY COVER
  POSSIBLE SUNSHINE  MM
  AVERAGE SKY COVER 0.5


WEATHER CONDITIONS
 THE FOLLOWING WEATHER WAS RECORDED TODAY.
  LIGHT RAIN
  FOG


RELATIVE HUMIDITY (PERCENT)
 HIGHEST    96           800 AM
 LOWEST     56           200 PM
 AVERAGE    76

..........................................................


THE EUGENE OR CLIMATE NORMALS FOR TOMORROW
                         NORMAL    RECORD    YEAR
 MAXIMUM TEMPERATURE (F)   58        77      1930
 MINIMUM TEMPERATURE (F)   38        28      1975


SUNRISE AND SUNSET
MARCH 27 2015.........SUNRISE   704 AM PDT   SUNSET   734 PM PDT
MARCH 28 2015.........SUNRISE   702 AM PDT   SUNSET   735 PM PDT


-  INDICATES NEGATIVE NUMBERS.
R  INDICATES RECORD WAS SET OR TIED.
MM INDICATES DATA IS MISSING.
T  INDICATES TRACE AMOUNT.




$$
