000
CDUS46 KPQR 032327
CLIEUG


CLIMATE REPORT
NATIONAL WEATHER SERVICE PORTLAND OREGON
426 PM PDT MON AUG 3 2015


...................................

...THE EUGENE OR CLIMATE SUMMARY FOR AUGUST 3 2015...
VALID TODAY AS OF 0400 PM LOCAL TIME.

CLIMATE NORMAL PERIOD 1981 TO 2010
CLIMATE RECORD PERIOD 1892 TO 2015


WEATHER ITEM   OBSERVED TIME   RECORD YEAR NORMAL DEPARTURE LAST
                VALUE   (LST)  VALUE       VALUE  FROM      YEAR
                                                  NORMAL
..................................................................
TEMPERATURE (F)
 TODAY
  MAXIMUM         89    249 PM 100    1993  84      5       90
                                      1952
  MINIMUM         62    418 AM  42    2002  52     10       52
  AVERAGE         76                        68      8       71

PRECIPITATION (IN)
  TODAY            0.00          0.35 1962   0.01  -0.01     0.00
  MONTH TO DATE    T                         0.03  -0.03     0.01
  SINCE OCT 1     29.46                     44.23 -14.77    27.01
  SINCE JAN 1     12.41                     25.43 -13.02    22.82

SNOWFALL (IN)
  TODAY            0.0
  MONTH TO DATE    0.0
  SINCE JUN 1      0.0
  SINCE JUL 1      0.0

DEGREE DAYS
 HEATING
  TODAY            0                         1     -1        0
  MONTH TO DATE    0                         3     -3        0
  SINCE JUN 1     46                       196   -150      113
  SINCE JUL 1      5                        39    -34        6

 COOLING
  TODAY           11                         4      7        6
  MONTH TO DATE   27                        12     15       28
  SINCE JUN 1    353                       124    229      227
  SINCE JAN 1    358                       129    229      230
..................................................................


WIND (MPH)
  HIGHEST WIND SPEED    14   HIGHEST WIND DIRECTION     N (360)
  HIGHEST GUST SPEED    20   HIGHEST GUST DIRECTION    NW (330)
  AVERAGE WIND SPEED     6.8


SKY COVER
  POSSIBLE SUNSHINE  MM
  AVERAGE SKY COVER 0.6


WEATHER CONDITIONS
 THE FOLLOWING WEATHER WAS RECORDED TODAY.
  NO SIGNIFICANT WEATHER WAS OBSERVED.


RELATIVE HUMIDITY (PERCENT)
 HIGHEST    84           300 AM
 LOWEST     26           300 PM
 AVERAGE    55

..........................................................


THE EUGENE OR CLIMATE NORMALS FOR TOMORROW
                         NORMAL    RECORD    YEAR
 MAXIMUM TEMPERATURE (F)   84       101      2012
 MINIMUM TEMPERATURE (F)   52        37      1914


SUNRISE AND SUNSET
AUGUST  3 2015........SUNRISE   603 AM PDT   SUNSET   835 PM PDT
AUGUST  4 2015........SUNRISE   604 AM PDT   SUNSET   833 PM PDT


-  INDICATES NEGATIVE NUMBERS.
R  INDICATES RECORD WAS SET OR TIED.
MM INDICATES DATA IS MISSING.
T  INDICATES TRACE AMOUNT.




$$
