000
CDUS46 KPQR 111144
CLIEUG


CLIMATE REPORT
NATIONAL WEATHER SERVICE PORTLAND OREGON
443 AM PDT FRI JUL 11 2014


...................................

...THE EUGENE OR CLIMATE SUMMARY FOR JULY 10 2014...

CLIMATE NORMAL PERIOD 1981 TO 2010
CLIMATE RECORD PERIOD 1892 TO 2014


WEATHER ITEM   OBSERVED TIME   RECORD YEAR NORMAL DEPARTURE LAST
                VALUE   (LST)  VALUE       VALUE  FROM      YEAR
                                                  NORMAL
..................................................................
TEMPERATURE (F)
 YESTERDAY
  MAXIMUM         90    503 PM 104    1926  81      9       89
  MINIMUM         51    515 AM  42    1991  51      0       55
                                      1977
                                      1933
  AVERAGE         71                        66      5       72

PRECIPITATION (IN)
  YESTERDAY        0.00          0.22 1936   0.02  -0.02     0.00
  MONTH TO DATE    0.00                      0.23  -0.23     0.00
  SINCE OCT 1     26.63                     43.89 -17.26    29.01
  SINCE JAN 1     22.44                     25.09  -2.65     9.67

SNOWFALL (IN)
  YESTERDAY        0.0
  MONTH TO DATE    0.0
  SINCE JUN 1      0.0
  SINCE JUL 1      0.0

DEGREE DAYS
 HEATING
  YESTERDAY        0                         1     -1        0
  MONTH TO DATE    0                        19    -19        2
  SINCE JUN 1    107                       176    -69       94
  SINCE JUL 1      0                        19    -19        2

 COOLING
  YESTERDAY        6                         3      3        7
  MONTH TO DATE   67                        21     46       55
  SINCE JUN 1     73                        40     33      103
  SINCE JAN 1     76                        45     31      108
..................................................................


WIND (MPH)
  HIGHEST WIND SPEED    16   HIGHEST WIND DIRECTION    NW (330)
  HIGHEST GUST SPEED    20   HIGHEST GUST DIRECTION     N (350)
  AVERAGE WIND SPEED     6.6


SKY COVER
  POSSIBLE SUNSHINE  MM
  AVERAGE SKY COVER 0.1


WEATHER CONDITIONS
 THE FOLLOWING WEATHER WAS RECORDED YESTERDAY.
  NO SIGNIFICANT WEATHER WAS OBSERVED.


RELATIVE HUMIDITY (PERCENT)
 HIGHEST    93           400 AM
 LOWEST     21           500 PM
 AVERAGE    57

..........................................................


THE EUGENE OR CLIMATE NORMALS FOR TODAY
                         NORMAL    RECORD    YEAR
 MAXIMUM TEMPERATURE (F)   82       103      1961
 MINIMUM TEMPERATURE (F)   51        40      1981


SUNRISE AND SUNSET
JULY 11 2014..........SUNRISE   540 AM PDT   SUNSET   856 PM PDT
JULY 12 2014..........SUNRISE   541 AM PDT   SUNSET   855 PM PDT


-  INDICATES NEGATIVE NUMBERS.
R  INDICATES RECORD WAS SET OR TIED.
MM INDICATES DATA IS MISSING.
T  INDICATES TRACE AMOUNT.




$$
