000
CDUS46 KPQR 231143
CLIEUG


CLIMATE REPORT
NATIONAL WEATHER SERVICE PORTLAND OREGON
342 AM PST TUE JAN 23 2018


...................................

...THE EUGENE OR CLIMATE SUMMARY FOR JANUARY 22 2018...

CLIMATE NORMAL PERIOD 1981 TO 2010
CLIMATE RECORD PERIOD 1892 TO 2018


WEATHER ITEM   OBSERVED TIME   RECORD YEAR NORMAL DEPARTURE LAST
                VALUE   (LST)  VALUE       VALUE  FROM      YEAR
                                                  NORMAL
..................................................................
TEMPERATURE (F)
 YESTERDAY
  MAXIMUM         49    317 PM  69    1931  48      1       50
  MINIMUM         38   1116 PM   6    1962  35      3       35
  AVERAGE         44                        41      3       43

PRECIPITATION (IN)
  YESTERDAY        0.13          1.47 1970   0.21  -0.08     0.17
  MONTH TO DATE    3.45                      5.08  -1.63     4.00
  SINCE OCT 1     17.46                     23.88  -6.42    23.59
  SINCE JAN 1      3.45                      5.08  -1.63     4.00

SNOWFALL (IN)
  YESTERDAY       MM
  MONTH TO DATE    0.0
  SINCE DEC 1      T
  SINCE JUL 1      T

DEGREE DAYS
 HEATING
  YESTERDAY       21                        24     -3       22
  MONTH TO DATE  484                       541    -57      668
  SINCE DEC 1   1351                      1325     26     1539
  SINCE JUL 1   2480                      2498    -18     2372

 COOLING
  YESTERDAY        0                         0      0        0
  MONTH TO DATE    0                         0      0        0
  SINCE DEC 1      0                         0      0        0
  SINCE JAN 1      0                         0      0        0
..................................................................


WIND (MPH)
  HIGHEST WIND SPEED    14   HIGHEST WIND DIRECTION     S (190)
  HIGHEST GUST SPEED    17   HIGHEST GUST DIRECTION    SW (210)
  AVERAGE WIND SPEED     7.5


SKY COVER
  POSSIBLE SUNSHINE  MM
  AVERAGE SKY COVER 0.7


WEATHER CONDITIONS
 THE FOLLOWING WEATHER WAS RECORDED YESTERDAY.
  LIGHT RAIN
  FOG


RELATIVE HUMIDITY (PERCENT)
 HIGHEST   100           100 AM
 LOWEST     80          1200 PM
 AVERAGE    90

..........................................................


THE EUGENE OR CLIMATE NORMALS FOR TODAY
                         NORMAL    RECORD    YEAR
 MAXIMUM TEMPERATURE (F)   48        63      1919
 MINIMUM TEMPERATURE (F)   35         8      1962


SUNRISE AND SUNSET
JANUARY 23 2018.......SUNRISE   739 AM PST   SUNSET   511 PM PST
JANUARY 24 2018.......SUNRISE   738 AM PST   SUNSET   512 PM PST


-  INDICATES NEGATIVE NUMBERS.
R  INDICATES RECORD WAS SET OR TIED.
MM INDICATES DATA IS MISSING.
T  INDICATES TRACE AMOUNT.




$$
