000
CDUS46 KPQR 271145
CLIEUG


CLIMATE REPORT
NATIONAL WEATHER SERVICE PORTLAND OREGON
345 AM PST THU NOV 27 2014


...................................

...THE EUGENE OR CLIMATE SUMMARY FOR NOVEMBER 26 2014...

CLIMATE NORMAL PERIOD 1981 TO 2010
CLIMATE RECORD PERIOD 1892 TO 2014


WEATHER ITEM   OBSERVED TIME   RECORD YEAR NORMAL DEPARTURE LAST
                VALUE   (LST)  VALUE       VALUE  FROM      YEAR
                                                  NORMAL
..................................................................
TEMPERATURE (F)
 YESTERDAY
  MAXIMUM         58    235 PM  64    1933  49      9       48
                                      1912
  MINIMUM         42    626 AM  15    1952  36      6       25
  AVERAGE         50                        42      8       37

PRECIPITATION (IN)
  YESTERDAY        0.00          2.41 1971   0.29  -0.29     0.00
  MONTH TO DATE    4.46                      6.50  -2.04     2.12
  SINCE OCT 1      9.16                      9.75  -0.59     2.70
  SINCE JAN 1     33.41                     37.05  -3.64    19.70

SNOWFALL (IN)
  YESTERDAY        0.0
  MONTH TO DATE    0.0
  SINCE SEP 1      0.0
  SINCE JUL 1      0.0

DEGREE DAYS
 HEATING
  YESTERDAY       15                        22     -7       28
  MONTH TO DATE  510                       510      0      510
  SINCE SEP 1    724                      1013   -289     1053
  SINCE JUL 1    731                      1080   -349     1071

 COOLING
  YESTERDAY        0                         0      0        0
  MONTH TO DATE    0                         0      0        0
  SINCE SEP 1     67                        31     36       63
  SINCE JAN 1    475                       239    236      411
..................................................................


WIND (MPH)
  HIGHEST WIND SPEED    10   HIGHEST WIND DIRECTION     S (170)
  HIGHEST GUST SPEED    14   HIGHEST GUST DIRECTION     S (170)
  AVERAGE WIND SPEED     5.7


SKY COVER
  POSSIBLE SUNSHINE  MM
  AVERAGE SKY COVER 0.8


WEATHER CONDITIONS
 THE FOLLOWING WEATHER WAS RECORDED YESTERDAY.
  FOG
  HAZE


RELATIVE HUMIDITY (PERCENT)
 HIGHEST    93          1200 AM
 LOWEST     72           200 PM
 AVERAGE    83

..........................................................


THE EUGENE OR CLIMATE NORMALS FOR TODAY
                         NORMAL    RECORD    YEAR
 MAXIMUM TEMPERATURE (F)   49        66      1955
 MINIMUM TEMPERATURE (F)   36        17      1952


SUNRISE AND SUNSET
NOVEMBER 27 2014......SUNRISE   723 AM PST   SUNSET   437 PM PST
NOVEMBER 28 2014......SUNRISE   725 AM PST   SUNSET   437 PM PST


-  INDICATES NEGATIVE NUMBERS.
R  INDICATES RECORD WAS SET OR TIED.
MM INDICATES DATA IS MISSING.
T  INDICATES TRACE AMOUNT.




$$
