000
CDUS46 KPQR 251142
CLIEUG


CLIMATE REPORT
NATIONAL WEATHER SERVICE PORTLAND OREGON
441 AM PDT MON MAY 25 2015


...................................

...THE EUGENE OR CLIMATE SUMMARY FOR MAY 24 2015...

CLIMATE NORMAL PERIOD 1981 TO 2010
CLIMATE RECORD PERIOD 1892 TO 2015


WEATHER ITEM   OBSERVED TIME   RECORD YEAR NORMAL DEPARTURE LAST
                VALUE   (LST)  VALUE       VALUE  FROM      YEAR
                                                  NORMAL
..................................................................
TEMPERATURE (F)
 YESTERDAY
  MAXIMUM         68    421 PM  88    1992  69     -1       71
                                      1928
  MINIMUM         50   1019 PM  33    1977  45      5       51
  AVERAGE         59                        57      2       61

PRECIPITATION (IN)
  YESTERDAY        0.00          1.21 2012   0.08  -0.08      T
  MONTH TO DATE    0.79                      2.12  -1.33     1.54
  SINCE OCT 1     29.03                     41.54 -12.51    25.24
  SINCE JAN 1     11.98                     22.74 -10.76    21.05

SNOWFALL (IN)
  YESTERDAY        0.0
  MONTH TO DATE    0.0
  SINCE MAR 1      0.0
  SINCE JUL 1      0.0

DEGREE DAYS
 HEATING
  YESTERDAY        6                         9     -3        4
  MONTH TO DATE  193                       250    -57      162
  SINCE MAR 1   1076                      1265   -189     1023
  SINCE JUL 1   3638                      4592   -954     4590

 COOLING
  YESTERDAY        0                         0      0        0
  MONTH TO DATE    0                         0      0        3
  SINCE MAR 1      0                         0      0        3
  SINCE JAN 1      0                         0      0        3
..................................................................


WIND (MPH)
  HIGHEST WIND SPEED    12   HIGHEST WIND DIRECTION    NE (30)
  HIGHEST GUST SPEED    16   HIGHEST GUST DIRECTION    NE (40)
  AVERAGE WIND SPEED     6.0


SKY COVER
  POSSIBLE SUNSHINE  MM
  AVERAGE SKY COVER 0.8


WEATHER CONDITIONS
 THE FOLLOWING WEATHER WAS RECORDED YESTERDAY.
  FOG


RELATIVE HUMIDITY (PERCENT)
 HIGHEST    93           200 AM
 LOWEST     58           300 PM
 AVERAGE    76

..........................................................


THE EUGENE OR CLIMATE NORMALS FOR TODAY
                         NORMAL    RECORD    YEAR
 MAXIMUM TEMPERATURE (F)   69        89      1947
                                             1938
 MINIMUM TEMPERATURE (F)   45        34      1975
                                             1973
                                             1930


SUNRISE AND SUNSET
MAY 25 2015...........SUNRISE   537 AM PDT   SUNSET   843 PM PDT
MAY 26 2015...........SUNRISE   537 AM PDT   SUNSET   844 PM PDT


-  INDICATES NEGATIVE NUMBERS.
R  INDICATES RECORD WAS SET OR TIED.
MM INDICATES DATA IS MISSING.
T  INDICATES TRACE AMOUNT.




$$
