000
CDUS46 KPQR 260222
CLIEUG


CLIMATE REPORT
NATIONAL WEATHER SERVICE PORTLAND OREGON
722 PM PDT SAT OCT 25 2014


...................................

...THE EUGENE OR CLIMATE SUMMARY FOR OCTOBER 25 2014...
VALID TODAY AS OF 0700 PM LOCAL TIME.

CLIMATE NORMAL PERIOD 1981 TO 2010
CLIMATE RECORD PERIOD 1892 TO 2014


WEATHER ITEM   OBSERVED TIME   RECORD YEAR NORMAL DEPARTURE LAST
                VALUE   (LST)  VALUE       VALUE  FROM      YEAR
                                                  NORMAL
..................................................................
TEMPERATURE (F)
 TODAY
  MAXIMUM         65   1059 AM  78    1944  60      5       52
  MINIMUM         51    641 AM  28    1978  40     11       47
                                      1935
  AVERAGE         58                        50      8       50

PRECIPITATION (IN)
  TODAY            0.17          1.71 1956   0.15   0.02     0.00
  MONTH TO DATE    3.25                      2.29   0.96     0.50
  SINCE OCT 1      3.25                      2.29   0.96     0.50
  SINCE JAN 1     27.50                     29.59  -2.09    17.50

SNOWFALL (IN)
  TODAY            0.0
  MONTH TO DATE    0.0
  SINCE SEP 1      0.0
  SINCE JUL 1      0.0

DEGREE DAYS
 HEATING
  TODAY            7                        15     -8       15
  MONTH TO DATE  121                       288   -167      345
  SINCE SEP 1    155                       409   -254      443
  SINCE JUL 1    162                       476   -314      461

 COOLING
  TODAY            0                         0      0        0
  MONTH TO DATE    8                         0      8        0
  SINCE SEP 1     67                        30     37       63
  SINCE JAN 1    475                       238    237      411
..................................................................


WIND (MPH)
  HIGHEST WIND SPEED    36   HIGHEST WIND DIRECTION     S (200)
  HIGHEST GUST SPEED    45   HIGHEST GUST DIRECTION     S (200)
  AVERAGE WIND SPEED    12.1


SKY COVER
  POSSIBLE SUNSHINE  MM
  AVERAGE SKY COVER 0.9


WEATHER CONDITIONS
 THE FOLLOWING WEATHER WAS RECORDED TODAY.
  RAIN
  LIGHT RAIN
  FOG
  HAZE


RELATIVE HUMIDITY (PERCENT)
 HIGHEST    96          1200 AM
 LOWEST     63          1100 AM
 AVERAGE    80

..........................................................


THE EUGENE OR CLIMATE NORMALS FOR TOMORROW
                         NORMAL    RECORD    YEAR
 MAXIMUM TEMPERATURE (F)   60        79      1944
 MINIMUM TEMPERATURE (F)   40        26      1954


SUNRISE AND SUNSET
OCTOBER 25 2014.......SUNRISE   740 AM PDT   SUNSET   613 PM PDT
OCTOBER 26 2014.......SUNRISE   742 AM PDT   SUNSET   611 PM PDT


-  INDICATES NEGATIVE NUMBERS.
R  INDICATES RECORD WAS SET OR TIED.
MM INDICATES DATA IS MISSING.
T  INDICATES TRACE AMOUNT.




$$
