000
CDUS43 KPAH 270631
CLIEVV


CLIMATE REPORT
NATIONAL WEATHER SERVICE PADUCAH KY
1230 AM CST FRI FEB 27 2015


...................................

...THE EVANSVILLE IN CLIMATE SUMMARY FOR FEBRUARY 26 2015...

CLIMATE NORMAL PERIOD 1981 TO 2010
CLIMATE RECORD PERIOD 1896 TO 2015


WEATHER ITEM   OBSERVED TIME   RECORD YEAR NORMAL DEPARTURE LAST
                VALUE   (LST)  VALUE       VALUE  FROM      YEAR
                                                  NORMAL
..................................................................
TEMPERATURE (F)
 YESTERDAY
  MAXIMUM         30   1156 AM  72    1996  50    -20       26
                                      1917
  MINIMUM         18   1159 PM   4    1934  30    -12       14
  AVERAGE         24                        40    -16       20

PRECIPITATION (IN)
  YESTERDAY        T             2.37 1955   0.12  -0.12      T
  MONTH TO DATE    2.56                      2.95  -0.39     2.26
  SINCE DEC 1      8.96                      9.81  -0.85    11.28
  SINCE JAN 1      5.53                      6.05  -0.52     3.95

SNOWFALL (IN)
  YESTERDAY        T             0.7  2002   0.1   -0.1       T
  MONTH TO DATE    7.4                       3.6    3.8      2.2
  SINCE DEC 1      7.6                      10.2   -2.6     10.0
  SINCE JUL 1     10.0                      10.5   -0.5     10.0
  SNOW DEPTH       1

DEGREE DAYS
 HEATING
  YESTERDAY       41                        25     16       45
  MONTH TO DATE  985                       746    239      909
  SINCE DEC 1   2749                      2664     85     2971
  SINCE JUL 1   3752                      3525    227     3885

 COOLING
  YESTERDAY        0                         0      0        0
  MONTH TO DATE    0                         0      0        0
  SINCE DEC 1      0                         0      0        0
  SINCE JAN 1      0                         0      0        0
..................................................................


WIND (MPH)
  HIGHEST WIND SPEED    16   HIGHEST WIND DIRECTION     N (340)
  HIGHEST GUST SPEED    22   HIGHEST GUST DIRECTION     N (350)
  AVERAGE WIND SPEED     9.3


SKY COVER
  AVERAGE SKY COVER 0.6


WEATHER CONDITIONS
 THE FOLLOWING WEATHER WAS RECORDED YESTERDAY.
  LIGHT SNOW
  FOG


RELATIVE HUMIDITY (PERCENT)
 HIGHEST    69
 LOWEST     55
 AVERAGE    62

..........................................................


THE EVANSVILLE IN CLIMATE NORMALS FOR TODAY
                         NORMAL    RECORD    YEAR
 MAXIMUM TEMPERATURE (F)   50        77      1996
 MINIMUM TEMPERATURE (F)   30        -1      1934


SUNRISE AND SUNSET
FEBRUARY 27 2015......SUNRISE   625 AM CST   SUNSET   541 PM CST
FEBRUARY 28 2015......SUNRISE   624 AM CST   SUNSET   542 PM CST


-  INDICATES NEGATIVE NUMBERS.
R  INDICATES RECORD WAS SET OR TIED.
MM INDICATES DATA IS MISSING.
T  INDICATES TRACE AMOUNT.




$$
