000
CDUS43 KPAH 190629
CLIEVV


CLIMATE REPORT
NATIONAL WEATHER SERVICE PADUCAH KY
127 AM CDT SAT APR 19 2014

...................................

...THE EVANSVILLE IN CLIMATE SUMMARY FOR APRIL 18 2014...

CLIMATE NORMAL PERIOD 1981 TO 2010
CLIMATE RECORD PERIOD 1896 TO 2014

WEATHER ITEM   OBSERVED TIME   RECORD YEAR NORMAL DEPARTURE LAST
                VALUE   (LST)  VALUE       VALUE  FROM      YEAR
                                                  NORMAL
..................................................................
TEMPERATURE (F)
 YESTERDAY
  MAXIMUM         73    414 PM  87    1971  69      4       82
  MINIMUM         43    530 AM  26    2001  45     -2       45
  AVERAGE         58                        57      1       64

PRECIPITATION (IN)
  YESTERDAY        0.00          1.79 2013   0.15  -0.15     1.79
  MONTH TO DATE    8.03                      2.47   5.56     3.37
  SINCE MAR 1     10.88                      6.71   4.17     7.45
  SINCE JAN 1     14.83                     12.98   1.85    16.98

SNOWFALL (IN)
  YESTERDAY        0.0           1.8  1953   0.0    0.0      0.0
  MONTH TO DATE    0.0                       0.1   -0.1      0.0
  SINCE MAR 1      2.6                       1.1    1.5       T
  SINCE JUL 1     12.6                      11.8    0.8     12.3
  SNOW DEPTH       0

DEGREE DAYS
 HEATING
  YESTERDAY        7                         9     -2        1
  MONTH TO DATE  180                       205    -25      164
  SINCE MAR 1    893                       797     96      945
  SINCE JUL 1   4855                      4371    484     4308

 COOLING
  YESTERDAY        0                         1     -1        0
  MONTH TO DATE    5                        10     -5       33
  SINCE MAR 1      5                        13     -8       33
  SINCE JAN 1      5                        13     -8       33
..................................................................

WIND (MPH)
  HIGHEST WIND SPEED    13   HIGHEST WIND DIRECTION     N (340)
  HIGHEST GUST SPEED    17   HIGHEST GUST DIRECTION     N (340)
  AVERAGE WIND SPEED     3.3

SKY COVER
  AVERAGE SKY COVER 0.0

WEATHER CONDITIONS
 THE FOLLOWING WEATHER WAS RECORDED YESTERDAY.
  NO SIGNIFICANT WEATHER WAS OBSERVED.

RELATIVE HUMIDITY (PERCENT)
 HIGHEST    83
 LOWEST     25
 AVERAGE    54
..........................................................

THE EVANSVILLE IN CLIMATE NORMALS FOR TODAY
                         NORMAL    RECORD    YEAR
 MAXIMUM TEMPERATURE (F)   69        86      1971
                                             1915
 MINIMUM TEMPERATURE (F)   46        27      1983

SUNRISE AND SUNSET
APRIL 19 2014.........SUNRISE   609 AM CDT   SUNSET   730 PM CDT
APRIL 20 2014.........SUNRISE   608 AM CDT   SUNSET   731 PM CDT

-  INDICATES NEGATIVE NUMBERS.
R  INDICATES RECORD WAS SET OR TIED.
MM INDICATES DATA IS MISSING.
T  INDICATES TRACE AMOUNT.

$$
