000
CDUS45 KSLC 301226
CLIEVW


CLIMATE REPORT
NATIONAL WEATHER SERVICE SALT LAKE CITY UT
625 AM MDT WED JUL 30 2014


...................................

...THE EVANSTON WY CLIMATE SUMMARY FOR JULY 29 2014...

CLIMATE NORMAL PERIOD 1981 TO 2010
CLIMATE RECORD PERIOD 9999 TO 9999


WEATHER ITEM   OBSERVED TIME   RECORD YEAR NORMAL DEPARTURE LAST
                VALUE   (LST)  VALUE       VALUE  FROM      YEAR
                                                  NORMAL
..................................................................
TEMPERATURE (F)
 YESTERDAY
  MAXIMUM         65    347 PM  MM      MM  82    -17       76
  MINIMUM         56   1159 PM  MM      MM  54      2       51
  AVERAGE         61                        68     -7       64

PRECIPITATION (IN)
  YESTERDAY        0.38         MM      MM   0.03   0.35     0.01
  MONTH TO DATE    0.91                      0.84   0.07     0.20
  SINCE OCT 1      4.48                      9.80  -5.32     4.44
  SINCE JAN 1      3.28                      7.01  -3.73     2.21

DEGREE DAYS
 HEATING
  YESTERDAY        4                         1      3        1
  MONTH TO DATE   10                        41    -31        4
  SINCE JUN 1    233                       271    -38      137
  SINCE JUL 1     10                        41    -31        4

 COOLING
  YESTERDAY        0                         4     -4        0
  MONTH TO DATE  161                        75     86      156
  SINCE JUN 1    162                        88     74      211
  SINCE JAN 1    167                        89     78      211
..................................................................


WIND (MPH)
  RESULTANT WIND SPEED   3   RESULTANT WIND DIRECTION   E (110)
  HIGHEST WIND SPEED    18   HIGHEST WIND DIRECTION     E (80)
  HIGHEST GUST SPEED    23   HIGHEST GUST DIRECTION     E (80)
  AVERAGE WIND SPEED     6.4


SKY COVER
  POSSIBLE SUNSHINE  MM
  AVERAGE SKY COVER 1.0


WEATHER CONDITIONS
 THE FOLLOWING WEATHER WAS RECORDED YESTERDAY.
  THUNDERSTORM
  RAIN
  LIGHT RAIN
  FOG


RELATIVE HUMIDITY (PERCENT)
 HIGHEST   100          1200 PM
 LOWEST     72           600 PM
 AVERAGE    86

..........................................................


THE EVANSTON WY CLIMATE NORMALS FOR TODAY
                         NORMAL    RECORD    YEAR
 MAXIMUM TEMPERATURE (F)   82        MM        MM
 MINIMUM TEMPERATURE (F)   54        MM        MM


SUNRISE AND SUNSET
JULY 30 2014..........SUNRISE   618 AM MDT   SUNSET   843 PM MDT
JULY 31 2014..........SUNRISE   619 AM MDT   SUNSET   842 PM MDT


-  INDICATES NEGATIVE NUMBERS.
R  INDICATES RECORD WAS SET OR TIED.
MM INDICATES DATA IS MISSING.
T  INDICATES TRACE AMOUNT.




$$
