000
CDUS45 KSLC 270030
CLIEVW


CLIMATE REPORT
NATIONAL WEATHER SERVICE SALT LAKE CITY UT
629 PM MDT TUE AUG 26 2014


...................................

...THE EVANSTON WY CLIMATE SUMMARY FOR AUGUST 26 2014...
VALID TODAY AS OF 0500 PM LOCAL TIME.

CLIMATE NORMAL PERIOD 1981 TO 2010
CLIMATE RECORD PERIOD 9999 TO 9999


WEATHER ITEM   OBSERVED TIME   RECORD YEAR NORMAL DEPARTURE LAST
                VALUE   (LST)  VALUE       VALUE  FROM      YEAR
                                                  NORMAL
..................................................................
TEMPERATURE (F)
 TODAY
  MAXIMUM         69        MM  MM      MM  76     -7       70
  MINIMUM         47        MM  MM      MM  48     -1       55
  AVERAGE         58                        62     -4       63

PRECIPITATION (IN)
  TODAY            0.11         MM      MM   0.03   0.08      T
  MONTH TO DATE    1.97                      0.80   1.17     0.34
  SINCE OCT 1      6.53                     10.66  -4.13     4.78
  SINCE JAN 1      5.33                      7.87  -2.54     2.55

DEGREE DAYS
 HEATING
  TODAY            7                         4      3        2
  MONTH TO DATE   71                        47     24        9
  SINCE JUN 1    313                       313      0      146
  SINCE JUL 1     90                        83      7       13

 COOLING
  TODAY            0                         1     -1        0
  MONTH TO DATE   39                        56    -17       85
  SINCE JUN 1    201                       151     50      305
  SINCE JAN 1    206                       152     54      305
..................................................................


WIND (MPH)
  RESULTANT WIND SPEED   4   RESULTANT WIND DIRECTION   E (90)
  HIGHEST WIND SPEED    14   HIGHEST WIND DIRECTION     E (100)
  HIGHEST GUST SPEED    24   HIGHEST GUST DIRECTION     E (100)
  AVERAGE WIND SPEED     8.5


SKY COVER
  POSSIBLE SUNSHINE  MM
  AVERAGE SKY COVER 0.4


WEATHER CONDITIONS
 THE FOLLOWING WEATHER WAS RECORDED TODAY.
  THUNDERSTORM
  RAIN
  LIGHT RAIN


RELATIVE HUMIDITY (PERCENT)
 HIGHEST    93           500 AM
 LOWEST     39           100 PM
 AVERAGE    66

..........................................................


THE EVANSTON WY CLIMATE NORMALS FOR TOMORROW
                         NORMAL    RECORD    YEAR
 MAXIMUM TEMPERATURE (F)   76        MM        MM
 MINIMUM TEMPERATURE (F)   48        MM        MM


SUNRISE AND SUNSET
AUGUST 26 2014........SUNRISE   645 AM MDT   SUNSET   806 PM MDT
AUGUST 27 2014........SUNRISE   646 AM MDT   SUNSET   805 PM MDT


-  INDICATES NEGATIVE NUMBERS.
R  INDICATES RECORD WAS SET OR TIED.
MM INDICATES DATA IS MISSING.
T  INDICATES TRACE AMOUNT.




$$
