000
CDUS45 KSLC 221227
CLIEVW


CLIMATE REPORT
NATIONAL WEATHER SERVICE SALT LAKE CITY UT
526 AM MST MON JAN 22 2018


...................................

...THE EVANSTON WY CLIMATE SUMMARY FOR JANUARY 21 2018...

CLIMATE NORMAL PERIOD 1981 TO 2010
CLIMATE RECORD PERIOD 9999 TO 9999


WEATHER ITEM   OBSERVED TIME   RECORD YEAR NORMAL DEPARTURE LAST
                VALUE   (LST)  VALUE       VALUE  FROM      YEAR
                                                  NORMAL
..................................................................
TEMPERATURE (F)
 YESTERDAY
  MAXIMUM         21    258 PM  MM      MM  29     -8       25
  MINIMUM          7    951 PM  MM      MM  14     -7       13
  AVERAGE         14                        22     -8       19

PRECIPITATION (IN)
  YESTERDAY        T            MM      MM   0.02  -0.02      T
  MONTH TO DATE    0.17                      0.38  -0.21     0.67
  SINCE OCT 1      1.71                      3.17  -1.46     2.25
  SINCE JAN 1      0.17                      0.38  -0.21     0.67

DEGREE DAYS
 HEATING
  YESTERDAY       51                        43      8       46
  MONTH TO DATE  745                       913   -168     1002
  SINCE DEC 1   1826                      2283   -457     2370
  SINCE JUL 1   3673                      4392   -719     4021

 COOLING
  YESTERDAY        0                         0      0        0
  MONTH TO DATE    0                         0      0        0
  SINCE DEC 1      0                         0      0        0
  SINCE JAN 1      0                         0      0        0
..................................................................


WIND (MPH)
  RESULTANT WIND SPEED   8   RESULTANT WIND DIRECTION   W (270)
  HIGHEST WIND SPEED    16   HIGHEST WIND DIRECTION    NW (320)
  HIGHEST GUST SPEED    19   HIGHEST GUST DIRECTION    NW (320)
  AVERAGE WIND SPEED     8.8


SKY COVER
  POSSIBLE SUNSHINE  MM
  AVERAGE SKY COVER 0.8


WEATHER CONDITIONS
 THE FOLLOWING WEATHER WAS RECORDED YESTERDAY.
  LIGHT SNOW
  FOG
  HAZE


RELATIVE HUMIDITY (PERCENT)
 HIGHEST    92           100 AM
 LOWEST     68           200 PM
 AVERAGE    80

..........................................................


THE EVANSTON WY CLIMATE NORMALS FOR TODAY
                         NORMAL    RECORD    YEAR
 MAXIMUM TEMPERATURE (F)   29        MM        MM
 MINIMUM TEMPERATURE (F)   14        MM        MM


SUNRISE AND SUNSET
JANUARY 22 2018.......SUNRISE   744 AM MST   SUNSET   528 PM MST
JANUARY 23 2018.......SUNRISE   743 AM MST   SUNSET   530 PM MST


-  INDICATES NEGATIVE NUMBERS.
R  INDICATES RECORD WAS SET OR TIED.
MM INDICATES DATA IS MISSING.
T  INDICATES TRACE AMOUNT.




$$
