000
CDUS45 KSLC 241250
CLIEVW


CLIMATE REPORT
NATIONAL WEATHER SERVICE SALT LAKE CITY UT
648 AM MDT THU APR 24 2014


...................................

...THE EVANSTON WY CLIMATE SUMMARY FOR APRIL 23 2014...

CLIMATE NORMAL PERIOD 1981 TO 2010
CLIMATE RECORD PERIOD 9999 TO 9999


WEATHER ITEM   OBSERVED TIME   RECORD YEAR NORMAL DEPARTURE LAST
                VALUE   (LST)  VALUE       VALUE  FROM      YEAR
                                                  NORMAL
..................................................................
TEMPERATURE (F)
 YESTERDAY
  MAXIMUM         41    425 PM  MM      MM  52    -11       43
  MINIMUM         25   1053 PM  MM      MM  31     -6       18
  AVERAGE         33                        42     -9       31

PRECIPITATION (IN)
  YESTERDAY        0.01         MM      MM   0.03  -0.02     0.00
  MONTH TO DATE    0.22                      0.81  -0.59     0.92
  SINCE OCT 1      1.53                      5.61  -4.08     4.03
  SINCE JAN 1      0.33                      2.82  -2.49     1.80

DEGREE DAYS
 HEATING
  YESTERDAY       32                        24      8       34
  MONTH TO DATE  550                       614    -64      709
  SINCE MAR 1   1502                      1674   -172     1705
  SINCE JUL 1   7152                      7682   -530     7300

 COOLING
  YESTERDAY        0                         0      0        0
  MONTH TO DATE    0                         0      0        0
  SINCE MAR 1      0                         0      0        0
  SINCE JAN 1      0                         0      0        0
..................................................................


WIND (MPH)
  RESULTANT WIND SPEED  15   RESULTANT WIND DIRECTION   W (260)
  HIGHEST WIND SPEED    26   HIGHEST WIND DIRECTION     W (280)
  HIGHEST GUST SPEED    35   HIGHEST GUST DIRECTION     W (280)
  AVERAGE WIND SPEED    15.9


SKY COVER
  POSSIBLE SUNSHINE  MM
  AVERAGE SKY COVER 0.6


WEATHER CONDITIONS
 THE FOLLOWING WEATHER WAS RECORDED YESTERDAY.
  LIGHT SNOW
  FOG


RELATIVE HUMIDITY (PERCENT)
 HIGHEST   100           100 AM
 LOWEST     33           300 PM
 AVERAGE    67

..........................................................


THE EVANSTON WY CLIMATE NORMALS FOR TODAY
                         NORMAL    RECORD    YEAR
 MAXIMUM TEMPERATURE (F)   53        MM        MM
 MINIMUM TEMPERATURE (F)   31        MM        MM


SUNRISE AND SUNSET
APRIL 24 2014.........SUNRISE   631 AM MDT   SUNSET   814 PM MDT
APRIL 25 2014.........SUNRISE   630 AM MDT   SUNSET   815 PM MDT


-  INDICATES NEGATIVE NUMBERS.
R  INDICATES RECORD WAS SET OR TIED.
MM INDICATES DATA IS MISSING.
T  INDICATES TRACE AMOUNT.




$$
