000
CDUS42 KMHX 200628
CLIEWN


CLIMATE REPORT
NATIONAL WEATHER SERVICE NEWPORT/MOREHEAD CITY NC
128 AM EST SAT DEC 20 2014


...................................

...THE NEW BERN NC CLIMATE SUMMARY FOR DECEMBER 19 2014...

CLIMATE NORMAL PERIOD 1981 TO 2010
CLIMATE RECORD PERIOD 1948 TO 2014


WEATHER ITEM   OBSERVED TIME   RECORD YEAR NORMAL DEPARTURE LAST
                VALUE   (LST)  VALUE       VALUE  FROM      YEAR
                                                  NORMAL
..................................................................
TEMPERATURE (F)
 YESTERDAY
  MAXIMUM         55    335 PM  80    1984  57     -2       64
  MINIMUM         33    744 AM  15    1950  35     -2       28
  AVERAGE         44                        46     -2       46

PRECIPITATION (IN)
  YESTERDAY        0.00          0.95 1948   0.10  -0.10     0.00
  MONTH TO DATE    0.66                      2.05  -1.39     1.43
  SINCE DEC 1      0.66                      2.05  -1.39     1.43
  SINCE JAN 1     51.37                     51.40  -0.03    41.71

SNOWFALL (IN)
  YESTERDAY        0.0
  MONTH TO DATE    0.0
  SINCE NOV 1      0.0
  SINCE JUL 1      0.0
  SNOW DEPTH       0

DEGREE DAYS
 HEATING
  YESTERDAY       21                        19      2       19
  MONTH TO DATE  285                       324    -39      271
  SINCE DEC 1    285                       324    -39      271
  SINCE JUL 1    730                       751    -21      694

 COOLING
  YESTERDAY        0                         0      0        0
  MONTH TO DATE    0                         0      0       12
  SINCE DEC 1      0                         0      0       12
  SINCE JAN 1   2193                      1900    293     2018
..................................................................


WIND (MPH)
  HIGHEST WIND SPEED     9   HIGHEST WIND DIRECTION     N (10)
  HIGHEST GUST SPEED    13   HIGHEST GUST DIRECTION     N (360)
  AVERAGE WIND SPEED     2.5


SKY COVER
  POSSIBLE SUNSHINE  MM
  AVERAGE SKY COVER 0.1


WEATHER CONDITIONS
 THE FOLLOWING WEATHER WAS RECORDED YESTERDAY.
  FOG


RELATIVE HUMIDITY (PERCENT)
 HIGHEST    92           400 AM
 LOWEST     38          1200 PM
 AVERAGE    65

..........................................................


THE NEW BERN NC CLIMATE NORMALS FOR TODAY
                         NORMAL    RECORD    YEAR
 MAXIMUM TEMPERATURE (F)   56        74      1987
 MINIMUM TEMPERATURE (F)   35        16      2004


SUNRISE AND SUNSET
DECEMBER 20 2014......SUNRISE   712 AM EST   SUNSET   500 PM EST
DECEMBER 21 2014......SUNRISE   712 AM EST   SUNSET   500 PM EST


-  INDICATES NEGATIVE NUMBERS.
R  INDICATES RECORD WAS SET OR TIED.
MM INDICATES DATA IS MISSING.
T  INDICATES TRACE AMOUNT.




$$
