000
CDUS42 KMHX 031621
CLIEWN


CLIMATE REPORT
NATIONAL WEATHER SERVICE NEWPORT/MOREHEAD CITY NC
1119 AM EST SAT DEC 3 2016


...................................

...THE NEW BERN NC CLIMATE SUMMARY FOR NOVEMBER 24 2016 CORRECTION...

CLIMATE NORMAL PERIOD 1981 TO 2010
CLIMATE RECORD PERIOD 1948 TO 2016


WEATHER ITEM   OBSERVED TIME   RECORD YEAR NORMAL DEPARTURE LAST
                VALUE   (LST)  VALUE       VALUE  FROM      YEAR
                                                  NORMAL
..................................................................
TEMPERATURE (F)
 YESTERDAY
  MAXIMUM         75    147 PM  78    1983  64     11       56
  MINIMUM         40    116 AM  24    2008  42     -2       28
                                      1970
  AVERAGE         58                        53      5       42

PRECIPITATION (IN)
  YESTERDAY        T             1.52 1983   0.12  -0.12     0.00
  MONTH TO DATE    0.61                      2.70  -2.09     5.98
  SINCE SEP 1     18.31                     11.85   6.46    18.66
  SINCE JAN 1     61.68                     48.65  13.03    59.88

SNOWFALL (IN)
  YESTERDAY        0.0 **
  MONTH TO DATE    0.0
  SINCE NOV 1      0.0
  SINCE JUL 1      0.0
  SNOW DEPTH       0

DEGREE DAYS
 HEATING
  YESTERDAY        7                        13     -6       23
  MONTH TO DATE  276                       229     47      168
  SINCE SEP 1    334                       346    -12      239
  SINCE JUL 1    334                       346    -12      239

 COOLING
  YESTERDAY        0                         0      0        0
  MONTH TO DATE    6                        14     -8       37
  SINCE SEP 1    500                       370    130      445
  SINCE JAN 1   2255                      1899    356     2166
..................................................................


WIND (MPH)
  HIGHEST WIND SPEED    15   HIGHEST WIND DIRECTION    SW (210)
  HIGHEST GUST SPEED    21   HIGHEST GUST DIRECTION    SW (220)
  AVERAGE WIND SPEED     2.5


SKY COVER
  POSSIBLE SUNSHINE  MM
  AVERAGE SKY COVER 0.7


WEATHER CONDITIONS
 THE FOLLOWING WEATHER WAS RECORDED YESTERDAY.
  LIGHT RAIN
  FOG


RELATIVE HUMIDITY (PERCENT)
 HIGHEST   100           900 PM
 LOWEST     57          1200 PM
 AVERAGE    79

..........................................................


THE NEW BERN NC CLIMATE NORMALS FOR TODAY
                         NORMAL    RECORD    YEAR
 MAXIMUM TEMPERATURE (F)   64        83      1973
 MINIMUM TEMPERATURE (F)   41        22      1950


SUNRISE AND SUNSET
NOVEMBER 25 2016......SUNRISE   653 AM EST   SUNSET   458 PM EST
NOVEMBER 26 2016......SUNRISE   654 AM EST   SUNSET   457 PM EST


-  INDICATES NEGATIVE NUMBERS.
R  INDICATES RECORD WAS SET OR TIED.
MM INDICATES DATA IS MISSING.
T  INDICATES TRACE AMOUNT.

** NOTE: CHANGED THE MISSING SNOWFALL VALUE TO ZERO. THERE WAS NO
  SNOWFALL OBSERVED.


$$
