000
CDUS42 KMHX 170526
CLIEWN


CLIMATE REPORT
NATIONAL WEATHER SERVICE NEWPORT/MOREHEAD CITY NC
1226 AM EST WED JAN 17 2018


...................................

...THE NEW BERN NC CLIMATE SUMMARY FOR JANUARY 16 2018...

CLIMATE NORMAL PERIOD 1981 TO 2010
CLIMATE RECORD PERIOD 1948 TO 2018


WEATHER ITEM   OBSERVED TIME   RECORD YEAR NORMAL DEPARTURE LAST
                VALUE   (LST)  VALUE       VALUE  FROM      YEAR
                                                  NORMAL
..................................................................
TEMPERATURE (F)
 YESTERDAY
  MAXIMUM         52    300 PM  79    2013  54     -2       54
                                      1950
  MINIMUM         27    738 AM  10    1994  34     -7       42
  AVERAGE         40                        44     -4       48

PRECIPITATION (IN)
  YESTERDAY        0.00          1.08 1991   0.13  -0.13     0.02
  MONTH TO DATE    1.37                      2.12  -0.75     2.86
  SINCE DEC 1      5.60                      5.52   0.08     6.36
  SINCE JAN 1      1.37                      2.12  -0.75     2.86

SNOWFALL (IN)
  YESTERDAY        0.0
  MONTH TO DATE    5.0
  SINCE NOV 1      5.0
  SINCE JUL 1      5.0
  SNOW DEPTH       0

DEGREE DAYS
 HEATING
  YESTERDAY       25                        21      4       17
  MONTH TO DATE  507                       336    171      287
  SINCE DEC 1   1128                       903    225      825
  SINCE JUL 1   1567                      1330    237     1220

 COOLING
  YESTERDAY        0                         0      0        0
  MONTH TO DATE    3                         0      3        0
  SINCE DEC 1      3                         3      0        0
  SINCE JAN 1      3                         0      3        0
..................................................................


WIND (MPH)
  HIGHEST WIND SPEED     8   HIGHEST WIND DIRECTION    NW (330)
  HIGHEST GUST SPEED    11   HIGHEST GUST DIRECTION    NW (320)
  AVERAGE WIND SPEED     3.3


SKY COVER
  POSSIBLE SUNSHINE  MM
  AVERAGE SKY COVER 0.0


WEATHER CONDITIONS
 THE FOLLOWING WEATHER WAS RECORDED YESTERDAY.
  FOG


RELATIVE HUMIDITY (PERCENT)
 HIGHEST   100           700 AM
 LOWEST     41           200 PM
 AVERAGE    71

..........................................................


THE NEW BERN NC CLIMATE NORMALS FOR TODAY
                         NORMAL    RECORD    YEAR
 MAXIMUM TEMPERATURE (F)   54        78      1949
 MINIMUM TEMPERATURE (F)   34        10      1977


SUNRISE AND SUNSET
JANUARY 17 2018.......SUNRISE   715 AM EST   SUNSET   522 PM EST
JANUARY 18 2018.......SUNRISE   715 AM EST   SUNSET   523 PM EST


-  INDICATES NEGATIVE NUMBERS.
R  INDICATES RECORD WAS SET OR TIED.
MM INDICATES DATA IS MISSING.
T  INDICATES TRACE AMOUNT.




$$
