000
CDUS43 KIND 170537
CLIEYE


CLIMATE REPORT
NATIONAL WEATHER SERVICE INDIANAPOLIS IN
136 AM EDT THU APR 17 2014


...................................

...THE INDIANAPOLIS EAGLE CREEK IN CLIMATE SUMMARY FOR APRIL 16 2014...

CLIMATE NORMAL PERIOD 1981 TO 2010
CLIMATE RECORD PERIOD 9999 TO 9999


WEATHER ITEM   OBSERVED TIME   NORMAL DEPARTURE LAST
                VALUE   (LST)  VALUE  FROM      YEAR
                                      NORMAL
......................................................
TEMPERATURE (F)
 YESTERDAY
  MAXIMUM         50    458 PM  63    -13       62
  MINIMUM         28    633 AM  44    -16       49
  AVERAGE         39            53    -14       56

PRECIPITATION (IN)
  YESTERDAY        0.00          0.11  -0.11    MM
  MONTH TO DATE    4.53          1.85   2.68     0.69
  SINCE MAR 1      5.51          5.15   0.36     2.15
  SINCE JAN 1      9.89          9.49   0.40     9.09

DEGREE DAYS
 HEATING
  YESTERDAY       26            12     14        9
  MONTH TO DATE  239           231      8      217
  SINCE MAR 1   1136           931    205     1143
  SINCE JUL 1   5962          5056    906     5257

 COOLING
  YESTERDAY        0             1     -1        0
  MONTH TO DATE    5             6     -1        3
  SINCE MAR 1      5             7     -2        3
  SINCE JAN 1      5             7     -2        3
......................................................


WIND (MPH)
  HIGHEST WIND SPEED    18   HIGHEST WIND DIRECTION    SE (130)
  HIGHEST GUST SPEED    27   HIGHEST GUST DIRECTION    SE (130)
  AVERAGE WIND SPEED     8.9


SKY COVER
  AVERAGE SKY COVER 0.0


WEATHER CONDITIONS
 THE FOLLOWING WEATHER WAS RECORDED YESTERDAY.
  NO SIGNIFICANT WEATHER WAS OBSERVED.


RELATIVE HUMIDITY (PERCENT)
 HIGHEST    69           100 AM
 LOWEST     31           400 PM
 AVERAGE    50

..........................................................


THE INDIANAPOLIS EAGLE CREEK IN CLIMATE NORMALS FOR TODAY
                         NORMAL
 MAXIMUM TEMPERATURE (F)   63
 MINIMUM TEMPERATURE (F)   44


SUNRISE AND SUNSET
APRIL 17 2014.........SUNRISE   705 AM EDT   SUNSET   825 PM EDT
APRIL 18 2014.........SUNRISE   703 AM EDT   SUNSET   826 PM EDT


-  INDICATES NEGATIVE NUMBERS.
R  INDICATES RECORD WAS SET OR TIED.
MM INDICATES DATA IS MISSING.
T  INDICATES TRACE AMOUNT.




$$
