000
CDUS43 KIND 260535
CLIEYE


CLIMATE REPORT
NATIONAL WEATHER SERVICE INDIANAPOLIS IN
135 AM EDT WED APR 26 2017


...................................

...THE INDIANAPOLIS EAGLE CREEK IN CLIMATE SUMMARY FOR APRIL 25 2017...

CLIMATE NORMAL PERIOD 1981 TO 2010
CLIMATE RECORD PERIOD 9999 TO 9999


WEATHER ITEM   OBSERVED TIME   NORMAL DEPARTURE LAST
                VALUE   (LST)  VALUE  FROM      YEAR
                                      NORMAL
......................................................
TEMPERATURE (F)
 YESTERDAY
  MAXIMUM         76    539 PM  66     10       80
  MINIMUM         53    607 AM  46      7       55
  AVERAGE         65            56      9       68

PRECIPITATION (IN)
  YESTERDAY        0.00          0.15  -0.15     0.00
  MONTH TO DATE    1.47          3.02  -1.55     2.45
  SINCE MAR 1      5.92          6.32  -0.40     4.89
  SINCE JAN 1     11.08         10.66   0.42     6.85

DEGREE DAYS
 HEATING
  YESTERDAY        0             9     -9        0
  MONTH TO DATE  180           327   -147      323
  SINCE MAR 1    828          1027   -199      809
  SINCE JUL 1   4088          5152  -1064     4322

 COOLING
  YESTERDAY        0             1     -1        3
  MONTH TO DATE   22            15      7        8
  SINCE MAR 1     24            16      8        8
  SINCE JAN 1     24            16      8        8
......................................................


WIND (MPH)
  HIGHEST WIND SPEED    15   HIGHEST WIND DIRECTION    SE (140)
  HIGHEST GUST SPEED    22   HIGHEST GUST DIRECTION    SE (140)
  AVERAGE WIND SPEED     6.8


SKY COVER
  AVERAGE SKY COVER 0.0


WEATHER CONDITIONS
 THE FOLLOWING WEATHER WAS RECORDED YESTERDAY.
  NO SIGNIFICANT WEATHER WAS OBSERVED.


RELATIVE HUMIDITY (PERCENT)
 HIGHEST    83           400 AM
 LOWEST     46           300 PM
 AVERAGE    65

..........................................................


THE INDIANAPOLIS EAGLE CREEK IN CLIMATE NORMALS FOR TODAY
                         NORMAL
 MAXIMUM TEMPERATURE (F)   66
 MINIMUM TEMPERATURE (F)   47


SUNRISE AND SUNSET
APRIL 26 2017.........SUNRISE   652 AM EDT   SUNSET   835 PM EDT
APRIL 27 2017.........SUNRISE   650 AM EDT   SUNSET   836 PM EDT


-  INDICATES NEGATIVE NUMBERS.
R  INDICATES RECORD WAS SET OR TIED.
MM INDICATES DATA IS MISSING.
T  INDICATES TRACE AMOUNT.




$$
