758
CDUS43 KIND 070535
CLIEYE


CLIMATE REPORT
NATIONAL WEATHER SERVICE INDIANAPOLIS IN
1233 AM EST WED DEC 7 2016


...................................

...THE INDIANAPOLIS EAGLE CREEK IN CLIMATE SUMMARY FOR DECEMBER 6 2016...

CLIMATE NORMAL PERIOD 1981 TO 2010
CLIMATE RECORD PERIOD 9999 TO 9999


WEATHER ITEM   OBSERVED TIME   NORMAL DEPARTURE LAST
                VALUE   (LST)  VALUE  FROM      YEAR
                                      NORMAL
......................................................
TEMPERATURE (F)
 YESTERDAY
  MAXIMUM         43    348 PM  42      1       53
  MINIMUM         33   1159 PM  28      5       25
  AVERAGE         38            35      3       39

PRECIPITATION (IN)
  YESTERDAY        0.06          0.09  -0.03     0.01
  MONTH TO DATE    0.31          0.53  -0.22     0.09
  SINCE DEC 1      0.31          0.53  -0.22     0.09
  SINCE JAN 1     42.37         38.24   4.13    33.04

DEGREE DAYS
 HEATING
  YESTERDAY       27            30     -3       26
  MONTH TO DATE  164           175    -11      181
  SINCE DEC 1    164           175    -11      181
  SINCE JUL 1    848          1199   -351     1002

 COOLING
  YESTERDAY        0             0      0        0
  MONTH TO DATE    0             0      0        0
  SINCE DEC 1      0             0      0        0
  SINCE JAN 1   1453          1058    395     1030
......................................................


WIND (MPH)
  HIGHEST WIND SPEED    24   HIGHEST WIND DIRECTION    NW (310)
  HIGHEST GUST SPEED    32   HIGHEST GUST DIRECTION    NW (300)
  AVERAGE WIND SPEED     9.9


SKY COVER
  AVERAGE SKY COVER 0.7


WEATHER CONDITIONS
 THE FOLLOWING WEATHER WAS RECORDED YESTERDAY.
  LIGHT RAIN
  FOG
  HAZE


RELATIVE HUMIDITY (PERCENT)
 HIGHEST    92          1100 AM
 LOWEST     76           300 AM
 AVERAGE    84

..........................................................


THE INDIANAPOLIS EAGLE CREEK IN CLIMATE NORMALS FOR TODAY
                         NORMAL
 MAXIMUM TEMPERATURE (F)   41
 MINIMUM TEMPERATURE (F)   27


SUNRISE AND SUNSET
DECEMBER  7 2016......SUNRISE   753 AM EST   SUNSET   520 PM EST
DECEMBER  8 2016......SUNRISE   754 AM EST   SUNSET   520 PM EST


-  INDICATES NEGATIVE NUMBERS.
R  INDICATES RECORD WAS SET OR TIED.
MM INDICATES DATA IS MISSING.
T  INDICATES TRACE AMOUNT.




$$
