000
CDUS43 KIND 210537
CLIEYE


CLIMATE REPORT
NATIONAL WEATHER SERVICE INDIANAPOLIS IN
136 AM EDT TUE OCT 21 2014


...................................

...THE INDIANAPOLIS EAGLE CREEK IN CLIMATE SUMMARY FOR OCTOBER 20 2014...

CLIMATE NORMAL PERIOD 1981 TO 2010
CLIMATE RECORD PERIOD 9999 TO 9999


WEATHER ITEM   OBSERVED TIME   NORMAL DEPARTURE LAST
                VALUE   (LST)  VALUE  FROM      YEAR
                                      NORMAL
......................................................
TEMPERATURE (F)
 YESTERDAY
  MAXIMUM         68    415 PM  63      5       63
  MINIMUM         47    256 AM  44      3       39
  AVERAGE         58            53      5       51

PRECIPITATION (IN)
  YESTERDAY        0.01          0.10  -0.09     0.00
  MONTH TO DATE    1.93          2.04  -0.11     3.49
  SINCE SEP 1      5.35          4.29   1.06     5.80
  SINCE JAN 1     34.17         32.94   1.23    33.29

DEGREE DAYS
 HEATING
  YESTERDAY        7            12     -5       14
  MONTH TO DATE  169           181    -12      141
  SINCE SEP 1    243           239      4      183
  SINCE JUL 1    251           242      9      194

 COOLING
  YESTERDAY        0             0      0        0
  MONTH TO DATE    8            12     -4       28
  SINCE SEP 1    100           135    -35      171
  SINCE JAN 1    893          1055   -162     1006
......................................................


WIND (MPH)
  HIGHEST WIND SPEED    17   HIGHEST WIND DIRECTION    NW (310)
  HIGHEST GUST SPEED    23   HIGHEST GUST DIRECTION     W (270)
  AVERAGE WIND SPEED     8.6


SKY COVER
  AVERAGE SKY COVER 0.6


WEATHER CONDITIONS
 THE FOLLOWING WEATHER WAS RECORDED YESTERDAY.
  THUNDERSTORM
  LIGHT RAIN


RELATIVE HUMIDITY (PERCENT)
 HIGHEST    86           100 AM
 LOWEST     45           500 PM
 AVERAGE    66

..........................................................


THE INDIANAPOLIS EAGLE CREEK IN CLIMATE NORMALS FOR TODAY
                         NORMAL
 MAXIMUM TEMPERATURE (F)   62
 MINIMUM TEMPERATURE (F)   44


SUNRISE AND SUNSET
OCTOBER 21 2014.......SUNRISE   802 AM EDT   SUNSET   657 PM EDT
OCTOBER 22 2014.......SUNRISE   803 AM EDT   SUNSET   656 PM EDT


-  INDICATES NEGATIVE NUMBERS.
R  INDICATES RECORD WAS SET OR TIED.
MM INDICATES DATA IS MISSING.
T  INDICATES TRACE AMOUNT.




$$
