000
CDUS42 KKEY 232122
CLIEYW


CLIMATE REPORT
NATIONAL WEATHER SERVICE KEY WEST, FL
517 PM EDT SUN APR 23 2017


...................................

...THE KEY WEST CLIMATE SUMMARY FOR APRIL 23 2017...
VALID TODAY AS OF 0500 PM LOCAL TIME.

CLIMATE NORMAL PERIOD 1981 TO 2010
CLIMATE RECORD PERIOD 1871 TO 2017


WEATHER ITEM   OBSERVED TIME   RECORD YEAR NORMAL DEPARTURE LAST
                VALUE   (LST)  VALUE       VALUE  FROM      YEAR
                                                  NORMAL
..................................................................
TEMPERATURE (F)
 TODAY
  MAXIMUM         84    223 PM  89    1874  82      2       82
  MINIMUM         74   1218 AM  62    1940  73      1       72
  AVERAGE         79                        77      2       77

PRECIPITATION (IN)
  TODAY            0.00          2.37 1954   0.07  -0.07     0.00
  MONTH TO DATE    3.74                      1.64   2.10     1.40
  SINCE MAR 1      4.67                      3.69   0.98     1.70
  SINCE JAN 1      7.72                      7.22   0.50     8.78

SNOWFALL (IN)
  TODAY            0.0
  MONTH TO DATE    0.0
  SINCE MAR 1      0.0
  SINCE JUL 1      0.0
  SNOW DEPTH       0

DEGREE DAYS
 HEATING
  TODAY            0                         0      0        0
  MONTH TO DATE    0                         0      0        0
  SINCE MAR 1      0                         7     -7        0
  SINCE JUL 1      5                        73    -68       24

 COOLING
  TODAY           14                        12      2       12
  MONTH TO DATE  284                       253     31      269
  SINCE MAR 1    590                       515     75      594
  SINCE JAN 1   1130                       863    267      922
..................................................................


WIND (MPH)
  HIGHEST WIND SPEED    22   HIGHEST WIND DIRECTION    SE (120)
  HIGHEST GUST SPEED    28   HIGHEST GUST DIRECTION    SE (120)
  AVERAGE WIND SPEED    10.4


SKY COVER
  POSSIBLE SUNSHINE  MM
  AVERAGE SKY COVER 0.3


WEATHER CONDITIONS
 THE FOLLOWING WEATHER WAS RECORDED TODAY.
  NO SIGNIFICANT WEATHER WAS OBSERVED.


RELATIVE HUMIDITY (PERCENT)
 HIGHEST    94
 LOWEST     74
 AVERAGE    84

..........................................................


THE KEY WEST CLIMATE NORMALS FOR TOMORROW
                         NORMAL    RECORD    YEAR
 MAXIMUM TEMPERATURE (F)   82        89      2015
                                             1991
 MINIMUM TEMPERATURE (F)   73        63      1998


SUNRISE AND SUNSET
APRIL 23 2017.........SUNRISE   658 AM EDT   SUNSET   753 PM EDT
APRIL 24 2017.........SUNRISE   657 AM EDT   SUNSET   753 PM EDT


-  INDICATES NEGATIVE NUMBERS.
R  INDICATES RECORD WAS SET OR TIED.
MM INDICATES DATA IS MISSING.
T  INDICATES TRACE AMOUNT.




$$

FLING
