000
CDUS42 KKEY 302036
CLIEYW


CLIMATE REPORT
NATIONAL WEATHER SERVICE KEY WEST, FL
434 PM EDT FRI SEP 30 2016


...................................

...THE KEY WEST CLIMATE SUMMARY FOR SEPTEMBER 30 2016...
VALID TODAY AS OF 0400 PM LOCAL TIME.

CLIMATE NORMAL PERIOD 1981 TO 2010
CLIMATE RECORD PERIOD 1871 TO 2016


WEATHER ITEM   OBSERVED TIME   RECORD YEAR NORMAL DEPARTURE LAST
                VALUE   (LST)  VALUE       VALUE  FROM      YEAR
                                                  NORMAL
..................................................................
TEMPERATURE (F)
 TODAY
  MAXIMUM         89    239 PM  92    1959  87      2       88
                                      1958
                                      1952
  MINIMUM         82    617 AM  69    1945  78      4       82
  AVERAGE         86                        82      4       85

PRECIPITATION (IN)
  TODAY            0.00          5.73 1994   0.21  -0.21      T
  MONTH TO DATE    8.03                      6.71   1.32     6.31
  SINCE SEP 1      8.03                      6.71   1.32     6.31
  SINCE JAN 1     33.37                     30.38   2.99    28.82

SNOWFALL (IN)
  TODAY            0.0
  MONTH TO DATE    0.0
  SINCE SEP 1      0.0
  SINCE JUL 1      0.0
  SNOW DEPTH       0

DEGREE DAYS
 HEATING
  TODAY            0                         0      0        0
  MONTH TO DATE    0                         0      0        0
  SINCE SEP 1      0                         0      0        0
  SINCE JUL 1      0                         0      0        0

 COOLING
  TODAY           21                        17      4       20
  MONTH TO DATE  577                       546     31      605
  SINCE SEP 1    577                       546     31      605
  SINCE JAN 1   3884                      3735    149     4198
..................................................................


WIND (MPH)
  HIGHEST WIND SPEED    10   HIGHEST WIND DIRECTION    NW (330)
  HIGHEST GUST SPEED    12   HIGHEST GUST DIRECTION    NW (310)
  AVERAGE WIND SPEED     6.0


SKY COVER
  POSSIBLE SUNSHINE  MM
  AVERAGE SKY COVER 0.1


WEATHER CONDITIONS
 THE FOLLOWING WEATHER WAS RECORDED TODAY.
  THUNDERSTORM


RELATIVE HUMIDITY (PERCENT)
 HIGHEST    80
 LOWEST     68
 AVERAGE    74

..........................................................


THE KEY WEST CLIMATE NORMALS FOR TOMORROW
                         NORMAL    RECORD    YEAR
 MAXIMUM TEMPERATURE (F)   87        92      1958
 MINIMUM TEMPERATURE (F)   78        67      1920


SUNRISE AND SUNSET
SEPTEMBER 30 2016.....SUNRISE   719 AM EDT   SUNSET   714 PM EDT
OCTOBER  1 2016.......SUNRISE   719 AM EDT   SUNSET   713 PM EDT


-  INDICATES NEGATIVE NUMBERS.
R  INDICATES RECORD WAS SET OR TIED.
MM INDICATES DATA IS MISSING.
T  INDICATES TRACE AMOUNT.




$$
