000
CDUS42 KKEY 182022
CLIEYW

CLIMATE REPORT
NATIONAL WEATHER SERVICE KEY WEST, FL
419 PM EDT WED OCT 18 2017

...................................

...THE KEY WEST CLIMATE SUMMARY FOR OCTOBER 18 2017...
VALID TODAY AS OF 0400 PM LOCAL TIME.

CLIMATE NORMAL PERIOD 1981 TO 2010
CLIMATE RECORD PERIOD 1871 TO 2017

WEATHER ITEM   OBSERVED TIME   RECORD YEAR NORMAL DEPARTURE LAST
                VALUE   (LST)  VALUE       VALUE  FROM      YEAR
                                                  NORMAL
..................................................................

TEMPERATURE (F)
 TODAY
  MAXIMUM         83    210 PM  90    2007  84     -1       86
  MINIMUM         77    413 AM  65    2000  76      1       79
  AVERAGE         80                        80      0       83

PRECIPITATION (IN)
  TODAY            0.03          5.92 1924   0.15  -0.12     0.00
  MONTH TO DATE    4.47                      3.20   1.27     0.73
  SINCE SEP 1     13.75                      9.91   3.84     8.77
  SINCE JAN 1     33.99                     33.58   0.41    34.11

SNOWFALL (IN)
  TODAY            0.0
  MONTH TO DATE    0.0
  SINCE SEP 1      0.0
  SINCE JUL 1      0.0
  SNOW DEPTH       0

DEGREE DAYS
 HEATING
  TODAY            0                         0      0        0
  MONTH TO DATE    0                         0      0        0
  SINCE SEP 1      0                         0      0        0
  SINCE JUL 1      0                         0      0        0

 COOLING
  TODAY           15                        15      0       18
  MONTH TO DATE  325                       291     34      341
  SINCE SEP 1    921                       837     84      915
  SINCE JAN 1   4552                      4026    526     4222

..................................................................

WIND (MPH)
  HIGHEST WIND SPEED    14   HIGHEST WIND DIRECTION     E (100)
  HIGHEST GUST SPEED    18   HIGHEST GUST DIRECTION     E (100)
  AVERAGE WIND SPEED     9.2

SKY COVER
  POSSIBLE SUNSHINE  MM
  AVERAGE SKY COVER 0.4

WEATHER CONDITIONS
 THE FOLLOWING WEATHER WAS RECORDED TODAY.
  LIGHT RAIN

RELATIVE HUMIDITY (PERCENT)
 HIGHEST    94
 LOWEST     74
 AVERAGE    84

..........................................................

THE KEY WEST CLIMATE NORMALS FOR TOMORROW
                         NORMAL    RECORD    YEAR
 MAXIMUM TEMPERATURE (F)   84        89      2007
                                             1989
                                             1925
 MINIMUM TEMPERATURE (F)   76        65      2009


SUNRISE AND SUNSET

OCTOBER 18 2017.......SUNRISE   726 AM EDT   SUNSET   657 PM EDT
OCTOBER 19 2017.......SUNRISE   727 AM EDT   SUNSET   657 PM EDT

-  INDICATES NEGATIVE NUMBERS.
R  INDICATES RECORD WAS SET OR TIED.
MM INDICATES DATA IS MISSING.
T  INDICATES TRACE AMOUNT.

$$

SC
