000
CDUS42 KKEY 222128
CLIEYW

CLIMATE REPORT
NATIONAL WEATHER SERVICE KEY WEST, FL
426 PM EST MON DEC 22 2014


...................................

...THE KEY WEST CLIMATE SUMMARY FOR DECEMBER 22 2014...
VALID TODAY AS OF 0400 PM LOCAL TIME.

CLIMATE NORMAL PERIOD 1981 TO 2010
CLIMATE RECORD PERIOD 1871 TO 2014


WEATHER ITEM   OBSERVED TIME   RECORD YEAR NORMAL DEPARTURE LAST
                VALUE   (LST)  VALUE       VALUE  FROM      YEAR
                                                  NORMAL
..................................................................
TEMPERATURE (F)
 TODAY
  MAXIMUM         81   1216 PM  84    1956  75      6       81
                                      1951
  MINIMUM         75    604 AM  51    1960  66      9       77
  AVERAGE         78                        70      8       79

PRECIPITATION (IN)
  TODAY            0.00          1.54 1971   0.07  -0.07     0.00
  MONTH TO DATE    0.01                      1.69  -1.68     0.94
  SINCE DEC 1      0.01                      1.69  -1.68     0.94
  SINCE JAN 1     34.38                     39.30  -4.92    46.54

SNOWFALL (IN)
  TODAY            0.0
  MONTH TO DATE    0.0
  SINCE DEC 1      0.0
  SINCE JUL 1      0.0
  SNOW DEPTH       0

DEGREE DAYS
 HEATING
  TODAY            0                         1     -1        0
  MONTH TO DATE    5                         6     -1        0
  SINCE DEC 1      5                         6     -1        0
  SINCE JUL 1      6                         7     -1        0

 COOLING
  TODAY           13                         6      7       14
  MONTH TO DATE  150                       164    -14      244
  SINCE DEC 1    150                       164    -14      244
  SINCE JAN 1   4993                      4697    296     5005
..................................................................


WIND (MPH)
  HIGHEST WIND SPEED    17   HIGHEST WIND DIRECTION     S (160)
  HIGHEST GUST SPEED    19   HIGHEST GUST DIRECTION     S (160)
  AVERAGE WIND SPEED    10.3


SKY COVER
  POSSIBLE SUNSHINE  MM
  AVERAGE SKY COVER 0.2


WEATHER CONDITIONS
 THE FOLLOWING WEATHER WAS RECORDED TODAY.
  NO SIGNIFICANT WEATHER WAS OBSERVED.


RELATIVE HUMIDITY (PERCENT)
 HIGHEST    87
 LOWEST     74
 AVERAGE    81

..........................................................


THE KEY WEST CLIMATE NORMALS FOR TOMORROW
                         NORMAL    RECORD    YEAR
 MAXIMUM TEMPERATURE (F)   75        88      1876
 MINIMUM TEMPERATURE (F)   66        49      1954


SUNRISE AND SUNSET
DECEMBER 22 2014......SUNRISE   707 AM EST   SUNSET   544 PM EST
DECEMBER 23 2014......SUNRISE   708 AM EST   SUNSET   545 PM EST


-  INDICATES NEGATIVE NUMBERS.
R  INDICATES RECORD WAS SET OR TIED.
MM INDICATES DATA IS MISSING.
T  INDICATES TRACE AMOUNT.




$$
