000
CDUS42 KKEY 290551
CLIEYW

CLIMATE REPORT
NATIONAL WEATHER SERVICE KEY WEST, FL
145 AM EDT FRI MAY 29 2015


...................................

...THE KEY WEST CLIMATE SUMMARY FOR MAY 28 2015...

CLIMATE NORMAL PERIOD 1981 TO 2010
CLIMATE RECORD PERIOD 1871 TO 2015


WEATHER ITEM   OBSERVED TIME   RECORD YEAR NORMAL DEPARTURE LAST
               VALUE    (LST)  VALUE       VALUE  FROM      YEAR
                                                  NORMAL
..................................................................
TEMPERATURE (F)
 YESTERDAY
  MAXIMUM         86    142 PM  92    1953  86      0       87
  MINIMUM         78   1134 PM  68    1916  77      1       80
  AVERAGE         82                        82      0       84

PRECIPITATION (IN)
  YESTERDAY        0.00          2.40 2013   0.14  -0.14      T
  MONTH TO DATE    1.12                      2.57  -1.45     0.91
  SINCE MAR 1      9.20                      6.67   2.53     5.25
  SINCE JAN 1     12.43                     10.20   2.23    12.85

SNOWFALL (IN)
  YESTERDAY        0.0
  MONTH TO DATE    0.0
  SINCE MAR 1      0.0
  SINCE JUL 1      0.0
  SNOW DEPTH       0

DEGREE DAYS
 HEATING
  YESTERDAY        0                         0      0        0
  MONTH TO DATE    0                         0      0        0
  SINCE MAR 1      0                         7     -7        0
  SINCE JUL 1     27                        73    -46       22

 COOLING
  YESTERDAY       17                        17      0       19
  MONTH TO DATE  463                       426     37      470
  SINCE MAR 1   1307                      1032    275     1138
  SINCE JAN 1   1665                      1380    285     1564
..................................................................


WIND (MPH)
  HIGHEST WIND SPEED    21   HIGHEST WIND DIRECTION     E (100)
  HIGHEST GUST SPEED    25   HIGHEST GUST DIRECTION     E (90)
  AVERAGE WIND SPEED    12.2


SKY COVER
  POSSIBLE SUNSHINE  MM
  AVERAGE SKY COVER 0.2


WEATHER CONDITIONS
 THE FOLLOWING WEATHER WAS RECORDED YESTERDAY.
  NO SIGNIFICANT WEATHER WAS OBSERVED.


RELATIVE HUMIDITY (PERCENT)
 HIGHEST    74
 LOWEST     51
 AVERAGE    63

..........................................................


THE KEY WEST CLIMATE NORMALS FOR TODAY
                         NORMAL    RECORD    YEAR
 MAXIMUM TEMPERATURE (F)   87        91      1952
                                             1878
 MINIMUM TEMPERATURE (F)   77        68      1926


SUNRISE AND SUNSET
MAY 29 2015...........SUNRISE   639 AM EDT   SUNSET   810 PM EDT
MAY 30 2015...........SUNRISE   638 AM EDT   SUNSET   811 PM EDT


-  INDICATES NEGATIVE NUMBERS.
R  INDICATES RECORD WAS SET OR TIED.
MM INDICATES DATA IS MISSING.
T  INDICATES TRACE AMOUNT.


$$
