000
CDUS42 KKEY 190532
CLIEYW


CLIMATE REPORT
NATIONAL WEATHER SERVICE KEY WEST, FL
1230 AM EST SUN FEB 19 2017


...................................

...THE KEY WEST CLIMATE SUMMARY FOR FEBRUARY 18 2017...

CLIMATE NORMAL PERIOD 1981 TO 2010
CLIMATE RECORD PERIOD 1871 TO 2017


WEATHER ITEM   OBSERVED TIME   RECORD YEAR NORMAL DEPARTURE LAST
               VALUE    (LST)  VALUE       VALUE  FROM      YEAR
                                                  NORMAL
..................................................................
TEMPERATURE (F)
 YESTERDAY
  MAXIMUM         81    356 PM  84    1992  76      5       74
                                      1942
                                      1933
  MINIMUM         69    605 AM  45    1996  66      3       64
  AVERAGE         75                        71      4       69

PRECIPITATION (IN)
  YESTERDAY        0.00          1.92 1981   0.05  -0.05     0.00
  MONTH TO DATE    0.14                      0.90  -0.76     3.06
  SINCE DEC 1      2.88                      5.16  -2.28    11.00
  SINCE JAN 1      1.14                      2.94  -1.80     6.42

SNOWFALL (IN)
  YESTERDAY        0.0
  MONTH TO DATE    0.0
  SINCE DEC 1      0.0
  SINCE JUL 1      0.0
  SNOW DEPTH       0

DEGREE DAYS
 HEATING
  YESTERDAY        0                         0      0        0
  MONTH TO DATE    0                        15    -15        9
  SINCE DEC 1      5                        65    -60       22
  SINCE JUL 1      5                        66    -61       22

 COOLING
  YESTERDAY       10                         7      3        4
  MONTH TO DATE  170                       113     57       92
  SINCE DEC 1    824                       495    329      667
  SINCE JAN 1    431                       278    153      268
..................................................................


WIND (MPH)
  HIGHEST WIND SPEED    14   HIGHEST WIND DIRECTION     S (160)
  HIGHEST GUST SPEED    17   HIGHEST GUST DIRECTION     S (160)
  AVERAGE WIND SPEED     6.6


SKY COVER
  POSSIBLE SUNSHINE  MM
  AVERAGE SKY COVER 0.1


WEATHER CONDITIONS
 THE FOLLOWING WEATHER WAS RECORDED YESTERDAY.
  NO SIGNIFICANT WEATHER WAS OBSERVED.


RELATIVE HUMIDITY (PERCENT)
 HIGHEST    94
 LOWEST     68
 AVERAGE    81

..........................................................


THE KEY WEST CLIMATE NORMALS FOR TODAY
                         NORMAL    RECORD    YEAR
 MAXIMUM TEMPERATURE (F)   76        84      1990
                                             1959
                                             1956
 MINIMUM TEMPERATURE (F)   66        50      1996


SUNRISE AND SUNSET
FEBRUARY 19 2017......SUNRISE   658 AM EST   SUNSET   624 PM EST
FEBRUARY 20 2017......SUNRISE   657 AM EST   SUNSET   625 PM EST


-  INDICATES NEGATIVE NUMBERS.
R  INDICATES RECORD WAS SET OR TIED.
MM INDICATES DATA IS MISSING.
T  INDICATES TRACE AMOUNT.


$$
