000
CDUS42 KKEY 070536
CLIEYW

CLIMATE REPORT
NATIONAL WEATHER SERVICE KEY WEST, FL
1230 AM EST SUN FEB 7 2016

...................................

...THE KEY WEST CLIMATE SUMMARY FOR FEBRUARY 6 2016...

CLIMATE NORMAL PERIOD 1981 TO 2010
CLIMATE RECORD PERIOD 1871 TO 2016

WEATHER ITEM   OBSERVED TIME   RECORD YEAR NORMAL DEPARTURE LAST
                VALUE   (LST)  VALUE       VALUE  FROM      YEAR
                                                  NORMAL
..................................................................
TEMPERATURE (F)
 YESTERDAY
  MAXIMUM         71   1208 PM  85    1939  75     -4       72
  MINIMUM         64    941 PM  49    1966  65     -1       61
  AVERAGE         68                        70     -2       67

PRECIPITATION (IN)
  YESTERDAY        1.07          1.82 1912   0.05   1.02      T
  MONTH TO DATE    2.81                      0.33   2.48     0.63
  SINCE DEC 1     10.75                      4.59   6.16     3.91
  SINCE JAN 1      6.17                      2.37   3.80     1.66

SNOWFALL (IN)
  YESTERDAY        0.0
  MONTH TO DATE    0.0
  SINCE DEC 1      0.0
  SINCE JUL 1      0.0
  SNOW DEPTH       0

DEGREE DAYS
 HEATING
  YESTERDAY        0                         1     -1        0
  MONTH TO DATE    0                         6     -6        0
  SINCE DEC 1     13                        56    -43        5
  SINCE JUL 1     13                        57    -44        6

 COOLING
  YESTERDAY        3                         6     -3        2
  MONTH TO DATE   57                        36     21       29
  SINCE DEC 1    632                       418    214      513
  SINCE JAN 1    233                       201     32      260
..................................................................


WIND (MPH)
  HIGHEST WIND SPEED    22   HIGHEST WIND DIRECTION     N (340)
  HIGHEST GUST SPEED    29   HIGHEST GUST DIRECTION    NW (320)
  AVERAGE WIND SPEED    11.7


SKY COVER
  POSSIBLE SUNSHINE  MM
  AVERAGE SKY COVER 0.8


WEATHER CONDITIONS
 THE FOLLOWING WEATHER WAS RECORDED YESTERDAY.
  HEAVY RAIN
  RAIN
  LIGHT RAIN
  FOG


RELATIVE HUMIDITY (PERCENT)
 HIGHEST   100
 LOWEST     78
 AVERAGE    89

..........................................................


THE KEY WEST CLIMATE NORMALS FOR TODAY
                         NORMAL    RECORD    YEAR
 MAXIMUM TEMPERATURE (F)   75        84      1949
                                             1939
 MINIMUM TEMPERATURE (F)   65        48      1978


SUNRISE AND SUNSET
FEBRUARY  7 2016......SUNRISE   706 AM EST   SUNSET   616 PM EST
FEBRUARY  8 2016......SUNRISE   706 AM EST   SUNSET   617 PM EST


-  INDICATES NEGATIVE NUMBERS.
R  INDICATES RECORD WAS SET OR TIED.
MM INDICATES DATA IS MISSING.
T  INDICATES TRACE AMOUNT.

$$

BWC
