000
CDUS42 KKEY 190541
CLIEYW

CLIMATE REPORT
NATIONAL WEATHER SERVICE KEY WEST, FL
139 AM EDT FRI SEP 19 2014

...................................

...THE KEY WEST CLIMATE SUMMARY FOR SEPTEMBER 18 2014...

CLIMATE NORMAL PERIOD 1981 TO 2010
CLIMATE RECORD PERIOD 1871 TO 2014

WEATHER ITEM   OBSERVED TIME   RECORD YEAR NORMAL DEPARTURE LAST
               VALUE    (LST)  VALUE       VALUE  FROM      YEAR
                                                  NORMAL
..................................................................
TEMPERATURE (F)
 YESTERDAY
  MAXIMUM         88   1202 PM  92    1990  88      0       85
                                      1987
                                      1951
  MINIMUM         80   1046 PM  70    1891  79      1       79
  AVERAGE         84                        83      1       82

PRECIPITATION (IN)
  YESTERDAY        T             2.55 1879   0.25  -0.25      T
  MONTH TO DATE    4.04                      4.01   0.03     3.69
  SINCE SEP 1      4.04                      4.01   0.03     3.69
  SINCE JAN 1     26.18                     27.68  -1.50    39.20

SNOWFALL (IN)
  YESTERDAY        0.0
  MONTH TO DATE    0.0
  SINCE SEP 1      0.0
  SINCE JUL 1      0.0
  SNOW DEPTH       0

DEGREE DAYS
 HEATING
  YESTERDAY        0                         0      0        0
  MONTH TO DATE    0                         0      0        0
  SINCE SEP 1      0                         0      0        0
  SINCE JUL 1      0                         0      0        0

 COOLING
  YESTERDAY       19                        18      1       17
  MONTH TO DATE  340                       334      6      322
  SINCE SEP 1    340                       334      6      322
  SINCE JAN 1   3860                      3523    337     3642
..................................................................

WIND (MPH)
  HIGHEST WIND SPEED    13   HIGHEST WIND DIRECTION     N (20)
  HIGHEST GUST SPEED    16   HIGHEST GUST DIRECTION     N (20)
  AVERAGE WIND SPEED     3.7

SKY COVER
  POSSIBLE SUNSHINE  MM
  AVERAGE SKY COVER 0.2

WEATHER CONDITIONS
 THE FOLLOWING WEATHER WAS RECORDED YESTERDAY.
  THUNDERSTORM
  LIGHT RAIN


RELATIVE HUMIDITY (PERCENT)
 HIGHEST    85
 LOWEST     61
 AVERAGE    73

..........................................................

THE KEY WEST CLIMATE NORMALS FOR TODAY
                         NORMAL    RECORD    YEAR
 MAXIMUM TEMPERATURE (F)   88        92      1987
                                             1951
 MINIMUM TEMPERATURE (F)   78        70      1890

SUNRISE AND SUNSET
SEPTEMBER 19 2014.....SUNRISE   715 AM EDT   SUNSET   727 PM EDT
SEPTEMBER 20 2014.....SUNRISE   715 AM EDT   SUNSET   725 PM EDT

-  INDICATES NEGATIVE NUMBERS.
R  INDICATES RECORD WAS SET OR TIED.
MM INDICATES DATA IS MISSING.
T  INDICATES TRACE AMOUNT.

$$
