000
CDAK49 PAFG 020932
CLIFAI

CLIMATE REPORT
NATIONAL WEATHER SERVICE FAIRBANKS AK
132 AM AKDT WED SEP 2 2015

...................................

...THE FAIRBANKS AK CLIMATE SUMMARY FOR SEPTEMBER 1 2015...

CLIMATE NORMAL PERIOD 1981 TO 2010
CLIMATE RECORD PERIOD 1904 TO 2015


WEATHER ITEM   OBSERVED TIME   RECORD YEAR NORMAL DEPARTURE LAST
                VALUE   (LST)  VALUE       VALUE  FROM      YEAR
                                                  NORMAL
..................................................................
TEMPERATURE (F)
 YESTERDAY
  MAXIMUM         54    530 PM  80    1963  62     -8       48
  MINIMUM         35   1151 PM  17    1922  41     -6       35
  AVERAGE         45                        51     -6       42

PRECIPITATION (IN)
  YESTERDAY        0.00          1.43 2014   0.05  -0.05     1.43
  MONTH TO DATE    0.00                      0.05  -0.05     1.43
  SINCE SEP 1      0.00                      0.05  -0.05     1.43
  SINCE JAN 1      7.96                      7.62   0.34    14.15

SNOWFALL (IN)
  YESTERDAY        0.0           T    2005   0.0    0.0      0.0
                                      1980
  MONTH TO DATE    0.0                       0.0    0.0      0.0
  SINCE SEP 1      0.0                       0.0    0.0      0.0
  SINCE JUL 1      0.0                       T      0.0      0.0
  SNOW DEPTH       0

DEGREE DAYS
 HEATING
  YESTERDAY       20                        14      6       23
  MONTH TO DATE   20                        14      6       23
  SINCE SEP 1     20                        14      6       23
  SINCE JUL 1    445                       403     42      344

 COOLING
  YESTERDAY        0                         0      0        0
  MONTH TO DATE    0                         0      0        0
  SINCE SEP 1      0                         0      0        0
  SINCE JAN 1     62                        61      1       27
..................................................................


WIND (MPH)
  HIGHEST GUST SPEED    16   HIGHEST GUST DIRECTION    SW (210)


SKY COVER
  AVERAGE SKY COVER 0.6


WEATHER CONDITIONS
 THE FOLLOWING WEATHER WAS RECORDED YESTERDAY.
  NO SIGNIFICANT WEATHER WAS OBSERVED.


RELATIVE HUMIDITY (PERCENT)
 HIGHEST    85
 LOWEST     35
 AVERAGE    60

..........................................................


THE FAIRBANKS AK CLIMATE NORMALS FOR TODAY
                         NORMAL    RECORD    YEAR
 MAXIMUM TEMPERATURE (F)   61        74      1917
 MINIMUM TEMPERATURE (F)   41        18      1922


SUNRISE AND SUNSET
SEPTEMBER 02 2015..........SUNRISE  635 AM AKDT   SUNSET  906 PM AKDT
SEPTEMBER 03 2015..........SUNRISE  638 AM AKDT   SUNSET  903 PM AKDT


-  INDICATES NEGATIVE NUMBERS.
R  INDICATES RECORD WAS SET OR TIED.
MM INDICATES DATA IS MISSING.
T  INDICATES TRACE AMOUNT.

&&

SNOW DEPTH IS MEASURED AT 3AM AKST/4AM AKDT

----------------------------
AVAILABLE DAYLIGHT

AMOUNT OF DAYLIGHT TODAY  (HOUR:MIN)........14:31
LOSS SINCE YESTERDAY........................6 MINUTES
----------------------------

$$
RF SEP 15
