000
CDAK49 PAFG 211003
CLIFAI

CLIMATE REPORT
NATIONAL WEATHER SERVICE FAIRBANKS AK
103 AM AKST WED FEB 21 2018

...................................

...THE FAIRBANKS AK CLIMATE SUMMARY FOR FEBRUARY 20 2018...

CLIMATE NORMAL PERIOD 1981 TO 2010
CLIMATE RECORD PERIOD 1904 TO 2018


WEATHER ITEM   OBSERVED TIME   RECORD YEAR NORMAL DEPARTURE LAST
                VALUE   (LST)  VALUE       VALUE  FROM      YEAR
                                                  NORMAL
..................................................................
TEMPERATURE (F)
 YESTERDAY
  MAXIMUM         34    426 PM  41    2008  13     21        0
  MINIMUM         16   1210 AM -51    1932 -10     26      -19
  AVERAGE         25                         1     24       -9

PRECIPITATION (IN)
  YESTERDAY        0.03          0.31 2011   0.01   0.02     0.01
                                      1962
                                      1944
  MONTH TO DATE    0.68                      0.31   0.37     0.11
  SINCE DEC 1      2.16                      1.53   0.63     3.03
  SINCE JAN 1      1.78                      0.89   0.89     1.07

SNOWFALL (IN)
  YESTERDAY        0.6           6.7  2011   0.3    0.3      0.2
  MONTH TO DATE   10.5                       6.0    4.5      4.1
  SINCE DEC 1     31.6                      28.4    3.2     54.0
  SINCE JUL 1     61.4                      54.2    7.2     59.2
  SNOW DEPTH      26

DEGREE DAYS
 HEATING
  YESTERDAY       40                        64    -24       74
  MONTH TO DATE 1292                      1357    -65     1389
  SINCE DEC 1   5212                      5758   -546     5956
  SINCE JUL 1   8777                      9889  -1112     9726

 COOLING
  YESTERDAY        0                         0      0        0
  MONTH TO DATE    0                         0      0        0
  SINCE DEC 1      0                         0      0        0
  SINCE JAN 1      0                         0      0        0
..................................................................


WIND (MPH)
  HIGHEST GUST SPEED    35   HIGHEST GUST DIRECTION     W (250)


SKY COVER
  AVERAGE SKY COVER 0.8


WEATHER CONDITIONS
 THE FOLLOWING WEATHER WAS RECORDED YESTERDAY.
  LIGHT SNOW
  FOG


RELATIVE HUMIDITY (PERCENT)
 HIGHEST   100
 LOWEST     64
 AVERAGE    82

..........................................................


THE FAIRBANKS AK CLIMATE NORMALS FOR TODAY
                         NORMAL    RECORD    YEAR
 MAXIMUM TEMPERATURE (F)   13        41      1977
 MINIMUM TEMPERATURE (F)  -11       -54      1932


SUNRISE AND SUNSET
FEBRUARY 21 2018......SUNRISE   828 AM AKST  SUNSET   543 PM AKST
FEBRUARY 22 2018......SUNRISE   825 AM AKST  SUNSET   546 PM AKST


-  INDICATES NEGATIVE NUMBERS.
R  INDICATES RECORD WAS SET OR TIED.
MM INDICATES DATA IS MISSING.
T  INDICATES TRACE AMOUNT.

&&

SNOW DEPTH IS MEASURED AT 3AM AKST/4AM AKDT

----------------------------
AVAILABLE DAYLIGHT

AMOUNT OF DAYLIGHT TODAY  (HOUR:MIN)........09:15
GAIN SINCE YESTERDAY........................7 MINUTES
----------------------------

$$
FEB 18
