000
CDAK49 PAFG 241004
CLIFAI

CLIMATE REPORT
NATIONAL WEATHER SERVICE FAIRBANKS AK
104 AM AKST FRI FEB 24 2017

...................................

...THE FAIRBANKS AK CLIMATE SUMMARY FOR FEBRUARY 23 2017...

CLIMATE NORMAL PERIOD 1981 TO 2010
CLIMATE RECORD PERIOD 1904 TO 2017


WEATHER ITEM   OBSERVED TIME   RECORD YEAR NORMAL DEPARTURE LAST
                VALUE   (LST)  VALUE       VALUE  FROM      YEAR
                                                  NORMAL
..................................................................
TEMPERATURE (F)
 YESTERDAY
  MAXIMUM         27    823 PM  48    1945  15     12       28
  MINIMUM          5    234 AM -50    1932  -9     14       -1
  AVERAGE         16                         2     14       14

PRECIPITATION (IN)
  YESTERDAY        0.19          0.20 1918   0.02   0.17     0.00
  MONTH TO DATE    0.38                      0.36   0.02     0.05
  SINCE DEC 1      3.30                      1.58   1.72     0.13
  SINCE JAN 1      1.34                      0.94   0.40     0.06

SNOWFALL (IN)
  YESTERDAY        2.8 R         2.5  1968   0.3    2.5      0.0
  MONTH TO DATE   10.7                       6.9    3.8      0.6
  SINCE DEC 1     60.6                      29.3   31.3      2.5
  SINCE JUL 1     65.8                      55.1   10.7     52.6
  SNOW DEPTH      23

DEGREE DAYS
 HEATING
  YESTERDAY       49                        63    -14       51
  MONTH TO DATE 1585                      1548     37     1411
  SINCE DEC 1   6152                      5949    203     5382
  SINCE JUL 1   9922                     10080   -158     9170

 COOLING
  YESTERDAY        0                         0      0        0
  MONTH TO DATE    0                         0      0        0
  SINCE DEC 1      0                         0      0        0
  SINCE JAN 1      0                         0      0        0
..................................................................


WIND (MPH)
  HIGHEST GUST SPEED    12   HIGHEST GUST DIRECTION    NE (30)


SKY COVER
  AVERAGE SKY COVER 1.0


WEATHER CONDITIONS
 THE FOLLOWING WEATHER WAS RECORDED YESTERDAY.
  LIGHT SNOW
  FOG


RELATIVE HUMIDITY (PERCENT)
 HIGHEST    96
 LOWEST     77
 AVERAGE    87

..........................................................


THE FAIRBANKS AK CLIMATE NORMALS FOR TODAY
                         NORMAL    RECORD    YEAR
 MAXIMUM TEMPERATURE (F)   15        50      1943
 MINIMUM TEMPERATURE (F)   -9       -52      1932


SUNRISE AND SUNSET
FEBRUARY 24 2017..........SUNRISE  817 AM AKST   SUNSET  554 PM AKST
FEBRUARY 25 2017..........SUNRISE  813 AM AKST   SUNSET  557 PM AKST


-  INDICATES NEGATIVE NUMBERS.
R  INDICATES RECORD WAS SET OR TIED.
MM INDICATES DATA IS MISSING.
T  INDICATES TRACE AMOUNT.

&&

SNOW DEPTH IS MEASURED AT 3AM AKST/4AM AKDT

----------------------------
AVAILABLE DAYLIGHT

AMOUNT OF DAYLIGHT TODAY  (HOUR:MIN)........9:37
GAIN SINCE YESTERDAY........................7 MINUTES
----------------------------

$$
CCC FEB 17
