000
CDAK49 PAFG 210953
CLIFAI

CLIMATE REPORT
NATIONAL WEATHER SERVICE FAIRBANKS AK
153 AM AKDT FRI JUL 21 2017

...................................

...THE FAIRBANKS AK CLIMATE SUMMARY FOR JULY 20 2017...

CLIMATE NORMAL PERIOD 1981 TO 2010
CLIMATE RECORD PERIOD 1904 TO 2017


WEATHER ITEM   OBSERVED TIME   RECORD YEAR NORMAL DEPARTURE LAST
                VALUE   (LST)  VALUE       VALUE  FROM      YEAR
                                                  NORMAL
..................................................................
TEMPERATURE (F)
 YESTERDAY
  MAXIMUM         77    418 PM  88    1915  72      5       64
  MINIMUM         61   1122 PM  37    1964  52      9       52
  AVERAGE         69                        62      7       58

PRECIPITATION (IN)
  YESTERDAY        0.01          1.84 1948   0.07  -0.06     0.17
  MONTH TO DATE    1.43                      1.35   0.08     2.39
  SINCE JUN 1      3.16                      2.72   0.44     5.68
  SINCE JAN 1      6.21                      4.88   1.33     7.57

SNOWFALL (IN)
  YESTERDAY        0.0           0.0  2002   0.0    0.0      0.0
                                      2001
                                      2000
  MONTH TO DATE    0.0                       0.0    0.0      0.0
  SINCE JUN 1      0.0                       0.0    0.0      0.0
  SINCE JUL 1      0.0                       0.0    0.0      0.0
  SNOW DEPTH       0

DEGREE DAYS
 HEATING
  YESTERDAY        0                         4     -4        7
  MONTH TO DATE   13                        61    -48       33
  SINCE JUN 1    107                       221   -114      194
  SINCE JUL 1     13                        61    -48       33

 COOLING
  YESTERDAY        4                         1      3        0
  MONTH TO DATE   46                        24     22       41
  SINCE JUN 1     81                        47     34       60
  SINCE JAN 1     81                        48     33       66
..................................................................


WIND (MPH)
  HIGHEST GUST SPEED    26   HIGHEST GUST DIRECTION     W (270)


SKY COVER
  AVERAGE SKY COVER 0.6


WEATHER CONDITIONS
 THE FOLLOWING WEATHER WAS RECORDED YESTERDAY.
  LIGHT RAIN


RELATIVE HUMIDITY (PERCENT)
 HIGHEST    93
 LOWEST     41
 AVERAGE    67

..........................................................


THE FAIRBANKS AK CLIMATE NORMALS FOR TODAY
                         NORMAL    RECORD    YEAR
 MAXIMUM TEMPERATURE (F)   72        88      1915
 MINIMUM TEMPERATURE (F)   52        35      1928


SUNRISE AND SUNSET
JULY 21 2017..........SUNRISE  415 AM AKDT   SUNSET  1138 PM AKDT
JULY 22 2017..........SUNRISE  419 AM AKDT   SUNSET  1134 PM AKDT


-  INDICATES NEGATIVE NUMBERS.
R  INDICATES RECORD WAS SET OR TIED.
MM INDICATES DATA IS MISSING.
T  INDICATES TRACE AMOUNT.

&&

SNOW DEPTH IS MEASURED AT 3AM AKST/4AM AKDT

----------------------------
AVAILABLE DAYLIGHT

AMOUNT OF DAYLIGHT TODAY  (HOUR:MIN)........19:23
LOSS SINCE YESTERDAY........................6 MINUTES
----------------------------

$$
DJH JUL 17
