000
CDUS43 KFGF 120730 CCA
CLIFAR

CLIMATE REPORT..CORRECTED
NATIONAL WEATHER SERVICE EASTERN NORTH DAKOTA/GRAND FORKS
130 AM CST TUE DEC 12 2017


...................................

...THE FARGO HECTOR INTL AP ND CLIMATE SUMMARY FOR DECEMBER 11
2017...

CLIMATE NORMAL PERIOD 1981 TO 2010
CLIMATE RECORD PERIOD 1881 TO 2017


WEATHER ITEM   OBSERVED TIME   RECORD YEAR NORMAL DEPARTURE LAST
                VALUE   (LST)  VALUE       VALUE  FROM      YEAR
                                                  NORMAL
..................................................................
TEMPERATURE (F)
 YESTERDAY
  MAXIMUM         38    424 AM  54    1939  24     14       13
  MINIMUM          5   1159 PM -21    1945   7     -2       -2
  AVERAGE         22                        15      7        6

PRECIPITATION (IN)
  YESTERDAY        0.02          0.67 1949   0.02   0.03     0.16
  MONTH TO DATE    0.26                      0.29  -0.03     0.40
  SINCE DEC 1      0.26                      0.29  -0.03     0.40
  SINCE JAN 1     14.72                     22.07  -7.35    22.66

SNOWFALL (IN)
  YESTERDAY         T            5.7  1949   0.3    0.0      2.1
  MONTH TO DATE    2.3                       3.8   -1.5      5.3
  SINCE DEC 1      2.3                       3.8   -1.5      5.3
  SINCE JUL 1      6.0                      12.4   -6.4      9.0
  SNOW DEPTH       1

DEGREE DAYS
 HEATING
  YESTERDAY       43                        50     -7       59
  MONTH TO DATE  452                       523    -71      509
  SINCE DEC 1    452                       523    -71      509
  SINCE JUL 1   2250                      2485   -235     1814

 COOLING
  YESTERDAY        0                         0      0        0
  MONTH TO DATE    0                         0      0        0
  SINCE DEC 1      0                         0      0        0
  SINCE JAN 1    518                       551    -33      661
..................................................................


WIND (MPH)
  HIGHEST WIND SPEED    41   HIGHEST WIND DIRECTION     N (350)
  HIGHEST GUST SPEED    53   HIGHEST GUST DIRECTION     N (340)
  AVERAGE WIND SPEED    19.6


SKY COVER
  POSSIBLE SUNSHINE  MM
  AVERAGE SKY COVER 0.6


WEATHER CONDITIONS
 THE FOLLOWING WEATHER WAS RECORDED YESTERDAY.
  LIGHT RAIN
  LIGHT SNOW
  FOG
  BLOWING SNOW


RELATIVE HUMIDITY (PERCENT)
 HIGHEST    92           600 AM
 LOWEST     73           500 PM
 AVERAGE    83

..........................................................


THE FARGO HECTOR INTL AP ND CLIMATE NORMALS FOR TODAY
                         NORMAL    RECORD    YEAR
 MAXIMUM TEMPERATURE (F)   23        55      1883
 MINIMUM TEMPERATURE (F)    7       -23      1893


SUNRISE AND SUNSET
DECEMBER 12 2017......SUNRISE   804 AM CST   SUNSET   438 PM CST
DECEMBER 13 2017......SUNRISE   804 AM CST   SUNSET   439 PM CST


-  INDICATES NEGATIVE NUMBERS.
R  INDICATES RECORD WAS SET OR TIED.
MM INDICATES DATA IS MISSING.
T  INDICATES TRACE AMOUNT.




$$
