000
CDUS43 KFGF 260640
CLIFAR


CLIMATE REPORT
NATIONAL WEATHER SERVICE EASTERN NORTH DAKOTA/GRAND FORKS
1238 AM CST FRI DEC 26 2014


...................................

...THE FARGO HECTOR INTL AP ND CLIMATE SUMMARY FOR DECEMBER 25 2014...

CLIMATE NORMAL PERIOD 1981 TO 2010
CLIMATE RECORD PERIOD 1881 TO 2014


WEATHER ITEM   OBSERVED TIME   RECORD YEAR NORMAL DEPARTURE LAST
                VALUE   (LST)  VALUE       VALUE  FROM      YEAR
                                                  NORMAL
..................................................................
TEMPERATURE (F)
 YESTERDAY
  MAXIMUM         31    348 PM  47    1999  20     11       24
  MINIMUM         26    524 AM -31    1933   3     23       13
                                      1884
  AVERAGE         29                        11     18       19

PRECIPITATION (IN)
  YESTERDAY        0.00          0.76 2009   0.03  -0.03     0.02
  MONTH TO DATE    0.25                      0.66  -0.41     1.13
  SINCE DEC 1      0.25                      0.66  -0.41     1.13
  SINCE JAN 1     20.20                     22.44  -2.24    32.02

SNOWFALL (IN)
  YESTERDAY        0.0           8.1  2009   0.4   -0.4      0.3
  MONTH TO DATE    0.9                       8.8   -7.9     14.6
  SINCE DEC 1      0.9                       8.8   -7.9     14.6
  SINCE JUL 1      4.5                      17.4  -12.9     14.9
  SNOW DEPTH       T

DEGREE DAYS
 HEATING
  YESTERDAY       36                        54    -18       46
  MONTH TO DATE 1009                      1252   -243     1523
  SINCE DEC 1   1009                      1252   -243     1523
  SINCE JUL 1   2966                      3214   -248     3364

 COOLING
  YESTERDAY        0                         0      0        0
  MONTH TO DATE    0                         0      0        0
  SINCE DEC 1      0                         0      0        0
  SINCE JAN 1    544                       551     -7      699
..................................................................


WIND (MPH)
  HIGHEST WIND SPEED    17   HIGHEST WIND DIRECTION     N (360)
  HIGHEST GUST SPEED    21   HIGHEST GUST DIRECTION     N (350)
  AVERAGE WIND SPEED    10.2


SKY COVER
  POSSIBLE SUNSHINE  MM
  AVERAGE SKY COVER 0.9


WEATHER CONDITIONS
 THE FOLLOWING WEATHER WAS RECORDED YESTERDAY.
  NO SIGNIFICANT WEATHER WAS OBSERVED.


RELATIVE HUMIDITY (PERCENT)
 HIGHEST    92           300 AM
 LOWEST     75           700 PM
 AVERAGE    84

..........................................................


THE FARGO HECTOR INTL AP ND CLIMATE NORMALS FOR TODAY
                         NORMAL    RECORD    YEAR
 MAXIMUM TEMPERATURE (F)   19        52      2011
 MINIMUM TEMPERATURE (F)    3       -32      1886
                                             1883


SUNRISE AND SUNSET
DECEMBER 26 2014......SUNRISE   812 AM CST   SUNSET   444 PM CST
DECEMBER 27 2014......SUNRISE   812 AM CST   SUNSET   445 PM CST


-  INDICATES NEGATIVE NUMBERS.
R  INDICATES RECORD WAS SET OR TIED.
MM INDICATES DATA IS MISSING.
T  INDICATES TRACE AMOUNT.




$$
