127
CDUS43 KFGF 072251
CLIFAR


CLIMATE REPORT
NATIONAL WEATHER SERVICE EASTERN NORTH DAKOTA/GRAND FORKS
451 PM CST SUN FEB 7 2016


...................................

...THE FARGO HECTOR INTL AP ND CLIMATE SUMMARY FOR FEBRUARY 7 2016...
VALID TODAY AS OF 0400 PM LOCAL TIME.

CLIMATE NORMAL PERIOD 1981 TO 2010
CLIMATE RECORD PERIOD 1881 TO 2016


WEATHER ITEM   OBSERVED TIME   RECORD YEAR NORMAL DEPARTURE LAST
                VALUE   (LST)  VALUE       VALUE  FROM      YEAR
                                                  NORMAL
..................................................................
TEMPERATURE (F)
 TODAY
  MAXIMUM         39   1248 AM  51    1991  21     18       36
                                      1886
  MINIMUM         23    359 PM -32    1893   2     21       20
  AVERAGE         31                        12     19       28

PRECIPITATION (IN)
  TODAY            0.04          0.43 1937   0.01   0.03     0.00
  MONTH TO DATE    0.09                      0.12  -0.03     0.05
  SINCE DEC 1      1.42                      1.65  -0.23     0.70
  SINCE JAN 1      0.78                      0.82  -0.04     0.45

SNOWFALL (IN)
  TODAY            T             8.2  1937   0.2   -0.2      0.0
  MONTH TO DATE    1.4                       1.7   -0.3      0.8
  SINCE DEC 1     17.5                      24.1   -6.6      4.7
  SINCE JUL 1     20.4                      32.7  -12.3      8.3
  SNOW DEPTH       2

DEGREE DAYS
 HEATING
  TODAY           34                        53    -19       37
  MONTH TO DATE  281                       377    -96      368
  SINCE DEC 1   3168                      3683   -515     3230
  SINCE JUL 1   4609                      5645  -1036     5187

 COOLING
  TODAY            0                         0      0        0
  MONTH TO DATE    0                         0      0        0
  SINCE DEC 1      0                         0      0        0
  SINCE JAN 1      0                         0      0        0
..................................................................


WIND (MPH)
  HIGHEST WIND SPEED    39   HIGHEST WIND DIRECTION    NW (330)
  HIGHEST GUST SPEED    46   HIGHEST GUST DIRECTION    NW (330)
  AVERAGE WIND SPEED    24.9


SKY COVER
  POSSIBLE SUNSHINE  MM
  AVERAGE SKY COVER 0.9


WEATHER CONDITIONS
 THE FOLLOWING WEATHER WAS RECORDED TODAY.
  LIGHT RAIN
  LIGHT SNOW
  FOG


RELATIVE HUMIDITY (PERCENT)
 HIGHEST    82           100 AM
 LOWEST     64           600 AM
 AVERAGE    73

..........................................................


THE FARGO HECTOR INTL AP ND CLIMATE NORMALS FOR TOMORROW
                         NORMAL    RECORD    YEAR
 MAXIMUM TEMPERATURE (F)   22        51      1898
 MINIMUM TEMPERATURE (F)    3       -38      1888


SUNRISE AND SUNSET
FEBRUARY  7 2016......SUNRISE   744 AM CST   SUNSET   539 PM CST
FEBRUARY  8 2016......SUNRISE   743 AM CST   SUNSET   540 PM CST


-  INDICATES NEGATIVE NUMBERS.
R  INDICATES RECORD WAS SET OR TIED.
MM INDICATES DATA IS MISSING.
T  INDICATES TRACE AMOUNT.




$$
