269
CDUS43 KFGF 252155
CLIFAR


CLIMATE REPORT
NATIONAL WEATHER SERVICE EASTERN NORTH DAKOTA/GRAND FORKS
453 PM CDT SUN JUN 25 2017


...................................

...THE FARGO HECTOR INTL AP ND CLIMATE SUMMARY FOR JUNE 25 2017...
VALID TODAY AS OF 0400 PM LOCAL TIME.

CLIMATE NORMAL PERIOD 1981 TO 2010
CLIMATE RECORD PERIOD 1881 TO 2017


WEATHER ITEM   OBSERVED TIME   RECORD YEAR NORMAL DEPARTURE LAST
                VALUE   (LST)  VALUE       VALUE  FROM      YEAR
                                                  NORMAL
..................................................................
TEMPERATURE (F)
 TODAY
  MAXIMUM         70    153 PM  96    1936  80    -10       88
  MINIMUM         45    453 AM  40    1897  58    -13       62
                                      1883
  AVERAGE         58                        69    -11       75

PRECIPITATION (IN)
  TODAY            0.00          2.56 2013   0.14  -0.14     0.00
  MONTH TO DATE    1.94                      3.26  -1.32     1.58
  SINCE JUN 1      1.94                      3.26  -1.32     1.58
  SINCE JAN 1      6.58                     10.07  -3.49     7.06

SNOWFALL (IN)
  TODAY            0.0           0.0    MM   0.0    0.0      0.0
  MONTH TO DATE    0.0                       0.0    0.0      0.0
  SINCE JUN 1      0.0                       0.0    0.0      0.0
  SINCE JUL 1     33.1                      50.4  -17.3     27.4
  SNOW DEPTH       0

DEGREE DAYS
 HEATING
  TODAY            7                         1      6        0
  MONTH TO DATE   27                        66    -39       19
  SINCE JUN 1     27                        66    -39       19
  SINCE JUL 1   7444                      8795  -1351     7164

 COOLING
  TODAY            0                         5     -5       10
  MONTH TO DATE  121                        81     40      134
  SINCE JUN 1    121                        81     40      134
  SINCE JAN 1    132                       112     20      182
..................................................................


WIND (MPH)
  HIGHEST WIND SPEED    22   HIGHEST WIND DIRECTION    NW (320)
  HIGHEST GUST SPEED    29   HIGHEST GUST DIRECTION    NW (320)
  AVERAGE WIND SPEED    12.4


SKY COVER
  POSSIBLE SUNSHINE  MM
  AVERAGE SKY COVER 0.4


WEATHER CONDITIONS
 THE FOLLOWING WEATHER WAS RECORDED TODAY.
  NO SIGNIFICANT WEATHER WAS OBSERVED.


RELATIVE HUMIDITY (PERCENT)
 HIGHEST    92           500 AM
 LOWEST     36           200 PM
 AVERAGE    64

..........................................................


THE FARGO HECTOR INTL AP ND CLIMATE NORMALS FOR TOMORROW
                         NORMAL    RECORD    YEAR
 MAXIMUM TEMPERATURE (F)   80        96      1933
 MINIMUM TEMPERATURE (F)   58        40      2004


SUNRISE AND SUNSET
JUNE 25 2017..........SUNRISE   534 AM CDT   SUNSET   926 PM CDT
JUNE 26 2017..........SUNRISE   534 AM CDT   SUNSET   926 PM CDT


-  INDICATES NEGATIVE NUMBERS.
R  INDICATES RECORD WAS SET OR TIED.
MM INDICATES DATA IS MISSING.
T  INDICATES TRACE AMOUNT.




$$
