000
CDUS43 KFGF 010639
CLIFAR


CLIMATE REPORT
NATIONAL WEATHER SERVICE EASTERN NORTH DAKOTA/GRAND FORKS
138 AM CDT TUE SEP 1 2015


...................................

...THE FARGO HECTOR INTL AP ND CLIMATE SUMMARY FOR AUGUST 31 2015...

CLIMATE NORMAL PERIOD 1981 TO 2010
CLIMATE RECORD PERIOD 1881 TO 2015


WEATHER ITEM   OBSERVED TIME   RECORD YEAR NORMAL DEPARTURE LAST
                VALUE   (LST)  VALUE       VALUE  FROM      YEAR
                                                  NORMAL
..................................................................
TEMPERATURE (F)
 YESTERDAY
  MAXIMUM         82    136 PM  95    1953  78      4       75
  MINIMUM         62   1148 PM  32    1886  54      8       57
  AVERAGE         72                        66      6       66

PRECIPITATION (IN)
  YESTERDAY        0.00          1.92 1989   0.09  -0.09     0.19
  MONTH TO DATE    1.29                      2.56  -1.27     2.11
  SINCE JUN 1      6.82                      9.25  -2.43     9.44
  SINCE JAN 1     16.92                     16.06   0.86    16.46

SNOWFALL (IN)
  YESTERDAY        0.0           0.0    MM   0.0    0.0      0.0
  MONTH TO DATE    0.0                       0.0    0.0      0.0
  SINCE JUN 1      0.0                       0.0    0.0      0.0
  SINCE JUL 1      0.0                       0.0    0.0      0.0
  SNOW DEPTH       0

DEGREE DAYS
 HEATING
  YESTERDAY        0                         3     -3        0
  MONTH TO DATE   32                        36     -4       12
  SINCE JUN 1     67                       123    -56       62
  SINCE JUL 1     44                        50     -6       32

 COOLING
  YESTERDAY        7                         3      4        1
  MONTH TO DATE  177                       165     12      157
  SINCE JUN 1    527                       474     53      422
  SINCE JAN 1    542                       505     37      501
..................................................................


WIND (MPH)
  HIGHEST WIND SPEED    21   HIGHEST WIND DIRECTION     S (160)
  HIGHEST GUST SPEED    29   HIGHEST GUST DIRECTION    SE (150)
  AVERAGE WIND SPEED     9.1


SKY COVER
  POSSIBLE SUNSHINE  MM
  AVERAGE SKY COVER 0.1


WEATHER CONDITIONS
 THE FOLLOWING WEATHER WAS RECORDED YESTERDAY.
  FOG
  HAZE


RELATIVE HUMIDITY (PERCENT)
 HIGHEST    93          1000 PM
 LOWEST     58          1000 AM
 AVERAGE    76

..........................................................


THE FARGO HECTOR INTL AP ND CLIMATE NORMALS FOR TODAY
                         NORMAL    RECORD    YEAR
 MAXIMUM TEMPERATURE (F)   77        98      1894
 MINIMUM TEMPERATURE (F)   53        34      1885


SUNRISE AND SUNSET
SEPTEMBER  1 2015.....SUNRISE   646 AM CDT   SUNSET   807 PM CDT
SEPTEMBER  2 2015.....SUNRISE   648 AM CDT   SUNSET   805 PM CDT


-  INDICATES NEGATIVE NUMBERS.
R  INDICATES RECORD WAS SET OR TIED.
MM INDICATES DATA IS MISSING.
T  INDICATES TRACE AMOUNT.




$$
