000
CDUS43 KFGF 052252
CLIFAR


CLIMATE REPORT
NATIONAL WEATHER SERVICE EASTERN NORTH DAKOTA/GRAND FORKS
451 PM CST MON DEC 5 2016


...................................

...THE FARGO HECTOR INTL AP ND CLIMATE SUMMARY FOR DECEMBER 5 2016...
VALID TODAY AS OF 0400 PM LOCAL TIME.

CLIMATE NORMAL PERIOD 1981 TO 2010
CLIMATE RECORD PERIOD 1881 TO 2016


WEATHER ITEM   OBSERVED TIME   RECORD YEAR NORMAL DEPARTURE LAST
                VALUE   (LST)  VALUE       VALUE  FROM      YEAR
                                                  NORMAL
..................................................................
TEMPERATURE (F)
 TODAY
  MAXIMUM         36    359 PM  54    1939  26     10       40
  MINIMUM         20    803 AM -18    1972  10     10       23
  AVERAGE         28                        18     10       32

PRECIPITATION (IN)
  TODAY            0.00          0.73 1960   0.03  -0.03     0.00
  MONTH TO DATE    0.05                      0.14  -0.09     0.19
  SINCE DEC 1      0.05                      0.14  -0.09     0.19
  SINCE JAN 1     22.31                     21.92   0.39    20.86

SNOWFALL (IN)
  TODAY            0.0           5.8  1909   0.3   -0.3      0.0
  MONTH TO DATE    0.3                       1.7   -1.4      2.1
  SINCE DEC 1      0.3                       1.7   -1.4      2.1
  SINCE JUL 1      4.0                      10.3   -6.3      5.0
  SNOW DEPTH       0

DEGREE DAYS
 HEATING
  TODAY           37                        47    -10       33
  MONTH TO DATE  177                       231    -54      188
  SINCE DEC 1    177                       231    -54      188
  SINCE JUL 1   1482                      2193   -711     1629

 COOLING
  TODAY            0                         0      0        0
  MONTH TO DATE    0                         0      0        0
  SINCE DEC 1      0                         0      0        0
  SINCE JAN 1    661                       551    110      677
..................................................................


WIND (MPH)
  HIGHEST WIND SPEED    14   HIGHEST WIND DIRECTION     E (90)
  HIGHEST GUST SPEED    19   HIGHEST GUST DIRECTION     E (90)
  AVERAGE WIND SPEED     6.3


SKY COVER
  POSSIBLE SUNSHINE  MM
  AVERAGE SKY COVER 0.2


WEATHER CONDITIONS
 THE FOLLOWING WEATHER WAS RECORDED TODAY.
  NO SIGNIFICANT WEATHER WAS OBSERVED.


RELATIVE HUMIDITY (PERCENT)
 HIGHEST    92           600 AM
 LOWEST     75           200 PM
 AVERAGE    84

..........................................................


THE FARGO HECTOR INTL AP ND CLIMATE NORMALS FOR TOMORROW
                         NORMAL    RECORD    YEAR
 MAXIMUM TEMPERATURE (F)   26        65      1939
 MINIMUM TEMPERATURE (F)    9       -26      1972


SUNRISE AND SUNSET
DECEMBER  5 2016......SUNRISE   757 AM CST   SUNSET   439 PM CST
DECEMBER  6 2016......SUNRISE   758 AM CST   SUNSET   439 PM CST


-  INDICATES NEGATIVE NUMBERS.
R  INDICATES RECORD WAS SET OR TIED.
MM INDICATES DATA IS MISSING.
T  INDICATES TRACE AMOUNT.




$$
