000
CDUS43 KFGF 280637
CLIFAR


CLIMATE REPORT
NATIONAL WEATHER SERVICE EASTERN NORTH DAKOTA/GRAND FORKS
137 AM CDT TUE JUL 28 2015


...................................

...THE FARGO HECTOR INTL AP ND CLIMATE SUMMARY FOR JULY 27 2015...

CLIMATE NORMAL PERIOD 1981 TO 2010
CLIMATE RECORD PERIOD 1881 TO 2015


WEATHER ITEM   OBSERVED TIME   RECORD YEAR NORMAL DEPARTURE LAST
                VALUE   (LST)  VALUE       VALUE  FROM      YEAR
                                                  NORMAL
..................................................................
TEMPERATURE (F)
 YESTERDAY
  MAXIMUM         91    331 PM 105    1988  83      8       69
  MINIMUM         68    152 AM  46    1971  60      8       59
                                      1925
  AVERAGE         80                        71      9       64

PRECIPITATION (IN)
  YESTERDAY        0.00          1.82 2010   0.07  -0.07      T
  MONTH TO DATE    2.13                      2.50  -0.37     1.64
  SINCE JUN 1      4.88                      6.40  -1.52     7.33
  SINCE JAN 1     14.98                     13.21   1.77    14.35

SNOWFALL (IN)
  YESTERDAY        0.0           0.0    MM   0.0    0.0      0.0
  MONTH TO DATE    0.0                       0.0    0.0      0.0
  SINCE JUN 1      0.0                       0.0    0.0      0.0
  SINCE JUL 1      0.0                       0.0    0.0      0.0
  SNOW DEPTH       0

DEGREE DAYS
 HEATING
  YESTERDAY        0                         0      0        1
  MONTH TO DATE   12                        12      0       20
  SINCE JUN 1     35                        85    -50       50
  SINCE JUL 1     12                        12      0       20

 COOLING
  YESTERDAY       15                         7      8        0
  MONTH TO DATE  225                       179     46      152
  SINCE JUN 1    321                       286     35      254
  SINCE JAN 1    336                       317     19      333
..................................................................


WIND (MPH)
  HIGHEST WIND SPEED    22   HIGHEST WIND DIRECTION    SE (150)
  HIGHEST GUST SPEED    29   HIGHEST GUST DIRECTION    SE (140)
  AVERAGE WIND SPEED    12.3


SKY COVER
  POSSIBLE SUNSHINE  MM
  AVERAGE SKY COVER 0.1


WEATHER CONDITIONS
 THE FOLLOWING WEATHER WAS RECORDED YESTERDAY.
  NO SIGNIFICANT WEATHER WAS OBSERVED.


RELATIVE HUMIDITY (PERCENT)
 HIGHEST    90           400 AM
 LOWEST     52           300 PM
 AVERAGE    71

..........................................................


THE FARGO HECTOR INTL AP ND CLIMATE NORMALS FOR TODAY
                         NORMAL    RECORD    YEAR
 MAXIMUM TEMPERATURE (F)   83       110      1917
 MINIMUM TEMPERATURE (F)   60        44      2013
                                             1973
                                             1904


SUNRISE AND SUNSET
JULY 28 2015..........SUNRISE   602 AM CDT   SUNSET   905 PM CDT
JULY 29 2015..........SUNRISE   603 AM CDT   SUNSET   904 PM CDT


-  INDICATES NEGATIVE NUMBERS.
R  INDICATES RECORD WAS SET OR TIED.
MM INDICATES DATA IS MISSING.
T  INDICATES TRACE AMOUNT.




$$
