000
CDUS43 KFGF 052151
CLIFAR


CLIMATE REPORT
NATIONAL WEATHER SERVICE EASTERN NORTH DAKOTA/GRAND FORKS
449 PM CDT THU MAY 5 2016


...................................

...THE FARGO HECTOR INTL AP ND CLIMATE SUMMARY FOR MAY 5 2016...
VALID TODAY AS OF 0400 PM LOCAL TIME.

CLIMATE NORMAL PERIOD 1981 TO 2010
CLIMATE RECORD PERIOD 1881 TO 2016


WEATHER ITEM   OBSERVED TIME   RECORD YEAR NORMAL DEPARTURE LAST
                VALUE   (LST)  VALUE       VALUE  FROM      YEAR
                                                  NORMAL
..................................................................
TEMPERATURE (F)
 TODAY
  MAXIMUM         91    259 PM  96    2000  66     25       81
  MINIMUM         51    259 AM  22    1891  41     10       47
  AVERAGE         71                        53     18       64

PRECIPITATION (IN)
  TODAY            0.00          1.00 2007   0.08  -0.08     0.00
  MONTH TO DATE    0.00                      0.38  -0.38     0.07
  SINCE MAR 1      3.07                      3.07   0.00     1.35
  SINCE JAN 1      4.06                      4.38  -0.32     2.32

SNOWFALL (IN)
  TODAY            0.0           0.8  1979   0.0    0.0      0.0
  MONTH TO DATE    0.0                       0.0    0.0      0.0
  SINCE MAR 1      3.1                      12.4   -9.3      0.4
  SINCE JUL 1     27.4                      50.4  -23.0     16.0
  SNOW DEPTH       0

DEGREE DAYS
 HEATING
  TODAY            0                        12    -12        1
  MONTH TO DATE   41                        63    -22       21
  SINCE MAR 1   1487                      1841   -354     1518
  SINCE JUL 1   7010                      8519  -1509     7934

 COOLING
  TODAY            6                         1      5        0
  MONTH TO DATE    6                         1      5        4
  SINCE MAR 1      6                         4      2        4
  SINCE JAN 1      6                         4      2        4
..................................................................


WIND (MPH)
  HIGHEST WIND SPEED    23   HIGHEST WIND DIRECTION    SW (230)
  HIGHEST GUST SPEED    31   HIGHEST GUST DIRECTION    SW (240)
  AVERAGE WIND SPEED    12.2


SKY COVER
  POSSIBLE SUNSHINE  MM
  AVERAGE SKY COVER 0.0


WEATHER CONDITIONS
 THE FOLLOWING WEATHER WAS RECORDED TODAY.
  NO SIGNIFICANT WEATHER WAS OBSERVED.


RELATIVE HUMIDITY (PERCENT)
 HIGHEST    45           600 AM
 LOWEST     15           300 PM
 AVERAGE    30

..........................................................


THE FARGO HECTOR INTL AP ND CLIMATE NORMALS FOR TOMORROW
                         NORMAL    RECORD    YEAR
 MAXIMUM TEMPERATURE (F)   66        88      1896
                                             1881
 MINIMUM TEMPERATURE (F)   41        21      1976


SUNRISE AND SUNSET
MAY  5 2016...........SUNRISE   605 AM CDT   SUNSET   844 PM CDT
MAY  6 2016...........SUNRISE   603 AM CDT   SUNSET   845 PM CDT


-  INDICATES NEGATIVE NUMBERS.
R  INDICATES RECORD WAS SET OR TIED.
MM INDICATES DATA IS MISSING.
T  INDICATES TRACE AMOUNT.




$$
