000
CDUS43 KFGF 020636
CLIFAR


CLIMATE REPORT
NATIONAL WEATHER SERVICE EASTERN NORTH DAKOTA/GRAND FORKS
1235 AM CST MON MAR 2 2015


...................................

...THE FARGO HECTOR INTL AP ND CLIMATE SUMMARY FOR MARCH 1 2015...

CLIMATE NORMAL PERIOD 1981 TO 2010
CLIMATE RECORD PERIOD 1881 TO 2015


WEATHER ITEM   OBSERVED TIME   RECORD YEAR NORMAL DEPARTURE LAST
                VALUE   (LST)  VALUE       VALUE  FROM      YEAR
                                                  NORMAL
..................................................................
TEMPERATURE (F)
 YESTERDAY
  MAXIMUM         24    423 PM  58    1990  29     -5       -8
                                      1918
  MINIMUM         -2    355 AM -23    1980  12    -14      -16
                                      1962
  AVERAGE         11                        20     -9      -12

PRECIPITATION (IN)
  YESTERDAY        T             0.45 2007   0.04  -0.04     0.00
  MONTH TO DATE    T                         0.04  -0.04     0.00
  SINCE MAR 1      T                         0.04  -0.04     0.00
  SINCE JAN 1      0.97                      1.35  -0.38     0.88

SNOWFALL (IN)
  YESTERDAY        T             6.5  2007   0.4   -0.4      0.0
  MONTH TO DATE    T                         0.4   -0.4      0.0
  SINCE MAR 1      T                         0.4   -0.4      0.0
  SINCE JUL 1     15.6                      38.4  -22.8     27.6
  SNOW DEPTH       3

DEGREE DAYS
 HEATING
  YESTERDAY       54                        45      9       77
  MONTH TO DATE   54                        45      9       77
  SINCE MAR 1     54                        45      9       77
  SINCE JUL 1   6470                      6723   -253     7354

 COOLING
  YESTERDAY        0                         0      0        0
  MONTH TO DATE    0                         0      0        0
  SINCE MAR 1      0                         0      0        0
  SINCE JAN 1      0                         0      0        0
..................................................................


WIND (MPH)
  HIGHEST WIND SPEED    23   HIGHEST WIND DIRECTION    NW (330)
  HIGHEST GUST SPEED    26   HIGHEST GUST DIRECTION    NW (310)
  AVERAGE WIND SPEED    10.8


SKY COVER
  POSSIBLE SUNSHINE  MM
  AVERAGE SKY COVER 0.4


WEATHER CONDITIONS
 THE FOLLOWING WEATHER WAS RECORDED YESTERDAY.
  LIGHT SNOW
  HAZE


RELATIVE HUMIDITY (PERCENT)
 HIGHEST    80           900 PM
 LOWEST     62           600 PM
 AVERAGE    71

..........................................................


THE FARGO HECTOR INTL AP ND CLIMATE NORMALS FOR TODAY
                         NORMAL    RECORD    YEAR
 MAXIMUM TEMPERATURE (F)   29        56      1905
 MINIMUM TEMPERATURE (F)   13       -24      1916


SUNRISE AND SUNSET
MARCH  2 2015.........SUNRISE   705 AM CST   SUNSET   614 PM CST
MARCH  3 2015.........SUNRISE   704 AM CST   SUNSET   615 PM CST


-  INDICATES NEGATIVE NUMBERS.
R  INDICATES RECORD WAS SET OR TIED.
MM INDICATES DATA IS MISSING.
T  INDICATES TRACE AMOUNT.




$$
