000
CDUS46 KHNX 230825
CLIFAT


CLIMATE REPORT
NATIONAL WEATHER SERVICE SAN JOAQUIN VALLEY, CA
124 AM PDT FRI JUN 23 2017


...................................

...THE FRESNO CA CLIMATE SUMMARY FOR JUNE 22 2017...

CLIMATE NORMAL PERIOD 1981 TO 2010
CLIMATE RECORD PERIOD 1887 TO 2017


WEATHER ITEM   OBSERVED TIME   RECORD YEAR NORMAL DEPARTURE
                VALUE   (LST)  VALUE       VALUE  FROM
                                                  NORMAL
...............................................................
TEMPERATURE (F)
 YESTERDAY
  MAXIMUM        109R       MM 108    1981  94     15
                                      1954
  MINIMUM         80        MM  49    1923  64     16
  AVERAGE         95                        79     16

PRECIPITATION (IN)
  YESTERDAY        0.00          0.01 1921   0.01  -0.01
  MONTH TO DATE    0.00                      0.20  -0.20
  SINCE OCT 1     17.20                     11.30   5.90
  SINCE JAN 1     12.64                      7.83   4.81

SNOWFALL (IN)
  YESTERDAY        0.0
  MONTH TO DATE    0.0
  SINCE JUN 1      0.0
  SINCE JUL 1      0.0
  SNOW DEPTH       0

DEGREE DAYS
 HEATING
  YESTERDAY        0                                0
  MONTH TO DATE    4                                4
  SINCE JUN 1      4                                4
  SINCE JUL 1   1940                             -403

 COOLING
  YESTERDAY       30                               16
  MONTH TO DATE  323                               74
  SINCE JUN 1    323                               74
  SINCE JAN 1    574                               84
...............................................................


WIND (MPH)
  HIGHEST WIND SPEED    10   HIGHEST WIND DIRECTION    NW (310)
  HIGHEST GUST SPEED    MM   HIGHEST GUST DIRECTION    MM
  AVERAGE WIND SPEED     6.5




RELATIVE HUMIDITY (PERCENT)
 HIGHEST    67
 LOWEST     12
 AVERAGE    40

..........................................................


THE FRESNO CA CLIMATE NORMALS FOR TODAY
                         NORMAL    RECORD    YEAR
 MAXIMUM TEMPERATURE (F)   94       109      1895
 MINIMUM TEMPERATURE (F)   64        50      1893


SUNRISE AND SUNSET
JUNE 23 2017..........SUNRISE   541 AM PDT   SUNSET   822 PM PDT
JUNE 24 2017..........SUNRISE   541 AM PDT   SUNSET   822 PM PDT


-  INDICATES NEGATIVE NUMBERS.
R  INDICATES RECORD WAS SET OR TIED.
MM INDICATES DATA IS MISSING.
T  INDICATES TRACE AMOUNT.




$$
