000
CDUS46 KHNX 220822
CLIFAT


CLIMATE REPORT
NATIONAL WEATHER SERVICE SAN JOAQUIN VALLEY, CA
1222 AM PST SAT NOV 22 2014


...................................

...THE FRESNO CA CLIMATE SUMMARY FOR NOVEMBER 21 2014...

CLIMATE NORMAL PERIOD 1981 TO 2010
CLIMATE RECORD PERIOD 1887 TO 2014


WEATHER ITEM   OBSERVED TIME   RECORD YEAR NORMAL DEPARTURE
                VALUE   (LST)  VALUE       VALUE  FROM
                                                  NORMAL
...............................................................
TEMPERATURE (F)
 YESTERDAY
  MAXIMUM         56    344 PM  81    2002  63     -7
                                      1926
  MINIMUM         47    322 AM  30    1956  42      5
                                      1941
  AVERAGE         52                        52      0

PRECIPITATION (IN)
  YESTERDAY        0.00          0.68 1899   0.04  -0.04
  MONTH TO DATE    0.39                      0.73  -0.34
  SINCE JUL 1      1.08                      1.55  -0.47
  SINCE JAN 1      5.16                      9.39  -4.23

SNOWFALL (IN)
  YESTERDAY        0.0
  MONTH TO DATE    0.0
  SINCE SEP 1      0.0
  SINCE JUL 1      0.0
  SNOW DEPTH       0

DEGREE DAYS
 HEATING
  YESTERDAY       13                                0
  MONTH TO DATE  126                              -68
  SINCE SEP 1    131                             -126
  SINCE JUL 1    131                             -126

 COOLING
  YESTERDAY        0                                0
  MONTH TO DATE    2                                2
  SINCE SEP 1    711                              273
  SINCE JAN 1   2932                              810
...............................................................


WIND (MPH)
  HIGHEST WIND SPEED    12   HIGHEST WIND DIRECTION    NW (310)
  HIGHEST GUST SPEED    14   HIGHEST GUST DIRECTION    NW (310)
  AVERAGE WIND SPEED     4.4




RELATIVE HUMIDITY (PERCENT)
 HIGHEST   100
 LOWEST     72
 AVERAGE    86

..........................................................


THE FRESNO CA CLIMATE NORMALS FOR TODAY
                         NORMAL    RECORD    YEAR
 MAXIMUM TEMPERATURE (F)   62        77      1890
 MINIMUM TEMPERATURE (F)   41        28      1931


SUNRISE AND SUNSET
NOVEMBER 22 2014......SUNRISE   644 AM PST   SUNSET   446 PM PST
NOVEMBER 23 2014......SUNRISE   645 AM PST   SUNSET   445 PM PST


-  INDICATES NEGATIVE NUMBERS.
R  INDICATES RECORD WAS SET OR TIED.
MM INDICATES DATA IS MISSING.
T  INDICATES TRACE AMOUNT.




$$
