000
CDUS46 KHNX 280824
CLIFAT


CLIMATE REPORT
NATIONAL WEATHER SERVICE SAN JOAQUIN VALLEY, CA
123 AM PDT THU AUG 28 2014


...................................

...THE FRESNO CA CLIMATE SUMMARY FOR AUGUST 27 2014...

CLIMATE NORMAL PERIOD 1981 TO 2010
CLIMATE RECORD PERIOD 1887 TO 2014


WEATHER ITEM   OBSERVED TIME   RECORD YEAR NORMAL DEPARTURE
                VALUE   (LST)  VALUE       VALUE  FROM
                                                  NORMAL
...............................................................
TEMPERATURE (F)
 YESTERDAY
  MAXIMUM         98    514 PM 109    1924  95      3
                                      1894
  MINIMUM         69    521 AM  51    1895  65      4
  AVERAGE         84                        80      4

PRECIPITATION (IN)
  YESTERDAY        0.00          0.01 1916   0.00   0.00
  MONTH TO DATE    T                         0.01  -0.01
  SINCE JUL 1      0.01                      0.02  -0.01
  SINCE JAN 1      4.09                      7.86  -3.77

SNOWFALL (IN)
  YESTERDAY        0.0
  MONTH TO DATE    0.0
  SINCE JUN 1      0.0
  SINCE JUL 1      0.0
  SNOW DEPTH       0

DEGREE DAYS
 HEATING
  YESTERDAY        0                                0
  MONTH TO DATE    0                                0
  SINCE JUN 1      0                               -3
  SINCE JUL 1      0                                0

 COOLING
  YESTERDAY       19                                4
  MONTH TO DATE  524                               69
  SINCE JUN 1   1696                              314
  SINCE JAN 1   2139                              516
...............................................................


WIND (MPH)
  HIGHEST WIND SPEED    10   HIGHEST WIND DIRECTION     W (280)
  HIGHEST GUST SPEED    MM   HIGHEST GUST DIRECTION    MM
  AVERAGE WIND SPEED     2.5




RELATIVE HUMIDITY (PERCENT)
 HIGHEST    57
 LOWEST     13
 AVERAGE    35

..........................................................


THE FRESNO CA CLIMATE NORMALS FOR TODAY
                         NORMAL    RECORD    YEAR
 MAXIMUM TEMPERATURE (F)   95       108      1924
                                             1888
 MINIMUM TEMPERATURE (F)   65        52      1907


SUNRISE AND SUNSET
AUGUST 28 2014........SUNRISE   627 AM PDT   SUNSET   733 PM PDT
AUGUST 29 2014........SUNRISE   628 AM PDT   SUNSET   731 PM PDT


-  INDICATES NEGATIVE NUMBERS.
R  INDICATES RECORD WAS SET OR TIED.
MM INDICATES DATA IS MISSING.
T  INDICATES TRACE AMOUNT.




$$
