000
CDUS46 KHNX 230823
CLIFAT


CLIMATE REPORT
NATIONAL WEATHER SERVICE SAN JOAQUIN VALLEY, CA
123 AM PDT THU MAR 23 2017


...................................

...THE FRESNO CA CLIMATE SUMMARY FOR MARCH 22 2017...

CLIMATE NORMAL PERIOD 1981 TO 2010
CLIMATE RECORD PERIOD 1887 TO 2017


WEATHER ITEM   OBSERVED TIME   RECORD YEAR NORMAL DEPARTURE
                VALUE   (LST)  VALUE       VALUE  FROM
                                                  NORMAL
...............................................................
TEMPERATURE (F)
 YESTERDAY
  MAXIMUM         63    153 PM  83    1925  69     -6
  MINIMUM         48    637 AM  30    1898  46      2
  AVERAGE         56                        57     -1

PRECIPITATION (IN)
  YESTERDAY        0.05          0.84 2005   0.06  -0.01
  MONTH TO DATE    0.38                      1.53  -1.15
  SINCE OCT 1     12.96                      9.22   3.74
  SINCE JAN 1      8.40                      5.75   2.65

SNOWFALL (IN)
  YESTERDAY       MM
  MONTH TO DATE    0.0
  SINCE MAR 1      0.0
  SINCE JUL 1      0.0
  SNOW DEPTH       0

DEGREE DAYS
 HEATING
  YESTERDAY        9                                1
  MONTH TO DATE  132                              -67
  SINCE MAR 1    132                              -67
  SINCE JUL 1   1746                             -365

 COOLING
  YESTERDAY        0                                0
  MONTH TO DATE   17                               17
  SINCE MAR 1     17                               17
  SINCE JAN 1     17                               17
...............................................................


WIND (MPH)
  HIGHEST WIND SPEED    24   HIGHEST WIND DIRECTION    NW (300)
  HIGHEST GUST SPEED    29   HIGHEST GUST DIRECTION    NW (300)
  AVERAGE WIND SPEED     7.7




RELATIVE HUMIDITY (PERCENT)
 HIGHEST    93
 LOWEST     52
 AVERAGE    73

..........................................................


THE FRESNO CA CLIMATE NORMALS FOR TODAY
                         NORMAL    RECORD    YEAR
 MAXIMUM TEMPERATURE (F)   69        85      1926
 MINIMUM TEMPERATURE (F)   46        34      1898


SUNRISE AND SUNSET
MARCH 23 2017.........SUNRISE   658 AM PDT   SUNSET   714 PM PDT
MARCH 24 2017.........SUNRISE   656 AM PDT   SUNSET   715 PM PDT


-  INDICATES NEGATIVE NUMBERS.
R  INDICATES RECORD WAS SET OR TIED.
MM INDICATES DATA IS MISSING.
T  INDICATES TRACE AMOUNT.




$$
