000
CDUS46 KHNX 140823
CLIFAT


CLIMATE REPORT
NATIONAL WEATHER SERVICE SAN JOAQUIN VALLEY, CA
1222 AM PST THU DEC 14 2017


...................................

...THE FRESNO CA CLIMATE SUMMARY FOR DECEMBER 13 2017...

CLIMATE NORMAL PERIOD 1981 TO 2010
CLIMATE RECORD PERIOD 1887 TO 2017


WEATHER ITEM   OBSERVED TIME   RECORD YEAR NORMAL DEPARTURE
                VALUE   (LST)  VALUE       VALUE  FROM
                                                  NORMAL
...............................................................
TEMPERATURE (F)
 YESTERDAY
  MAXIMUM         62    214 PM  72    1929  55      7
  MINIMUM         34    730 AM  23    1940  38     -4
  AVERAGE         48                        46      2

PRECIPITATION (IN)
  YESTERDAY        0.00          0.83 1934   0.05  -0.05
  MONTH TO DATE    T                         0.61  -0.61
  SINCE OCT 1      0.37                      2.31  -1.94
  SINCE JAN 1     13.17                     10.34   2.83

SNOWFALL (IN)
  YESTERDAY        0.0
  MONTH TO DATE    0.0
  SINCE DEC 1      0.0
  SINCE JUL 1      0.0
  SNOW DEPTH       0

DEGREE DAYS
 HEATING
  YESTERDAY       17                               -2
  MONTH TO DATE  214                              -12
  SINCE DEC 1    214                              -12
  SINCE JUL 1    472                             -142

 COOLING
  YESTERDAY        0                                0
  MONTH TO DATE    0                                0
  SINCE DEC 1      0                                0
  SINCE JAN 1   2490                              366
...............................................................


WIND (MPH)
  HIGHEST WIND SPEED     6   HIGHEST WIND DIRECTION     W (290)
  HIGHEST GUST SPEED    10   HIGHEST GUST DIRECTION     E (90)
  AVERAGE WIND SPEED     1.8




RELATIVE HUMIDITY (PERCENT)
 HIGHEST    92
 LOWEST     39
 AVERAGE    66

..........................................................


THE FRESNO CA CLIMATE NORMALS FOR TODAY
                         NORMAL    RECORD    YEAR
 MAXIMUM TEMPERATURE (F)   55        74      1929
 MINIMUM TEMPERATURE (F)   38        21      1967


SUNRISE AND SUNSET
DECEMBER 14 2017......SUNRISE   704 AM PST   SUNSET   444 PM PST
DECEMBER 15 2017......SUNRISE   704 AM PST   SUNSET   444 PM PST


-  INDICATES NEGATIVE NUMBERS.
R  INDICATES RECORD WAS SET OR TIED.
MM INDICATES DATA IS MISSING.
T  INDICATES TRACE AMOUNT.




$$
