000
CDUS46 KHNX 200826
CLIFAT


CLIMATE REPORT
NATIONAL WEATHER SERVICE SAN JOAQUIN VALLEY, CA
1224 AM PST MON FEB 20 2017


...................................

...THE FRESNO CA CLIMATE SUMMARY FOR FEBRUARY 19 2017...

CLIMATE NORMAL PERIOD 1981 TO 2010
CLIMATE RECORD PERIOD 1887 TO 2017


WEATHER ITEM   OBSERVED TIME   RECORD YEAR NORMAL DEPARTURE
                VALUE   (LST)  VALUE       VALUE  FROM
                                                  NORMAL
...............................................................
TEMPERATURE (F)
 YESTERDAY
  MAXIMUM         59   1252 PM  79    1977  63     -4
  MINIMUM         48    800 AM  28    1953  42      6
                                      1913
  AVERAGE         54                        52      2

PRECIPITATION (IN)
  YESTERDAY        0.08          1.57 1980   0.08   0.00
  MONTH TO DATE    1.98                      1.38   0.60
  SINCE OCT 1     12.04                      7.04   5.00
  SINCE JAN 1      7.48                      3.57   3.91

SNOWFALL (IN)
  YESTERDAY       MM
  MONTH TO DATE    0.0
  SINCE DEC 1      0.0
  SINCE JUL 1      0.0
  SNOW DEPTH       0

DEGREE DAYS
 HEATING
  YESTERDAY       11                               -1
  MONTH TO DATE  168                             -105
  SINCE DEC 1   1226                             -194
  SINCE JUL 1   1477                             -331

 COOLING
  YESTERDAY        0                                0
  MONTH TO DATE    0                                0
  SINCE DEC 1      0                                0
  SINCE JAN 1      0                                0
...............................................................


WIND (MPH)
  HIGHEST WIND SPEED    20   HIGHEST WIND DIRECTION    NW (310)
  HIGHEST GUST SPEED    23   HIGHEST GUST DIRECTION    NW (320)
  AVERAGE WIND SPEED     9.2




RELATIVE HUMIDITY (PERCENT)
 HIGHEST    83
 LOWEST     57
 AVERAGE    70

..........................................................


THE FRESNO CA CLIMATE NORMALS FOR TODAY
                         NORMAL    RECORD    YEAR
 MAXIMUM TEMPERATURE (F)   63        80      1896
 MINIMUM TEMPERATURE (F)   42        28      1953
                                             1913


SUNRISE AND SUNSET
FEBRUARY 20 2017......SUNRISE   641 AM PST   SUNSET   545 PM PST
FEBRUARY 21 2017......SUNRISE   640 AM PST   SUNSET   546 PM PST


-  INDICATES NEGATIVE NUMBERS.
R  INDICATES RECORD WAS SET OR TIED.
MM INDICATES DATA IS MISSING.
T  INDICATES TRACE AMOUNT.




$$
