000
CDUS42 KRAH 230800
CLIFAY


CLIMATE REPORT
NATIONAL WEATHER SERVICE RALEIGH NC
359 AM EDT SAT MAY 23 2015


...................................

...THE FAYETTEVILLE REGL AIRPORT NC CLIMATE SUMMARY FOR MAY 22 2015...

CLIMATE NORMAL PERIOD 1981 TO 2010
CLIMATE RECORD PERIOD 1910 TO 2015


WEATHER ITEM   OBSERVED TIME   RECORD YEAR NORMAL DEPARTURE LAST
                VALUE   (LST)  VALUE       VALUE  FROM      YEAR
                                                  NORMAL
..................................................................
TEMPERATURE (F)
 YESTERDAY
  MAXIMUM         77    333 PM 100    1941  84     -7       93
  MINIMUM         57   1143 PM  43    1992  61     -4       69
  AVERAGE         67                        72     -5       81

PRECIPITATION (IN)
  YESTERDAY        0.00          4.40 1932   0.11  -0.11     0.00
  MONTH TO DATE    2.23                      2.03   0.20     3.66
  SINCE MAR 1      7.59                      8.40  -0.81    11.28
  SINCE JAN 1     15.24                     14.46   0.78    18.00

DEGREE DAYS
 HEATING
  YESTERDAY        0                         0      0        0
  MONTH TO DATE   10                        23    -13       12
  SINCE MAR 1    446                       505    -59      616
  SINCE JUL 1   2942                      2730    212     2941

 COOLING
  YESTERDAY        2                         8     -6       16
  MONTH TO DATE  151                       120     31      181
  SINCE MAR 1    243                       199     44      259
  SINCE JAN 1    243                       203     40      262
..................................................................


WIND (MPH)
  HIGHEST WIND SPEED    17   HIGHEST WIND DIRECTION     N (10)
  HIGHEST GUST SPEED    22   HIGHEST GUST DIRECTION     N (10)
  AVERAGE WIND SPEED     7.6


SKY COVER
  POSSIBLE SUNSHINE  MM
  AVERAGE SKY COVER 0.4


WEATHER CONDITIONS
 THE FOLLOWING WEATHER WAS RECORDED YESTERDAY.
  NO SIGNIFICANT WEATHER WAS OBSERVED.


RELATIVE HUMIDITY (PERCENT)
 HIGHEST    84           100 AM
 LOWEST     33           500 PM
 AVERAGE    59

..........................................................


THE FAYETTEVILLE REGL AIRPORT NC CLIMATE NORMALS FOR TODAY
                         NORMAL    RECORD    YEAR
 MAXIMUM TEMPERATURE (F)   84       102      1941
 MINIMUM TEMPERATURE (F)   61        44      1954


SUNRISE AND SUNSET
MAY 23 2015...........SUNRISE   607 AM EDT   SUNSET   818 PM EDT
MAY 24 2015...........SUNRISE   606 AM EDT   SUNSET   819 PM EDT


-  INDICATES NEGATIVE NUMBERS.
R  INDICATES RECORD WAS SET OR TIED.
MM INDICATES DATA IS MISSING.
T  INDICATES TRACE AMOUNT.




$$
