000
CDUS42 KRAH 210911
CLIFAY


CLIMATE REPORT
NATIONAL WEATHER SERVICE RALEIGH NC
410 AM EST TUE NOV 21 2017


...................................

...THE FAYETTEVILLE REGL AIRPORT NC CLIMATE SUMMARY FOR NOVEMBER 20 2017...

CLIMATE NORMAL PERIOD 1981 TO 2010
CLIMATE RECORD PERIOD 1910 TO 2017


WEATHER ITEM   OBSERVED TIME   RECORD YEAR NORMAL DEPARTURE LAST
                VALUE   (LST)  VALUE       VALUE  FROM      YEAR
                                                  NORMAL
..................................................................
TEMPERATURE (F)
 YESTERDAY
  MAXIMUM         59    358 PM  84    1953  66     -7       55
  MINIMUM         34    723 AM  20    1951  42     -8       34
  AVERAGE         47                        54     -7       45

PRECIPITATION (IN)
  YESTERDAY        0.00          2.03 1952   0.10  -0.10     0.00
  MONTH TO DATE    0.54                      1.78  -1.24     0.49
  SINCE SEP 1      7.03                      9.39  -2.36    26.63
  SINCE JAN 1     38.83                     40.82  -1.99    53.29

DEGREE DAYS
 HEATING
  YESTERDAY       18                        12      6       20
  MONTH TO DATE  205                       186     19      184
  SINCE SEP 1    286                       313    -27      233
  SINCE JUL 1    286                       313    -27      233

 COOLING
  YESTERDAY        0                         0      0        0
  MONTH TO DATE   12                        11      1        7
  SINCE SEP 1    476                       349    127      524
  SINCE JAN 1   2455                      1989    466     2518
..................................................................


WIND (MPH)
  HIGHEST WIND SPEED    13   HIGHEST WIND DIRECTION     N (350)
  HIGHEST GUST SPEED    16   HIGHEST GUST DIRECTION     N (350)
  AVERAGE WIND SPEED     3.3


SKY COVER
  POSSIBLE SUNSHINE  MM
  AVERAGE SKY COVER 0.0


WEATHER CONDITIONS
 THE FOLLOWING WEATHER WAS RECORDED YESTERDAY.
  NO SIGNIFICANT WEATHER WAS OBSERVED.


RELATIVE HUMIDITY (PERCENT)
 HIGHEST    85          1000 PM
 LOWEST     26           400 PM
 AVERAGE    56

..........................................................


THE FAYETTEVILLE REGL AIRPORT NC CLIMATE NORMALS FOR TODAY
                         NORMAL    RECORD    YEAR
 MAXIMUM TEMPERATURE (F)   65        83      1942
 MINIMUM TEMPERATURE (F)   41        18      1951


SUNRISE AND SUNSET
NOVEMBER 21 2017......SUNRISE   656 AM EST   SUNSET   507 PM EST
NOVEMBER 22 2017......SUNRISE   657 AM EST   SUNSET   506 PM EST


-  INDICATES NEGATIVE NUMBERS.
R  INDICATES RECORD WAS SET OR TIED.
MM INDICATES DATA IS MISSING.
T  INDICATES TRACE AMOUNT.




$$
