000
CDUS42 KRAH 220751
CLIFAY


CLIMATE REPORT
NATIONAL WEATHER SERVICE RALEIGH NC
350 AM EDT FRI AUG 22 2014


...................................

...THE FAYETTEVILLE REGL AIRPORT NC CLIMATE SUMMARY FOR AUGUST 21 2014...

CLIMATE NORMAL PERIOD 1981 TO 2010
CLIMATE RECORD PERIOD 1910 TO 2014


WEATHER ITEM   OBSERVED TIME   RECORD YEAR NORMAL DEPARTURE LAST
                VALUE   (LST)  VALUE       VALUE  FROM      YEAR
                                                  NORMAL
..................................................................
TEMPERATURE (F)
 YESTERDAY
  MAXIMUM         95    327 PM 104    2007  89      6       90
  MINIMUM         75    528 AM  56    1957  69      6       72
  AVERAGE         85                        79      6       81

PRECIPITATION (IN)
  YESTERDAY        0.00          2.27 2013   0.17  -0.17     2.27
  MONTH TO DATE    2.95                      3.88  -0.93     5.50
  SINCE JUN 1      7.50                     14.15  -6.65    21.18
  SINCE JAN 1     25.95                     29.82  -3.87    34.52

DEGREE DAYS
 HEATING
  YESTERDAY        0                         0      0        0
  MONTH TO DATE    0                         0      0        0
  SINCE JUN 1      0                         0      0        0
  SINCE JUL 1      0                         0      0        0

 COOLING
  YESTERDAY       20                        14      6       16
  MONTH TO DATE  290                       319    -29      307
  SINCE JUN 1   1231                      1222      9     1201
  SINCE JAN 1   1597                      1506     91     1450
..................................................................


WIND (MPH)
  HIGHEST WIND SPEED    12   HIGHEST WIND DIRECTION     N (340)
  HIGHEST GUST SPEED    14   HIGHEST GUST DIRECTION     N (10)
  AVERAGE WIND SPEED     5.2


SKY COVER
  POSSIBLE SUNSHINE  MM
  AVERAGE SKY COVER 0.0


WEATHER CONDITIONS
 THE FOLLOWING WEATHER WAS RECORDED YESTERDAY.
  NO SIGNIFICANT WEATHER WAS OBSERVED.


RELATIVE HUMIDITY (PERCENT)
 HIGHEST    94           100 AM
 LOWEST     39           500 PM
 AVERAGE    67

..........................................................


THE FAYETTEVILLE REGL AIRPORT NC CLIMATE NORMALS FOR TODAY
                         NORMAL    RECORD    YEAR
 MAXIMUM TEMPERATURE (F)   89       105      1983
 MINIMUM TEMPERATURE (F)   69        55      1922


SUNRISE AND SUNSET
AUGUST 22 2014........SUNRISE   641 AM EDT   SUNSET   755 PM EDT
AUGUST 23 2014........SUNRISE   642 AM EDT   SUNSET   754 PM EDT


-  INDICATES NEGATIVE NUMBERS.
R  INDICATES RECORD WAS SET OR TIED.
MM INDICATES DATA IS MISSING.
T  INDICATES TRACE AMOUNT.




$$
