000
CDUS42 KRAH 250040
CLIFAY


CLIMATE REPORT
NATIONAL WEATHER SERVICE RALEIGH NC
839 PM EDT TUE MAY 24 2016


...................................

...THE FAYETTEVILLE REGL AIRPORT NC CLIMATE SUMMARY FOR MAY 24 2016...
VALID AS OF 0839 PM LOCAL TIME.

CLIMATE NORMAL PERIOD 1981 TO 2010
CLIMATE RECORD PERIOD 1910 TO 2016


WEATHER ITEM   OBSERVED TIME   RECORD YEAR NORMAL DEPARTURE LAST
                VALUE   (LST)  VALUE       VALUE  FROM      YEAR
                                                  NORMAL
..................................................................
TEMPERATURE (F)
 TODAY
  MAXIMUM         85    311 PM  99    1938  84      1       84
  MINIMUM         53    356 AM  42    1931  62     -9       55
  AVERAGE         69                        73     -4       70

PRECIPITATION (IN)
  TODAY            0.00          0.97 1916   0.13  -0.13     0.00
  MONTH TO DATE    3.93                      2.27   1.66     2.23
  SINCE MAR 1      8.47                      8.64  -0.17     7.59
  SINCE JAN 1     16.31                     14.70   1.61    15.24

DEGREE DAYS
 HEATING
  TODAY            0                         0      0        0
  MONTH TO DATE   27                        23      4       10
  SINCE MAR 1    356                       505   -149      446
  SINCE JUL 1   2169                      2730   -561     2942

 COOLING
  TODAY            4                         8     -4        5
  MONTH TO DATE  118                       136    -18      158
  SINCE MAR 1    253                       215     38      250
  SINCE JAN 1    253                       219     34      250
..................................................................


WIND (MPH)
  HIGHEST WIND SPEED    15   HIGHEST WIND DIRECTION     W (280)
  HIGHEST GUST SPEED    21   HIGHEST GUST DIRECTION     W (260)
  AVERAGE WIND SPEED     8.0


SKY COVER
  POSSIBLE SUNSHINE  MM
  AVERAGE SKY COVER 0.1


WEATHER CONDITIONS
 THE FOLLOWING WEATHER WAS RECORDED TODAY.
  NO SIGNIFICANT WEATHER WAS OBSERVED.


RELATIVE HUMIDITY (PERCENT)
 HIGHEST    93           100 AM
 LOWEST     33          1200 PM
 AVERAGE    63

..........................................................




SUNRISE AND SUNSET
MAY 24 2016...........SUNRISE   606 AM EDT   SUNSET   819 PM EDT
MAY 25 2016...........SUNRISE   605 AM EDT   SUNSET   820 PM EDT


-  INDICATES NEGATIVE NUMBERS.
R  INDICATES RECORD WAS SET OR TIED.
MM INDICATES DATA IS MISSING.
T  INDICATES TRACE AMOUNT.




$$
