000
CDUS42 KRAH 010758
CLIFAY


CLIMATE REPORT
NATIONAL WEATHER SERVICE RALEIGH NC
357 AM EDT MON SEP 1 2014


...................................

...THE FAYETTEVILLE REGL AIRPORT NC CLIMATE SUMMARY FOR AUGUST 31 2014...

CLIMATE NORMAL PERIOD 1981 TO 2010
CLIMATE RECORD PERIOD 1910 TO 2014


WEATHER ITEM   OBSERVED TIME   RECORD YEAR NORMAL DEPARTURE LAST
                VALUE   (LST)  VALUE       VALUE  FROM      YEAR
                                                  NORMAL
..................................................................
TEMPERATURE (F)
 YESTERDAY
  MAXIMUM         95    350 PM 103    1932  88      7       91
  MINIMUM         70    602 AM  49    1976  68      2       67
  AVERAGE         83                        78      5       79

PRECIPITATION (IN)
  YESTERDAY        0.00          2.14 1911   0.15  -0.15     0.00
  MONTH TO DATE    3.92                      5.49  -1.57     5.54
  SINCE JUN 1      8.47                     15.76  -7.29    21.22
  SINCE JAN 1     26.92                     31.43  -4.51    34.56

DEGREE DAYS
 HEATING
  YESTERDAY        0                         0      0        0
  MONTH TO DATE    0                         0      0        0
  SINCE JUN 1      0                         0      0        0
  SINCE JUL 1      0                         0      0        0

 COOLING
  YESTERDAY       18                        13      5       14
  MONTH TO DATE  434                       453    -19      436
  SINCE JUN 1   1375                      1356     19     1330
  SINCE JAN 1   1741                      1640    101     1579
..................................................................


WIND (MPH)
  HIGHEST WIND SPEED    15   HIGHEST WIND DIRECTION     S (170)
  HIGHEST GUST SPEED    19   HIGHEST GUST DIRECTION     S (190)
  AVERAGE WIND SPEED     5.9


SKY COVER
  POSSIBLE SUNSHINE  MM
  AVERAGE SKY COVER 0.2


WEATHER CONDITIONS
 THE FOLLOWING WEATHER WAS RECORDED YESTERDAY.
  FOG


RELATIVE HUMIDITY (PERCENT)
 HIGHEST   100           600 AM
 LOWEST     41           300 PM
 AVERAGE    71

..........................................................


THE FAYETTEVILLE REGL AIRPORT NC CLIMATE NORMALS FOR TODAY
                         NORMAL    RECORD    YEAR
 MAXIMUM TEMPERATURE (F)   87       101      1932
 MINIMUM TEMPERATURE (F)   68        54      1976


SUNRISE AND SUNSET
SEPTEMBER  1 2014.....SUNRISE   648 AM EDT   SUNSET   742 PM EDT
SEPTEMBER  2 2014.....SUNRISE   649 AM EDT   SUNSET   741 PM EDT


-  INDICATES NEGATIVE NUMBERS.
R  INDICATES RECORD WAS SET OR TIED.
MM INDICATES DATA IS MISSING.
T  INDICATES TRACE AMOUNT.




$$
