000
CDUS42 KRAH 200643
CLIFAY


CLIMATE REPORT
NATIONAL WEATHER SERVICE RALEIGH NC
241 AM EDT WED SEP 20 2017


...................................

...THE FAYETTEVILLE REGL AIRPORT NC CLIMATE SUMMARY FOR SEPTEMBER 19 2017...

CLIMATE NORMAL PERIOD 1981 TO 2010
CLIMATE RECORD PERIOD 1910 TO 2017


WEATHER ITEM   OBSERVED TIME   RECORD YEAR NORMAL DEPARTURE LAST
                VALUE   (LST)  VALUE       VALUE  FROM      YEAR
                                                  NORMAL
..................................................................
TEMPERATURE (F)
 YESTERDAY
  MAXIMUM         88    330 PM  99    1956  83      5       89
  MINIMUM         68   1159 PM  48    1990  63      5       72
  AVERAGE         78                        73      5       81

PRECIPITATION (IN)
  YESTERDAY        0.00          4.32 1928   0.14  -0.14     0.29
  MONTH TO DATE    3.71                      2.83   0.88     4.44
  SINCE SEP 1      3.71                      2.83   0.88     4.44
  SINCE JAN 1     35.51                     34.26   1.25    31.10

DEGREE DAYS
 HEATING
  YESTERDAY        0                         0      0        0
  MONTH TO DATE    2                         0      2        0
  SINCE SEP 1      2                         0      2        0
  SINCE JUL 1      2                         0      2        0

 COOLING
  YESTERDAY       13                         8      5       16
  MONTH TO DATE  185                       198    -13      278
  SINCE SEP 1    185                       198    -13      278
  SINCE JAN 1   2164                      1838    326     2272
..................................................................


WIND (MPH)
  HIGHEST WIND SPEED    13   HIGHEST WIND DIRECTION     W (290)
  HIGHEST GUST SPEED    16   HIGHEST GUST DIRECTION     N (340)
  AVERAGE WIND SPEED     6.0


SKY COVER
  POSSIBLE SUNSHINE  MM
  AVERAGE SKY COVER 0.1


WEATHER CONDITIONS
 THE FOLLOWING WEATHER WAS RECORDED YESTERDAY.
  NO SIGNIFICANT WEATHER WAS OBSERVED.


RELATIVE HUMIDITY (PERCENT)
 HIGHEST    93           600 AM
 LOWEST     43           300 PM
 AVERAGE    68

..........................................................


THE FAYETTEVILLE REGL AIRPORT NC CLIMATE NORMALS FOR TODAY
                         NORMAL    RECORD    YEAR
 MAXIMUM TEMPERATURE (F)   82        98      1954
 MINIMUM TEMPERATURE (F)   63        28      1941


SUNRISE AND SUNSET
SEPTEMBER 20 2017.....SUNRISE   702 AM EDT   SUNSET   715 PM EDT
SEPTEMBER 21 2017.....SUNRISE   703 AM EDT   SUNSET   713 PM EDT


-  INDICATES NEGATIVE NUMBERS.
R  INDICATES RECORD WAS SET OR TIED.
MM INDICATES DATA IS MISSING.
T  INDICATES TRACE AMOUNT.




$$
