000
CDUS42 KRAH 242052
CLIFAY


CLIMATE REPORT
NATIONAL WEATHER SERVICE RALEIGH NC
448 PM EDT FRI MAR 24 2017


...................................

...THE FAYETTEVILLE REGL AIRPORT NC CLIMATE SUMMARY FOR MARCH 24 2017...
VALID TODAY AS OF 0448 PM LOCAL TIME.

CLIMATE NORMAL PERIOD 1981 TO 2010
CLIMATE RECORD PERIOD 1910 TO 2017


WEATHER ITEM   OBSERVED TIME   RECORD YEAR NORMAL DEPARTURE LAST
                VALUE   (LST)  VALUE       VALUE  FROM      YEAR
                                                  NORMAL
..................................................................
TEMPERATURE (F)
 TODAY
  MAXIMUM         75    301 PM  87    1939  69      6       80
  MINIMUM         35    629 AM  22    1968  45    -10       52
  AVERAGE         55                        57     -2       66

PRECIPITATION (IN)
  TODAY            0.00          1.98 1989   0.11  -0.11     0.00
  MONTH TO DATE    1.77                      2.61  -0.84     0.49
  SINCE MAR 1      1.77                      2.61  -0.84     0.49
  SINCE JAN 1      5.19                      8.67  -3.48     8.33

DEGREE DAYS
 HEATING
  TODAY           10                         9      1        0
  MONTH TO DATE  348                       289     59      169
  SINCE MAR 1    348                       289     59      169
  SINCE JUL 1   1970                      2514   -544     1982

 COOLING
  TODAY            0                         0      0        1
  MONTH TO DATE   13                         0     13       50
  SINCE MAR 1     13                         0     13       50
  SINCE JAN 1     28                         4     24       50
..................................................................


WIND (MPH)
  HIGHEST WIND SPEED    18   HIGHEST WIND DIRECTION    SW (220)
  HIGHEST GUST SPEED    26   HIGHEST GUST DIRECTION    SW (220)
  AVERAGE WIND SPEED     6.3


SKY COVER
  POSSIBLE SUNSHINE  MM
  AVERAGE SKY COVER 0.1


WEATHER CONDITIONS
 THE FOLLOWING WEATHER WAS RECORDED TODAY.
  NO SIGNIFICANT WEATHER WAS OBSERVED.


RELATIVE HUMIDITY (PERCENT)
 HIGHEST    89           300 AM
 LOWEST     35           200 PM
 AVERAGE    62

..........................................................


THE FAYETTEVILLE REGL AIRPORT NC CLIMATE NORMALS FOR TOMORROW
                         NORMAL    RECORD    YEAR
 MAXIMUM TEMPERATURE (F)   69        87      1939
 MINIMUM TEMPERATURE (F)   45        23      1940


SUNRISE AND SUNSET
MARCH 24 2017.........SUNRISE   713 AM EDT   SUNSET   731 PM EDT
MARCH 25 2017.........SUNRISE   712 AM EDT   SUNSET   731 PM EDT


-  INDICATES NEGATIVE NUMBERS.
R  INDICATES RECORD WAS SET OR TIED.
MM INDICATES DATA IS MISSING.
T  INDICATES TRACE AMOUNT.




$$
