000
CDUS42 KRAH 300101
CLIFAY


CLIMATE REPORT
NATIONAL WEATHER SERVICE RALEIGH NC
900 PM EDT MON JUN 29 2015


...................................

...THE FAYETTEVILLE REGL AIRPORT NC CLIMATE SUMMARY FOR JUNE 29 2015...
VALID AS OF 0900 PM LOCAL TIME.

CLIMATE NORMAL PERIOD 1981 TO 2010
CLIMATE RECORD PERIOD 1910 TO 2015


WEATHER ITEM   OBSERVED TIME   RECORD YEAR NORMAL DEPARTURE LAST
                VALUE   (LST)  VALUE       VALUE  FROM      YEAR
                                                  NORMAL
..................................................................
TEMPERATURE (F)
 TODAY
  MAXIMUM         89    423 PM 106    2012  91     -2       88
  MINIMUM         66    311 AM  53    1970  71     -5       64
  AVERAGE         78                        81     -3       76

PRECIPITATION (IN)
  TODAY            0.00          2.23 1941   0.17  -0.17     0.00
  MONTH TO DATE    8.99                      4.16   4.83     2.69
  SINCE JUN 1      8.99                      4.16   4.83     2.69
  SINCE JAN 1     24.26                     19.83   4.43    21.14

DEGREE DAYS
 HEATING
  TODAY            0                         0      0        0
  MONTH TO DATE    0                         0      0        0
  SINCE JUN 1      0                         0      0        0
  SINCE JUL 1   2942                      2732    210     2941

 COOLING
  TODAY           13                        16     -3       11
  MONTH TO DATE  474                       380     94      443
  SINCE JUN 1    474                       380     94      443
  SINCE JAN 1    804                       664    140      809
..................................................................


WIND (MPH)
  RESULTANT WIND SPEED   2   RESULTANT WIND DIRECTION  SE (140)
  HIGHEST WIND SPEED    12   HIGHEST WIND DIRECTION    SW (210)
  HIGHEST GUST SPEED    15   HIGHEST GUST DIRECTION     E (110)
  AVERAGE WIND SPEED     4.9


SKY COVER
  POSSIBLE SUNSHINE  MM
  AVERAGE SKY COVER 0.3


WEATHER CONDITIONS
 THE FOLLOWING WEATHER WAS RECORDED TODAY.
  NO SIGNIFICANT WEATHER WAS OBSERVED.


RELATIVE HUMIDITY (PERCENT)
 HIGHEST    93           300 AM
 LOWEST     39           300 PM
 AVERAGE    66

..........................................................




SUNRISE AND SUNSET
JUNE 29 2015..........SUNRISE   604 AM EDT   SUNSET   834 PM EDT
JUNE 30 2015..........SUNRISE   605 AM EDT   SUNSET   834 PM EDT


-  INDICATES NEGATIVE NUMBERS.
R  INDICATES RECORD WAS SET OR TIED.
MM INDICATES DATA IS MISSING.
T  INDICATES TRACE AMOUNT.




$$
