000
CDUS42 KRAH 290740
CLIFAY


CLIMATE REPORT
NATIONAL WEATHER SERVICE RALEIGH NC
339 AM EDT THU JUN 29 2017


...................................

...THE FAYETTEVILLE REGL AIRPORT NC CLIMATE SUMMARY FOR JUNE 28 2017...

CLIMATE NORMAL PERIOD 1981 TO 2010
CLIMATE RECORD PERIOD 1910 TO 2017


WEATHER ITEM   OBSERVED TIME   RECORD YEAR NORMAL DEPARTURE LAST
                VALUE   (LST)  VALUE       VALUE  FROM      YEAR
                                                  NORMAL
..................................................................
TEMPERATURE (F)
 YESTERDAY
  MAXIMUM         88    410 PM 105    1954  90     -2       80
  MINIMUM         60    534 AM  54    1981  70    -10       70
  AVERAGE         74                        80     -6       75

PRECIPITATION (IN)
  YESTERDAY        0.00          1.40 1942   0.13  -0.13     0.33
  MONTH TO DATE    4.32                      3.99   0.33     3.21
  SINCE JUN 1      4.32                      3.99   0.33     3.21
  SINCE JAN 1     19.96                     19.66   0.30    20.78

DEGREE DAYS
 HEATING
  YESTERDAY        0                         0      0        0
  MONTH TO DATE    0                         0      0        0
  SINCE JUN 1      0                         0      0        0
  SINCE JUL 1   2027                      2732   -705     2169

 COOLING
  YESTERDAY        9                        15     -6       10
  MONTH TO DATE  410                       364     46      418
  SINCE JUN 1    410                       364     46      418
  SINCE JAN 1    913                       648    265      754
..................................................................


WIND (MPH)
  HIGHEST WIND SPEED    13   HIGHEST WIND DIRECTION     N (20)
  HIGHEST GUST SPEED    16   HIGHEST GUST DIRECTION     N (20)
  AVERAGE WIND SPEED     4.7


SKY COVER
  POSSIBLE SUNSHINE  MM
  AVERAGE SKY COVER 0.0


WEATHER CONDITIONS
 THE FOLLOWING WEATHER WAS RECORDED YESTERDAY.
  NO SIGNIFICANT WEATHER WAS OBSERVED.


RELATIVE HUMIDITY (PERCENT)
 HIGHEST    97           500 AM
 LOWEST     30           200 PM
 AVERAGE    64

..........................................................


THE FAYETTEVILLE REGL AIRPORT NC CLIMATE NORMALS FOR TODAY
                         NORMAL    RECORD    YEAR
 MAXIMUM TEMPERATURE (F)   91       106      2012
 MINIMUM TEMPERATURE (F)   71        53      1970


SUNRISE AND SUNSET
JUNE 29 2017..........SUNRISE   605 AM EDT   SUNSET   834 PM EDT
JUNE 30 2017..........SUNRISE   605 AM EDT   SUNSET   833 PM EDT


-  INDICATES NEGATIVE NUMBERS.
R  INDICATES RECORD WAS SET OR TIED.
MM INDICATES DATA IS MISSING.
T  INDICATES TRACE AMOUNT.




$$
