000
CDUS42 KFFC 210823
CLIFFC


CLIMATE REPORT
NATIONAL WEATHER SERVICE PEACHTREE CITY GA
420 AM EDT TUE OCT 21 2014


...................................

...THE PEACHTREE CITY CLIMATE SUMMARY FOR OCTOBER 20 2014...

CLIMATE NORMAL PERIOD 1981 TO 2010
CLIMATE RECORD PERIOD 9999 TO 9999


WEATHER ITEM   OBSERVED TIME   RECORD YEAR NORMAL DEPARTURE LAST
                VALUE   (LST)  VALUE       VALUE  FROM      YEAR
                                                  NORMAL
..................................................................
TEMPERATURE (F)
 YESTERDAY
  MAXIMUM         73    411 PM  MM      MM  73      0       70
  MINIMUM         42    715 AM  MM      MM  47     -5       45
  AVERAGE         58                        60     -2       58

PRECIPITATION (IN)
  YESTERDAY        0.00         MM      MM   0.09  -0.09     0.00
  MONTH TO DATE    3.68                      2.42   1.26     1.55
  SINCE SEP 1      6.02                      6.26  -0.24     3.88
  SINCE JAN 1     32.24                     40.99  -8.75    29.75

SNOWFALL (IN)
  YESTERDAY       MM            MM      MM  MM     MM       MM
  MONTH TO DATE    0.0                      MM     MM        0.0
  SINCE SEP 1      0.0                      MM     MM        0.0
  SINCE JUL 1      0.0                      MM     MM        0.0
  SNOW DEPTH      MM

DEGREE DAYS
 HEATING
  YESTERDAY        7                         6      1        7
  MONTH TO DATE   48                        73    -25       18
  SINCE SEP 1     48                        86    -38       19
  SINCE JUL 1     48                        86    -38       19

 COOLING
  YESTERDAY        0                         1     -1        0
  MONTH TO DATE   86                        34     52       50
  SINCE SEP 1    397                       262    135      289
  SINCE JAN 1   1789                      1642    147     1551
..................................................................


WIND (MPH)
  RESULTANT WIND SPEED   1   RESULTANT WIND DIRECTION   E (110)
  HIGHEST WIND SPEED     9   HIGHEST WIND DIRECTION     S (160)
  HIGHEST GUST SPEED    13   HIGHEST GUST DIRECTION    SE (150)
  AVERAGE WIND SPEED     1.4


SKY COVER
  POSSIBLE SUNSHINE  MM
  AVERAGE SKY COVER 0.1


WEATHER CONDITIONS
 THE FOLLOWING WEATHER WAS RECORDED YESTERDAY.
  FOG


RELATIVE HUMIDITY (PERCENT)
 HIGHEST   100           500 AM
 LOWEST     44           300 PM
 AVERAGE    72

..........................................................


THE PEACHTREE CITY CLIMATE NORMALS FOR TODAY
                         NORMAL    RECORD    YEAR
 MAXIMUM TEMPERATURE (F)   73        MM        MM
 MINIMUM TEMPERATURE (F)   47        MM        MM


SUNRISE AND SUNSET
OCTOBER 21 2014.......SUNRISE   748 AM EDT   SUNSET   658 PM EDT
OCTOBER 22 2014.......SUNRISE   748 AM EDT   SUNSET   657 PM EDT


-  INDICATES NEGATIVE NUMBERS.
R  INDICATES RECORD WAS SET OR TIED.
MM INDICATES DATA IS MISSING.
T  INDICATES TRACE AMOUNT.




$$
