000
CDUS42 KFFC 220836
CLIFFC


CLIMATE REPORT
NATIONAL WEATHER SERVICE PEACHTREE CITY GA
435 AM EDT MON MAY 22 2017


...................................

...THE PEACHTREE CITY CLIMATE SUMMARY FOR MAY 21 2017...

CLIMATE NORMAL PERIOD 1981 TO 2010
CLIMATE RECORD PERIOD 9999 TO 9999


WEATHER ITEM   OBSERVED TIME   RECORD YEAR NORMAL DEPARTURE LAST
                VALUE   (LST)  VALUE       VALUE  FROM      YEAR
                                                  NORMAL
..................................................................
TEMPERATURE (F)
 YESTERDAY
  MAXIMUM         82    511 PM  MM      MM  83     -1       83
  MINIMUM         68    422 AM  MM      MM  58     10       62
  AVERAGE         75                        70      5       73

PRECIPITATION (IN)
  YESTERDAY        0.30         MM      MM   0.10   0.20     0.02
  MONTH TO DATE    1.94                      2.06  -0.12     0.56
  SINCE MAR 1      6.95                     11.09  -4.14     7.85
  SINCE JAN 1     17.20                     20.19  -2.99    19.12

SNOWFALL (IN)
  YESTERDAY        0.0          MM      MM  MM     MM       MM
  MONTH TO DATE    0.0                      MM     MM        0.0
  SINCE MAR 1      0.0                      MM     MM        0.0
  SINCE JUL 1      0.0                      MM     MM        0.2
  SNOW DEPTH       0

DEGREE DAYS
 HEATING
  YESTERDAY        0                         1     -1        0
  MONTH TO DATE   30                        29      1       27
  SINCE MAR 1    401                       566   -165      394
  SINCE JUL 1   2040                      2948   -908     2319

 COOLING
  YESTERDAY       10                         6      4        8
  MONTH TO DATE  106                        82     24       78
  SINCE MAR 1    217                       118     99      127
  SINCE JAN 1    218                       118    100      127
..................................................................


WIND (MPH)
  RESULTANT WIND SPEED   1   RESULTANT WIND DIRECTION   W (290)
  HIGHEST WIND SPEED    10   HIGHEST WIND DIRECTION    NW (310)
  HIGHEST GUST SPEED    14   HIGHEST GUST DIRECTION    NW (300)
  AVERAGE WIND SPEED     2.8


SKY COVER
  POSSIBLE SUNSHINE  MM
  AVERAGE SKY COVER 0.7


WEATHER CONDITIONS
 THE FOLLOWING WEATHER WAS RECORDED YESTERDAY.
  THUNDERSTORM
  HEAVY RAIN
  RAIN
  LIGHT RAIN
  FOG


RELATIVE HUMIDITY (PERCENT)
 HIGHEST   100           400 AM
 LOWEST     62           300 PM
 AVERAGE    81

..........................................................


THE PEACHTREE CITY CLIMATE NORMALS FOR TODAY
                         NORMAL    RECORD    YEAR
 MAXIMUM TEMPERATURE (F)   83        MM        MM
 MINIMUM TEMPERATURE (F)   59        MM        MM


SUNRISE AND SUNSET
MAY 22 2017...........SUNRISE   634 AM EDT   SUNSET   837 PM EDT
MAY 23 2017...........SUNRISE   633 AM EDT   SUNSET   837 PM EDT


-  INDICATES NEGATIVE NUMBERS.
R  INDICATES RECORD WAS SET OR TIED.
MM INDICATES DATA IS MISSING.
T  INDICATES TRACE AMOUNT.




$$
