000
CDUS43 KLMK 312107
CLIFFT

CLIMATE REPORT
NATIONAL WEATHER SERVICE LOUISVILLE KY
506 PM EDT WED AUG 31 2016


...................................

...THE FRANKFORT KY CLIMATE SUMMARY FOR AUGUST 31 2016...
VALID TODAY AS OF 0400 PM LOCAL TIME.

CLIMATE NORMAL PERIOD 1981 TO 2010
CLIMATE RECORD PERIOD 1895 TO 2016


WEATHER ITEM   OBSERVED TIME   RECORD YEAR NORMAL DEPARTURE LAST
                VALUE   (LST)  VALUE       VALUE  FROM      YEAR
                                                  NORMAL
..................................................................
TEMPERATURE (F)
 TODAY
  MAXIMUM         89    231 PM 100    1953  85      4       87
                                      1932
  MINIMUM         67    629 AM  45    1986  62      5       63
                                      1946
  AVERAGE         78                        73      5       75

PRECIPITATION (IN)
  TODAY            0.00          2.03 1982   0.11  -0.11     0.00
  MONTH TO DATE    4.31                      3.36   0.95     3.01
  SINCE JUN 1     16.35                     11.84   4.51    20.24
  SINCE JAN 1     36.01                     31.31   4.70    43.64

SNOWFALL (IN)
  TODAY           MM            MM      MM  MM     MM       MM
  MONTH TO DATE   MM                        MM     MM       MM
  SINCE JUN 1     MM                        MM     MM       MM
  SINCE JUL 1     MM                        MM     MM       MM
  SNOW DEPTH      MM

DEGREE DAYS
 HEATING
  TODAY            0                         0      0        0
  MONTH TO DATE    0                         0      0        1
  SINCE JUN 1      1                        11    -10       17
  SINCE JUL 1      0                         1     -1        1

 COOLING
  TODAY           13                         8      5       10
  MONTH TO DATE  439                       317    122      239
  SINCE JUN 1   1176                       903    273      883
  SINCE JAN 1   1291                      1002    289     1038
..................................................................


WIND (MPH)
  HIGHEST WIND SPEED    12   HIGHEST WIND DIRECTION    NW (300)
  HIGHEST GUST SPEED    16   HIGHEST GUST DIRECTION    NW (330)
  AVERAGE WIND SPEED     2.5


SKY COVER
  POSSIBLE SUNSHINE  MM
  AVERAGE SKY COVER 0.2


WEATHER CONDITIONS
 THE FOLLOWING WEATHER WAS RECORDED TODAY.
  THUNDERSTORM
  FOG


RELATIVE HUMIDITY (PERCENT)
 HIGHEST    90           200 AM
 LOWEST     55          1200 PM
 AVERAGE    73

..........................................................


THE FRANKFORT KY CLIMATE NORMALS FOR TOMORROW
                         NORMAL    RECORD    YEAR
 MAXIMUM TEMPERATURE (F)   85       103      1932
 MINIMUM TEMPERATURE (F)   61        45      1896


SUNRISE AND SUNSET
AUGUST 31 2016........SUNRISE   709 AM EDT   SUNSET   810 PM EDT
SEPTEMBER  1 2016.....SUNRISE   710 AM EDT   SUNSET   808 PM EDT


-  INDICATES NEGATIVE NUMBERS.
R  INDICATES RECORD WAS SET OR TIED.
MM INDICATES DATA IS MISSING.
T  INDICATES TRACE AMOUNT.




$$
