000
CDUS43 KLMK 010627
CLIFFT


CLIMATE REPORT
NATIONAL WEATHER SERVICE LOUISVILLE KY
227 AM EDT SAT OCT 1 2016


...................................

...THE FRANKFORT KY CLIMATE SUMMARY FOR SEPTEMBER 30 2016...

CLIMATE NORMAL PERIOD 1981 TO 2010
CLIMATE RECORD PERIOD 1895 TO 2016


WEATHER ITEM   OBSERVED TIME   RECORD YEAR NORMAL DEPARTURE LAST
                VALUE   (LST)  VALUE       VALUE  FROM      YEAR
                                                  NORMAL
..................................................................
TEMPERATURE (F)
 YESTERDAY
  MAXIMUM         65    324 PM 101    1953  74     -9       68
  MINIMUM         54    738 AM  31    1895  50      4       60
  AVERAGE         60                        62     -2       64

PRECIPITATION (IN)
  YESTERDAY        0.16          3.31 1906   0.13   0.03     0.06
  MONTH TO DATE    2.05                      3.33  -1.28     3.44
  SINCE SEP 1      2.05                      3.33  -1.28     3.44
  SINCE JAN 1     38.10                     34.64   3.46    47.08

SNOWFALL (IN)
  YESTERDAY       MM            MM      MM  MM     MM       MM
  MONTH TO DATE   MM                        MM     MM       MM
  SINCE SEP 1     MM                        MM     MM       MM
  SINCE JUL 1     MM                        MM     MM       MM
  SNOW DEPTH      MM

DEGREE DAYS
 HEATING
  YESTERDAY        5                         5      0        1
  MONTH TO DATE   18                        52    -34       18
  SINCE SEP 1     18                        53    -35       18
  SINCE JUL 1     18                        54    -36       19

 COOLING
  YESTERDAY        0                         2     -2        0
  MONTH TO DATE  262                       133    129      175
  SINCE SEP 1    262                       133    129      175
  SINCE JAN 1   1553                      1135    418     1213
..................................................................


WIND (MPH)
  HIGHEST WIND SPEED    10   HIGHEST WIND DIRECTION     S (200)
  HIGHEST GUST SPEED    13   HIGHEST GUST DIRECTION     S (190)
  AVERAGE WIND SPEED     3.0


SKY COVER
  POSSIBLE SUNSHINE  MM
  AVERAGE SKY COVER 0.9


WEATHER CONDITIONS
 THE FOLLOWING WEATHER WAS RECORDED YESTERDAY.
  RAIN
  LIGHT RAIN
  FOG
  FOG W/VISIBILITY <= 1/4 MILE


RELATIVE HUMIDITY (PERCENT)
 HIGHEST    93          1200 AM
 LOWEST     52           400 PM
 AVERAGE    73

..........................................................


THE FRANKFORT KY CLIMATE NORMALS FOR TODAY
                         NORMAL    RECORD    YEAR
 MAXIMUM TEMPERATURE (F)   74        98      1953
 MINIMUM TEMPERATURE (F)   49        31      1895


SUNRISE AND SUNSET
OCTOBER  1 2016.......SUNRISE   736 AM EDT   SUNSET   722 PM EDT
OCTOBER  2 2016.......SUNRISE   737 AM EDT   SUNSET   720 PM EDT


-  INDICATES NEGATIVE NUMBERS.
R  INDICATES RECORD WAS SET OR TIED.
MM INDICATES DATA IS MISSING.
T  INDICATES TRACE AMOUNT.




$$
