000
CDUS43 KLMK 170629
CLIFFT


CLIMATE REPORT
NATIONAL WEATHER SERVICE LOUISVILLE KY
129 AM EST SUN DEC 17 2017


...................................

...THE FRANKFORT KY CLIMATE SUMMARY FOR DECEMBER 16 2017...

CLIMATE NORMAL PERIOD 1981 TO 2010
CLIMATE RECORD PERIOD 1895 TO 2017


WEATHER ITEM   OBSERVED TIME   RECORD YEAR NORMAL DEPARTURE LAST
                VALUE   (LST)  VALUE       VALUE  FROM      YEAR
                                                  NORMAL
..................................................................
TEMPERATURE (F)
 YESTERDAY
  MAXIMUM         51    414 PM  76    1984  44      7       40
  MINIMUM         31    813 AM  -3    1989  26      5       15
  AVERAGE         41                        35      6       28

PRECIPITATION (IN)
  YESTERDAY        0.00          1.65 1933   0.11  -0.11     0.04
  MONTH TO DATE    0.61                      2.21  -1.60     1.55
  SINCE DEC 1      0.61                      2.21  -1.60     1.55
  SINCE JAN 1     47.52                     43.82   3.70    41.79

SNOWFALL (IN)
  YESTERDAY       MM            MM      MM  MM     MM       MM
  MONTH TO DATE   MM                        MM     MM       MM
  SINCE DEC 1     MM                        MM     MM       MM
  SINCE JUL 1     MM                        MM     MM       MM
  SNOW DEPTH      MM

DEGREE DAYS
 HEATING
  YESTERDAY       24                        30     -6       37
  MONTH TO DATE  459                       445     14      492
  SINCE DEC 1    459                       445     14      492
  SINCE JUL 1   1267                      1356    -89     1110

 COOLING
  YESTERDAY        0                         0      0        0
  MONTH TO DATE    0                         0      0        0
  SINCE DEC 1      0                         0      0        0
  SINCE JAN 1   1279                      1155    124     1639
..................................................................


WIND (MPH)
  HIGHEST WIND SPEED    22   HIGHEST WIND DIRECTION    SW (220)
  HIGHEST GUST SPEED    34   HIGHEST GUST DIRECTION    SW (240)
  AVERAGE WIND SPEED    10.7


SKY COVER
  POSSIBLE SUNSHINE  MM
  AVERAGE SKY COVER 0.2


WEATHER CONDITIONS
 THE FOLLOWING WEATHER WAS RECORDED YESTERDAY.
  NO SIGNIFICANT WEATHER WAS OBSERVED.


RELATIVE HUMIDITY (PERCENT)
 HIGHEST    69          1200 AM
 LOWEST     38           300 PM
 AVERAGE    54

..........................................................


THE FRANKFORT KY CLIMATE NORMALS FOR TODAY
                         NORMAL    RECORD    YEAR
 MAXIMUM TEMPERATURE (F)   44        70      1984
 MINIMUM TEMPERATURE (F)   26        -5      1989


SUNRISE AND SUNSET
DECEMBER 17 2017......SUNRISE   750 AM EST   SUNSET   521 PM EST
DECEMBER 18 2017......SUNRISE   751 AM EST   SUNSET   522 PM EST


-  INDICATES NEGATIVE NUMBERS.
R  INDICATES RECORD WAS SET OR TIED.
MM INDICATES DATA IS MISSING.
T  INDICATES TRACE AMOUNT.




$$
