000
CDUS43 KLMK 290626
CLIFFT


CLIMATE REPORT
NATIONAL WEATHER SERVICE LOUISVILLE KY
226 AM EDT FRI MAY 29 2015


...................................

...THE FRANKFORT KY CLIMATE SUMMARY FOR MAY 28 2015...

CLIMATE NORMAL PERIOD 1981 TO 2010
CLIMATE RECORD PERIOD 1895 TO 2015


WEATHER ITEM   OBSERVED TIME   RECORD YEAR NORMAL DEPARTURE LAST
                VALUE   (LST)  VALUE       VALUE  FROM      YEAR
                                                  NORMAL
..................................................................
TEMPERATURE (F)
 YESTERDAY
  MAXIMUM         81    300 PM  99    1914  79      2       85
  MINIMUM         60    520 AM  38    1907  56      4       61
  AVERAGE         71                        67      4       73

PRECIPITATION (IN)
  YESTERDAY        0.03          1.45 1917   0.15  -0.12     0.02
  MONTH TO DATE    0.87                      4.42  -3.55     5.09
  SINCE MAR 1     19.79                     12.49   7.30    13.92
  SINCE JAN 1     23.35                     19.04   4.31    20.12

SNOWFALL (IN)
  YESTERDAY       MM            MM      MM  MM     MM       MM
  MONTH TO DATE   MM                        MM     MM       MM
  SINCE MAR 1     MM                        MM     MM       MM
  SINCE JUL 1     MM                        MM     MM       MM
  SNOW DEPTH      MM

DEGREE DAYS
 HEATING
  YESTERDAY        0                         2     -2        0
  MONTH TO DATE   58                       108    -50      106
  SINCE MAR 1   1003                      1047    -44     1108
  SINCE JUL 1   5123                      4686    437     5220

 COOLING
  YESTERDAY        6                         4      2        8
  MONTH TO DATE  121                        66     55       88
  SINCE MAR 1    129                        86     43       96
  SINCE JAN 1    129                        86     43       96
..................................................................


WIND (MPH)
  HIGHEST WIND SPEED    13   HIGHEST WIND DIRECTION     S (190)
  HIGHEST GUST SPEED    16   HIGHEST GUST DIRECTION     S (180)
  AVERAGE WIND SPEED     2.8


SKY COVER
  POSSIBLE SUNSHINE  MM
  AVERAGE SKY COVER 0.6


WEATHER CONDITIONS
 THE FOLLOWING WEATHER WAS RECORDED YESTERDAY.
  THUNDERSTORM
  LIGHT RAIN
  FOG
  FOG W/VISIBILITY <= 1/4 MILE
  HAZE


RELATIVE HUMIDITY (PERCENT)
 HIGHEST   100           700 AM
 LOWEST     58           300 PM
 AVERAGE    79

..........................................................


THE FRANKFORT KY CLIMATE NORMALS FOR TODAY
                         NORMAL    RECORD    YEAR
 MAXIMUM TEMPERATURE (F)   79        99      1914
 MINIMUM TEMPERATURE (F)   56        40      1949
                                             1932


SUNRISE AND SUNSET
MAY 29 2015...........SUNRISE   620 AM EDT   SUNSET   855 PM EDT
MAY 30 2015...........SUNRISE   619 AM EDT   SUNSET   855 PM EDT


-  INDICATES NEGATIVE NUMBERS.
R  INDICATES RECORD WAS SET OR TIED.
MM INDICATES DATA IS MISSING.
T  INDICATES TRACE AMOUNT.




$$
