675
CDUS43 KLMK 050627
CLIFFT


CLIMATE REPORT
NATIONAL WEATHER SERVICE LOUISVILLE KY
226 AM EDT THU MAY 5 2016


...................................

...THE FRANKFORT KY CLIMATE SUMMARY FOR MAY 4 2016...

CLIMATE NORMAL PERIOD 1981 TO 2010
CLIMATE RECORD PERIOD 1895 TO 2016


WEATHER ITEM   OBSERVED TIME   RECORD YEAR NORMAL DEPARTURE LAST
                VALUE   (LST)  VALUE       VALUE  FROM      YEAR
                                                  NORMAL
..................................................................
TEMPERATURE (F)
 YESTERDAY
  MAXIMUM         60    904 AM  89    1934  72    -12       82
                                      1895
  MINIMUM         45   1157 PM  30    1971  49     -4       53
  AVERAGE         53                        61     -8       68

PRECIPITATION (IN)
  YESTERDAY        0.22          1.14 1927   0.17   0.05     0.00
  MONTH TO DATE    0.26                      0.65  -0.39     0.00
  SINCE MAR 1      9.41                      8.72   0.69    18.92
  SINCE JAN 1     15.43                     15.27   0.16    22.48

SNOWFALL (IN)
  YESTERDAY       MM            MM      MM  MM     MM       MM
  MONTH TO DATE   MM                        MM     MM       MM
  SINCE MAR 1     MM                        MM     MM       MM
  SINCE JUL 1     MM                        MM     MM       MM
  SNOW DEPTH      MM

DEGREE DAYS
 HEATING
  YESTERDAY       12                         5      7        0
  MONTH TO DATE   21                        23     -2       16
  SINCE MAR 1    687                       962   -275      961
  SINCE JUL 1   3759                      4601   -842     5081

 COOLING
  YESTERDAY        0                         1     -1        3
  MONTH TO DATE    7                         4      3        3
  SINCE MAR 1     33                        24      9       11
  SINCE JAN 1     33                        24      9       11
..................................................................


WIND (MPH)
  HIGHEST WIND SPEED    18   HIGHEST WIND DIRECTION    NW (300)
  HIGHEST GUST SPEED    28   HIGHEST GUST DIRECTION    NW (300)
  AVERAGE WIND SPEED     7.7


SKY COVER
  POSSIBLE SUNSHINE  MM
  AVERAGE SKY COVER 0.7


WEATHER CONDITIONS
 THE FOLLOWING WEATHER WAS RECORDED YESTERDAY.
  HEAVY RAIN
  RAIN
  LIGHT RAIN
  FOG
  HAZE


RELATIVE HUMIDITY (PERCENT)
 HIGHEST    86           200 AM
 LOWEST     51           700 PM
 AVERAGE    69

..........................................................


THE FRANKFORT KY CLIMATE NORMALS FOR TODAY
                         NORMAL    RECORD    YEAR
 MAXIMUM TEMPERATURE (F)   73        90      1949
 MINIMUM TEMPERATURE (F)   49        32      2011


SUNRISE AND SUNSET
MAY  5 2016...........SUNRISE   638 AM EDT   SUNSET   835 PM EDT
MAY  6 2016...........SUNRISE   637 AM EDT   SUNSET   836 PM EDT


-  INDICATES NEGATIVE NUMBERS.
R  INDICATES RECORD WAS SET OR TIED.
MM INDICATES DATA IS MISSING.
T  INDICATES TRACE AMOUNT.




$$
