875
CDUS43 KFGF 230707
CLIFGF


CLIMATE REPORT
NATIONAL WEATHER SERVICE EASTERN NORTH DAKOTA/GRAND FORKS
204 AM CDT THU MAR 23 2017


...................................

...THE GRAND FORKS UNIV. (NWS) ND CLIMATE SUMMARY FOR MARCH 22 2017...

CLIMATE NORMAL PERIOD 1981 TO 2010
CLIMATE RECORD PERIOD 1890 TO 2017


WEATHER ITEM   OBSERVED TIME   RECORD YEAR NORMAL DEPARTURE LAST
                VALUE   (LST)  VALUE       VALUE  FROM      YEAR
                                                  NORMAL
..................................................................
TEMPERATURE (F)
 YESTERDAY
  MAXIMUM         34        MM  83    1910  38     -4       43
  MINIMUM         13        MM -12    1940  20     -7       31
  AVERAGE         24                        29     -5       37

PRECIPITATION (IN)
  YESTERDAY        T             0.50 2009   0.04  -0.04     0.00
  MONTH TO DATE    0.25                      0.71  -0.46     0.65
  SINCE MAR 1      0.25                      0.71  -0.46     0.65
  SINCE JAN 1      1.35                      2.01  -0.66     1.30

SNOWFALL (IN)
  YESTERDAY        T             3.8  1962   0.2   -0.2      0.0
  MONTH TO DATE    0.1                       5.3   -5.2      1.7
  SINCE MAR 1      0.1                       5.3   -5.2      1.7
  SINCE JUL 1     43.0                      40.6    2.4     29.0
  SNOW DEPTH       0

DEGREE DAYS
 HEATING
  YESTERDAY       41                        36      5       28
  MONTH TO DATE  955                       909     46      643
  SINCE MAR 1    955                       909     46      643
  SINCE JUL 1   6903                      7869   -966     6575

 COOLING
  YESTERDAY        0                         0      0        0
  MONTH TO DATE    0                         0      0        0
  SINCE MAR 1      0                         0      0        0
  SINCE JAN 1      0                         0      0        0
..................................................................


WIND (MPH)
  RESULTANT WIND SPEED  MM   RESULTANT WIND DIRECTION  MM
  HIGHEST WIND SPEED    MM   HIGHEST WIND DIRECTION    MM
  HIGHEST GUST SPEED    MM   HIGHEST GUST DIRECTION    MM
  AVERAGE WIND SPEED    MM


SKY COVER
  POSSIBLE SUNSHINE  MM
  AVERAGE SKY COVER  MM


WEATHER CONDITIONS
 THE FOLLOWING WEATHER WAS RECORDED YESTERDAY.
  LIGHT SNOW


RELATIVE HUMIDITY (PERCENT)
 HIGHEST    MM
 LOWEST     MM
 AVERAGE    MM

..........................................................


THE GRAND FORKS UNIV. (NWS) ND CLIMATE NORMALS FOR TODAY
                         NORMAL    RECORD    YEAR
 MAXIMUM TEMPERATURE (F)   38        78      1910
 MINIMUM TEMPERATURE (F)   21       -19      1974


SUNRISE AND SUNSET
MARCH 23 2017.........SUNRISE   725 AM CDT   SUNSET   746 PM CDT
MARCH 24 2017.........SUNRISE   723 AM CDT   SUNSET   747 PM CDT


-  INDICATES NEGATIVE NUMBERS.
R  INDICATES RECORD WAS SET OR TIED.
MM INDICATES DATA IS MISSING.
T  INDICATES TRACE AMOUNT.




$$
