000
CDUS43 KFGF 170728
CLIFGF


CLIMATE REPORT
NATIONAL WEATHER SERVICE EASTERN NORTH DAKOTA/GRAND FORKS
126 AM CST TUE JAN 17 2017


...................................

...THE GRAND FORKS UNIV. (NWS) ND CLIMATE SUMMARY FOR JANUARY 16 2017...

CLIMATE NORMAL PERIOD 1981 TO 2010
CLIMATE RECORD PERIOD 1890 TO 2017


WEATHER ITEM   OBSERVED TIME   RECORD YEAR NORMAL DEPARTURE LAST
                VALUE   (LST)  VALUE       VALUE  FROM      YEAR
                                                  NORMAL
..................................................................
TEMPERATURE (F)
 YESTERDAY
  MAXIMUM         21        MM  43    1942  15      6       -8
  MINIMUM          3        MM -31    1979  -2      5      -19
                                      1977
                                      1924
  AVERAGE         12                         7      5      -13

PRECIPITATION (IN)
  YESTERDAY        0.00          0.72 1967   0.02  -0.02      T
  MONTH TO DATE    0.57                      0.39   0.18     0.25
  SINCE DEC 1      2.41                      1.04   1.37     1.37
  SINCE JAN 1      0.57                      0.39   0.18     0.25

SNOWFALL (IN)
  YESTERDAY        0.0           7.0  1996   0.3   -0.3      0.1
  MONTH TO DATE   11.0                       5.9    5.1      4.0
  SINCE DEC 1     36.6                      16.8   19.8     18.8
  SINCE JUL 1     37.5                      23.9   13.6     22.2
  SNOW DEPTH      12

DEGREE DAYS
 HEATING
  YESTERDAY       53                        58     -5       78
  MONTH TO DATE 1052                       926    126      933
  SINCE DEC 1   2645                      2563     82     2304
  SINCE JUL 1   4099                      4657   -558     3913

 COOLING
  YESTERDAY        0                         0      0        0
  MONTH TO DATE    0                         0      0        0
  SINCE DEC 1      0                         0      0        0
  SINCE JAN 1      0                         0      0        0
..................................................................


WIND (MPH)
  RESULTANT WIND SPEED  MM   RESULTANT WIND DIRECTION  MM
  HIGHEST WIND SPEED    MM   HIGHEST WIND DIRECTION    MM
  HIGHEST GUST SPEED    MM   HIGHEST GUST DIRECTION    MM
  AVERAGE WIND SPEED    MM


SKY COVER
  POSSIBLE SUNSHINE  MM
  AVERAGE SKY COVER  MM


WEATHER CONDITIONS
 THE FOLLOWING WEATHER WAS RECORDED YESTERDAY.
  NO SIGNIFICANT WEATHER WAS OBSERVED.


RELATIVE HUMIDITY (PERCENT)
 HIGHEST    MM
 LOWEST     MM
 AVERAGE    MM

..........................................................


THE GRAND FORKS UNIV. (NWS) ND CLIMATE NORMALS FOR TODAY
                         NORMAL    RECORD    YEAR
 MAXIMUM TEMPERATURE (F)   16        47      1923
 MINIMUM TEMPERATURE (F)   -2       -36      1943


SUNRISE AND SUNSET
JANUARY 17 2017.......SUNRISE   811 AM CST   SUNSET   506 PM CST
JANUARY 18 2017.......SUNRISE   811 AM CST   SUNSET   508 PM CST


-  INDICATES NEGATIVE NUMBERS.
R  INDICATES RECORD WAS SET OR TIED.
MM INDICATES DATA IS MISSING.
T  INDICATES TRACE AMOUNT.




$$
