149
CDUS43 KFGF 240638
CLIFGF


CLIMATE REPORT
NATIONAL WEATHER SERVICE EASTERN NORTH DAKOTA/GRAND FORKS
1238 AM CST FRI FEB 24 2017


...................................

...THE GRAND FORKS UNIV. (NWS) ND CLIMATE SUMMARY FOR FEBRUARY 23 2017...

CLIMATE NORMAL PERIOD 1981 TO 2010
CLIMATE RECORD PERIOD 1890 TO 2017


WEATHER ITEM   OBSERVED TIME   RECORD YEAR NORMAL DEPARTURE LAST
                VALUE   (LST)  VALUE       VALUE  FROM      YEAR
                                                  NORMAL
..................................................................
TEMPERATURE (F)
 YESTERDAY
  MAXIMUM         28        MM  59    1958  25      3       33
  MINIMUM         18        MM -32    1914   8     10       21
  AVERAGE         23                        16      7       27

PRECIPITATION (IN)
  YESTERDAY        0.00          0.23 1991   0.02  -0.02      T
                                      1948
  MONTH TO DATE    0.43                      0.45  -0.02     0.33
  SINCE DEC 1      2.87                      1.81   1.06     1.75
  SINCE JAN 1      1.03                      1.16  -0.13     0.63

SNOWFALL (IN)
  YESTERDAY        0.0           3.0  1990   0.3   -0.3       T
  MONTH TO DATE    4.0                       5.6   -1.6      4.3
  SINCE DEC 1     40.8                      26.9   13.9     23.8
  SINCE JUL 1     41.7                      34.0    7.7     27.2
  SNOW DEPTH       T

DEGREE DAYS
 HEATING
  YESTERDAY       42                        49     -7       38
  MONTH TO DATE 1018                      1205   -187     1048
  SINCE DEC 1   4254                      4629   -375     4085
  SINCE JUL 1   5708                      6723  -1015     5694

 COOLING
  YESTERDAY        0                         0      0        0
  MONTH TO DATE    0                         0      0        0
  SINCE DEC 1      0                         0      0        0
  SINCE JAN 1      0                         0      0        0
..................................................................


WIND (MPH)
  RESULTANT WIND SPEED  MM   RESULTANT WIND DIRECTION  MM
  HIGHEST WIND SPEED    MM   HIGHEST WIND DIRECTION    MM
  HIGHEST GUST SPEED    MM   HIGHEST GUST DIRECTION    MM
  AVERAGE WIND SPEED    MM


SKY COVER
  POSSIBLE SUNSHINE  MM
  AVERAGE SKY COVER  MM


WEATHER CONDITIONS
 THE FOLLOWING WEATHER WAS RECORDED YESTERDAY.
  NO SIGNIFICANT WEATHER WAS OBSERVED.


RELATIVE HUMIDITY (PERCENT)
 HIGHEST    MM
 LOWEST     MM
 AVERAGE    MM

..........................................................


THE GRAND FORKS UNIV. (NWS) ND CLIMATE NORMALS FOR TODAY
                         NORMAL    RECORD    YEAR
 MAXIMUM TEMPERATURE (F)   25        51      1976
 MINIMUM TEMPERATURE (F)    8       -29      1950


SUNRISE AND SUNSET
FEBRUARY 24 2017......SUNRISE   718 AM CST   SUNSET   606 PM CST
FEBRUARY 25 2017......SUNRISE   716 AM CST   SUNSET   607 PM CST


-  INDICATES NEGATIVE NUMBERS.
R  INDICATES RECORD WAS SET OR TIED.
MM INDICATES DATA IS MISSING.
T  INDICATES TRACE AMOUNT.




$$
