000
CDUS43 KFGF 222253
CLIFGF


CLIMATE REPORT
NATIONAL WEATHER SERVICE EASTERN NORTH DAKOTA/GRAND FORKS
453 PM CST THU FEB 22 2018


...................................

...THE GRAND FORKS UNIV. (NWS) ND CLIMATE SUMMARY FOR FEBRUARY 22 2018...
VALID TODAY AS OF 0400 PM LOCAL TIME.

CLIMATE NORMAL PERIOD 1981 TO 2010
CLIMATE RECORD PERIOD 1893 TO 2018


WEATHER ITEM   OBSERVED TIME   RECORD YEAR NORMAL DEPARTURE LAST
                VALUE   (LST)  VALUE       VALUE  FROM      YEAR
                                                  NORMAL
..................................................................
TEMPERATURE (F)
 TODAY
  MAXIMUM         18        MM  67    2000  25     -7       35
  MINIMUM         -4        MM -34    1914   7    -11       27
  AVERAGE          7                        16     -9       31

PRECIPITATION (IN)
  TODAY            0.00          0.65 1930   0.03  -0.03     0.02
  MONTH TO DATE    0.34                      0.43  -0.09     0.43
  SINCE DEC 1      1.94                      1.79   0.15     2.87
  SINCE JAN 1      0.96                      1.14  -0.18     1.03

SNOWFALL (IN)
  TODAY            0.0           6.2  1979   0.3   -0.3       T
  MONTH TO DATE    7.4                       5.3    2.1      4.0
  SINCE DEC 1     28.0                      26.6    1.4     40.8
  SINCE JUL 1     36.4                      33.7    2.7     41.7
  SNOW DEPTH       8

DEGREE DAYS
 HEATING
  TODAY           58                        49      9       34
  MONTH TO DATE 1355                      1156    199      976
  SINCE DEC 1   4723                      4580    143     4212
  SINCE JUL 1   6683                      6674      9     5666

 COOLING
  TODAY            0                         0      0        0
  MONTH TO DATE    0                         0      0        0
  SINCE DEC 1      0                         0      0        0
  SINCE JAN 1      0                         0      0        0
..................................................................


WIND (MPH)
  HIGHEST WIND SPEED    MM   HIGHEST WIND DIRECTION    MM
  HIGHEST GUST SPEED    MM   HIGHEST GUST DIRECTION    MM
  AVERAGE WIND SPEED    MM


SKY COVER
  POSSIBLE SUNSHINE  MM
  AVERAGE SKY COVER  MM


WEATHER CONDITIONS
 THE FOLLOWING WEATHER WAS RECORDED TODAY.
  NO SIGNIFICANT WEATHER WAS OBSERVED.


RELATIVE HUMIDITY (PERCENT)
 HIGHEST    MM
 LOWEST     MM
 AVERAGE    MM

..........................................................


THE GRAND FORKS UNIV. (NWS) ND CLIMATE NORMALS FOR TOMORROW
                         NORMAL    RECORD    YEAR
 MAXIMUM TEMPERATURE (F)   25        59      1958
 MINIMUM TEMPERATURE (F)    8       -32      1914


SUNRISE AND SUNSET
FEBRUARY 22 2018......SUNRISE   722 AM CST   SUNSET   602 PM CST
FEBRUARY 23 2018......SUNRISE   720 AM CST   SUNSET   604 PM CST


-  INDICATES NEGATIVE NUMBERS.
R  INDICATES RECORD WAS SET OR TIED.
MM INDICATES DATA IS MISSING.
T  INDICATES TRACE AMOUNT.




$$
