000
CDUS43 KFGF 062252
CLIFGF


CLIMATE REPORT
NATIONAL WEATHER SERVICE EASTERN NORTH DAKOTA/GRAND FORKS
450 PM CST FRI MAR 6 2015


...................................

...THE GRAND FORKS UNIV. (NWS) ND CLIMATE SUMMARY FOR MARCH 6 2015...
VALID TODAY AS OF 0400 PM LOCAL TIME.

CLIMATE NORMAL PERIOD 1981 TO 2010
CLIMATE RECORD PERIOD 1890 TO 2015


WEATHER ITEM   OBSERVED TIME   RECORD YEAR NORMAL DEPARTURE LAST
                VALUE   (LST)  VALUE       VALUE  FROM      YEAR
                                                  NORMAL
..................................................................
TEMPERATURE (F)
 TODAY
  MAXIMUM         39        MM  59    2000  29     10       33
  MINIMUM         10        MM -23    1955  13     -3       15
  AVERAGE         25                        21      4       24

PRECIPITATION (IN)
  TODAY            0.00          0.61   MM   0.03  -0.03     0.02
  MONTH TO DATE    T                         0.18  -0.18     0.10
  SINCE MAR 1      T                         0.18  -0.18     0.10
  SINCE JAN 1      0.53                      1.48  -0.95     0.83

SNOWFALL (IN)
  TODAY            0.0          18.0    MM   0.2   -0.2       T
  MONTH TO DATE    T                         1.6   -1.6      1.1
  SINCE MAR 1      T                         1.6   -1.6      1.1
  SINCE JUL 1     16.3                      36.9  -20.6     46.8
  SNOW DEPTH       3

DEGREE DAYS
 HEATING
  TODAY           40                        44     -4       41
  MONTH TO DATE  325                       270     55      384
  SINCE MAR 1    325                       270     55      384
  SINCE JUL 1   7174                      7230    -56     8130

 COOLING
  TODAY            0                         0      0        0
  MONTH TO DATE    0                         0      0        0
  SINCE MAR 1      0                         0      0        0
  SINCE JAN 1      0                         0      0        0
..................................................................


WIND (MPH)
  HIGHEST WIND SPEED    MM   HIGHEST WIND DIRECTION    MM
  HIGHEST GUST SPEED    MM   HIGHEST GUST DIRECTION    MM
  AVERAGE WIND SPEED    MM


SKY COVER
  POSSIBLE SUNSHINE  MM
  AVERAGE SKY COVER  MM


WEATHER CONDITIONS
 THE FOLLOWING WEATHER WAS RECORDED TODAY.
  NO SIGNIFICANT WEATHER WAS OBSERVED.


RELATIVE HUMIDITY (PERCENT)
 HIGHEST    MM
 LOWEST     MM
 AVERAGE    MM

..........................................................


THE GRAND FORKS UNIV. (NWS) ND CLIMATE NORMALS FOR TOMORROW
                         NORMAL    RECORD    YEAR
 MAXIMUM TEMPERATURE (F)   30        60      2000
 MINIMUM TEMPERATURE (F)   13       -19      1967
                                             1920


SUNRISE AND SUNSET
MARCH  6 2015.........SUNRISE   700 AM CST   SUNSET   620 PM CST
MARCH  7 2015.........SUNRISE   658 AM CST   SUNSET   622 PM CST


-  INDICATES NEGATIVE NUMBERS.
R  INDICATES RECORD WAS SET OR TIED.
MM INDICATES DATA IS MISSING.
T  INDICATES TRACE AMOUNT.




$$
