000
CDUS43 KFGF 270632
CLIFGF


CLIMATE REPORT
NATIONAL WEATHER SERVICE EASTERN NORTH DAKOTA/GRAND FORKS
131 AM CDT WED MAY 27 2015


...................................

...THE GRAND FORKS UNIV. (NWS) ND CLIMATE SUMMARY FOR MAY 26 2015...

CLIMATE NORMAL PERIOD 1981 TO 2010
CLIMATE RECORD PERIOD 1890 TO 2015


WEATHER ITEM   OBSERVED TIME   RECORD YEAR NORMAL DEPARTURE LAST
                VALUE   (LST)  VALUE       VALUE  FROM      YEAR
                                                  NORMAL
..................................................................
TEMPERATURE (F)
 YESTERDAY
  MAXIMUM         85        MM  92    1931  71     14       74
  MINIMUM         55        MM  31    2011  47      8       51
                                      1993
                                      1984
  AVERAGE         70                        59     11       63

PRECIPITATION (IN)
  YESTERDAY        0.00          1.27 2007   0.11  -0.11     0.00
  MONTH TO DATE    4.01                      2.21   1.80     2.26
  SINCE MAR 1      5.03                      4.21   0.82     6.01
  SINCE JAN 1      5.56                      5.51   0.05     6.74

SNOWFALL (IN)
  YESTERDAY        0.0           0.0    MM   0.0    0.0      0.0
  MONTH TO DATE    T                         0.1   -0.1      0.0
  SINCE MAR 1      3.0                       8.1   -5.1     14.6
  SINCE JUL 1     19.3                      43.4  -24.1     60.3
  SNOW DEPTH       0

DEGREE DAYS
 HEATING
  YESTERDAY        0                         7     -7        2
  MONTH TO DATE  302                       279     23      374
  SINCE MAR 1   1906                      2134   -228     2625
  SINCE JUL 1   8755                      9094   -339    10371

 COOLING
  YESTERDAY        5                         1      4        0
  MONTH TO DATE    7                        21    -14       18
  SINCE MAR 1      7                        24    -17       18
  SINCE JAN 1      7                        24    -17       18
..................................................................


WIND (MPH)
  RESULTANT WIND SPEED  MM   RESULTANT WIND DIRECTION  MM
  HIGHEST WIND SPEED    MM   HIGHEST WIND DIRECTION    MM
  HIGHEST GUST SPEED    MM   HIGHEST GUST DIRECTION    MM
  AVERAGE WIND SPEED    MM


SKY COVER
  POSSIBLE SUNSHINE  MM
  AVERAGE SKY COVER  MM


WEATHER CONDITIONS
 THE FOLLOWING WEATHER WAS RECORDED YESTERDAY.
  NO SIGNIFICANT WEATHER WAS OBSERVED.


RELATIVE HUMIDITY (PERCENT)
 HIGHEST    MM
 LOWEST     MM
 AVERAGE    MM

..........................................................


THE GRAND FORKS UNIV. (NWS) ND CLIMATE NORMALS FOR TODAY
                         NORMAL    RECORD    YEAR
 MAXIMUM TEMPERATURE (F)   72        99      1934
 MINIMUM TEMPERATURE (F)   47        21      1907


SUNRISE AND SUNSET
MAY 27 2015...........SUNRISE   537 AM CDT   SUNSET   914 PM CDT
MAY 28 2015...........SUNRISE   537 AM CDT   SUNSET   915 PM CDT


-  INDICATES NEGATIVE NUMBERS.
R  INDICATES RECORD WAS SET OR TIED.
MM INDICATES DATA IS MISSING.
T  INDICATES TRACE AMOUNT.




$$
