000
CDUS45 KFGZ 180055
CLIFLG
CLIMATE REPORT
NATIONAL WEATHER SERVICE FLAGSTAFF, AZ
555 PM MST THU AUG 17 2017


...................................

...THE FLAGSTAFF AZ AIRPORT CLIMATE SUMMARY FOR AUGUST 17 2017...
VALID TODAY AS OF 0500 PM LOCAL TIME.

CLIMATE NORMAL PERIOD 1981 TO 2010
CLIMATE RECORD PERIOD 1898 TO 2017


WEATHER ITEM   OBSERVED TIME   RECORD YEAR NORMAL DEPARTURE LAST
                VALUE   (LST)  VALUE       VALUE  FROM      YEAR
                                                  NORMAL
..................................................................
TEMPERATURE (F)
 TODAY
  MAXIMUM         77    423 PM  88    2002  78     -1       78
  MINIMUM         43    602 AM  38    1979  50     -7       47
                                      1960
                                      1949
  AVERAGE         60                        64     -4       63

PRECIPITATION (IN)
  TODAY            0.00          1.28 1920   0.10  -0.10     0.03
  MONTH TO DATE    2.40                      1.79   0.61     3.27
  SINCE SEP 1     25.30                     20.54   4.76    22.95
  SINCE JAN 1     16.69                     12.87   3.82    14.12

SNOWFALL (IN)
  TODAY            0.0           0.0  2002   0.0    0.0      0.0
                                      2001
                                      2000
  MONTH TO DATE    0.0                       0.0    0.0      0.0
  SINCE SEP 1     96.7                     101.7   -5.0     78.3
  SNOW DEPTH       0

DEGREE DAYS
 HEATING
  TODAY            5                         2      3        2
  MONTH TO DATE   38                        21     17       14
  SINCE JUL 1     41                        53    -12       24

 COOLING
  TODAY            0                         1     -1        0
  MONTH TO DATE   11                        24    -13        6
  SINCE JAN 1    168                       105     63      130
..................................................................


WIND (MPH)
  HIGHEST WIND SPEED    15   HIGHEST WIND DIRECTION    SW (210)
  HIGHEST GUST SPEED    20   HIGHEST GUST DIRECTION    SW (230)
  AVERAGE WIND SPEED     4.1


SKY COVER
  POSSIBLE SUNSHINE  MM
  AVERAGE SKY COVER 0.0


WEATHER CONDITIONS
 THE FOLLOWING WEATHER WAS RECORDED TODAY.
  NO SIGNIFICANT WEATHER WAS OBSERVED.


RELATIVE HUMIDITY (PERCENT)
 HIGHEST    83           400 AM
 LOWEST     16           300 PM
 AVERAGE    50

..........................................................


THE FLAGSTAFF AZ AIRPORT CLIMATE NORMALS FOR TOMORROW
                         NORMAL    RECORD    YEAR
 MAXIMUM TEMPERATURE (F)   78        87      2002
                                             1992
                                             1948
 MINIMUM TEMPERATURE (F)   50        36      1975


SUNRISE AND SUNSET
AUGUST 17 2017........SUNRISE   548 AM MST   SUNSET   712 PM MST
AUGUST 18 2017........SUNRISE   549 AM MST   SUNSET   711 PM MST


-  INDICATES NEGATIVE NUMBERS.
R  INDICATES RECORD WAS SET OR TIED.
MM INDICATES DATA IS MISSING.
T  INDICATES TRACE AMOUNT.




$$
&&

-------------------------------------------------------------------
SNOW DEPTH DATA FOR FLAGSTAFF AIRPORT IS REPORTED AT 5 AM MST


-------------------------------------------------------------------
SUPPLEMENTARY CLIMATE DATA FOR NWS BELLEMONT, ARIZONA

SNOW DEPTH (IN) AT 11 AM...................................0.0
WATER EQUIVALENT OF SNOW PACK (IN) AT 11 AM*...............
* ONLY MEASURED IF SNOW DEPTH IS 2.0 INCHES OR GREATER
-------------------------------------------------------------------
