000
CDUS45 KFGZ 270751
CLIFLG
CLIMATE REPORT
NATIONAL WEATHER SERVICE FLAGSTAFF, AZ
1248 AM MST WED MAY 27 2015


...................................

...THE FLAGSTAFF AZ AIRPORT CLIMATE SUMMARY FOR MAY 26 2015...

CLIMATE NORMAL PERIOD 1981 TO 2010
CLIMATE RECORD PERIOD 1898 TO 2015


WEATHER ITEM   OBSERVED TIME   RECORD YEAR NORMAL DEPARTURE LAST
                VALUE   (LST)  VALUE       VALUE  FROM      YEAR
                                                  NORMAL
..................................................................
TEMPERATURE (F)
 YESTERDAY
  MAXIMUM         68    417 PM  87    1951  71     -3       80
  MINIMUM         34    535 AM  19    1916  37     -3       35
  AVERAGE         51                        54     -3

PRECIPITATION (IN)
  YESTERDAY        0.00          0.75 1992   0.02  -0.02     0.00
  MONTH TO DATE    1.80                      0.53   1.27     0.05
  SINCE SEP 1     18.76                     15.68   3.08    10.25
  SINCE JAN 1     10.93                      8.01   2.92     3.14

SNOWFALL (IN)
  YESTERDAY        0.0           T    1993   0.0             0.0
  MONTH TO DATE    5.9                       0.7             0.4
  SINCE JUL 1     62.9                     101.7            44.4
  SNOW DEPTH       0

DEGREE DAYS
 HEATING
  YESTERDAY       14                        11      3        7
  MONTH TO DATE  491                       365    126      395
  SINCE JUL 1   5891                      6721   -830     6396

 COOLING
  YESTERDAY        0                         0      0        0
  MONTH TO DATE    0                         0      0        0
  SINCE JAN 1      0                         0      0        0
..................................................................


WIND (MPH)
  HIGHEST WIND SPEED    21   HIGHEST WIND DIRECTION    SW (220)
  HIGHEST GUST SPEED    27   HIGHEST GUST DIRECTION    SW (220)
  AVERAGE WIND SPEED     6.6


SKY COVER
  POSSIBLE SUNSHINE  MM
  AVERAGE SKY COVER 0.1


WEATHER CONDITIONS
 THE FOLLOWING WEATHER WAS RECORDED YESTERDAY.
  NO SIGNIFICANT WEATHER WAS OBSERVED.


RELATIVE HUMIDITY (PERCENT)
 HIGHEST    92           200 AM
 LOWEST     24          1200 PM
 AVERAGE    58

..........................................................


THE FLAGSTAFF AZ AIRPORT CLIMATE NORMALS FOR TODAY
                         NORMAL    RECORD    YEAR
 MAXIMUM TEMPERATURE (F)   72        87      1974
 MINIMUM TEMPERATURE (F)   37        23      1916


SUNRISE AND SUNSET
MAY 27 2015...........SUNRISE   516 AM MST   SUNSET   732 PM MST
MAY 28 2015...........SUNRISE   515 AM MST   SUNSET   733 PM MST


-  INDICATES NEGATIVE NUMBERS.
R  INDICATES RECORD WAS SET OR TIED.
MM INDICATES DATA IS MISSING.
T  INDICATES TRACE AMOUNT.




$$
&&

-------------------------------------------------------------------
SNOW DEPTH DATA FOR FLAGSTAFF AIRPORT IS REPORTED AT 5 AM MST


-------------------------------------------------------------------
SUPPLEMENTARY CLIMATE DATA FOR NWS BELLEMONT, ARIZONA

SNOW DEPTH (IN) AT 11 AM........................................ 0
WATER EQUIVALENT OF SNOW PACK (IN) AT 11 AM*.....................
* ONLY MEASURED IF SNOW DEPTH IS 2.0 INCHES OR GREATER
-------------------------------------------------------------------
