000
CDUS45 KFGZ 010055
CLIFLG
CLIMATE REPORT
NATIONAL WEATHER SERVICE FLAGSTAFF, AZ
555 PM MST TUE MAY 31 2016


...................................

...THE FLAGSTAFF AZ AIRPORT CLIMATE SUMMARY FOR MAY 31 2016...
VALID TODAY AS OF 0500 PM LOCAL TIME.

CLIMATE NORMAL PERIOD 1981 TO 2010
CLIMATE RECORD PERIOD 1898 TO 2016


WEATHER ITEM   OBSERVED TIME   RECORD YEAR NORMAL DEPARTURE LAST
                VALUE   (LST)  VALUE       VALUE  FROM      YEAR
                                                  NORMAL
..................................................................
TEMPERATURE (F)
 TODAY
  MAXIMUM         76    347 PM  89    2002  73      3       80
  MINIMUM         32    527 AM  23    1988  38     -6       42
  AVERAGE         54                        55     -1       61

PRECIPITATION (IN)
  TODAY            0.00          0.39 2003   0.02  -0.02     0.00
  MONTH TO DATE    1.57                      0.63   0.94     1.80
  SINCE SEP 1     15.85                     15.78   0.07    18.76
  SINCE JAN 1      7.02                      8.11  -1.09    10.93

SNOWFALL (IN)
  TODAY            0.0           T    1991   0.0    0.0      0.0
                                      1917
  MONTH TO DATE    1.9                       0.7    1.2      5.9
  SINCE SEP 1     78.3                     101.7  -23.4     62.9
  SNOW DEPTH       0

DEGREE DAYS
 HEATING
  TODAY           11                        10      1        4
  MONTH TO DATE  507                       416     91      534
  SINCE JUL 1   6589                      6773   -184     5934

 COOLING
  TODAY            0                         0      0        0
  MONTH TO DATE    0                         0      0        0
  SINCE JAN 1      0                         0      0        0
..................................................................


WIND (MPH)
  HIGHEST WIND SPEED    14   HIGHEST WIND DIRECTION    SW (230)
  HIGHEST GUST SPEED    19   HIGHEST GUST DIRECTION     W (250)
  AVERAGE WIND SPEED     4.1


SKY COVER
  POSSIBLE SUNSHINE  MM
  AVERAGE SKY COVER 0.2


WEATHER CONDITIONS
 THE FOLLOWING WEATHER WAS RECORDED TODAY.
  HAZE


RELATIVE HUMIDITY (PERCENT)
 HIGHEST    72           500 AM
 LOWEST     13           400 PM
 AVERAGE    43

..........................................................


THE FLAGSTAFF AZ AIRPORT CLIMATE NORMALS FOR TOMORROW
                         NORMAL    RECORD    YEAR
 MAXIMUM TEMPERATURE (F)   74        88      1977
 MINIMUM TEMPERATURE (F)   38        24      1923


SUNRISE AND SUNSET
MAY 31 2016...........SUNRISE   514 AM MST   SUNSET   735 PM MST
JUNE  1 2016..........SUNRISE   513 AM MST   SUNSET   736 PM MST


-  INDICATES NEGATIVE NUMBERS.
R  INDICATES RECORD WAS SET OR TIED.
MM INDICATES DATA IS MISSING.
T  INDICATES TRACE AMOUNT.




$$
&&

-------------------------------------------------------------------
SNOW DEPTH DATA FOR FLAGSTAFF AIRPORT IS REPORTED AT 5 AM MST


-------------------------------------------------------------------
SUPPLEMENTARY CLIMATE DATA FOR NWS BELLEMONT, ARIZONA

SNOW DEPTH (IN) AT 11 AM........................................0
WATER EQUIVALENT OF SNOW PACK (IN) AT 11 AM*....................
* ONLY MEASURED IF SNOW DEPTH IS 2.0 INCHES OR GREATER
-------------------------------------------------------------------
