786
CDUS45 KFGZ 030759
CLIFLG
CLIMATE REPORT
NATIONAL WEATHER SERVICE FLAGSTAFF, AZ
1258 AM MST SAT DEC 3 2016


...................................

...THE FLAGSTAFF AZ AIRPORT CLIMATE SUMMARY FOR DECEMBER 2 2016...

CLIMATE NORMAL PERIOD 1981 TO 2010
CLIMATE RECORD PERIOD 1898 TO 2016


WEATHER ITEM   OBSERVED TIME   RECORD YEAR NORMAL DEPARTURE LAST
                VALUE   (LST)  VALUE       VALUE  FROM      YEAR
                                                  NORMAL
..................................................................
TEMPERATURE (F)
 YESTERDAY
  MAXIMUM         31    351 PM  62    1946  45    -14       49
                                      1910
  MINIMUM         23   1239 AM  -5    1991  18      5        9
                                      1905
  AVERAGE         27                        31     -4

PRECIPITATION (IN)
  YESTERDAY        T             0.94 1906   0.06  -0.06     0.00
  MONTH TO DATE    T                         0.11  -0.11     0.00
  SINCE SEP 1      4.19                      5.91  -1.72     7.80
  SINCE JAN 1     21.38                     20.10   1.28    26.22

SNOWFALL (IN)
  YESTERDAY        T             4.5  1947   0.4             0.0
  MONTH TO DATE    T                         0.9             0.0
  SINCE JUL 1      5.5                      13.1            14.6
  SNOW DEPTH       2

DEGREE DAYS
 HEATING
  YESTERDAY       38                        34      4       36
  MONTH TO DATE   78                        67     11       75
  SINCE JUL 1   1638                      1799   -161     1665

 COOLING
  YESTERDAY        0                         0      0        0
  MONTH TO DATE    0                         0      0        0
  SINCE JAN 1    131                       117     14      115
..................................................................


WIND (MPH)
  HIGHEST WIND SPEED    22   HIGHEST WIND DIRECTION    NE (50)
  HIGHEST GUST SPEED    29   HIGHEST GUST DIRECTION    NE (60)
  AVERAGE WIND SPEED     9.7


SKY COVER
  POSSIBLE SUNSHINE  MM
  AVERAGE SKY COVER 0.7


WEATHER CONDITIONS
 THE FOLLOWING WEATHER WAS RECORDED YESTERDAY.
  LIGHT SNOW
  HAZE


RELATIVE HUMIDITY (PERCENT)
 HIGHEST    75           600 PM
 LOWEST     50           500 AM
 AVERAGE    63

..........................................................


THE FLAGSTAFF AZ AIRPORT CLIMATE NORMALS FOR TODAY
                         NORMAL    RECORD    YEAR
 MAXIMUM TEMPERATURE (F)   44        67      1977
 MINIMUM TEMPERATURE (F)   18        -2      1968
                                             1931


SUNRISE AND SUNSET
DECEMBER  3 2016......SUNRISE   719 AM MST   SUNSET   514 PM MST
DECEMBER  4 2016......SUNRISE   720 AM MST   SUNSET   514 PM MST


-  INDICATES NEGATIVE NUMBERS.
R  INDICATES RECORD WAS SET OR TIED.
MM INDICATES DATA IS MISSING.
T  INDICATES TRACE AMOUNT.




$$
&&

-------------------------------------------------------------------
SNOW DEPTH DATA FOR FLAGSTAFF AIRPORT IS REPORTED AT 5 AM MST


-------------------------------------------------------------------
SUPPLEMENTARY CLIMATE DATA FOR NWS BELLEMONT, ARIZONA

SNOW DEPTH (IN) AT 11 AM........................................2
WATER EQUIVALENT OF SNOW PACK (IN) AT 11 AM*....................0.4
* ONLY MEASURED IF SNOW DEPTH IS 2.0 INCHES OR GREATER
-------------------------------------------------------------------
