000
CDUS45 KFGZ 260738
CLIFLG
CLIMATE REPORT
NATIONAL WEATHER SERVICE FLAGSTAFF, AZ
1237 AM MST WED APR 26 2017


...................................

...THE FLAGSTAFF AZ AIRPORT CLIMATE SUMMARY FOR APRIL 25 2017...

CLIMATE NORMAL PERIOD 1981 TO 2010
CLIMATE RECORD PERIOD 1898 TO 2017


WEATHER ITEM   OBSERVED TIME   RECORD YEAR NORMAL DEPARTURE LAST
                VALUE   (LST)  VALUE       VALUE  FROM      YEAR
                                                  NORMAL
..................................................................
TEMPERATURE (F)
 YESTERDAY
  MAXIMUM         58    333 PM  78    1996  61     -3       50
  MINIMUM         33   1154 PM  13    1961  31      2       28
                                      1960
  AVERAGE         46                        46      0

PRECIPITATION (IN)
  YESTERDAY        0.00          0.57 2015   0.03  -0.03     0.04
  MONTH TO DATE    0.17                      1.01  -0.84     0.83
  SINCE SEP 1     17.46                     15.01   2.45    13.81
  SINCE JAN 1      8.85                      7.34   1.51     4.98

SNOWFALL (IN)
  YESTERDAY        0.0           4.1  1994   0.2             0.3
  MONTH TO DATE    1.7                       6.2             3.5
  SINCE JUL 1     95.5                     100.1            76.4
  SNOW DEPTH       0

DEGREE DAYS
 HEATING
  YESTERDAY       19                        19      0       26
  MONTH TO DATE  488                       558    -70      509
  SINCE JUL 1   5679                      6265   -586     5960

 COOLING
  YESTERDAY        0                         0      0        0
  MONTH TO DATE    0                         0      0        0
  SINCE JAN 1      0                         0      0        0
..................................................................


WIND (MPH)
  HIGHEST WIND SPEED    26   HIGHEST WIND DIRECTION     W (250)
  HIGHEST GUST SPEED    36   HIGHEST GUST DIRECTION    SW (220)
  AVERAGE WIND SPEED     9.4


SKY COVER
  POSSIBLE SUNSHINE  MM
  AVERAGE SKY COVER 0.2


WEATHER CONDITIONS
 THE FOLLOWING WEATHER WAS RECORDED YESTERDAY.
  NO SIGNIFICANT WEATHER WAS OBSERVED.


RELATIVE HUMIDITY (PERCENT)
 HIGHEST    53           600 AM
 LOWEST     12           300 PM
 AVERAGE    33

..........................................................


THE FLAGSTAFF AZ AIRPORT CLIMATE NORMALS FOR TODAY
                         NORMAL    RECORD    YEAR
 MAXIMUM TEMPERATURE (F)   62        79      1996
 MINIMUM TEMPERATURE (F)   31        17      1984
                                             1972


SUNRISE AND SUNSET
APRIL 26 2017.........SUNRISE   541 AM MST   SUNSET   709 PM MST
APRIL 27 2017.........SUNRISE   540 AM MST   SUNSET   709 PM MST


-  INDICATES NEGATIVE NUMBERS.
R  INDICATES RECORD WAS SET OR TIED.
MM INDICATES DATA IS MISSING.
T  INDICATES TRACE AMOUNT.




$$
&&

-------------------------------------------------------------------
SNOW DEPTH DATA FOR FLAGSTAFF AIRPORT IS REPORTED AT 5 AM MST


-------------------------------------------------------------------
SUPPLEMENTARY CLIMATE DATA FOR NWS BELLEMONT, ARIZONA

SNOW DEPTH (IN) AT 11 AM...................................0
WATER EQUIVALENT OF SNOW PACK (IN) AT 11 AM*...............
* ONLY MEASURED IF SNOW DEPTH IS 2.0 INCHES OR GREATER
-------------------------------------------------------------------
