000
CDUS42 KMFL 280921
CLIFLL


CLIMATE REPORT
NATIONAL WEATHER SERVICE MIAMI, FL
420 AM EST FRI NOV 28 2014


...................................

...THE FORT LAUDERDALE CLIMATE SUMMARY FOR NOVEMBER 27 2014...

CLIMATE NORMAL PERIOD 1981 TO 2010
CLIMATE RECORD PERIOD 1839 TO 2014


WEATHER ITEM   OBSERVED TIME   RECORD YEAR NORMAL DEPARTURE LAST
                VALUE   (LST)  VALUE       VALUE  FROM      YEAR
                                                  NORMAL
..................................................................
TEMPERATURE (F)
 YESTERDAY
  MAXIMUM         73    349 PM  88    1976  80     -7       77
                                      1948
  MINIMUM         54    616 AM  35    1949  68    -14       58
  AVERAGE         64                        74    -10       68

PRECIPITATION (IN)
  YESTERDAY        0.00          1.37 2013   0.10  -0.10     1.37
  MONTH TO DATE    2.92                      2.93  -0.01    10.68
  SINCE NOV 1      2.92                      2.93  -0.01    10.68
  SINCE JAN 1     59.36                     59.41  -0.05    75.01

SNOWFALL (IN)
  YESTERDAY        0.0
  MONTH TO DATE    0.0
  SINCE SEP 1      0.0
  SINCE JUL 1      0.0
  SNOW DEPTH       0

DEGREE DAYS
 HEATING
  YESTERDAY        1                         0      1        0
  MONTH TO DATE    7                         0      7        0
  SINCE SEP 1      7                         0      7        0
  SINCE JUL 1      7                         0      7        0

 COOLING
  YESTERDAY        0                         9     -9        3
  MONTH TO DATE  243                       292    -49      316
  SINCE SEP 1   1280                      1320    -40     1296
  SINCE JAN 1   4590                      4486    104     4343
..................................................................


WIND (MPH)
  HIGHEST WIND SPEED    21   HIGHEST WIND DIRECTION     N (350)
  HIGHEST GUST SPEED    27   HIGHEST GUST DIRECTION     N (350)
  AVERAGE WIND SPEED     9.9


SKY COVER
  AVERAGE SKY COVER 0.2


WEATHER CONDITIONS
 THE FOLLOWING WEATHER WAS RECORDED YESTERDAY.
  NO SIGNIFICANT WEATHER WAS OBSERVED.


RELATIVE HUMIDITY (PERCENT)
 HIGHEST    77
 LOWEST     26
 AVERAGE    52

..........................................................


THE FORT LAUDERDALE CLIMATE NORMALS FOR TODAY
                         NORMAL    RECORD    YEAR
 MAXIMUM TEMPERATURE (F)   80        88      1958
 MINIMUM TEMPERATURE (F)   67        38      1956


SUNRISE AND SUNSET
NOVEMBER 28 2014......SUNRISE   648 AM EST   SUNSET   529 PM EST
NOVEMBER 29 2014......SUNRISE   649 AM EST   SUNSET   528 PM EST


-  INDICATES NEGATIVE NUMBERS.
R  INDICATES RECORD WAS SET OR TIED.
MM INDICATES DATA IS MISSING.
T  INDICATES TRACE AMOUNT.




$$
