000
CDUS42 KMFL 050923
CLIFLL


CLIMATE REPORT
NATIONAL WEATHER SERVICE MIAMI, FL
423 AM EST THU MAR 5 2015


...................................

...THE FORT LAUDERDALE CLIMATE SUMMARY FOR MARCH 4 2015...

CLIMATE NORMAL PERIOD 1981 TO 2010
CLIMATE RECORD PERIOD 1839 TO 2015


WEATHER ITEM   OBSERVED TIME   RECORD YEAR NORMAL DEPARTURE LAST
                VALUE   (LST)  VALUE       VALUE  FROM      YEAR
                                                  NORMAL
..................................................................
TEMPERATURE (F)
 YESTERDAY
  MAXIMUM         80   1240 PM  90    2003  79      1       81
                                      1981
  MINIMUM         73    725 AM  38    1947  65      8       66
                                      1933
                                      1927
  AVERAGE         77                        72      5       74

PRECIPITATION (IN)
  YESTERDAY        0.00          0.77 1967   0.09  -0.09     0.00
  MONTH TO DATE    0.02                      0.31  -0.29      T
  SINCE NOV 1     12.47                     12.60  -0.13    17.63
  SINCE JAN 1      7.36                      6.90   0.46     5.51

SNOWFALL (IN)
  YESTERDAY        0.0
  MONTH TO DATE    0.0
  SINCE MAR 1      0.0
  SINCE JUL 1      0.0
  SNOW DEPTH       0

DEGREE DAYS
 HEATING
  YESTERDAY        0                         1     -1        0
  MONTH TO DATE    0                         4     -4        0
  SINCE MAR 1      0                         4     -4        0
  SINCE JUL 1     97                       106     -9       80

 COOLING
  YESTERDAY       12                         7      5        9
  MONTH TO DATE   45                        28     17       33
  SINCE MAR 1     45                        28     17       33
  SINCE JAN 1    326                       384    -58      421
..................................................................


WIND (MPH)
  HIGHEST WIND SPEED    20   HIGHEST WIND DIRECTION     E (110)
  HIGHEST GUST SPEED    27   HIGHEST GUST DIRECTION    SE (130)
  AVERAGE WIND SPEED    13.9


SKY COVER
  AVERAGE SKY COVER 0.4


WEATHER CONDITIONS
 THE FOLLOWING WEATHER WAS RECORDED YESTERDAY.
  NO SIGNIFICANT WEATHER WAS OBSERVED.


RELATIVE HUMIDITY (PERCENT)
 HIGHEST    87
 LOWEST     74
 AVERAGE    81

..........................................................


THE FORT LAUDERDALE CLIMATE NORMALS FOR TODAY
                         NORMAL    RECORD    YEAR
 MAXIMUM TEMPERATURE (F)   79        87      1957
 MINIMUM TEMPERATURE (F)   65        35      1930


SUNRISE AND SUNSET
MARCH  5 2015.........SUNRISE   640 AM EST   SUNSET   624 PM EST
MARCH  6 2015.........SUNRISE   639 AM EST   SUNSET   625 PM EST


-  INDICATES NEGATIVE NUMBERS.
R  INDICATES RECORD WAS SET OR TIED.
MM INDICATES DATA IS MISSING.
T  INDICATES TRACE AMOUNT.




$$
