000
CDUS42 KMFL 182258
CLIFLL


CLIMATE REPORT
NATIONAL WEATHER SERVICE MIAMI, FL
558 PM EST WED JAN 18 2017


...................................

...THE FORT LAUDERDALE CLIMATE SUMMARY FOR JANUARY 17 2017...

CLIMATE NORMAL PERIOD 1981 TO 2010
CLIMATE RECORD PERIOD 1912 TO 2017


WEATHER ITEM   OBSERVED TIME   RECORD YEAR NORMAL DEPARTURE LAST
                VALUE   (LST)  VALUE       VALUE  FROM      YEAR
                                                  NORMAL
..................................................................
TEMPERATURE (F)
 YESTERDAY
  MAXIMUM         79    212 PM  86    1957  76      3       80
  MINIMUM         69   1157 PM  33    1977  61      8       60
  AVERAGE         74                        69      5       70

PRECIPITATION (IN)
  YESTERDAY        0.00          2.85 1922   0.08  -0.08     0.14
  MONTH TO DATE    0.65                      1.38  -0.73     2.98
  SINCE NOV 1      5.28                      7.08  -1.80    14.20
  SINCE JAN 1      0.65                      1.38  -0.73     2.98

SNOWFALL (IN)
  YESTERDAY        0.0
  MONTH TO DATE    0.0
  SINCE DEC 1      0.0
  SINCE JUL 1      0.0
  SNOW DEPTH       0

DEGREE DAYS
 HEATING
  YESTERDAY        0                         1     -1        0
  MONTH TO DATE   11                        33    -22        3
  SINCE DEC 1     13                        63    -50        3
  SINCE JUL 1     13                        65    -52        3

 COOLING
  YESTERDAY        9                         5      4        5
  MONTH TO DATE  135                        94     41       93
  SINCE DEC 1    478                       310    168      490
  SINCE JAN 1    135                        94     41       93
..................................................................


WIND (MPH)
  HIGHEST WIND SPEED    18   HIGHEST WIND DIRECTION    SE (130)
  HIGHEST GUST SPEED    23   HIGHEST GUST DIRECTION    SE (130)
  AVERAGE WIND SPEED    10.4


SKY COVER
  AVERAGE SKY COVER 0.4


WEATHER CONDITIONS
 THE FOLLOWING WEATHER WAS RECORDED YESTERDAY.
  NO SIGNIFICANT WEATHER WAS OBSERVED.


RELATIVE HUMIDITY (PERCENT)
 HIGHEST    73
 LOWEST     56
 AVERAGE    65

..........................................................


THE FORT LAUDERDALE CLIMATE NORMALS FOR TODAY
                         NORMAL    RECORD    YEAR
 MAXIMUM TEMPERATURE (F)   76        86      1925
                                             1924
 MINIMUM TEMPERATURE (F)   61        33      1977


SUNRISE AND SUNSET
JANUARY 18 2017.......SUNRISE   709 AM EST   SUNSET   553 PM EST
JANUARY 19 2017.......SUNRISE   709 AM EST   SUNSET   554 PM EST


-  INDICATES NEGATIVE NUMBERS.
R  INDICATES RECORD WAS SET OR TIED.
MM INDICATES DATA IS MISSING.
T  INDICATES TRACE AMOUNT.




$$
