000
CDUS42 KMFL 230822
CLIFLL


CLIMATE REPORT
NATIONAL WEATHER SERVICE MIAMI, FL
422 AM EDT WED APR 23 2014


...................................

...THE FORT LAUDERDALE CLIMATE SUMMARY FOR APRIL 22 2014...

CLIMATE NORMAL PERIOD 1981 TO 2010
CLIMATE RECORD PERIOD 1839 TO 2014


WEATHER ITEM   OBSERVED TIME   RECORD YEAR NORMAL DEPARTURE LAST
                VALUE   (LST)  VALUE       VALUE  FROM      YEAR
                                                  NORMAL
..................................................................
TEMPERATURE (F)
 YESTERDAY
  MAXIMUM         82    356 PM  95    1935  83     -1       81
  MINIMUM         67    514 AM  50    1940  71     -4       70
  AVERAGE         75                        77     -2       76

PRECIPITATION (IN)
  YESTERDAY        0.00          3.66 1994   0.10  -0.10     0.36
  MONTH TO DATE    4.22                      2.28   1.94     5.51
  SINCE OCT 1     28.08                     24.75   3.33    18.67
  SINCE JAN 1     12.39                     12.23   0.16     8.72

SNOWFALL (IN)
  YESTERDAY        0.0
  MONTH TO DATE    0.0
  SINCE MAR 1      0.0
  SINCE JUL 1      0.0
  SNOW DEPTH       0

DEGREE DAYS
 HEATING
  YESTERDAY        0                         0      0        0
  MONTH TO DATE    0                         0      0        0
  SINCE MAR 1      1                         9     -8       42
  SINCE JUL 1     81                       111    -30       85

 COOLING
  YESTERDAY       10                        12     -2       11
  MONTH TO DATE  267                       237     30      280
  SINCE MAR 1    539                       491     48      412
  SINCE JAN 1    927                       847     80      869
..................................................................


WIND (MPH)
  HIGHEST WIND SPEED    13   HIGHEST WIND DIRECTION     W (270)
  HIGHEST GUST SPEED    16   HIGHEST GUST DIRECTION    SE (120)
  AVERAGE WIND SPEED     6.1


SKY COVER
  AVERAGE SKY COVER 0.6


WEATHER CONDITIONS
 THE FOLLOWING WEATHER WAS RECORDED YESTERDAY.
  NO SIGNIFICANT WEATHER WAS OBSERVED.


RELATIVE HUMIDITY (PERCENT)
 HIGHEST    87
 LOWEST     54
 AVERAGE    71

..........................................................


THE FORT LAUDERDALE CLIMATE NORMALS FOR TODAY
                         NORMAL    RECORD    YEAR
 MAXIMUM TEMPERATURE (F)   83        93      1921
 MINIMUM TEMPERATURE (F)   71        53      1986


SUNRISE AND SUNSET
APRIL 23 2014.........SUNRISE   650 AM EDT   SUNSET   748 PM EDT
APRIL 24 2014.........SUNRISE   649 AM EDT   SUNSET   749 PM EDT


-  INDICATES NEGATIVE NUMBERS.
R  INDICATES RECORD WAS SET OR TIED.
MM INDICATES DATA IS MISSING.
T  INDICATES TRACE AMOUNT.




$$
