524
CDUS42 KMFL 282028
CLIFLL


CLIMATE REPORT
NATIONAL WEATHER SERVICE MIAMI, FL
426 PM EDT THU APR 28 2016


...................................

...THE FORT LAUDERDALE CLIMATE SUMMARY FOR APRIL 28 2016...
VALID TODAY AS OF 0400 PM LOCAL TIME.

CLIMATE NORMAL PERIOD 1981 TO 2010
CLIMATE RECORD PERIOD 1912 TO 2016


WEATHER ITEM   OBSERVED TIME   RECORD YEAR NORMAL DEPARTURE LAST
                VALUE   (LST)  VALUE       VALUE  FROM      YEAR
                                                  NORMAL
..................................................................
TEMPERATURE (F)
 TODAY
  MAXIMUM         85    106 PM  93    1939  84      1       87
  MINIMUM         75    538 AM  51    1946  71      4       74
  AVERAGE         80                        78      2       81

PRECIPITATION (IN)
  TODAY            0.00          1.58 1918   0.06  -0.06     0.06
  MONTH TO DATE    0.73                      2.76  -2.03     1.72
  SINCE NOV 1     25.52                     18.41   7.11    14.79
  SINCE JAN 1     14.30                     12.71   1.59     9.68

SNOWFALL (IN)
  TODAY            0.0
  MONTH TO DATE    0.0
  SINCE MAR 1      0.0
  SINCE JUL 1      0.0
  SNOW DEPTH       0

DEGREE DAYS
 HEATING
  TODAY            0                         0      0        0
  MONTH TO DATE    0                         0      0        0
  SINCE MAR 1      2                         9     -7        0
  SINCE JUL 1     87                       111    -24       97

 COOLING
  TODAY           15                        13      2       16
  MONTH TO DATE  335                       311     24      427
  SINCE MAR 1    658                       565     93      759
  SINCE JAN 1    917                       921     -4     1040
..................................................................


WIND (MPH)
  HIGHEST WIND SPEED    17   HIGHEST WIND DIRECTION    SE (140)
  HIGHEST GUST SPEED    23   HIGHEST GUST DIRECTION     E (110)
  AVERAGE WIND SPEED     9.1


SKY COVER
  AVERAGE SKY COVER 0.3


WEATHER CONDITIONS
 THE FOLLOWING WEATHER WAS RECORDED TODAY.
  NO SIGNIFICANT WEATHER WAS OBSERVED.


RELATIVE HUMIDITY (PERCENT)
 HIGHEST    79
 LOWEST     55
 AVERAGE    67

..........................................................


THE FORT LAUDERDALE CLIMATE NORMALS FOR TOMORROW
                         NORMAL    RECORD    YEAR
 MAXIMUM TEMPERATURE (F)   84        94      1971
                                             1955
                                             1939
 MINIMUM TEMPERATURE (F)   72        42      1928


SUNRISE AND SUNSET
APRIL 28 2016.........SUNRISE   645 AM EDT   SUNSET   751 PM EDT
APRIL 29 2016.........SUNRISE   645 AM EDT   SUNSET   751 PM EDT


-  INDICATES NEGATIVE NUMBERS.
R  INDICATES RECORD WAS SET OR TIED.
MM INDICATES DATA IS MISSING.
T  INDICATES TRACE AMOUNT.




$$
