000
CDUS42 KMFL 242126
CLIFLL


CLIMATE REPORT
NATIONAL WEATHER SERVICE MIAMI, FL
425 PM EST FRI NOV 24 2017


...................................

...THE FORT LAUDERDALE CLIMATE SUMMARY FOR NOVEMBER 24 2017...
VALID TODAY AS OF 0400 PM LOCAL TIME.

CLIMATE NORMAL PERIOD 1981 TO 2010
CLIMATE RECORD PERIOD 1912 TO 2017


WEATHER ITEM   OBSERVED TIME   RECORD YEAR NORMAL DEPARTURE LAST
                VALUE   (LST)  VALUE       VALUE  FROM      YEAR
                                                  NORMAL
..................................................................
TEMPERATURE (F)
 TODAY
  MAXIMUM         80    352 PM  88    1971  81     -1       82
  MINIMUM         70    711 AM  41    1925  68      2       72
  AVERAGE         75                        74      1       77

PRECIPITATION (IN)
  TODAY            0.00          2.02 1950   0.06  -0.06     0.02
  MONTH TO DATE    3.92                      2.64   1.28     0.90
  SINCE NOV 1      3.92                      2.64   1.28     0.90
  SINCE JAN 1     66.59                     59.12   7.47    46.57

SNOWFALL (IN)
  TODAY            0.0
  MONTH TO DATE    0.0
  SINCE SEP 1      0.0
  SINCE JUL 1      0.0
  SNOW DEPTH       0

DEGREE DAYS
 HEATING
  TODAY            0                         0      0        0
  MONTH TO DATE    0                         0      0        0
  SINCE SEP 1      2                         0      2        0
  SINCE JUL 1      2                         0      2        0

 COOLING
  TODAY           10                         9      1       12
  MONTH TO DATE  269                       265      4      235
  SINCE SEP 1   1301                      1293      8     1257
  SINCE JAN 1   4628                      4459    169     4458
..................................................................


WIND (MPH)
  HIGHEST WIND SPEED    15   HIGHEST WIND DIRECTION     W (270)
  HIGHEST GUST SPEED    20   HIGHEST GUST DIRECTION     W (260)
  AVERAGE WIND SPEED     7.4


SKY COVER
  AVERAGE SKY COVER 0.8


WEATHER CONDITIONS
 THE FOLLOWING WEATHER WAS RECORDED TODAY.
  NO SIGNIFICANT WEATHER WAS OBSERVED.


RELATIVE HUMIDITY (PERCENT)
 HIGHEST   100
 LOWEST     67
 AVERAGE    84

..........................................................


THE FORT LAUDERDALE CLIMATE NORMALS FOR TOMORROW
                         NORMAL    RECORD    YEAR
 MAXIMUM TEMPERATURE (F)   81        90      1947
 MINIMUM TEMPERATURE (F)   68        36      1970


SUNRISE AND SUNSET
NOVEMBER 24 2017......SUNRISE   646 AM EST   SUNSET   529 PM EST
NOVEMBER 25 2017......SUNRISE   646 AM EST   SUNSET   529 PM EST


-  INDICATES NEGATIVE NUMBERS.
R  INDICATES RECORD WAS SET OR TIED.
MM INDICATES DATA IS MISSING.
T  INDICATES TRACE AMOUNT.




$$
