000
CDUS42 KMFL 242017
CLIFLL


CLIMATE REPORT
NATIONAL WEATHER SERVICE MIAMI, FL
417 PM EDT MON JUL 24 2017


...................................

...THE FORT LAUDERDALE CLIMATE SUMMARY FOR JULY 24 2017...
VALID TODAY AS OF 0400 PM LOCAL TIME.

CLIMATE NORMAL PERIOD 1981 TO 2010
CLIMATE RECORD PERIOD 1912 TO 2017


WEATHER ITEM   OBSERVED TIME   RECORD YEAR NORMAL DEPARTURE LAST
                VALUE   (LST)  VALUE       VALUE  FROM      YEAR
                                                  NORMAL
..................................................................
TEMPERATURE (F)
 TODAY
  MAXIMUM         90    100 PM  97    1924  91     -1       86
  MINIMUM         79    539 AM  69    1933  79      0       76
  AVERAGE         85                        85      0       81

PRECIPITATION (IN)
  TODAY            T             1.70 1985   0.17  -0.17     0.04
  MONTH TO DATE    3.98                      4.74  -0.76     1.50
  SINCE JUN 1     15.76                     14.90   0.86    10.55
  SINCE JAN 1     27.36                     32.39  -5.03    29.50

SNOWFALL (IN)
  TODAY            0.0
  MONTH TO DATE    0.0
  SINCE JUN 1      0.0
  SINCE JUL 1      0.0
  SNOW DEPTH       0

DEGREE DAYS
 HEATING
  TODAY            0                         0      0        0
  MONTH TO DATE    0                         0      0        0
  SINCE JUN 1      0                         0      0        0
  SINCE JUL 1      0                         0      0        0

 COOLING
  TODAY           20                        20      0       16
  MONTH TO DATE  465                       461      4      490
  SINCE JUN 1    998                      1004     -6     1051
  SINCE JAN 1   2575                      2422    153     2465
..................................................................


WIND (MPH)
  HIGHEST WIND SPEED    15   HIGHEST WIND DIRECTION    SE (130)
  HIGHEST GUST SPEED    21   HIGHEST GUST DIRECTION    SE (120)
  AVERAGE WIND SPEED     3.9


SKY COVER
  AVERAGE SKY COVER 0.5


WEATHER CONDITIONS
 THE FOLLOWING WEATHER WAS RECORDED TODAY.
  NO SIGNIFICANT WEATHER WAS OBSERVED.


RELATIVE HUMIDITY (PERCENT)
 HIGHEST    91
 LOWEST     68
 AVERAGE    80

..........................................................


THE FORT LAUDERDALE CLIMATE NORMALS FOR TOMORROW
                         NORMAL    RECORD    YEAR
 MAXIMUM TEMPERATURE (F)   91        98      1975
 MINIMUM TEMPERATURE (F)   79        69      1988
                                             1928


SUNRISE AND SUNSET
JULY 24 2017..........SUNRISE   643 AM EDT   SUNSET   811 PM EDT
JULY 25 2017..........SUNRISE   643 AM EDT   SUNSET   811 PM EDT


-  INDICATES NEGATIVE NUMBERS.
R  INDICATES RECORD WAS SET OR TIED.
MM INDICATES DATA IS MISSING.
T  INDICATES TRACE AMOUNT.




$$
