000
CDUS42 KMFL 310826
CLIFLL


CLIMATE REPORT
NATIONAL WEATHER SERVICE MIAMI, FL
426 AM EDT SUN AUG 31 2014


...................................

...THE FORT LAUDERDALE CLIMATE SUMMARY FOR AUGUST 30 2014...

CLIMATE NORMAL PERIOD 1981 TO 2010
CLIMATE RECORD PERIOD 1839 TO 2014


WEATHER ITEM   OBSERVED TIME   RECORD YEAR NORMAL DEPARTURE LAST
                VALUE   (LST)  VALUE       VALUE  FROM      YEAR
                                                  NORMAL
..................................................................
TEMPERATURE (F)
 YESTERDAY
  MAXIMUM         91    313 PM  97    1954  90      1       90
  MINIMUM         78    204 AM  68    1969  78      0       78
                                      1968
                                      1930
  AVERAGE         85                        84      1       84

PRECIPITATION (IN)
  YESTERDAY        0.22          2.31 1936   0.27  -0.05     0.00
  MONTH TO DATE    5.55                      7.16  -1.61     1.95
  SINCE JUN 1     23.37                     23.30   0.07    32.16
  SINCE JAN 1     43.97                     40.79   3.18    56.94

SNOWFALL (IN)
  YESTERDAY        0.0
  MONTH TO DATE    0.0
  SINCE JUN 1      0.0
  SINCE JUL 1      0.0
  SNOW DEPTH       0

DEGREE DAYS
 HEATING
  YESTERDAY        0                         0      0        0
  MONTH TO DATE    0                         0      0        0
  SINCE JUN 1      0                         0      0        0
  SINCE JUL 1      0                         0      0        0

 COOLING
  YESTERDAY       20                        19      1       19
  MONTH TO DATE  622                       589     33      566
  SINCE JUN 1   1753                      1730     23     1635
  SINCE JAN 1   3288                      3148    140     3031
..................................................................


WIND (MPH)
  HIGHEST WIND SPEED    21   HIGHEST WIND DIRECTION    SE (140)
  HIGHEST GUST SPEED    26   HIGHEST GUST DIRECTION    SE (140)
  AVERAGE WIND SPEED    12.6


SKY COVER
  AVERAGE SKY COVER 0.5


WEATHER CONDITIONS
 THE FOLLOWING WEATHER WAS RECORDED YESTERDAY.
  THUNDERSTORM
  HEAVY RAIN
  LIGHT RAIN


RELATIVE HUMIDITY (PERCENT)
 HIGHEST    75
 LOWEST     56
 AVERAGE    66

..........................................................


THE FORT LAUDERDALE CLIMATE NORMALS FOR TODAY
                         NORMAL    RECORD    YEAR
 MAXIMUM TEMPERATURE (F)   90        98      1964
 MINIMUM TEMPERATURE (F)   78        69      1923


SUNRISE AND SUNSET
AUGUST 31 2014........SUNRISE   700 AM EDT   SUNSET   741 PM EDT
SEPTEMBER  1 2014.....SUNRISE   701 AM EDT   SUNSET   740 PM EDT


-  INDICATES NEGATIVE NUMBERS.
R  INDICATES RECORD WAS SET OR TIED.
MM INDICATES DATA IS MISSING.
T  INDICATES TRACE AMOUNT.




$$
