000
CDUS42 KMFL 102118
CLIFLL


CLIMATE REPORT
NATIONAL WEATHER SERVICE MIAMI, FL
417 PM EST SAT DEC 10 2016


...................................

...THE FORT LAUDERDALE CLIMATE SUMMARY FOR DECEMBER 10 2016...
VALID TODAY AS OF 0400 PM LOCAL TIME.

CLIMATE NORMAL PERIOD 1981 TO 2010
CLIMATE RECORD PERIOD 1912 TO 2016


WEATHER ITEM   OBSERVED TIME   RECORD YEAR NORMAL DEPARTURE LAST
                VALUE   (LST)  VALUE       VALUE  FROM      YEAR
                                                  NORMAL
..................................................................
TEMPERATURE (F)
 TODAY
  MAXIMUM         73    359 PM  87    2009  79     -6       82
  MINIMUM         64    138 AM  32    1917  65     -1       69
  AVERAGE         69                        72     -3       76

PRECIPITATION (IN)
  TODAY            1.05          4.73 2000   0.08   0.97     0.00
  MONTH TO DATE    2.34                      0.85   1.49     5.20
  SINCE NOV 1      3.38                      4.09  -0.71    10.08
  SINCE JAN 1     49.05                     60.57 -11.52    46.81

SNOWFALL (IN)
  TODAY            0.0
  MONTH TO DATE    0.0
  SINCE DEC 1      0.0
  SINCE JUL 1      0.0
  SNOW DEPTH       0

DEGREE DAYS
 HEATING
  TODAY            0                         1     -1        0
  MONTH TO DATE    0                         5     -5        0
  SINCE DEC 1      0                         5     -5        0
  SINCE JUL 1      0                         7     -7        0

 COOLING
  TODAY            4                         8     -4       11
  MONTH TO DATE  117                        81     36      105
  SINCE DEC 1    117                        81     36      105
  SINCE JAN 1   4643                      4594     49     4898
..................................................................


WIND (MPH)
  HIGHEST WIND SPEED    22   HIGHEST WIND DIRECTION    NE (60)
  HIGHEST GUST SPEED    29   HIGHEST GUST DIRECTION    NE (60)
  AVERAGE WIND SPEED    12.4


SKY COVER
  AVERAGE SKY COVER 0.8


WEATHER CONDITIONS
 THE FOLLOWING WEATHER WAS RECORDED TODAY.
  HEAVY RAIN
  RAIN
  LIGHT RAIN
  FOG


RELATIVE HUMIDITY (PERCENT)
 HIGHEST   100
 LOWEST     79
 AVERAGE    90

..........................................................


THE FORT LAUDERDALE CLIMATE NORMALS FOR TOMORROW
                         NORMAL    RECORD    YEAR
 MAXIMUM TEMPERATURE (F)   79        87      1997
 MINIMUM TEMPERATURE (F)   65        38      1981


SUNRISE AND SUNSET
DECEMBER 10 2016......SUNRISE   657 AM EST   SUNSET   530 PM EST
DECEMBER 11 2016......SUNRISE   658 AM EST   SUNSET   530 PM EST


-  INDICATES NEGATIVE NUMBERS.
R  INDICATES RECORD WAS SET OR TIED.
MM INDICATES DATA IS MISSING.
T  INDICATES TRACE AMOUNT.




$$
