000
CDUS42 KMFL 010821
CLIFLL


CLIMATE REPORT
NATIONAL WEATHER SERVICE MIAMI, FL
421 AM EDT MON SEP 1 2014


...................................

...THE FORT LAUDERDALE CLIMATE SUMMARY FOR AUGUST 31 2014...

CLIMATE NORMAL PERIOD 1981 TO 2010
CLIMATE RECORD PERIOD 1839 TO 2014


WEATHER ITEM   OBSERVED TIME   RECORD YEAR NORMAL DEPARTURE LAST
                VALUE   (LST)  VALUE       VALUE  FROM      YEAR
                                                  NORMAL
..................................................................
TEMPERATURE (F)
 YESTERDAY
  MAXIMUM         91    234 PM  98    1964  90      1       88
  MINIMUM         82    557 PM  69    1923  78      4       73
  AVERAGE         87                        84      3       81

PRECIPITATION (IN)
  YESTERDAY        0.16          2.29 2000   0.28  -0.12     0.09
  MONTH TO DATE    5.71                      7.44  -1.73     2.04
  SINCE JUN 1     23.53                     23.58  -0.05    32.25
  SINCE JAN 1     44.13                     41.07   3.06    57.03

SNOWFALL (IN)
  YESTERDAY        0.0
  MONTH TO DATE    0.0
  SINCE JUN 1      0.0
  SINCE JUL 1      0.0
  SNOW DEPTH       0

DEGREE DAYS
 HEATING
  YESTERDAY        0                         0      0        0
  MONTH TO DATE    0                         0      0        0
  SINCE JUN 1      0                         0      0        0
  SINCE JUL 1      0                         0      0        0

 COOLING
  YESTERDAY       22                        19      3       16
  MONTH TO DATE  644                       607     37      582
  SINCE JUN 1   1775                      1748     27     1651
  SINCE JAN 1   3310                      3166    144     3047
..................................................................


WIND (MPH)
  HIGHEST WIND SPEED    18   HIGHEST WIND DIRECTION     E (110)
  HIGHEST GUST SPEED    21   HIGHEST GUST DIRECTION     E (90)
  AVERAGE WIND SPEED    11.4


SKY COVER
  AVERAGE SKY COVER 0.3


WEATHER CONDITIONS
 THE FOLLOWING WEATHER WAS RECORDED YESTERDAY.
  RAIN
  LIGHT RAIN


RELATIVE HUMIDITY (PERCENT)
 HIGHEST    82
 LOWEST     59
 AVERAGE    71

..........................................................


THE FORT LAUDERDALE CLIMATE NORMALS FOR TODAY
                         NORMAL    RECORD    YEAR
 MAXIMUM TEMPERATURE (F)   90        96      1998
 MINIMUM TEMPERATURE (F)   78        69      1923
                                             1920


SUNRISE AND SUNSET
SEPTEMBER  1 2014.....SUNRISE   701 AM EDT   SUNSET   740 PM EDT
SEPTEMBER  2 2014.....SUNRISE   701 AM EDT   SUNSET   739 PM EDT


-  INDICATES NEGATIVE NUMBERS.
R  INDICATES RECORD WAS SET OR TIED.
MM INDICATES DATA IS MISSING.
T  INDICATES TRACE AMOUNT.




$$
