384
CDUS42 KILM 260843
CLIFLO


CLIMATE REPORT
NATIONAL WEATHER SERVICE WILMINGTON NC
443 AM EDT TUE JUL 26 2016


...................................

...THE FLORENCE SC CLIMATE SUMMARY FOR JULY 25 2016...

CLIMATE NORMAL PERIOD 1981 TO 2010
CLIMATE RECORD PERIOD 1948 TO 2016


WEATHER ITEM   OBSERVED TIME   RECORD YEAR NORMAL DEPARTURE LAST
                VALUE   (LST)  VALUE       VALUE  FROM      YEAR
                                                  NORMAL
..................................................................
TEMPERATURE (F)
 YESTERDAY
  MAXIMUM         95    339 PM  98    1949  91      4       91
  MINIMUM         78    624 AM  66    2008  72      6       70
                                      1977
  AVERAGE         87                        81      6       81

PRECIPITATION (IN)
  YESTERDAY        0.00          3.08 1985   0.18  -0.18     0.00
  MONTH TO DATE    5.87                      4.18   1.69     3.40
  SINCE JUN 1      9.83                      8.80   1.03     6.90
  SINCE JAN 1     30.92                     24.16   6.76    21.92

DEGREE DAYS
 HEATING
  YESTERDAY        0                         0      0        0
  MONTH TO DATE    0                         0      0        0
  SINCE JUN 1      0                         1     -1        0
  SINCE JUL 1      0                         0      0        0

 COOLING
  YESTERDAY       22                        16      6       16
  MONTH TO DATE  496                       400     96      476
  SINCE JUN 1    983                       797    186     1017
  SINCE JAN 1   1330                      1104    226     1402
..................................................................


WIND (MPH)
  HIGHEST WIND SPEED    15   HIGHEST WIND DIRECTION    SW (210)
  HIGHEST GUST SPEED    18   HIGHEST GUST DIRECTION    SW (220)
  AVERAGE WIND SPEED     7.9


SKY COVER
  POSSIBLE SUNSHINE  MM
  AVERAGE SKY COVER 0.2


WEATHER CONDITIONS
 THE FOLLOWING WEATHER WAS RECORDED YESTERDAY.
  NO SIGNIFICANT WEATHER WAS OBSERVED.


RELATIVE HUMIDITY (PERCENT)
 HIGHEST    91           100 AM
 LOWEST     46           300 PM
 AVERAGE    69

..........................................................


THE FLORENCE SC CLIMATE NORMALS FOR TODAY
                         NORMAL    RECORD    YEAR
 MAXIMUM TEMPERATURE (F)   91       101      2012
                                             2005
 MINIMUM TEMPERATURE (F)   72        64      1957


SUNRISE AND SUNSET
JULY 26 2016..........SUNRISE   626 AM EDT   SUNSET   824 PM EDT
JULY 27 2016..........SUNRISE   627 AM EDT   SUNSET   824 PM EDT


-  INDICATES NEGATIVE NUMBERS.
R  INDICATES RECORD WAS SET OR TIED.
MM INDICATES DATA IS MISSING.
T  INDICATES TRACE AMOUNT.




$$
