000
CDUS42 KILM 222044
CLIFLO


CLIMATE REPORT
NATIONAL WEATHER SERVICE WILMINGTON NC
444 PM EDT MON MAY 22 2017


...................................

...THE FLORENCE SC CLIMATE SUMMARY FOR MAY 22 2017...
VALID TODAY AS OF 0400 PM LOCAL TIME.

CLIMATE NORMAL PERIOD 1981 TO 2010
CLIMATE RECORD PERIOD 1948 TO 2017


WEATHER ITEM   OBSERVED TIME   RECORD YEAR NORMAL DEPARTURE LAST
                VALUE   (LST)  VALUE       VALUE  FROM      YEAR
                                                  NORMAL
..................................................................
TEMPERATURE (F)
 TODAY
  MAXIMUM         87    258 PM  97    1962  84      3       78
  MINIMUM         71    636 AM  47    2002  61     10       57
                                      1954
  AVERAGE         79                        73      6       68

PRECIPITATION (IN)
  TODAY            0.23          2.27 1967   0.12   0.11      T
  MONTH TO DATE    1.79                      2.13  -0.34     6.27
  SINCE MAR 1      7.94                      8.08  -0.14    13.24
  SINCE JAN 1     12.81                     14.23  -1.42    20.70

DEGREE DAYS
 HEATING
  TODAY            0                         0      0        0
  MONTH TO DATE   11                        22    -11       10
  SINCE MAR 1    391                       456    -65      288
  SINCE JUL 1   1836                      2522   -686     1948

 COOLING
  TODAY           14                         8      6        3
  MONTH TO DATE  151                       128     23      132
  SINCE MAR 1    329                       218    111      263
  SINCE JAN 1    342                       224    118      264
..................................................................


WIND (MPH)
  HIGHEST WIND SPEED    13   HIGHEST WIND DIRECTION    SW (240)
  HIGHEST GUST SPEED    17   HIGHEST GUST DIRECTION    SE (140)
  AVERAGE WIND SPEED     7.5


SKY COVER
  POSSIBLE SUNSHINE  MM
  AVERAGE SKY COVER 0.9


WEATHER CONDITIONS
 THE FOLLOWING WEATHER WAS RECORDED TODAY.
  THUNDERSTORM
  HEAVY RAIN
  RAIN
  LIGHT RAIN
  FOG
  HAZE


RELATIVE HUMIDITY (PERCENT)
 HIGHEST   100           500 AM
 LOWEST     61           200 PM
 AVERAGE    81

..........................................................


THE FLORENCE SC CLIMATE NORMALS FOR TOMORROW
                         NORMAL    RECORD    YEAR
 MAXIMUM TEMPERATURE (F)   84       100      1953
 MINIMUM TEMPERATURE (F)   62        46      2002


SUNRISE AND SUNSET
MAY 22 2017...........SUNRISE   612 AM EDT   SUNSET   819 PM EDT
MAY 23 2017...........SUNRISE   612 AM EDT   SUNSET   820 PM EDT


-  INDICATES NEGATIVE NUMBERS.
R  INDICATES RECORD WAS SET OR TIED.
MM INDICATES DATA IS MISSING.
T  INDICATES TRACE AMOUNT.




$$
