000
CDUS42 KILM 010946
CLIFLO


CLIMATE REPORT
NATIONAL WEATHER SERVICE WILMINGTON NC
445 AM EST SUN FEB 1 2015


...................................

...THE FLORENCE SC CLIMATE SUMMARY FOR JANUARY 31 2015...

CLIMATE NORMAL PERIOD 1981 TO 2010
CLIMATE RECORD PERIOD 1948 TO 2015


WEATHER ITEM   OBSERVED TIME   RECORD YEAR NORMAL DEPARTURE LAST
                VALUE   (LST)  VALUE       VALUE  FROM      YEAR
                                                  NORMAL
..................................................................
TEMPERATURE (F)
 YESTERDAY
  MAXIMUM         52    434 PM  85    1975  57     -5       57
  MINIMUM         23    744 AM  13    1966  35    -12       22
  AVERAGE         38                        46     -8       40

PRECIPITATION (IN)
  YESTERDAY        0.00          0.67 1948   0.10  -0.10     0.00
  MONTH TO DATE    2.43                      3.23  -0.80     2.36
  SINCE DEC 1      5.63                      6.24  -0.61     6.69
  SINCE JAN 1      2.43                      3.23  -0.80     2.36

SNOWFALL (IN)
  YESTERDAY       MM
  MONTH TO DATE   MM
  SINCE DEC 1     MM
  SINCE JUL 1     MM
  SNOW DEPTH      MM

DEGREE DAYS
 HEATING
  YESTERDAY       27                        19      8       25
  MONTH TO DATE  623                       622      1      736
  SINCE DEC 1   1092                      1180    -88     1178
  SINCE JUL 1   1592                      1602    -10     1648

 COOLING
  YESTERDAY        0                         0      0        0
  MONTH TO DATE    3                         2      1        0
  SINCE DEC 1      3                         6     -3       18
  SINCE JAN 1      3                         2      1        0
..................................................................


WIND (MPH)
  HIGHEST WIND SPEED    10   HIGHEST WIND DIRECTION     N (360)
  HIGHEST GUST SPEED    13   HIGHEST GUST DIRECTION     N (10)
  AVERAGE WIND SPEED     4.4


SKY COVER
  POSSIBLE SUNSHINE  MM
  AVERAGE SKY COVER 0.0


WEATHER CONDITIONS
 THE FOLLOWING WEATHER WAS RECORDED YESTERDAY.
  NO SIGNIFICANT WEATHER WAS OBSERVED.


RELATIVE HUMIDITY (PERCENT)
 HIGHEST    68           800 AM
 LOWEST     17           300 PM
 AVERAGE    43

..........................................................


THE FLORENCE SC CLIMATE NORMALS FOR TODAY
                         NORMAL    RECORD    YEAR
 MAXIMUM TEMPERATURE (F)   57        84      2002
 MINIMUM TEMPERATURE (F)   36        20      2010
                                             1948


SUNRISE AND SUNSET
FEBRUARY  1 2015......SUNRISE   716 AM EST   SUNSET   549 PM EST
FEBRUARY  2 2015......SUNRISE   716 AM EST   SUNSET   550 PM EST


-  INDICATES NEGATIVE NUMBERS.
R  INDICATES RECORD WAS SET OR TIED.
MM INDICATES DATA IS MISSING.
T  INDICATES TRACE AMOUNT.




$$
