000
CDUS42 KILM 130959
CLIFLO


CLIMATE REPORT
NATIONAL WEATHER SERVICE WILMINGTON NC
459 AM EST SAT FEB 13 2016


...................................

...THE FLORENCE SC CLIMATE SUMMARY FOR FEBRUARY 12 2016...

CLIMATE NORMAL PERIOD 1981 TO 2010
CLIMATE RECORD PERIOD 1948 TO 2016


WEATHER ITEM   OBSERVED TIME   RECORD YEAR NORMAL DEPARTURE LAST
                VALUE   (LST)  VALUE       VALUE  FROM      YEAR
                                                  NORMAL
..................................................................
TEMPERATURE (F)
 YESTERDAY
  MAXIMUM         39    554 PM  80    1999  59    -20       65
  MINIMUM         28   1159 PM  15    1973  37     -9       33
  AVERAGE         34                        48    -14       49

PRECIPITATION (IN)
  YESTERDAY        0.00          1.20 2001   0.10  -0.10     0.00
  MONTH TO DATE    2.92                      1.21   1.71     1.42
  SINCE DEC 1     12.14                      7.45   4.69     7.05
  SINCE JAN 1      5.05                      4.44   0.61     3.85

SNOWFALL (IN)
  YESTERDAY       MM
  MONTH TO DATE   MM
  SINCE DEC 1     MM
  SINCE JUL 1     MM
  SNOW DEPTH      MM

DEGREE DAYS
 HEATING
  YESTERDAY       31                        17     14       16
  MONTH TO DATE  232                       217     15      211
  SINCE DEC 1   1128                      1397   -269     1303
  SINCE JUL 1   1392                      1819   -427     1803

 COOLING
  YESTERDAY        0                         0      0        0
  MONTH TO DATE    1                         0      1        0
  SINCE DEC 1     58                         6     52        3
  SINCE JAN 1      1                         2     -1        3
..................................................................


WIND (MPH)
  HIGHEST WIND SPEED    13   HIGHEST WIND DIRECTION     N (360)
  HIGHEST GUST SPEED    15   HIGHEST GUST DIRECTION    NE (60)
  AVERAGE WIND SPEED     5.8


SKY COVER
  POSSIBLE SUNSHINE  MM
  AVERAGE SKY COVER 0.5


WEATHER CONDITIONS
 THE FOLLOWING WEATHER WAS RECORDED YESTERDAY.
  NO SIGNIFICANT WEATHER WAS OBSERVED.


RELATIVE HUMIDITY (PERCENT)
 HIGHEST    92          1100 PM
 LOWEST     44          1200 PM
 AVERAGE    68

..........................................................


THE FLORENCE SC CLIMATE NORMALS FOR TODAY
                         NORMAL    RECORD    YEAR
 MAXIMUM TEMPERATURE (F)   59        76      1949
 MINIMUM TEMPERATURE (F)   37        13      1973


SUNRISE AND SUNSET
FEBRUARY 13 2016......SUNRISE   706 AM EST   SUNSET   600 PM EST
FEBRUARY 14 2016......SUNRISE   705 AM EST   SUNSET   601 PM EST


-  INDICATES NEGATIVE NUMBERS.
R  INDICATES RECORD WAS SET OR TIED.
MM INDICATES DATA IS MISSING.
T  INDICATES TRACE AMOUNT.




$$
