000
CDUS42 KILM 040840
CLIFLO


CLIMATE REPORT
NATIONAL WEATHER SERVICE WILMINGTON NC
440 AM EDT TUE AUG 4 2015


...................................

...THE FLORENCE SC CLIMATE SUMMARY FOR AUGUST 3 2015...

CLIMATE NORMAL PERIOD 1981 TO 2010
CLIMATE RECORD PERIOD 1948 TO 2015


WEATHER ITEM   OBSERVED TIME   RECORD YEAR NORMAL DEPARTURE LAST
                VALUE   (LST)  VALUE       VALUE  FROM      YEAR
                                                  NORMAL
..................................................................
TEMPERATURE (F)
 YESTERDAY
  MAXIMUM         89    336 PM 102    1953  91     -2       79
  MINIMUM         74    605 AM  62    1985  71      3       70
  AVERAGE         82                        81      1       75

PRECIPITATION (IN)
  YESTERDAY        0.00          5.54 1973   0.18  -0.18     0.02
  MONTH TO DATE    0.51                      0.54  -0.03     0.11
  SINCE JUN 1      7.41                     10.42  -3.01     6.85
  SINCE JAN 1     22.43                     25.78  -3.35    24.21

DEGREE DAYS
 HEATING
  YESTERDAY        0                         0      0        0
  MONTH TO DATE    0                         0      0        0
  SINCE JUN 1      0                         1     -1        0
  SINCE JUL 1      0                         0      0        0

 COOLING
  YESTERDAY       17                        16      1       10
  MONTH TO DATE   57                        48      9       29
  SINCE JUN 1   1190                       947    243     1015
  SINCE JAN 1   1575                      1254    321     1397
..................................................................


WIND (MPH)
  HIGHEST WIND SPEED    18   HIGHEST WIND DIRECTION     S (180)
  HIGHEST GUST SPEED    23   HIGHEST GUST DIRECTION     S (180)
  AVERAGE WIND SPEED     5.9


SKY COVER
  POSSIBLE SUNSHINE  MM
  AVERAGE SKY COVER 0.3


WEATHER CONDITIONS
 THE FOLLOWING WEATHER WAS RECORDED YESTERDAY.
  NO SIGNIFICANT WEATHER WAS OBSERVED.


RELATIVE HUMIDITY (PERCENT)
 HIGHEST    94          1200 AM
 LOWEST     53           300 PM
 AVERAGE    74

..........................................................


THE FLORENCE SC CLIMATE NORMALS FOR TODAY
                         NORMAL    RECORD    YEAR
 MAXIMUM TEMPERATURE (F)   90       104      1954
 MINIMUM TEMPERATURE (F)   71        60      1985


SUNRISE AND SUNSET
AUGUST  4 2015........SUNRISE   632 AM EDT   SUNSET   818 PM EDT
AUGUST  5 2015........SUNRISE   633 AM EDT   SUNSET   817 PM EDT


-  INDICATES NEGATIVE NUMBERS.
R  INDICATES RECORD WAS SET OR TIED.
MM INDICATES DATA IS MISSING.
T  INDICATES TRACE AMOUNT.




$$
