000
CDUS42 KILM 300843
CLIFLO


CLIMATE REPORT
NATIONAL WEATHER SERVICE WILMINGTON NC
442 AM EDT SUN AUG 30 2015


...................................

...THE FLORENCE SC CLIMATE SUMMARY FOR AUGUST 29 2015...

CLIMATE NORMAL PERIOD 1981 TO 2010
CLIMATE RECORD PERIOD 1948 TO 2015


WEATHER ITEM   OBSERVED TIME   RECORD YEAR NORMAL DEPARTURE LAST
                VALUE   (LST)  VALUE       VALUE  FROM      YEAR
                                                  NORMAL
..................................................................
TEMPERATURE (F)
 YESTERDAY
  MAXIMUM         87    358 PM 101    1998  88     -1       94
  MINIMUM         65    621 AM  57    1986  69     -4       69
  AVERAGE         76                        79     -3       82

PRECIPITATION (IN)
  YESTERDAY        0.00          4.22 2004   0.16  -0.16     0.00
  MONTH TO DATE    5.28                      4.94   0.34     3.89
  SINCE JUN 1     12.18                     14.82  -2.64    10.63
  SINCE JAN 1     27.20                     30.18  -2.98    27.99

DEGREE DAYS
 HEATING
  YESTERDAY        0                         0      0        0
  MONTH TO DATE    0                         0      0        0
  SINCE JUN 1      0                         1     -1        0
  SINCE JUL 1      0                         0      0        0

 COOLING
  YESTERDAY       11                        14     -3       17
  MONTH TO DATE  476                       438     38      428
  SINCE JUN 1   1609                      1337    272     1414
  SINCE JAN 1   1994                      1644    350     1796
..................................................................


WIND (MPH)
  HIGHEST WIND SPEED    15   HIGHEST WIND DIRECTION    NE (50)
  HIGHEST GUST SPEED    23   HIGHEST GUST DIRECTION    NE (50)
  AVERAGE WIND SPEED     5.3


SKY COVER
  POSSIBLE SUNSHINE  MM
  AVERAGE SKY COVER 0.0


WEATHER CONDITIONS
 THE FOLLOWING WEATHER WAS RECORDED YESTERDAY.
  HAZE


RELATIVE HUMIDITY (PERCENT)
 HIGHEST    93           600 AM
 LOWEST     34           400 PM
 AVERAGE    64

..........................................................


THE FLORENCE SC CLIMATE NORMALS FOR TODAY
                         NORMAL    RECORD    YEAR
 MAXIMUM TEMPERATURE (F)   88       100      1993
 MINIMUM TEMPERATURE (F)   69        55      1965


SUNRISE AND SUNSET
AUGUST 30 2015........SUNRISE   651 AM EDT   SUNSET   748 PM EDT
AUGUST 31 2015........SUNRISE   651 AM EDT   SUNSET   746 PM EDT


-  INDICATES NEGATIVE NUMBERS.
R  INDICATES RECORD WAS SET OR TIED.
MM INDICATES DATA IS MISSING.
T  INDICATES TRACE AMOUNT.




$$
