000
CDUS42 KTBW 030830
CLIFMY


CLIMATE REPORT
NATIONAL WEATHER SERVICE TAMPA BAY FL
427 AM EDT FRI JUL 3 2015


...................................

...THE FORT MYERS CLIMATE SUMMARY FOR JULY 2 2015...

CLIMATE NORMAL PERIOD 1981 TO 2010
CLIMATE RECORD PERIOD 1902 TO 2015


WEATHER ITEM   OBSERVED TIME   RECORD YEAR NORMAL DEPARTURE LAST
                VALUE   (LST)  VALUE       VALUE  FROM      YEAR
                                                  NORMAL
..................................................................
TEMPERATURE (F)
 YESTERDAY
  MAXIMUM         95    323 PM  97    1998  92      3       93
  MINIMUM         72    511 PM  68    1931  74     -2       77
                                      1924
  AVERAGE         84                        83      1       85

PRECIPITATION (IN)
  YESTERDAY        0.50          2.80 1921   0.32   0.18     0.00
  MONTH TO DATE    0.51                      0.65  -0.14     0.00
  SINCE JUN 1      9.11                     10.74  -1.63     2.48
  SINCE JAN 1     17.96                     22.54  -4.58    13.82

DEGREE DAYS
 HEATING
  YESTERDAY        0                         0      0        0
  MONTH TO DATE    0                         0      0        0
  SINCE JUN 1      0                         0      0        0
  SINCE JUL 1      0                         0      0        0

 COOLING
  YESTERDAY       19                        18      1       20
  MONTH TO DATE   38                        36      2       41
  SINCE JUN 1    576                       561     15      571
  SINCE JAN 1   1930                      1627    303     1762
..................................................................


WIND (MPH)
  RESULTANT WIND SPEED   2   RESULTANT WIND DIRECTION   E (80)
  HIGHEST WIND SPEED    33   HIGHEST WIND DIRECTION     E (100)
  HIGHEST GUST SPEED    42   HIGHEST GUST DIRECTION     E (110)
  AVERAGE WIND SPEED     5.1


SKY COVER
  POSSIBLE SUNSHINE  MM
  AVERAGE SKY COVER 0.1


WEATHER CONDITIONS
 THE FOLLOWING WEATHER WAS RECORDED YESTERDAY.
  THUNDERSTORM
  HEAVY RAIN
  LIGHT RAIN
  FOG


RELATIVE HUMIDITY (PERCENT)
 HIGHEST    93          1200 AM
 LOWEST     44           400 PM

..........................................................


THE FORT MYERS CLIMATE NORMALS FOR TODAY
                         NORMAL    RECORD    YEAR
 MAXIMUM TEMPERATURE (F)   92        99      1998
 MINIMUM TEMPERATURE (F)   74        69      1973
                                             1958
                                             1956


SUNRISE AND SUNSET
JULY  3 2015..........SUNRISE   639 AM EDT   SUNSET   825 PM EDT
JULY  4 2015..........SUNRISE   639 AM EDT   SUNSET   825 PM EDT


-  INDICATES NEGATIVE NUMBERS.
R  INDICATES RECORD WAS SET OR TIED.
MM INDICATES DATA IS MISSING.
T  INDICATES TRACE AMOUNT.




$$


&&
------------------------------------------------------------------
******************** SUPPLEMENTAL DATA ***************************

...GULF WATER TEMPERATURE AT FORT MYERS BEACH 87
