000
CDUS42 KTBW 230829
CLIFMY


CLIMATE REPORT
NATIONAL WEATHER SERVICE TAMPA BAY FL
428 AM EDT WED AUG 23 2017


...................................

...THE FORT MYERS CLIMATE SUMMARY FOR AUGUST 22 2017...

CLIMATE NORMAL PERIOD 1981 TO 2010
CLIMATE RECORD PERIOD 1902 TO 2017


WEATHER ITEM   OBSERVED TIME   RECORD YEAR NORMAL DEPARTURE LAST
                VALUE   (LST)  VALUE       VALUE  FROM      YEAR
                                                  NORMAL
..................................................................
TEMPERATURE (F)
 YESTERDAY
  MAXIMUM         96R   306 PM  96    2014  92      4       95
                                      1978
  MINIMUM         78    618 AM  70    1973  75      3       78
                                      1918
                                      1911
  AVERAGE         87                        83      4       87

PRECIPITATION (IN)
  YESTERDAY        T             2.03 1893   0.34  -0.34     0.29
  MONTH TO DATE    2.85                      7.11  -4.26     8.28
  SINCE JUN 1     26.47                     26.24   0.23    29.88
  SINCE JAN 1     32.65                     38.04  -5.39    50.75

DEGREE DAYS
 HEATING
  YESTERDAY        0                         0      0        0
  MONTH TO DATE    0                         0      0        0
  SINCE JUN 1      0                         0      0        0
  SINCE JUL 1      0                         0      0        0

 COOLING
  YESTERDAY       22                        18      4       22
  MONTH TO DATE  443                       396     47      421
  SINCE JUN 1   1527                      1485     42     1575
  SINCE JAN 1   2809                      2551    258     2673
..................................................................


WIND (MPH)
  RESULTANT WIND SPEED   8   RESULTANT WIND DIRECTION   E (70)
  HIGHEST WIND SPEED    16   HIGHEST WIND DIRECTION    SE (120)
  HIGHEST GUST SPEED    26   HIGHEST GUST DIRECTION    NE (50)
  AVERAGE WIND SPEED     8.6


SKY COVER
  POSSIBLE SUNSHINE  MM
  AVERAGE SKY COVER 0.3


WEATHER CONDITIONS
 THE FOLLOWING WEATHER WAS RECORDED YESTERDAY.
  THUNDERSTORM
  LIGHT RAIN


RELATIVE HUMIDITY (PERCENT)
 HIGHEST    97           100 AM
 LOWEST     49           400 PM

..........................................................


THE FORT MYERS CLIMATE NORMALS FOR TODAY
                         NORMAL    RECORD    YEAR
 MAXIMUM TEMPERATURE (F)   92        96      2016
                                             2014
                                             1985
 MINIMUM TEMPERATURE (F)   75        67      1957


SUNRISE AND SUNSET
AUGUST 23 2017........SUNRISE   703 AM EDT   SUNSET   756 PM EDT
AUGUST 24 2017........SUNRISE   704 AM EDT   SUNSET   755 PM EDT


-  INDICATES NEGATIVE NUMBERS.
R  INDICATES RECORD WAS SET OR TIED.
MM INDICATES DATA IS MISSING.
T  INDICATES TRACE AMOUNT.




$$


&&
------------------------------------------------------------------
******************** SUPPLEMENTAL DATA ***************************

...GULF WATER TEMPERATURE AT FORT MYERS BEACH 88 DEGREES
