000
CDUS42 KTBW 010949
CLIFMY


CLIMATE REPORT
NATIONAL WEATHER SERVICE TAMPA BAY FL
427 AM EST SUN MAR 1 2015


...................................

...THE FORT MYERS CLIMATE SUMMARY FOR FEBRUARY 28 2015...

CLIMATE NORMAL PERIOD 1981 TO 2010
CLIMATE RECORD PERIOD 1902 TO 2015


WEATHER ITEM   OBSERVED TIME   RECORD YEAR NORMAL DEPARTURE LAST
                VALUE   (LST)  VALUE       VALUE  FROM      YEAR
                                                  NORMAL
..................................................................
TEMPERATURE (F)
 YESTERDAY
  MAXIMUM         86    215 PM  88    2012  79      7       72
  MINIMUM         58    112 AM  35    1935  57      1       54
  AVERAGE         72                        68      4       63

PRECIPITATION (IN)
  YESTERDAY        1.75          2.26 1933   0.09   1.66     0.11
  MONTH TO DATE    2.62                      2.15   0.47     1.28
  SINCE DEC 1      3.24                      5.80  -2.56     3.94
  SINCE JAN 1      3.19                      4.09  -0.90     3.44

DEGREE DAYS
 HEATING
  YESTERDAY        0                         1     -1        2
  MONTH TO DATE   87                        60     27       18
  SINCE DEC 1    190                       242    -52      160
  SINCE JUL 1    231                       260    -29      169

 COOLING
  YESTERDAY        7                         4      3        0
  MONTH TO DATE   48                       102    -54      178
  SINCE DEC 1    286                       306    -20      476
  SINCE JAN 1    148                       185    -37      261
..................................................................


WIND (MPH)
  RESULTANT WIND SPEED   8   RESULTANT WIND DIRECTION  NE (60)
  HIGHEST WIND SPEED    16   HIGHEST WIND DIRECTION     E (70)
  HIGHEST GUST SPEED    25   HIGHEST GUST DIRECTION    NE (40)
  AVERAGE WIND SPEED     8.6


SKY COVER
  POSSIBLE SUNSHINE  MM
  AVERAGE SKY COVER 1.0


WEATHER CONDITIONS
 THE FOLLOWING WEATHER WAS RECORDED YESTERDAY.
  THUNDERSTORM
  HEAVY RAIN
  RAIN
  FOG


RELATIVE HUMIDITY (PERCENT)
 HIGHEST   100          1200 AM
 LOWEST     58           300 PM

..........................................................


THE FORT MYERS CLIMATE NORMALS FOR TODAY
                         NORMAL    RECORD    YEAR
 MAXIMUM TEMPERATURE (F)   79        89      1945
 MINIMUM TEMPERATURE (F)   58        39      1968
                                             1941


SUNRISE AND SUNSET
MARCH  1 2015.........SUNRISE   651 AM EST   SUNSET   629 PM EST
MARCH  2 2015.........SUNRISE   650 AM EST   SUNSET   629 PM EST


-  INDICATES NEGATIVE NUMBERS.
R  INDICATES RECORD WAS SET OR TIED.
MM INDICATES DATA IS MISSING.
T  INDICATES TRACE AMOUNT.




$$


&&
------------------------------------------------------------------
******************** SUPPLEMENTAL DATA ***************************

...GULF WATER TEMPERATURE AT FORT MYERS BEACH 67
