000
CDUS42 KTBW 300827
CLIFMY


CLIMATE REPORT
NATIONAL WEATHER SERVICE TAMPA BAY FL
426 AM EDT FRI SEP 30 2016


...................................

...THE FORT MYERS CLIMATE SUMMARY FOR SEPTEMBER 29 2016...

CLIMATE NORMAL PERIOD 1981 TO 2010
CLIMATE RECORD PERIOD 1902 TO 2016


WEATHER ITEM   OBSERVED TIME   RECORD YEAR NORMAL DEPARTURE LAST
                VALUE   (LST)  VALUE       VALUE  FROM      YEAR
                                                  NORMAL
..................................................................
TEMPERATURE (F)
 YESTERDAY
  MAXIMUM         88   1040 AM  93    1996  90     -2       84
                                      1988
                                      1986
  MINIMUM         74    405 AM  66    1931  73      1       74
  AVERAGE         81                        81      0       79

PRECIPITATION (IN)
  YESTERDAY        0.01          4.54 1929   0.20  -0.19     1.43
  MONTH TO DATE    6.27                      8.11  -1.84     9.98
  SINCE SEP 1      6.27                      8.11  -1.84     9.98
  SINCE JAN 1     59.75                     49.18  10.57    51.31

DEGREE DAYS
 HEATING
  YESTERDAY        0                         0      0        0
  MONTH TO DATE    0                         0      0        0
  SINCE SEP 1      0                         0      0        0
  SINCE JUL 1      0                         0      0        0

 COOLING
  YESTERDAY       16                        16      0       14
  MONTH TO DATE  531                       506     25      504
  SINCE SEP 1    531                       506     25      504
  SINCE JAN 1   3376                      3230    146     3521
..................................................................


WIND (MPH)
  RESULTANT WIND SPEED   2   RESULTANT WIND DIRECTION  SW (220)
  HIGHEST WIND SPEED    18   HIGHEST WIND DIRECTION     W (290)
  HIGHEST GUST SPEED    25   HIGHEST GUST DIRECTION     W (290)
  AVERAGE WIND SPEED     4.7


SKY COVER
  POSSIBLE SUNSHINE  MM
  AVERAGE SKY COVER 0.2


WEATHER CONDITIONS
 THE FOLLOWING WEATHER WAS RECORDED YESTERDAY.
  THUNDERSTORM
  LIGHT RAIN
  FOG


RELATIVE HUMIDITY (PERCENT)
 HIGHEST   100           400 AM
 LOWEST     59           400 PM

..........................................................


THE FORT MYERS CLIMATE NORMALS FOR TODAY
                         NORMAL    RECORD    YEAR
 MAXIMUM TEMPERATURE (F)   89        94      1988
 MINIMUM TEMPERATURE (F)   73        66      1947
                                             1919


SUNRISE AND SUNSET
SEPTEMBER 30 2016.....SUNRISE   720 AM EDT   SUNSET   714 PM EDT
OCTOBER  1 2016.......SUNRISE   720 AM EDT   SUNSET   713 PM EDT


-  INDICATES NEGATIVE NUMBERS.
R  INDICATES RECORD WAS SET OR TIED.
MM INDICATES DATA IS MISSING.
T  INDICATES TRACE AMOUNT.




$$


&&
------------------------------------------------------------------
******************** SUPPLEMENTAL DATA ***************************

...GULF WATER TEMPERATURE AT FORT MYERS BEACH 86 DEGREES
