000
CDUS42 KTBW 262213
CLIFMY


CLIMATE REPORT
NATIONAL WEATHER SERVICE TAMPA BAY FL
510 PM EST MON JAN 26 2015


...................................

...THE FORT MYERS CLIMATE SUMMARY FOR JANUARY 26 2015...
VALID TODAY AS OF 0500 PM LOCAL TIME.

CLIMATE NORMAL PERIOD 1981 TO 2010
CLIMATE RECORD PERIOD 1902 TO 2015


WEATHER ITEM   OBSERVED TIME   RECORD YEAR NORMAL DEPARTURE LAST
                VALUE   (LST)  VALUE       VALUE  FROM      YEAR
                                                  NORMAL
..................................................................
TEMPERATURE (F)
 TODAY
  MAXIMUM         72    156 PM  86    1974  75     -3       75
  MINIMUM         54    255 AM  27    1905  54      0       57
  AVERAGE         63                        64     -1       66

PRECIPITATION (IN)
  TODAY            0.07          0.82 1924   0.06   0.01     0.00
  MONTH TO DATE    0.57                      1.61  -1.04     0.34
  SINCE DEC 1      0.62                      3.32  -2.70     0.84
  SINCE JAN 1      0.57                      1.61  -1.04     0.34

DEGREE DAYS
 HEATING
  TODAY            2                         3     -1        0
  MONTH TO DATE   31                        97    -66      122
  SINCE DEC 1     79                       172    -93      126
  SINCE JUL 1    120                       190    -70      135

 COOLING
  TODAY            0                         3     -3        1
  MONTH TO DATE  100                        77     23       71
  SINCE DEC 1    238                       198     40      286
  SINCE JAN 1    100                        77     23       71
..................................................................


WIND (MPH)
  RESULTANT WIND SPEED   9   RESULTANT WIND DIRECTION   W (290)
  HIGHEST WIND SPEED    28   HIGHEST WIND DIRECTION    NW (310)
  HIGHEST GUST SPEED    37   HIGHEST GUST DIRECTION     W (290)
  AVERAGE WIND SPEED    11.8


SKY COVER
  POSSIBLE SUNSHINE  MM
  AVERAGE SKY COVER 0.3


WEATHER CONDITIONS
 THE FOLLOWING WEATHER WAS RECORDED TODAY.
  LIGHT RAIN
  FOG


RELATIVE HUMIDITY (PERCENT)
 HIGHEST   100           200 AM
 LOWEST     44           100 PM

..........................................................


THE FORT MYERS CLIMATE NORMALS FOR TOMORROW
                         NORMAL    RECORD    YEAR
 MAXIMUM TEMPERATURE (F)   75        86      1975
                                             1943
 MINIMUM TEMPERATURE (F)   54        29      1905


SUNRISE AND SUNSET
JANUARY 26 2015.......SUNRISE   715 AM EST   SUNSET   605 PM EST
JANUARY 27 2015.......SUNRISE   715 AM EST   SUNSET   606 PM EST


-  INDICATES NEGATIVE NUMBERS.
R  INDICATES RECORD WAS SET OR TIED.
MM INDICATES DATA IS MISSING.
T  INDICATES TRACE AMOUNT.




$$


&&
------------------------------------------------------------------
******************** SUPPLEMENTAL DATA ***************************

...GULF WATER TEMPERATURE AT FORT MYERS BEACH 67
