000
CDUS42 KTBW 282119
CLIFMY


CLIMATE REPORT
NATIONAL WEATHER SERVICE TAMPA BAY FL
517 PM EDT SAT MAR 28 2015


...................................

...THE FORT MYERS CLIMATE SUMMARY FOR MARCH 28 2015...
VALID TODAY AS OF 0500 PM LOCAL TIME.

CLIMATE NORMAL PERIOD 1981 TO 2010
CLIMATE RECORD PERIOD 1902 TO 2015


WEATHER ITEM   OBSERVED TIME   RECORD YEAR NORMAL DEPARTURE LAST
                VALUE   (LST)  VALUE       VALUE  FROM      YEAR
                                                  NORMAL
..................................................................
TEMPERATURE (F)
 TODAY
  MAXIMUM         73    300 PM  91    1975  82     -9       84
  MINIMUM         58    820 AM  43    2013  61     -3       63
  AVERAGE         66                        71     -5       74

PRECIPITATION (IN)
  TODAY            0.00          1.87 1903   0.08  -0.08     0.00
  MONTH TO DATE    1.49                      2.62  -1.13     2.19
  SINCE MAR 1      1.49                      2.62  -1.13     2.19
  SINCE JAN 1      4.68                      6.71  -2.03     5.63

DEGREE DAYS
 HEATING
  TODAY            0                         0      0        0
  MONTH TO DATE    0                        21    -21        9
  SINCE MAR 1      0                        21    -21        9
  SINCE JUL 1    231                       281    -50      178

 COOLING
  TODAY            1                         7     -6        9
  MONTH TO DATE  299                       156    143      147
  SINCE MAR 1    299                       156    143      147
  SINCE JAN 1    447                       341    106      408
..................................................................


WIND (MPH)
  RESULTANT WIND SPEED  10   RESULTANT WIND DIRECTION   N (350)
  HIGHEST WIND SPEED    21   HIGHEST WIND DIRECTION    NW (320)
  HIGHEST GUST SPEED    26   HIGHEST GUST DIRECTION     N (20)
  AVERAGE WIND SPEED    11.4


SKY COVER
  POSSIBLE SUNSHINE  MM
  AVERAGE SKY COVER 0.0


WEATHER CONDITIONS
 THE FOLLOWING WEATHER WAS RECORDED TODAY.
  NO SIGNIFICANT WEATHER WAS OBSERVED.


RELATIVE HUMIDITY (PERCENT)
 HIGHEST    73           100 AM
 LOWEST     36           400 PM

..........................................................


THE FORT MYERS CLIMATE NORMALS FOR TOMORROW
                         NORMAL    RECORD    YEAR
 MAXIMUM TEMPERATURE (F)   82        90      2002
                                             1980
                                             1949
 MINIMUM TEMPERATURE (F)   61        48      2013
                                             1955
                                             1919


SUNRISE AND SUNSET
MARCH 28 2015.........SUNRISE   723 AM EDT   SUNSET   743 PM EDT
MARCH 29 2015.........SUNRISE   722 AM EDT   SUNSET   743 PM EDT


-  INDICATES NEGATIVE NUMBERS.
R  INDICATES RECORD WAS SET OR TIED.
MM INDICATES DATA IS MISSING.
T  INDICATES TRACE AMOUNT.




$$


&&
------------------------------------------------------------------
******************** SUPPLEMENTAL DATA ***************************

...GULF WATER TEMPERATURE AT FORT MYERS BEACH 76 DEGREES.
