000
CDUS43 KDTX 030538
CLIFNT


CLIMATE REPORT
NATIONAL WEATHER SERVICE DETROIT/PONTIAC MI
138 AM EDT TUE MAY 3 2016


...................................

...THE FLINT MI CLIMATE SUMMARY FOR MAY 2 2016...

CLIMATE NORMAL PERIOD 1981 TO 2010
CLIMATE RECORD PERIOD 1921 TO 2016


WEATHER ITEM   OBSERVED TIME   RECORD YEAR NORMAL DEPARTURE LAST
                VALUE   (LST)  VALUE       VALUE  FROM      YEAR
                                                  NORMAL
..................................................................
TEMPERATURE (F)
 YESTERDAY
  MAXIMUM         61    505 PM  85    2012  64     -3       76
  MINIMUM         42   1134 PM  27    1984  41      1       45
  AVERAGE         52                        52      0       61

PRECIPITATION (IN)
  YESTERDAY        0.30          0.75 1962   0.09   0.21     0.00
  MONTH TO DATE    0.38                      0.19   0.19     0.00
  SINCE MAR 1      7.04                      4.99   2.05     2.55
  SINCE JAN 1     10.89                      8.10   2.79     4.72

SNOWFALL (IN)
  YESTERDAY        0.0           0.1    MM   0.0    0.0      0.0
  MONTH TO DATE    0.0                       0.0    0.0      0.0
  SINCE MAR 1     18.4                       8.8    9.6      4.8
  SINCE JUL 1     69.0                      47.4   21.6     45.3
  SNOW DEPTH       0

DEGREE DAYS
 HEATING
  YESTERDAY       13                        13      0        4
  MONTH TO DATE   28                        26      2       11
  SINCE MAR 1   1307                      1545   -238     1492
  SINCE JUL 1   5177                      6633  -1456     6800

 COOLING
  YESTERDAY        0                         0      0        0
  MONTH TO DATE    0                         0      0        0
  SINCE MAR 1      1                         4     -3        0
  SINCE JAN 1      1                         4     -3        0
..................................................................


WIND (MPH)
  HIGHEST WIND SPEED    14   HIGHEST WIND DIRECTION     N (20)
  HIGHEST GUST SPEED    17   HIGHEST GUST DIRECTION     N (20)
  AVERAGE WIND SPEED     5.2


SKY COVER
  POSSIBLE SUNSHINE  MM
  AVERAGE SKY COVER 0.9


WEATHER CONDITIONS
 THE FOLLOWING WEATHER WAS RECORDED YESTERDAY.
  RAIN
  LIGHT RAIN
  FOG
  HAZE


RELATIVE HUMIDITY (PERCENT)
 HIGHEST    89           300 AM
 LOWEST     44           500 PM
 AVERAGE    67

..........................................................


THE FLINT MI CLIMATE NORMALS FOR TODAY
                         NORMAL    RECORD    YEAR
 MAXIMUM TEMPERATURE (F)   64        88      2012
                                             1938
 MINIMUM TEMPERATURE (F)   41        26      1986


SUNRISE AND SUNSET
MAY  3 2016...........SUNRISE   625 AM EDT   SUNSET   839 PM EDT
MAY  4 2016...........SUNRISE   624 AM EDT   SUNSET   840 PM EDT


-  INDICATES NEGATIVE NUMBERS.
R  INDICATES RECORD WAS SET OR TIED.
MM INDICATES DATA IS MISSING.
T  INDICATES TRACE AMOUNT.




$$
