000
CDUS43 KDTX 230545
CLIFNT


CLIMATE REPORT
NATIONAL WEATHER SERVICE DETROIT/PONTIAC MI
1245 AM EST MON JAN 23 2017


...................................

...THE FLINT MI CLIMATE SUMMARY FOR JANUARY 22 2017...

CLIMATE NORMAL PERIOD 1981 TO 2010
CLIMATE RECORD PERIOD 1921 TO 2017


WEATHER ITEM   OBSERVED TIME   RECORD YEAR NORMAL DEPARTURE LAST
                VALUE   (LST)  VALUE       VALUE  FROM      YEAR
                                                  NORMAL
..................................................................
TEMPERATURE (F)
 YESTERDAY
  MAXIMUM         49    237 PM  55    1933  29     20       31
  MINIMUM         33    337 AM -13    2014  15     18       21
                                      2000
  AVERAGE         41                        22     19       26

PRECIPITATION (IN)
  YESTERDAY        0.00          1.17 1999   0.04  -0.04      T
  MONTH TO DATE    2.61                      1.20   1.41     1.38
  SINCE DEC 1      4.20                      3.12   1.08     3.28
  SINCE JAN 1      2.61                      1.20   1.41     1.38

SNOWFALL (IN)
  YESTERDAY        0.0           9.0  2005   0.5   -0.5       T
  MONTH TO DATE    5.7                       9.4   -3.7     12.4
  SINCE DEC 1     25.9                      21.2    4.7     14.9
  SINCE JUL 1     25.9                      24.1    1.8     25.7
  SNOW DEPTH       0

DEGREE DAYS
 HEATING
  YESTERDAY       24                        43    -19       39
  MONTH TO DATE  807                       935   -128      857
  SINCE DEC 1   1955                      2099   -144     1594
  SINCE JUL 1   2996                      3580   -584     2575

 COOLING
  YESTERDAY        0                         0      0        0
  MONTH TO DATE    0                         0      0        0
  SINCE DEC 1      0                         0      0        0
  SINCE JAN 1      0                         0      0        0
..................................................................


WIND (MPH)
  HIGHEST WIND SPEED     8   HIGHEST WIND DIRECTION    NW (330)
  HIGHEST GUST SPEED    10   HIGHEST GUST DIRECTION     N (340)
  AVERAGE WIND SPEED     2.8


SKY COVER
  POSSIBLE SUNSHINE  MM
  AVERAGE SKY COVER 0.9


WEATHER CONDITIONS
 THE FOLLOWING WEATHER WAS RECORDED YESTERDAY.
  FOG
  FOG W/VISIBILITY <= 1/4 MILE


RELATIVE HUMIDITY (PERCENT)
 HIGHEST   100           100 AM
 LOWEST     93          1200 AM
 AVERAGE    97

..........................................................


THE FLINT MI CLIMATE NORMALS FOR TODAY
                         NORMAL    RECORD    YEAR
 MAXIMUM TEMPERATURE (F)   29        56      1967
 MINIMUM TEMPERATURE (F)   15       -13      1963


SUNRISE AND SUNSET
JANUARY 23 2017.......SUNRISE   758 AM EST   SUNSET   536 PM EST
JANUARY 24 2017.......SUNRISE   757 AM EST   SUNSET   537 PM EST


-  INDICATES NEGATIVE NUMBERS.
R  INDICATES RECORD WAS SET OR TIED.
MM INDICATES DATA IS MISSING.
T  INDICATES TRACE AMOUNT.




$$
