000
CDUS44 KTSA 270832
CLIFSM

CLIMATE REPORT
NATIONAL WEATHER SERVICE TULSA OK
147 AM CDT WED JUL 27 2016


...................................

...THE FORT SMITH ARKANSAS CLIMATE SUMMARY FOR JULY 26 2016...

CLIMATE NORMAL PERIOD 1981 TO 2010
CLIMATE RECORD PERIOD 1882 TO 2016


WEATHER ITEM   OBSERVED TIME   RECORD YEAR NORMAL DEPARTURE LAST
                VALUE   (LST)  VALUE       VALUE  FROM      YEAR
                                                  NORMAL
..................................................................
TEMPERATURE (F)
 YESTERDAY
  MAXIMUM         94    342 PM 106    1998  94      0       97
  MINIMUM         74    512 AM  58    1890  72      2       78
  AVERAGE         84                        83      1       88

PRECIPITATION (IN)
  YESTERDAY        0.03          1.87 1963   0.10  -0.07     0.00
  MONTH TO DATE    3.63                      2.78   0.85     8.79
  SINCE JUN 1      5.54                      7.06  -1.52    11.92
  SINCE JAN 1     22.75                     26.25  -3.50    45.17

DEGREE DAYS
 COOLING
  YESTERDAY       19                        18      1       23
  MONTH TO DATE  514                       448     66      505
  SINCE JUN 1   1017                       833    184      988
  SINCE JAN 1   1202                      1077    125     1228
..................................................................


WIND (MPH)
  HIGHEST WIND SPEED    18   HIGHEST WIND DIRECTION    NW (300)
  HIGHEST GUST SPEED    23   HIGHEST GUST DIRECTION     W (260)
  AVERAGE WIND SPEED     5.9


SKY COVER
  POSSIBLE SUNSHINE  MM
  AVERAGE SKY COVER 0.1


WEATHER CONDITIONS
 THE FOLLOWING WEATHER WAS RECORDED YESTERDAY.
  THUNDERSTORM
  LIGHT RAIN


RELATIVE HUMIDITY (PERCENT)
 HIGHEST    85          1200 AM
 LOWEST     46           400 PM
 AVERAGE    66

..........................................................


THE FORT SMITH ARKANSAS CLIMATE NORMALS FOR TODAY
                         NORMAL    RECORD    YEAR
 MAXIMUM TEMPERATURE (F)   94       107      2011
 MINIMUM TEMPERATURE (F)   72        61      1911


SUNRISE AND SUNSET
JULY 27 2016..........SUNRISE   623 AM CDT   SUNSET   825 PM CDT
JULY 28 2016..........SUNRISE   624 AM CDT   SUNSET   824 PM CDT


-  INDICATES NEGATIVE NUMBERS.
R  INDICATES RECORD WAS SET OR TIED.
MM INDICATES DATA IS MISSING.
T  INDICATES TRACE AMOUNT.




$$

&&
...........................................................

THE ARKANSAS RIVER AT VAN BUREN

                   OBSERVED      24 HOUR     24 HOUR
                    VALUE        CHANGE      FORECAST

 STAGE (FEET)
  THIS MORNING       19.8         -0.0

MEAN FLOW (CFS)
  TODAY                                        -99
...........................................................
ALL DATA MEASURED AT THE FORT SMITH REGIONAL AIRPORT
