000
CDUS44 KTSA 282137 RRA
CLIFSM

CLIMATE REPORT
NATIONAL WEATHER SERVICE TULSA OK
418 PM CDT WED JUN 28 2017


...................................

...THE FORT SMITH ARKANSAS CLIMATE SUMMARY FOR JUNE 28 2017...
VALID TODAY AS OF 0400 PM LOCAL TIME.

CLIMATE NORMAL PERIOD 1981 TO 2010
CLIMATE RECORD PERIOD 1882 TO 2017


WEATHER ITEM   OBSERVED TIME   RECORD YEAR NORMAL DEPARTURE LAST
                VALUE   (LST)  VALUE       VALUE  FROM      YEAR
                                                  NORMAL
..................................................................
TEMPERATURE (F)
 TODAY
  MAXIMUM         91    143 PM 106    2012  91      0       94
  MINIMUM         68    544 AM  55    1974  70     -2       68
  AVERAGE         80                        81     -1       81

PRECIPITATION (IN)
  TODAY            0.00          1.19 2000   0.14  -0.14     0.00
  MONTH TO DATE    5.75                      4.03   1.72     1.91
  SINCE JUN 1      5.75                      4.03   1.72     1.91
  SINCE JAN 1     27.83                     23.22   4.61    19.12

DEGREE DAYS
 COOLING
  TODAY           15                        16     -1       16
  MONTH TO DATE  371                       354     17      467
  SINCE JUN 1    371                       354     17      467
  SINCE JAN 1    689                       598     91      652
..................................................................


WIND (MPH)
  HIGHEST WIND SPEED    14   HIGHEST WIND DIRECTION     S (160)
  HIGHEST GUST SPEED    21   HIGHEST GUST DIRECTION     S (160)
  AVERAGE WIND SPEED     6.0


SKY COVER
  POSSIBLE SUNSHINE  MM
  AVERAGE SKY COVER 0.1


WEATHER CONDITIONS
 THE FOLLOWING WEATHER WAS RECORDED TODAY.
  NO SIGNIFICANT WEATHER WAS OBSERVED.


RELATIVE HUMIDITY (PERCENT)
 HIGHEST    87           500 AM
 LOWEST     50           100 PM
 AVERAGE    69

..........................................................


THE FORT SMITH ARKANSAS CLIMATE NORMALS FOR TOMORROW
                         NORMAL    RECORD    YEAR
 MAXIMUM TEMPERATURE (F)   91       105      2012
 MINIMUM TEMPERATURE (F)   70        56      1985


SUNRISE AND SUNSET
JUNE 28 2017..........SUNRISE   605 AM CDT   SUNSET   836 PM CDT
JUNE 29 2017..........SUNRISE   606 AM CDT   SUNSET   836 PM CDT


-  INDICATES NEGATIVE NUMBERS.
R  INDICATES RECORD WAS SET OR TIED.
MM INDICATES DATA IS MISSING.
T  INDICATES TRACE AMOUNT.




$$

&&
...........................................................

THE ARKANSAS RIVER AT VAN BUREN

                   OBSERVED      24 HOUR     24 HOUR
                    VALUE        CHANGE      FORECAST

 STAGE (FEET)
  THIS AFTERNOON     20.0         +0.4

 MEAN FLOW (CFS)
  TODAY                                        2512
...........................................................
ALL DATA MEASURED AT THE FORT SMITH REGIONAL AIRPORT
