000
CDUS44 KTSA 190814
CLIFSM

CLIMATE REPORT
NATIONAL WEATHER SERVICE TULSA OK
302 AM CDT FRI SEP 19 2014


...................................

...THE FORT SMITH ARKANSAS CLIMATE SUMMARY FOR SEPTEMBER 18 2014...

CLIMATE NORMAL PERIOD 1981 TO 2010
CLIMATE RECORD PERIOD 1882 TO 2014


WEATHER ITEM   OBSERVED TIME   RECORD YEAR NORMAL DEPARTURE LAST
                VALUE   (LST)  VALUE       VALUE  FROM      YEAR
                                                  NORMAL
..................................................................
TEMPERATURE (F)
 YESTERDAY
  MAXIMUM         84    416 PM  98    2005  84      0       92
  MINIMUM         67    644 AM  40    1981  61      6       73
  AVERAGE         76                        73      3       83

PRECIPITATION (IN)
  YESTERDAY        0.00          1.27 1991   0.14  -0.14     0.01
  MONTH TO DATE    6.88                      2.35   4.53     0.15
  SINCE SEP 1      6.88                      2.35   4.53     0.15
  SINCE JAN 1     30.33                     31.71  -1.38    35.02

DEGREE DAYS
 HEATING
  YESTERDAY        0                         1     -1        0
  MONTH TO DATE    4                         1      3        0
  SINCE SEP 1      4                         1      3        0
  SINCE JUL 1      4                         1      3        0

 COOLING
  YESTERDAY       11                         8      3       18
  MONTH TO DATE  210                       204      6      310
  SINCE SEP 1    210                       204      6      310
  SINCE JAN 1   1873                      1899    -26     2113
..................................................................


WIND (MPH)
  HIGHEST WIND SPEED    14   HIGHEST WIND DIRECTION    NE (60)
  HIGHEST GUST SPEED    17   HIGHEST GUST DIRECTION     E (80)
  AVERAGE WIND SPEED     5.4


SKY COVER
  POSSIBLE SUNSHINE  MM
  AVERAGE SKY COVER 0.0


WEATHER CONDITIONS
 THE FOLLOWING WEATHER WAS RECORDED YESTERDAY.
  NO SIGNIFICANT WEATHER WAS OBSERVED.


RELATIVE HUMIDITY (PERCENT)
 HIGHEST    93           200 AM
 LOWEST     51           200 PM
 AVERAGE    72

..........................................................


THE FORT SMITH ARKANSAS CLIMATE NORMALS FOR TODAY
                         NORMAL    RECORD    YEAR
 MAXIMUM TEMPERATURE (F)   84       100      1954
 MINIMUM TEMPERATURE (F)   61        40      1981


SUNRISE AND SUNSET
SEPTEMBER 19 2014.....SUNRISE   703 AM CDT   SUNSET   719 PM CDT
SEPTEMBER 20 2014.....SUNRISE   704 AM CDT   SUNSET   717 PM CDT


-  INDICATES NEGATIVE NUMBERS.
R  INDICATES RECORD WAS SET OR TIED.
MM INDICATES DATA IS MISSING.
T  INDICATES TRACE AMOUNT.




$$

&&
...........................................................

THE ARKANSAS RIVER AT VAN BUREN

                   OBSERVED      24 HOUR     24 HOUR
                    VALUE        CHANGE      FORECAST

 STAGE (FEET)
  THIS MORNING       19.6         +0.1

MEAN FLOW (CFS)
  TODAY                                        9000
...........................................................
ALL DATA MEASURED AT THE FORT SMITH REGIONAL AIRPORT
