000
CDUS44 KTSA 180801
CLIFSM

CLIMATE REPORT
NATIONAL WEATHER SERVICE TULSA OK
301 AM CDT FRI AUG 18 2017


...................................

...THE FORT SMITH ARKANSAS CLIMATE SUMMARY FOR AUGUST 17 2017...

CLIMATE NORMAL PERIOD 1981 TO 2010
CLIMATE RECORD PERIOD 1882 TO 2017


WEATHER ITEM   OBSERVED TIME   RECORD YEAR NORMAL DEPARTURE LAST
                VALUE   (LST)  VALUE       VALUE  FROM      YEAR
                                                  NORMAL
..................................................................
TEMPERATURE (F)
 YESTERDAY
  MAXIMUM         88    458 PM 108    1909  94     -6       88
  MINIMUM         72    339 AM  54    1992  71      1       73
  AVERAGE         80                        82     -2       81

PRECIPITATION (IN)
  YESTERDAY        0.38          2.60 1940   0.07   0.31      T
  MONTH TO DATE    5.98                      1.46   4.52     1.64
  SINCE JUN 1     19.01                      9.04   9.97     7.20
  SINCE JAN 1     41.09                     28.23  12.86    24.41

DEGREE DAYS
 COOLING
  YESTERDAY       15                        17     -2       16
  MONTH TO DATE  251                       305    -54      337
  SINCE JUN 1   1231                      1226      5     1447
  SINCE JAN 1   1549                      1470     79     1632
..................................................................


WIND (MPH)
  HIGHEST WIND SPEED    23   HIGHEST WIND DIRECTION     N (350)
  HIGHEST GUST SPEED    26   HIGHEST GUST DIRECTION     N (350)
  AVERAGE WIND SPEED     5.2


SKY COVER
  POSSIBLE SUNSHINE  MM
  AVERAGE SKY COVER 0.4


WEATHER CONDITIONS
 THE FOLLOWING WEATHER WAS RECORDED YESTERDAY.
  THUNDERSTORM
  HEAVY RAIN
  RAIN
  LIGHT RAIN
  FOG


RELATIVE HUMIDITY (PERCENT)
 HIGHEST   100           400 AM
 LOWEST     63           300 PM
 AVERAGE    82

..........................................................


THE FORT SMITH ARKANSAS CLIMATE NORMALS FOR TODAY
                         NORMAL    RECORD    YEAR
 MAXIMUM TEMPERATURE (F)   94       104      1999
                                             1956
                                             1936
 MINIMUM TEMPERATURE (F)   71        58      1992


SUNRISE AND SUNSET
AUGUST 18 2017........SUNRISE   640 AM CDT   SUNSET   802 PM CDT
AUGUST 19 2017........SUNRISE   640 AM CDT   SUNSET   801 PM CDT


-  INDICATES NEGATIVE NUMBERS.
R  INDICATES RECORD WAS SET OR TIED.
MM INDICATES DATA IS MISSING.
T  INDICATES TRACE AMOUNT.




$$

&&
...........................................................

THE ARKANSAS RIVER AT VAN BUREN

                   OBSERVED      24 HOUR     24 HOUR
                    VALUE        CHANGE      FORECAST

 STAGE (FEET)
  THIS MORNING       20.3         +0.7

 MEAN FLOW (CFS)
  TODAY                                        4705
...........................................................
ALL DATA MEASURED AT THE FORT SMITH REGIONAL AIRPORT
