000
CDUS44 KTSA 050905
CLIFSM

CLIMATE REPORT
NATIONAL WEATHER SERVICE TULSA OK
305 AM CST THU MAR 5 2015


...................................

...THE FORT SMITH ARKANSAS CLIMATE SUMMARY FOR MARCH 4 2015...

CLIMATE NORMAL PERIOD 1981 TO 2010
CLIMATE RECORD PERIOD 1882 TO 2015


WEATHER ITEM   OBSERVED TIME   RECORD YEAR NORMAL DEPARTURE LAST
                VALUE   (LST)  VALUE       VALUE  FROM      YEAR
                                                  NORMAL
..................................................................
TEMPERATURE (F)
 YESTERDAY
  MAXIMUM         47    554 AM  84    1938  61    -14       39
  MINIMUM         25   1032 PM  11    2002  38    -13       20
  AVERAGE         36                        49    -13       30

PRECIPITATION (IN)
  YESTERDAY        0.88          1.85 1989   0.12   0.76     0.00
  MONTH TO DATE    1.18                      0.44   0.74     1.04
  SINCE MAR 1      1.18                      0.44   0.74     1.04
  SINCE JAN 1      5.79                      6.01  -0.22     2.81

SNOWFALL (IN)
  YESTERDAY        1.0                                       0.0
  MONTH TO DATE    1.0                                       0.5
  SINCE MAR 1      1.0                                       0.5
  SINCE JUL 1      6.6                                      10.7

DEGREE DAYS
 HEATING
  YESTERDAY       29                        16     13       35
  MONTH TO DATE  109                        65     44      120
  SINCE MAR 1    109                        65     44      120
  SINCE JUL 1   2923                      2738    185     3065

 COOLING
  YESTERDAY        0                         0      0        0
  MONTH TO DATE    0                         0      0        0
  SINCE MAR 1      0                         0      0        0
  SINCE JAN 1      0                         1     -1        0
..................................................................


WIND (MPH)
  HIGHEST WIND SPEED    23   HIGHEST WIND DIRECTION     N (20)
  HIGHEST GUST SPEED    29   HIGHEST GUST DIRECTION     N (20)
  AVERAGE WIND SPEED    10.7


SKY COVER
  POSSIBLE SUNSHINE  MM
  AVERAGE SKY COVER 1.0


WEATHER CONDITIONS
 THE FOLLOWING WEATHER WAS RECORDED YESTERDAY.
  RAIN
  LIGHT RAIN
  SNOW
  LIGHT SNOW
  FOG
  FOG W/VISIBILITY <= 1/4 MILE
  HAZE


RELATIVE HUMIDITY (PERCENT)
 HIGHEST    93           400 AM
 LOWEST     75           800 PM
 AVERAGE    84

..........................................................


THE FORT SMITH ARKANSAS CLIMATE NORMALS FOR TODAY
                         NORMAL    RECORD    YEAR
 MAXIMUM TEMPERATURE (F)   61        84      1991
 MINIMUM TEMPERATURE (F)   38        16      1960


SUNRISE AND SUNSET
MARCH  5 2015.........SUNRISE   642 AM CST   SUNSET   616 PM CST
MARCH  6 2015.........SUNRISE   641 AM CST   SUNSET   617 PM CST


-  INDICATES NEGATIVE NUMBERS.
R  INDICATES RECORD WAS SET OR TIED.
MM INDICATES DATA IS MISSING.
T  INDICATES TRACE AMOUNT.




$$

&&
...........................................................

THE ARKANSAS RIVER AT VAN BUREN

                   OBSERVED      24 HOUR     24 HOUR
                    VALUE        CHANGE      FORECAST

 STAGE (FEET)
  THIS MORNING       19.5         +0.2

MEAN FLOW (CFS)
  TODAY                                        11700
...........................................................
ALL DATA MEASURED AT THE FORT SMITH REGIONAL AIRPORT
