804
CDUS42 KFFC 200820
CLIFTY


CLIMATE REPORT
NATIONAL WEATHER SERVICE PEACHTREE CITY GA
419 AM EDT SUN AUG 20 2017


...................................

...THE FULTON COUNTY AIRPORT CLIMATE SUMMARY FOR AUGUST 19 2017...

CLIMATE NORMAL PERIOD 1981 TO 2010
CLIMATE RECORD PERIOD 9999 TO 9999


WEATHER ITEM   OBSERVED TIME   RECORD YEAR NORMAL DEPARTURE LAST
                VALUE   (LST)  VALUE       VALUE  FROM      YEAR
                                                  NORMAL
..................................................................
TEMPERATURE (F)
 YESTERDAY
  MAXIMUM         92    413 PM  MM      MM  88      4       92
  MINIMUM         67    604 AM  MM      MM  70     -3       72
  AVERAGE         80                        79      1       82

PRECIPITATION (IN)
  YESTERDAY        0.00         MM      MM   0.16  -0.16     0.02
  MONTH TO DATE    2.38                      3.08  -0.70     0.69
  SINCE JUN 1     12.21                     12.27  -0.06     5.86
  SINCE JAN 1     34.44                     33.76   0.68    22.67

DEGREE DAYS
 COOLING
  YESTERDAY       15                        14      1       17
  MONTH TO DATE  271                       275     -4      338
  SINCE JUN 1   1108                      1084     24     1326
  SINCE JAN 1   1437                      1284    153     1558
..................................................................


WIND (MPH)
  RESULTANT WIND SPEED   1   RESULTANT WIND DIRECTION  NW (330)
  HIGHEST WIND SPEED    10   HIGHEST WIND DIRECTION    NW (330)
  HIGHEST GUST SPEED    14   HIGHEST GUST DIRECTION    NW (330)
  AVERAGE WIND SPEED     2.4


SKY COVER
  AVERAGE SKY COVER 0.0


WEATHER CONDITIONS
 THE FOLLOWING WEATHER WAS RECORDED YESTERDAY.
  NO SIGNIFICANT WEATHER WAS OBSERVED.


RELATIVE HUMIDITY (PERCENT)
 HIGHEST   100           500 AM
 LOWEST     41           400 PM
 AVERAGE    71

..........................................................


THE FULTON COUNTY AIRPORT CLIMATE NORMALS FOR TODAY
                         NORMAL    RECORD    YEAR
 MAXIMUM TEMPERATURE (F)   88        MM        MM
 MINIMUM TEMPERATURE (F)   69        MM        MM


SUNRISE AND SUNSET
AUGUST 20 2017........SUNRISE   704 AM EDT   SUNSET   818 PM EDT
AUGUST 21 2017........SUNRISE   704 AM EDT   SUNSET   817 PM EDT


-  INDICATES NEGATIVE NUMBERS.
R  INDICATES RECORD WAS SET OR TIED.
MM INDICATES DATA IS MISSING.
T  INDICATES TRACE AMOUNT.




$$
