205
CDUS42 KFFC 200031
CLIFTY


CLIMATE REPORT
NATIONAL WEATHER SERVICE PEACHTREE CITY GA
731 PM EST SUN FEB 19 2017


...................................

...THE FULTON COUNTY AIRPORT CLIMATE SUMMARY FOR FEBRUARY 19 2017...
VALID AS OF 0700 PM LOCAL TIME.

CLIMATE NORMAL PERIOD 1981 TO 2010
CLIMATE RECORD PERIOD 9999 TO 9999


WEATHER ITEM   OBSERVED TIME   RECORD YEAR NORMAL DEPARTURE LAST
                VALUE   (LST)  VALUE       VALUE  FROM      YEAR
                                                  NORMAL
..................................................................
TEMPERATURE (F)
 TODAY
  MAXIMUM         68    514 PM  MM      MM  58     10       66
  MINIMUM         50    433 AM  MM      MM  36     14       33
  AVERAGE         59                        47     12       50

PRECIPITATION (IN)
  TODAY            0.00         MM      MM   0.19  -0.19     0.00
  MONTH TO DATE    1.29                      3.17  -1.88     2.80
  SINCE DEC 1     10.45                     11.43  -0.98    16.50

SNOWFALL (IN)
  TODAY            0.0          MM      MM  MM     MM        0.0
  MONTH TO DATE    0.0                      MM     MM         T
  SINCE DEC 1      0.0                      MM     MM         T
  SINCE JUL 1      0.0                      MM     MM        0.1
  SNOW DEPTH       0

DEGREE DAYS
 HEATING
  TODAY            6                        18    -12       15
  MONTH TO DATE  160                       373   -213      382
  SINCE DEC 1   1030                      1679   -649     1417
  SINCE JUL 1   1350                      2189   -839     1774

 COOLING
  TODAY            0                         0      0        0
  MONTH TO DATE    0                         0      0        0
  SINCE DEC 1      0                         1     -1       20
  SINCE JAN 1      0                         0      0        0
..................................................................


WIND (MPH)
  RESULTANT WIND SPEED   4   RESULTANT WIND DIRECTION  NW (330)
  HIGHEST WIND SPEED    17   HIGHEST WIND DIRECTION    NW (320)
  HIGHEST GUST SPEED    22   HIGHEST GUST DIRECTION     N (360)
  AVERAGE WIND SPEED     4.8


SKY COVER
  AVERAGE SKY COVER 0.6


WEATHER CONDITIONS
 THE FOLLOWING WEATHER WAS RECORDED TODAY.
  NO SIGNIFICANT WEATHER WAS OBSERVED.


RELATIVE HUMIDITY (PERCENT)
 HIGHEST    93           300 AM
 LOWEST     45           500 PM
 AVERAGE    69

..........................................................


THE FULTON COUNTY AIRPORT CLIMATE NORMALS FOR TOMORROW
                         NORMAL    RECORD    YEAR
 MAXIMUM TEMPERATURE (F)   58        MM        MM
 MINIMUM TEMPERATURE (F)   36        MM        MM


SUNRISE AND SUNSET
FEBRUARY 19 2017......SUNRISE   718 AM EST   SUNSET   626 PM EST
FEBRUARY 20 2017......SUNRISE   717 AM EST   SUNSET   627 PM EST


-  INDICATES NEGATIVE NUMBERS.
R  INDICATES RECORD WAS SET OR TIED.
MM INDICATES DATA IS MISSING.
T  INDICATES TRACE AMOUNT.




$$
