000
CDUS46 KSGX 251420
CLIFUL


CLIMATE REPORT
NATIONAL WEATHER SERVICE SAN DIEGO, CA
720 AM PDT MON MAY 25 2015


...................................

...THE FULLERTON AIRPORT CA CLIMATE SUMMARY FOR MAY 24 2015...

CLIMATE NORMAL PERIOD 1981 TO 2010
CLIMATE RECORD PERIOD 1998 TO 2015


WEATHER ITEM   OBSERVED TIME   RECORD YEAR NORMAL DEPARTURE LAST
                VALUE   (LST)  VALUE       VALUE  FROM      YEAR
                                                  NORMAL
..................................................................
TEMPERATURE (F)
 YESTERDAY
  MAXIMUM         72    255 PM  85    2006  75     -3       71
  MINIMUM         60   1121 PM  54    2010  59      1       63
  AVERAGE         66                        67     -1       67

PRECIPITATION (IN)
  YESTERDAY        0.00          0.00   MM   0.01  -0.01     0.00
  MONTH TO DATE    0.80                      0.24   0.56     0.00
  SINCE OCT 1      6.35                     13.45  -7.10     4.77
  SINCE JAN 1      2.53                      9.55  -7.02     3.46

SNOWFALL (IN)
  YESTERDAY        0.0
  MONTH TO DATE    0.0
  SINCE MAR 1      0.0
  SINCE JUL 1      0.0
  SNOW DEPTH       0

DEGREE DAYS
 HEATING
  YESTERDAY        0                         1     -1        0
  MONTH TO DATE   26                        29     -3        2
  SINCE MAR 1     90                       301   -211       93
  SINCE JUL 1    453                      1223   -770      591

 COOLING
  YESTERDAY        1                         3     -2        2
  MONTH TO DATE   33                        50    -17      155
  SINCE MAR 1    270                        93    177      282
  SINCE JAN 1    321                       102    219      302
..................................................................


WIND (MPH)
  RESULTANT WIND SPEED   3   RESULTANT WIND DIRECTION  SW (210)
  HIGHEST WIND SPEED    12   HIGHEST WIND DIRECTION     S (190)
  HIGHEST GUST SPEED    15   HIGHEST GUST DIRECTION     S (190)
  AVERAGE WIND SPEED     3.5


SKY COVER
  POSSIBLE SUNSHINE  MM
  AVERAGE SKY COVER 0.7


WEATHER CONDITIONS
 THE FOLLOWING WEATHER WAS RECORDED YESTERDAY.
  NO SIGNIFICANT WEATHER WAS OBSERVED.


RELATIVE HUMIDITY (PERCENT)
 HIGHEST    78          1100 PM
 LOWEST     49           300 PM
 AVERAGE    64

..........................................................


THE FULLERTON AIRPORT CA CLIMATE NORMALS FOR TODAY
                         NORMAL    RECORD    YEAR
 MAXIMUM TEMPERATURE (F)   75        81      2014
 MINIMUM TEMPERATURE (F)   59        51      2010


SUNRISE AND SUNSET
MAY 25 2015...........SUNRISE   545 AM PDT   SUNSET   753 PM PDT
MAY 26 2015...........SUNRISE   544 AM PDT   SUNSET   754 PM PDT


-  INDICATES NEGATIVE NUMBERS.
R  INDICATES RECORD WAS SET OR TIED.
MM INDICATES DATA IS MISSING.
T  INDICATES TRACE AMOUNT.




$$
