000
CDUS46 KSGX 041416
CLIFUL


CLIMATE REPORT
NATIONAL WEATHER SERVICE SAN DIEGO, CA
716 AM PDT FRI SEP 4 2015


...................................

...THE FULLERTON AIRPORT CA CLIMATE SUMMARY FOR SEPTEMBER 3 2015...

CLIMATE NORMAL PERIOD 1981 TO 2010
CLIMATE RECORD PERIOD 1998 TO 2015


WEATHER ITEM   OBSERVED TIME   RECORD YEAR NORMAL DEPARTURE LAST
                VALUE   (LST)  VALUE       VALUE  FROM      YEAR
                                                  NORMAL
..................................................................
TEMPERATURE (F)
 YESTERDAY
  MAXIMUM         81    121 PM 108    2007  86     -5       85
  MINIMUM         68   1159 PM  58    2010  65      3       70
  AVERAGE         75                        75      0       78

PRECIPITATION (IN)
  YESTERDAY        0.00          0.02 2005   0.00   0.00     0.00
  MONTH TO DATE    0.00                      0.00   0.00     0.00
  SINCE OCT 1      6.83                     13.64  -6.81     4.87
  SINCE JAN 1      3.01                      9.74  -6.73     3.56

DEGREE DAYS
 HEATING
  YESTERDAY        0                         0      0        0
  MONTH TO DATE    0                         0      0        0
  SINCE SEP 1      0                         0      0        0
  SINCE JUL 1      0                         0      0        0

 COOLING
  YESTERDAY       10                        10      0       13
  MONTH TO DATE   32                        30      2       38
  SINCE SEP 1     32                        30      2       38
  SINCE JAN 1   1411                       893    518     1400
..................................................................


WIND (MPH)
  RESULTANT WIND SPEED   4   RESULTANT WIND DIRECTION  SE (150)
  HIGHEST WIND SPEED    12   HIGHEST WIND DIRECTION     S (190)
  HIGHEST GUST SPEED    15   HIGHEST GUST DIRECTION     S (190)
  AVERAGE WIND SPEED     4.8


SKY COVER
  POSSIBLE SUNSHINE  MM
  AVERAGE SKY COVER 0.4


WEATHER CONDITIONS
 THE FOLLOWING WEATHER WAS RECORDED YESTERDAY.
  NO SIGNIFICANT WEATHER WAS OBSERVED.


RELATIVE HUMIDITY (PERCENT)
 HIGHEST    73          1200 AM
 LOWEST     48          1200 PM
 AVERAGE    61

..........................................................


THE FULLERTON AIRPORT CA CLIMATE NORMALS FOR TODAY
                         NORMAL    RECORD    YEAR
 MAXIMUM TEMPERATURE (F)   86       102      2013
 MINIMUM TEMPERATURE (F)   65        57      2005


SUNRISE AND SUNSET
SEPTEMBER  4 2015.....SUNRISE   627 AM PDT   SUNSET   714 PM PDT
SEPTEMBER  5 2015.....SUNRISE   628 AM PDT   SUNSET   712 PM PDT


-  INDICATES NEGATIVE NUMBERS.
R  INDICATES RECORD WAS SET OR TIED.
MM INDICATES DATA IS MISSING.
T  INDICATES TRACE AMOUNT.




$$
