000
CDUS46 KSGX 160016
CLIFUL


CLIMATE REPORT
NATIONAL WEATHER SERVICE SAN DIEGO, CA
516 PM PDT TUE APR 15 2014


...................................

...THE FULLERTON AIRPORT CA CLIMATE SUMMARY FOR APRIL 15 2014...
VALID TODAY AS OF 0500 PM LOCAL TIME.

CLIMATE NORMAL PERIOD 1981 TO 2010
CLIMATE RECORD PERIOD 1998 TO 2014


WEATHER ITEM   OBSERVED TIME   RECORD YEAR NORMAL DEPARTURE LAST
                VALUE   (LST)  VALUE       VALUE  FROM      YEAR
                                                  NORMAL
..................................................................
TEMPERATURE (F)
 TODAY
  MAXIMUM         78    359 PM  89    2011  73      5       69
  MINIMUM         58    642 AM  44    2009  52      6       59
  AVERAGE         68                        62      6       64

PRECIPITATION (IN)
  TODAY            0.00          0.06 2002   0.03  -0.03     0.03
  MONTH TO DATE    0.22                      0.41  -0.19     0.03
  SINCE JUL 1      4.57                     13.08  -8.51     5.37
  SINCE JAN 1      3.26                      8.85  -5.59     2.06

SNOWFALL (IN)
  TODAY            0.0
  MONTH TO DATE    0.0
  SINCE JAN 1      0.0
  SINCE JUL 1      0.0
  SNOW DEPTH       0

DEGREE DAYS
 HEATING
  TODAY            0                         3     -3        1
  MONTH TO DATE   31                        62    -31        7
  SINCE MAR 1     84                       232   -148       51
  SINCE JUL 1    582                      1154   -572      722

 COOLING
  TODAY            3                         1      2        0
  MONTH TO DATE   42                        12     30       30
  SINCE MAR 1     77                        25     52       69
  SINCE JAN 1     97                        34     63       81
..................................................................


WIND (MPH)
  RESULTANT WIND SPEED   2   RESULTANT WIND DIRECTION   S (170)
  HIGHEST WIND SPEED    10   HIGHEST WIND DIRECTION    SW (210)
  HIGHEST GUST SPEED    14   HIGHEST GUST DIRECTION    SW (220)
  AVERAGE WIND SPEED     3.9


SKY COVER
  POSSIBLE SUNSHINE  MM
  AVERAGE SKY COVER 0.3


WEATHER CONDITIONS
 THE FOLLOWING WEATHER WAS RECORDED TODAY.
  FOG
  HAZE


RELATIVE HUMIDITY (PERCENT)
 HIGHEST    87           200 AM
 LOWEST     39           400 PM
 AVERAGE    63

..........................................................


THE FULLERTON AIRPORT CA CLIMATE NORMALS FOR TOMORROW
                         NORMAL    RECORD    YEAR
 MAXIMUM TEMPERATURE (F)   73        90      1999
 MINIMUM TEMPERATURE (F)   52        46      2009


SUNRISE AND SUNSET
APRIL 15 2014.........SUNRISE   621 AM PDT   SUNSET   723 PM PDT
APRIL 16 2014.........SUNRISE   620 AM PDT   SUNSET   724 PM PDT


-  INDICATES NEGATIVE NUMBERS.
R  INDICATES RECORD WAS SET OR TIED.
MM INDICATES DATA IS MISSING.
T  INDICATES TRACE AMOUNT.




$$
