000
CDUS46 KSGX 240017
CLIFUL


CLIMATE REPORT
NATIONAL WEATHER SERVICE SAN DIEGO, CA
517 PM PDT WED APR 23 2014


...................................

...THE FULLERTON AIRPORT CA CLIMATE SUMMARY FOR APRIL 23 2014...
VALID TODAY AS OF 0500 PM LOCAL TIME.

CLIMATE NORMAL PERIOD 1981 TO 2010
CLIMATE RECORD PERIOD 1998 TO 2014


WEATHER ITEM   OBSERVED TIME   RECORD YEAR NORMAL DEPARTURE LAST
                VALUE   (LST)  VALUE       VALUE  FROM      YEAR
                                                  NORMAL
..................................................................
TEMPERATURE (F)
 TODAY
  MAXIMUM         75    220 PM  88    2004  74      1       77
  MINIMUM         56    538 AM  44    2010  54      2       60
  AVERAGE         66                        64      2       69

PRECIPITATION (IN)
  TODAY            0.00          0.02 2012   0.04  -0.04     0.00
  MONTH TO DATE    0.22                      0.68  -0.46     0.03
  SINCE JUL 1      4.57                     13.35  -8.78     5.37
  SINCE JAN 1      3.26                      9.12  -5.86     2.06

SNOWFALL (IN)
  TODAY            0.0
  MONTH TO DATE    0.0
  SINCE JAN 1      0.0
  SINCE JUL 1      0.0
  SNOW DEPTH       0

DEGREE DAYS
 HEATING
  TODAY            0                         3     -3        0
  MONTH TO DATE   31                        86    -55       10
  SINCE MAR 1     84                       256   -172       54
  SINCE JUL 1    582                      1178   -596      725

 COOLING
  TODAY            1                         1      0        4
  MONTH TO DATE   58                        20     38       58
  SINCE MAR 1     93                        33     60       97
  SINCE JAN 1    113                        42     71      109
..................................................................


WIND (MPH)
  RESULTANT WIND SPEED   3   RESULTANT WIND DIRECTION  SE (120)
  HIGHEST WIND SPEED    12   HIGHEST WIND DIRECTION     S (180)
  HIGHEST GUST SPEED    17   HIGHEST GUST DIRECTION    SW (210)
  AVERAGE WIND SPEED     4.8


SKY COVER
  POSSIBLE SUNSHINE  MM
  AVERAGE SKY COVER 0.1


WEATHER CONDITIONS
 THE FOLLOWING WEATHER WAS RECORDED TODAY.
  NO SIGNIFICANT WEATHER WAS OBSERVED.


RELATIVE HUMIDITY (PERCENT)
 HIGHEST    80           200 AM
 LOWEST     35           400 PM
 AVERAGE    58

..........................................................


THE FULLERTON AIRPORT CA CLIMATE NORMALS FOR TOMORROW
                         NORMAL    RECORD    YEAR
 MAXIMUM TEMPERATURE (F)   74        94      2001
 MINIMUM TEMPERATURE (F)   54        49      2006


SUNRISE AND SUNSET
APRIL 23 2014.........SUNRISE   612 AM PDT   SUNSET   729 PM PDT
APRIL 24 2014.........SUNRISE   610 AM PDT   SUNSET   730 PM PDT


-  INDICATES NEGATIVE NUMBERS.
R  INDICATES RECORD WAS SET OR TIED.
MM INDICATES DATA IS MISSING.
T  INDICATES TRACE AMOUNT.




$$
