000
CDUS46 KSGX 200017
CLIFUL


CLIMATE REPORT
NATIONAL WEATHER SERVICE SAN DIEGO, CA
417 PM PST MON FEB 19 2018


...................................

...THE FULLERTON AIRPORT CA CLIMATE SUMMARY FOR FEBRUARY 19 2018...
VALID TODAY AS OF 0400 PM LOCAL TIME.

CLIMATE NORMAL PERIOD 1981 TO 2010
CLIMATE RECORD PERIOD 1998 TO 2018


WEATHER ITEM   OBSERVED TIME   RECORD YEAR NORMAL DEPARTURE LAST
                VALUE   (LST)  VALUE       VALUE  FROM      YEAR
                                                  NORMAL
..................................................................
TEMPERATURE (F)
 TODAY
  MAXIMUM         61   1215 PM  77    2000  68     -7       62
  MINIMUM         52    746 AM  42    2006  48      4       51
  AVERAGE         57                        58     -1       57

PRECIPITATION (IN)
  TODAY            T             1.94 2005   0.15  -0.15     0.01
  MONTH TO DATE    0.01                      2.20  -2.19     2.89
  SINCE OCT 1      1.22                      9.13  -7.91    15.93
  SINCE JAN 1      1.14                      5.23  -4.09    10.02

DEGREE DAYS
 HEATING
  TODAY            8                         7      1        8
  MONTH TO DATE   55                       145    -90       90
  SINCE DEC 1    311                       698   -387      552
  SINCE JUL 1    333                       862   -529      616

 COOLING
  TODAY            0                         0      0        0
  MONTH TO DATE   10                         0     10        3
  SINCE DEC 1     48                         5     43        3
  SINCE JAN 1     37                         4     33        3
..................................................................


WIND (MPH)
  RESULTANT WIND SPEED   5   RESULTANT WIND DIRECTION   W (270)
  HIGHEST WIND SPEED    17   HIGHEST WIND DIRECTION     W (250)
  HIGHEST GUST SPEED    28   HIGHEST GUST DIRECTION     W (270)
  AVERAGE WIND SPEED     8.4


SKY COVER
  POSSIBLE SUNSHINE  MM
  AVERAGE SKY COVER 0.5


WEATHER CONDITIONS
 THE FOLLOWING WEATHER WAS RECORDED TODAY.
  NO SIGNIFICANT WEATHER WAS OBSERVED.


RELATIVE HUMIDITY (PERCENT)
 HIGHEST    72          1200 AM
 LOWEST     21          1100 AM
 AVERAGE    47

..........................................................


THE FULLERTON AIRPORT CA CLIMATE NORMALS FOR TOMORROW
                         NORMAL    RECORD    YEAR
 MAXIMUM TEMPERATURE (F)   68        84      2014
 MINIMUM TEMPERATURE (F)   48        38      2006


SUNRISE AND SUNSET
FEBRUARY 19 2018......SUNRISE   632 AM PST   SUNSET   540 PM PST
FEBRUARY 20 2018......SUNRISE   631 AM PST   SUNSET   541 PM PST


-  INDICATES NEGATIVE NUMBERS.
R  INDICATES RECORD WAS SET OR TIED.
MM INDICATES DATA IS MISSING.
T  INDICATES TRACE AMOUNT.




$$
