873
CDUS41 KCAR 210526
CLIFVE


CLIMATE REPORT
NATIONAL WEATHER SERVICE CARIBOU, ME
1226 AM EST TUE NOV 21 2017


...................................

...THE FRENCHVILLE ME CLIMATE SUMMARY FOR NOVEMBER 20 2017...

CLIMATE NORMAL PERIOD 1981 TO 2010
CLIMATE RECORD PERIOD 9999 TO 9999


WEATHER ITEM   OBSERVED TIME   RECORD YEAR NORMAL DEPARTURE LAST
                VALUE   (LST)  VALUE       VALUE  FROM      YEAR
                                                  NORMAL
..................................................................
TEMPERATURE (F)
 YESTERDAY
  MAXIMUM         26    122 AM              34     -8
  MINIMUM         11   1056 PM              22    -11
  AVERAGE         19                        28     -9

PRECIPITATION (IN)
  YESTERDAY        T            MM      MM   0.11  -0.11     0.26
  MONTH TO DATE    3.02                      1.93   1.09     1.36
  SINCE SEP 1     13.34                      7.99   5.35     7.01
  SINCE JAN 1     34.73                     30.05   4.68    29.75

SNOWFALL (IN)
  YESTERDAY       MM            MM      MM  MM     MM       MM
  MONTH TO DATE   MM                        MM     MM       MM
  SINCE SEP 1     MM                        MM     MM       MM
  SINCE JUL 1     MM                        MM     MM       MM
  SNOW DEPTH      MM

DEGREE DAYS
 HEATING
  YESTERDAY       46                                9
  MONTH TO DATE  725                               70
  SINCE JUL 1   1639                             -276

 COOLING
  YESTERDAY        0                                0
  MONTH TO DATE    0                                0
  SINCE JAN 1    105                              -29
..................................................................


WIND (MPH)
  HIGHEST WIND SPEED    25   HIGHEST WIND DIRECTION     W (290)
  HIGHEST GUST SPEED    34   HIGHEST GUST DIRECTION     W (290)
  AVERAGE WIND SPEED    16.0




..........................................................


THE FRENCHVILLE ME CLIMATE NORMALS FOR TODAY
                         NORMAL
 MAXIMUM TEMPERATURE (F)   33
 MINIMUM TEMPERATURE (F)   22


SUNRISE AND SUNSET
NOVEMBER 21 2017......SUNRISE   646 AM EST   SUNSET   352 PM EST
NOVEMBER 22 2017......SUNRISE   648 AM EST   SUNSET   351 PM EST


-  INDICATES NEGATIVE NUMBERS.
R  INDICATES RECORD WAS SET OR TIED.
MM INDICATES DATA IS MISSING.
T  INDICATES TRACE AMOUNT.




$$
