000
CDUS41 KCAR 270537
CLIFVE


CLIMATE REPORT
NATIONAL WEATHER SERVICE CARIBOU, ME
1234 AM EST MON FEB 27 2017


...................................

...THE FRENCHVILLE ME CLIMATE SUMMARY FOR FEBRUARY 26 2017...

CLIMATE NORMAL PERIOD 1981 TO 2010
CLIMATE RECORD PERIOD 9999 TO 9999


WEATHER ITEM   OBSERVED TIME   RECORD YEAR NORMAL DEPARTURE LAST
                VALUE   (LST)  VALUE       VALUE  FROM      YEAR
                                                  NORMAL
..................................................................
TEMPERATURE (F)
 YESTERDAY
  MAXIMUM         44    129 AM              25     19
  MINIMUM         17   1111 PM               8      9
  AVERAGE         31                        17     14

PRECIPITATION (IN)
  YESTERDAY        0.41         MM      MM   0.04   0.37      T
  MONTH TO DATE    0.90                      0.73   0.17     2.60
  SINCE DEC 1      4.19                      5.03  -0.84     6.21
  SINCE JAN 1      2.62                      2.49   0.13     3.22

SNOWFALL (IN)
  YESTERDAY       MM            MM      MM  MM     MM       MM
  MONTH TO DATE   MM                        MM     MM       MM
  SINCE DEC 1     MM                        MM     MM       MM
  SINCE JUL 1     MM                        MM     MM       MM
  SNOW DEPTH      MM

DEGREE DAYS
 HEATING
  YESTERDAY       34                              -14
  MONTH TO DATE 1291                              -69
  SINCE JUL 1   6104                             -800

 COOLING
  YESTERDAY        0                                0
  MONTH TO DATE    0                                0
  SINCE JAN 1      0                                0
..................................................................


WIND (MPH)
  HIGHEST WIND SPEED    33   HIGHEST WIND DIRECTION     W (290)
  HIGHEST GUST SPEED    40   HIGHEST GUST DIRECTION     W (290)
  AVERAGE WIND SPEED    17.1




..........................................................


THE FRENCHVILLE ME CLIMATE NORMALS FOR TODAY
                         NORMAL
 MAXIMUM TEMPERATURE (F)   26
 MINIMUM TEMPERATURE (F)    9


SUNRISE AND SUNSET
FEBRUARY 27 2017......SUNRISE   617 AM EST   SUNSET   516 PM EST
FEBRUARY 28 2017......SUNRISE   615 AM EST   SUNSET   517 PM EST


-  INDICATES NEGATIVE NUMBERS.
R  INDICATES RECORD WAS SET OR TIED.
MM INDICATES DATA IS MISSING.
T  INDICATES TRACE AMOUNT.




$$
