915
CDUS41 KCAR 260526
CLIFVE


CLIMATE REPORT
NATIONAL WEATHER SERVICE CARIBOU, ME
126 AM EDT MON SEP 26 2016


...................................

...THE FRENCHVILLE ME CLIMATE SUMMARY FOR SEPTEMBER 25 2016...

CLIMATE NORMAL PERIOD 1981 TO 2010
CLIMATE RECORD PERIOD 9999 TO 9999


WEATHER ITEM   OBSERVED TIME   RECORD YEAR NORMAL DEPARTURE LAST
                VALUE   (LST)  VALUE       VALUE  FROM      YEAR
                                                  NORMAL
..................................................................
TEMPERATURE (F)
 YESTERDAY
  MAXIMUM         53    157 PM              59     -6
  MINIMUM         40   1159 PM              41     -1
  AVERAGE         47                        50     -3

PRECIPITATION (IN)
  YESTERDAY        T            MM      MM   0.11  -0.11     0.00
  MONTH TO DATE    2.49                      3.01  -0.52     1.72
  SINCE SEP 1      2.49                      3.01  -0.52     1.72
  SINCE JAN 1     25.23                     25.07   0.16    19.41

SNOWFALL (IN)
  YESTERDAY       MM            MM      MM  MM     MM       MM
  MONTH TO DATE   MM                        MM     MM       MM
  SINCE SEP 1     MM                        MM     MM       MM
  SINCE JUL 1     MM                        MM     MM       MM
  SNOW DEPTH      MM

DEGREE DAYS
 HEATING
  YESTERDAY       18                                3
  MONTH TO DATE  153                             -117
  SINCE JUL 1    260                             -202

 COOLING
  YESTERDAY        0                                0
  MONTH TO DATE   20                               10
  SINCE JAN 1    221                               87
..................................................................


WIND (MPH)
  HIGHEST WIND SPEED    24   HIGHEST WIND DIRECTION    NW (310)
  HIGHEST GUST SPEED    34   HIGHEST GUST DIRECTION    NW (300)
  AVERAGE WIND SPEED    12.5




..........................................................


THE FRENCHVILLE ME CLIMATE NORMALS FOR TODAY
                         NORMAL
 MAXIMUM TEMPERATURE (F)   58
 MINIMUM TEMPERATURE (F)   41


SUNRISE AND SUNSET
SEPTEMBER 26 2016.....SUNRISE   626 AM EDT   SUNSET   622 PM EDT
SEPTEMBER 27 2016.....SUNRISE   627 AM EDT   SUNSET   620 PM EDT


-  INDICATES NEGATIVE NUMBERS.
R  INDICATES RECORD WAS SET OR TIED.
MM INDICATES DATA IS MISSING.
T  INDICATES TRACE AMOUNT.




$$
