000
CDUS43 KIWX 290528
CLIFWA


CLIMATE REPORT
NATIONAL WEATHER SERVICE NORTHERN INDIANA
126 AM EDT SUN MAR 29 2015


...................................

...THE FORT WAYNE CLIMATE SUMMARY FOR MARCH 28 2015...

CLIMATE NORMAL PERIOD 1981 TO 2010
CLIMATE RECORD PERIOD 1897 TO 2015


WEATHER ITEM   OBSERVED TIME   RECORD YEAR NORMAL DEPARTURE LAST
                VALUE   (LST)  VALUE       VALUE  FROM      YEAR
                                                  NORMAL
..................................................................
TEMPERATURE (F)
 YESTERDAY
  MAXIMUM         37    458 PM  84    1910  53    -16       51
  MINIMUM         16    645 AM  10    1955  33    -17       35
  AVERAGE         27                        43    -16       43

PRECIPITATION (IN)
  YESTERDAY        0.00          2.12 1907   0.11  -0.11     0.05
  MONTH TO DATE    2.07                      2.39  -0.32     1.64
  SINCE MAR 1      2.07                      2.39  -0.32     1.64
  SINCE JAN 1      5.84                      6.69  -0.85     7.88

SNOWFALL (IN)
  YESTERDAY        0.0           0.5  1964   0.1   -0.1      0.0
  MONTH TO DATE    8.6                       3.9    4.7     12.2
  SINCE MAR 1      8.6                       3.9    4.7     12.2
  SINCE JUL 1     45.1                      32.3   12.8     74.0
  SNOW DEPTH       0

DEGREE DAYS
 HEATING
  YESTERDAY       38                        22     16       22
  MONTH TO DATE  892                       763    129      994
  SINCE MAR 1    892                       763    129      994
  SINCE JUL 1   6041                      5361    680     6247

 COOLING
  YESTERDAY        0                         0      0        0
  MONTH TO DATE    0                         0      0        0
  SINCE MAR 1      0                         0      0        0
  SINCE JAN 1      0                         0      0        0
..................................................................


WIND (MPH)
  HIGHEST WIND SPEED    12   HIGHEST WIND DIRECTION     W (280)
  HIGHEST GUST SPEED    16   HIGHEST GUST DIRECTION    NW (320)
  AVERAGE WIND SPEED     6.1


SKY COVER
  AVERAGE SKY COVER 0.1


WEATHER CONDITIONS
 THE FOLLOWING WEATHER WAS RECORDED YESTERDAY.
  NO SIGNIFICANT WEATHER WAS OBSERVED.


RELATIVE HUMIDITY (PERCENT)
 HIGHEST    75          1000 PM
 LOWEST     32           500 PM
 AVERAGE    54

..........................................................


THE FORT WAYNE CLIMATE NORMALS FOR TODAY
                         NORMAL    RECORD    YEAR
 MAXIMUM TEMPERATURE (F)   54        80      1910
 MINIMUM TEMPERATURE (F)   33        13      1923


SUNRISE AND SUNSET
MARCH 29 2015.........SUNRISE   730 AM EDT   SUNSET   802 PM EDT
MARCH 30 2015.........SUNRISE   728 AM EDT   SUNSET   803 PM EDT


-  INDICATES NEGATIVE NUMBERS.
R  INDICATES RECORD WAS SET OR TIED.
MM INDICATES DATA IS MISSING.
T  INDICATES TRACE AMOUNT.




$$
