000
CDUS43 KIWX 230523
CLIFWA


CLIMATE REPORT
NATIONAL WEATHER SERVICE NORTHERN INDIANA
1223 AM EST SUN NOV 23 2014


...................................

...THE FORT WAYNE CLIMATE SUMMARY FOR NOVEMBER 22 2014...

CLIMATE NORMAL PERIOD 1981 TO 2010
CLIMATE RECORD PERIOD 1897 TO 2014


WEATHER ITEM   OBSERVED TIME   RECORD YEAR NORMAL DEPARTURE LAST
                VALUE   (LST)  VALUE       VALUE  FROM      YEAR
                                                  NORMAL
..................................................................
TEMPERATURE (F)
 YESTERDAY
  MAXIMUM         50   1128 PM  70    1931  47      3       48
                                      1913
                                      1908
  MINIMUM         22   1211 AM  10    1964  31     -9       28
  AVERAGE         36                        38     -2       38

PRECIPITATION (IN)
  YESTERDAY        0.22          2.25 1992   0.11   0.11     0.08
  MONTH TO DATE    1.07                      2.23  -1.16     1.46
  SINCE SEP 1      8.75                      7.87   0.88     7.01
  SINCE JAN 1     39.14                     34.71   4.43    39.35

SNOWFALL (IN)
  YESTERDAY        T             1.0  1928   0.1   -0.1      0.0
  MONTH TO DATE    4.1                       1.0    3.1      0.5
  SINCE SEP 1      4.1                       1.3    2.8      0.5
  SINCE JUL 1      4.1                       1.3    2.8      0.5
  SNOW DEPTH       T

DEGREE DAYS
 HEATING
  YESTERDAY       29                        26      3       27
  MONTH TO DATE  674                       480    194      500
  SINCE SEP 1   1197                       977    220      984
  SINCE JUL 1   1221                       989    232     1004

 COOLING
  YESTERDAY        0                         0      0        0
  MONTH TO DATE    0                         0      0        0
  SINCE SEP 1     57                        92    -35      126
  SINCE JAN 1    731                       809    -78      855
..................................................................


WIND (MPH)
  HIGHEST WIND SPEED    21   HIGHEST WIND DIRECTION    SW (220)
  HIGHEST GUST SPEED    27   HIGHEST GUST DIRECTION    SW (210)
  AVERAGE WIND SPEED    12.4


SKY COVER
  AVERAGE SKY COVER 0.9


WEATHER CONDITIONS
 THE FOLLOWING WEATHER WAS RECORDED YESTERDAY.
  RAIN
  LIGHT RAIN
  SLEET
  FOG


RELATIVE HUMIDITY (PERCENT)
 HIGHEST    89           600 AM
 LOWEST     63           100 AM
 AVERAGE    76

..........................................................


THE FORT WAYNE CLIMATE NORMALS FOR TODAY
                         NORMAL    RECORD    YEAR
 MAXIMUM TEMPERATURE (F)   46        71      1931
 MINIMUM TEMPERATURE (F)   30         3      1950


SUNRISE AND SUNSET
NOVEMBER 23 2014......SUNRISE   738 AM EST   SUNSET   517 PM EST
NOVEMBER 24 2014......SUNRISE   739 AM EST   SUNSET   516 PM EST


-  INDICATES NEGATIVE NUMBERS.
R  INDICATES RECORD WAS SET OR TIED.
MM INDICATES DATA IS MISSING.
T  INDICATES TRACE AMOUNT.




$$
