000
CDUS43 KIWX 230527
CLIFWA


CLIMATE REPORT
NATIONAL WEATHER SERVICE NORTHERN INDIANA
1226 AM EST FRI FEB 23 2018


...................................

...THE FORT WAYNE CLIMATE SUMMARY FOR FEBRUARY 22 2018...

CLIMATE NORMAL PERIOD 1981 TO 2010
CLIMATE RECORD PERIOD 1897 TO 2018


WEATHER ITEM   OBSERVED TIME   RECORD YEAR NORMAL DEPARTURE LAST
                VALUE   (LST)  VALUE       VALUE  FROM      YEAR
                                                  NORMAL
..................................................................
TEMPERATURE (F)
 YESTERDAY
  MAXIMUM         42    325 PM  67    1922  39      3       63
  MINIMUM         33    928 AM  -9    1963  22     11       48
  AVERAGE         38                        30      8       56

PRECIPITATION (IN)
  YESTERDAY        0.06          3.03 1990   0.08  -0.02     0.00
  MONTH TO DATE    3.40                      1.57   1.83     1.24
  SINCE DEC 1      5.66                      6.60  -0.94     8.26
  SINCE JAN 1      4.65                      3.83   0.82     5.95

SNOWFALL (IN)
  YESTERDAY        T             6.4  2003   0.2   -0.2      0.0
  MONTH TO DATE    9.6                       6.3    3.3      2.4
  SINCE DEC 1     28.2                      24.9    3.3     14.6
  SINCE JUL 1     28.2                      27.0    1.2     15.0
  SNOW DEPTH       0

DEGREE DAYS
 HEATING
  YESTERDAY       27                        35     -8        9
  MONTH TO DATE  760                       825    -65      583
  SINCE DEC 1   3157                      3179    -22     2733
  SINCE JUL 1   4210                      4396   -186     3578

 COOLING
  YESTERDAY        0                         0      0        0
  MONTH TO DATE    0                         0      0        0
  SINCE DEC 1      0                         0      0        0
  SINCE JAN 1      0                         0      0        0
..................................................................


WIND (MPH)
  HIGHEST WIND SPEED    26   HIGHEST WIND DIRECTION     E (70)
  HIGHEST GUST SPEED    31   HIGHEST GUST DIRECTION     E (70)
  AVERAGE WIND SPEED    17.0


SKY COVER
  AVERAGE SKY COVER 1.0


WEATHER CONDITIONS
 THE FOLLOWING WEATHER WAS RECORDED YESTERDAY.
  LIGHT RAIN
  LT FREEZING RAIN
  SLEET
  FOG


RELATIVE HUMIDITY (PERCENT)
 HIGHEST    92           100 AM
 LOWEST     79           400 PM
 AVERAGE    86

..........................................................


THE FORT WAYNE CLIMATE NORMALS FOR TODAY
                         NORMAL    RECORD    YEAR
 MAXIMUM TEMPERATURE (F)   39        66      2017
 MINIMUM TEMPERATURE (F)   22        -6      2015


SUNRISE AND SUNSET
FEBRUARY 23 2018......SUNRISE   724 AM EST   SUNSET   625 PM EST
FEBRUARY 24 2018......SUNRISE   722 AM EST   SUNSET   626 PM EST


-  INDICATES NEGATIVE NUMBERS.
R  INDICATES RECORD WAS SET OR TIED.
MM INDICATES DATA IS MISSING.
T  INDICATES TRACE AMOUNT.




$$
