637
CDUS43 KIWX 260530
CLIFWA


CLIMATE REPORT
NATIONAL WEATHER SERVICE NORTHERN INDIANA
129 AM EDT SUN MAR 26 2017


...................................

...THE FORT WAYNE CLIMATE SUMMARY FOR MARCH 25 2017...

CLIMATE NORMAL PERIOD 1981 TO 2010
CLIMATE RECORD PERIOD 1897 TO 2017


WEATHER ITEM   OBSERVED TIME   RECORD YEAR NORMAL DEPARTURE LAST
                VALUE   (LST)  VALUE       VALUE  FROM      YEAR
                                                  NORMAL
..................................................................
TEMPERATURE (F)
 YESTERDAY
  MAXIMUM         74   1224 PM  79    2007  52     22       45
  MINIMUM         43   1159 PM   3    1974  32     11       30
  AVERAGE         59                        42     17       38

PRECIPITATION (IN)
  YESTERDAY        0.01          1.73 1904   0.10  -0.09     0.00
  MONTH TO DATE    1.95                      2.09  -0.14     2.45
  SINCE MAR 1      1.95                      2.09  -0.14     2.45
  SINCE JAN 1      8.42                      6.39   2.03     5.50

SNOWFALL (IN)
  YESTERDAY        0.0           4.2  1933   0.1   -0.1      0.0
  MONTH TO DATE    3.0                       3.7   -0.7      2.8
  SINCE MAR 1      3.0                       3.7   -0.7      2.8
  SINCE JUL 1     18.1                      32.1  -14.0     19.0
  SNOW DEPTH       0

DEGREE DAYS
 HEATING
  YESTERDAY        6                        23    -17       27
  MONTH TO DATE  689                       696     -7      526
  SINCE MAR 1    689                       696     -7      526
  SINCE JUL 1   4383                      5294   -911     4353

 COOLING
  YESTERDAY        0                         0      0        0
  MONTH TO DATE    0                         0      0        0
  SINCE MAR 1      0                         0      0        0
  SINCE JAN 1      0                         0      0        0
..................................................................


WIND (MPH)
  HIGHEST WIND SPEED    25   HIGHEST WIND DIRECTION     E (70)
  HIGHEST GUST SPEED    30   HIGHEST GUST DIRECTION     E (70)
  AVERAGE WIND SPEED    11.1


SKY COVER
  AVERAGE SKY COVER 0.9


WEATHER CONDITIONS
 THE FOLLOWING WEATHER WAS RECORDED YESTERDAY.
  LIGHT RAIN


RELATIVE HUMIDITY (PERCENT)
 HIGHEST    89          1100 PM
 LOWEST     46           200 PM
 AVERAGE    68

..........................................................


THE FORT WAYNE CLIMATE NORMALS FOR TODAY
                         NORMAL    RECORD    YEAR
 MAXIMUM TEMPERATURE (F)   53        83      1907
 MINIMUM TEMPERATURE (F)   32         5      2001


SUNRISE AND SUNSET
MARCH 26 2017.........SUNRISE   734 AM EDT   SUNSET   800 PM EDT
MARCH 27 2017.........SUNRISE   732 AM EDT   SUNSET   801 PM EDT


-  INDICATES NEGATIVE NUMBERS.
R  INDICATES RECORD WAS SET OR TIED.
MM INDICATES DATA IS MISSING.
T  INDICATES TRACE AMOUNT.




$$
