000
CDUS43 KIWX 270521
CLIFWA


CLIMATE REPORT
NATIONAL WEATHER SERVICE NORTHERN INDIANA
121 AM EDT TUE SEP 27 2016


...................................

...THE FORT WAYNE CLIMATE SUMMARY FOR SEPTEMBER 26 2016...

CLIMATE NORMAL PERIOD 1981 TO 2010
CLIMATE RECORD PERIOD 1897 TO 2016


WEATHER ITEM   OBSERVED TIME   RECORD YEAR NORMAL DEPARTURE LAST
                VALUE   (LST)  VALUE       VALUE  FROM      YEAR
                                                  NORMAL
..................................................................
TEMPERATURE (F)
 YESTERDAY
  MAXIMUM         71    443 PM  92    1908  72     -1       75
  MINIMUM         49   1159 PM  30    1907  48      1       57
  AVERAGE         60                        60      0       66

PRECIPITATION (IN)
  YESTERDAY        0.12          1.53 1933   0.09   0.03     0.00
  MONTH TO DATE    4.20                      2.44   1.76     3.01
  SINCE SEP 1      4.20                      2.44   1.76     3.01
  SINCE JAN 1     28.01                     29.28  -1.27    38.66

SNOWFALL (IN)
  YESTERDAY        0.0           0.0  2002   0.0    0.0      0.0
                                      2001
  MONTH TO DATE    0.0                       0.0    0.0      0.0
  SINCE SEP 1      0.0                       0.0    0.0      0.0
  SINCE JUL 1      0.0                       0.0    0.0      0.0
  SNOW DEPTH       0

DEGREE DAYS
 HEATING
  YESTERDAY        5                         6     -1        0
  MONTH TO DATE    5                        75    -70       38
  SINCE SEP 1      5                        75    -70       38
  SINCE JUL 1      8                        87    -79       47

 COOLING
  YESTERDAY        0                         1     -1        1
  MONTH TO DATE  143                        77     66      124
  SINCE SEP 1    143                        77     66      124
  SINCE JAN 1   1069                       794    275      796
..................................................................


WIND (MPH)
  HIGHEST WIND SPEED    21   HIGHEST WIND DIRECTION     W (260)
  HIGHEST GUST SPEED    29   HIGHEST GUST DIRECTION    NW (320)
  AVERAGE WIND SPEED    10.2


SKY COVER
  AVERAGE SKY COVER 0.5


WEATHER CONDITIONS
 THE FOLLOWING WEATHER WAS RECORDED YESTERDAY.
  LIGHT RAIN
  FOG


RELATIVE HUMIDITY (PERCENT)
 HIGHEST    90           200 AM
 LOWEST     27           600 PM
 AVERAGE    59

..........................................................


THE FORT WAYNE CLIMATE NORMALS FOR TODAY
                         NORMAL    RECORD    YEAR
 MAXIMUM TEMPERATURE (F)   71        89      1973
 MINIMUM TEMPERATURE (F)   48        32      1991


SUNRISE AND SUNSET
SEPTEMBER 27 2016.....SUNRISE   734 AM EDT   SUNSET   729 PM EDT
SEPTEMBER 28 2016.....SUNRISE   735 AM EDT   SUNSET   727 PM EDT


-  INDICATES NEGATIVE NUMBERS.
R  INDICATES RECORD WAS SET OR TIED.
MM INDICATES DATA IS MISSING.
T  INDICATES TRACE AMOUNT.




$$
