000
CDUS43 KIWX 200025
CLIFWA


CLIMATE REPORT
NATIONAL WEATHER SERVICE NORTHERN INDIANA
824 PM EDT FRI SEP 19 2014


...................................

...THE FORT WAYNE CLIMATE SUMMARY FOR SEPTEMBER 19 2014...
VALID AS OF 0800 PM LOCAL TIME.

CLIMATE NORMAL PERIOD 1981 TO 2010
CLIMATE RECORD PERIOD 1897 TO 2014


WEATHER ITEM   OBSERVED TIME   RECORD YEAR NORMAL DEPARTURE LAST
                VALUE   (LST)  VALUE       VALUE  FROM      YEAR
                                                  NORMAL
..................................................................
TEMPERATURE (F)
 TODAY
  MAXIMUM         70    358 PM  94    1955  75     -5       77
  MINIMUM         48    658 AM  36    1916  51     -3       64
  AVERAGE         59                        63     -4       71

PRECIPITATION (IN)
  TODAY            0.00          2.13 1997   0.09  -0.09     0.81
  MONTH TO DATE    4.30                      1.78   2.52     1.28
  SINCE SEP 1      4.30                      1.78   2.52     1.28
  SINCE JAN 1     34.69                     28.62   6.07    33.62

SNOWFALL (IN)
  TODAY            0.0           0.0  2002   0.0    0.0      0.0
                                      2001
  MONTH TO DATE    0.0                       0.0    0.0      0.0
  SINCE SEP 1      0.0                       0.0    0.0      0.0
  SINCE JUL 1      T                         0.0    0.0      0.0
  SNOW DEPTH       0

DEGREE DAYS
 HEATING
  TODAY            6                         4      2        0
  MONTH TO DATE   79                        39     40       44
  SINCE SEP 1     79                        39     40       44
  SINCE JUL 1    103                        51     52       64

 COOLING
  TODAY            0                         2     -2        6
  MONTH TO DATE   53                        67    -14       90
  SINCE SEP 1     53                        67    -14       90
  SINCE JAN 1    727                       784    -57      819
..................................................................


WIND (MPH)
  RESULTANT WIND SPEED   6   RESULTANT WIND DIRECTION   E (100)
  HIGHEST WIND SPEED    14   HIGHEST WIND DIRECTION    SE (130)
  HIGHEST GUST SPEED    18   HIGHEST GUST DIRECTION    SE (120)
  AVERAGE WIND SPEED     7.0


SKY COVER
  POSSIBLE SUNSHINE  MM
  AVERAGE SKY COVER 0.4


WEATHER CONDITIONS
 THE FOLLOWING WEATHER WAS RECORDED TODAY.
  FOG
  FOG W/VISIBILITY <= 1/4 MILE


RELATIVE HUMIDITY (PERCENT)
 HIGHEST   100           500 AM
 LOWEST     44           500 PM
 AVERAGE    72

..........................................................


THE FORT WAYNE CLIMATE NORMALS FOR TOMORROW
                         NORMAL    RECORD    YEAR
 MAXIMUM TEMPERATURE (F)   75        92      1940
 MINIMUM TEMPERATURE (F)   51        35      1991


SUNRISE AND SUNSET
SEPTEMBER 19 2014.....SUNRISE   725 AM EDT   SUNSET   743 PM EDT
SEPTEMBER 20 2014.....SUNRISE   726 AM EDT   SUNSET   741 PM EDT


-  INDICATES NEGATIVE NUMBERS.
R  INDICATES RECORD WAS SET OR TIED.
MM INDICATES DATA IS MISSING.
T  INDICATES TRACE AMOUNT.




$$
