000
CDUS43 KIWX 200525
CLIFWA


CLIMATE REPORT
NATIONAL WEATHER SERVICE NORTHERN INDIANA
1225 AM EST SAT DEC 20 2014


...................................

...THE FORT WAYNE CLIMATE SUMMARY FOR DECEMBER 19 2014...

CLIMATE NORMAL PERIOD 1981 TO 2010
CLIMATE RECORD PERIOD 1897 TO 2014


WEATHER ITEM   OBSERVED TIME   RECORD YEAR NORMAL DEPARTURE LAST
                VALUE   (LST)  VALUE       VALUE  FROM      YEAR
                                                  NORMAL
..................................................................
TEMPERATURE (F)
 YESTERDAY
  MAXIMUM         33    345 PM  57    1976  35     -2       41
  MINIMUM         26   1159 PM -14    1901  21      5       32
  AVERAGE         30                        28      2       37

PRECIPITATION (IN)
  YESTERDAY        0.00          1.07 2008   0.08  -0.08     0.00
  MONTH TO DATE    0.90                      1.71  -0.81     0.86
  SINCE DEC 1      0.90                      1.71  -0.81     0.86
  SINCE JAN 1     42.02                     37.28   4.74    40.21

SNOWFALL (IN)
  YESTERDAY        0.0          10.8  1973   0.3   -0.3      0.0
  MONTH TO DATE    0.2                       4.7   -4.5      8.5
  SINCE DEC 1      0.2                       4.7   -4.5      8.5
  SINCE JUL 1      4.4                       6.8   -2.4      9.5
  SNOW DEPTH       0

DEGREE DAYS
 HEATING
  YESTERDAY       35                        37     -2       28
  MONTH TO DATE  603                       650    -47      732
  SINCE DEC 1    603                       650    -47      732
  SINCE JUL 1   2049                      1867    182     2033

 COOLING
  YESTERDAY        0                         0      0        0
  MONTH TO DATE    0                         0      0        0
  SINCE DEC 1      0                         0      0        0
  SINCE JAN 1    731                       809    -78      855
..................................................................


WIND (MPH)
  HIGHEST WIND SPEED    12   HIGHEST WIND DIRECTION     W (270)
  HIGHEST GUST SPEED    14   HIGHEST GUST DIRECTION     W (270)
  AVERAGE WIND SPEED     5.6


SKY COVER
  AVERAGE SKY COVER 0.9


WEATHER CONDITIONS
 THE FOLLOWING WEATHER WAS RECORDED YESTERDAY.
  FOG
  HAZE


RELATIVE HUMIDITY (PERCENT)
 HIGHEST    85          1100 AM
 LOWEST     63           300 PM
 AVERAGE    74

..........................................................


THE FORT WAYNE CLIMATE NORMALS FOR TODAY
                         NORMAL    RECORD    YEAR
 MAXIMUM TEMPERATURE (F)   35        60      1949
 MINIMUM TEMPERATURE (F)   21       -10      1963


SUNRISE AND SUNSET
DECEMBER 20 2014......SUNRISE   802 AM EST   SUNSET   515 PM EST
DECEMBER 21 2014......SUNRISE   802 AM EST   SUNSET   516 PM EST


-  INDICATES NEGATIVE NUMBERS.
R  INDICATES RECORD WAS SET OR TIED.
MM INDICATES DATA IS MISSING.
T  INDICATES TRACE AMOUNT.




$$
