000
CDUS43 KIWX 280528
CLIFWA


CLIMATE REPORT
NATIONAL WEATHER SERVICE NORTHERN INDIANA
127 AM EDT MON JUL 28 2014


...................................

...THE FORT WAYNE CLIMATE SUMMARY FOR JULY 27 2014...

CLIMATE NORMAL PERIOD 1981 TO 2010
CLIMATE RECORD PERIOD 1897 TO 2014


WEATHER ITEM   OBSERVED TIME   RECORD YEAR NORMAL DEPARTURE LAST
                VALUE   (LST)  VALUE       VALUE  FROM      YEAR
                                                  NORMAL
..................................................................
TEMPERATURE (F)
 YESTERDAY
  MAXIMUM         83    319 PM  99    1956  84     -1       77
                                      1955
                                      1936
  MINIMUM         63   1159 PM  50    1977  62      1       53
  AVERAGE         73                        73      0       65

PRECIPITATION (IN)
  YESTERDAY        0.55          1.92 1923   0.13   0.42     0.03
  MONTH TO DATE    2.00                      3.71  -1.71     3.67
  SINCE JUN 1      7.81                      7.87  -0.06     9.58
  SINCE JAN 1     24.35                     22.67   1.68    27.25

SNOWFALL (IN)
  YESTERDAY        0.0           0.0  2002   0.0    0.0      0.0
                                      2001
  MONTH TO DATE    T                         0.0    0.0      0.0
  SINCE JUN 1      T                         0.0    0.0      0.0
  SINCE JUL 1      T                         0.0    0.0      0.0
  SNOW DEPTH       0

DEGREE DAYS
 HEATING
  YESTERDAY        0                         0      0        0
  MONTH TO DATE    9                         0      9        2
  SINCE JUN 1     23                        29     -6       21
  SINCE JUL 1      9                         0      9        2

 COOLING
  YESTERDAY        8                         8      0        0
  MONTH TO DATE  143                       237    -94      236
  SINCE JUN 1    373                       419    -46      424
  SINCE JAN 1    454                       476    -22      529
..................................................................


WIND (MPH)
  HIGHEST WIND SPEED    37   HIGHEST WIND DIRECTION    NW (330)
  HIGHEST GUST SPEED    49   HIGHEST GUST DIRECTION    NW (330)
  AVERAGE WIND SPEED     8.4


SKY COVER
  AVERAGE SKY COVER 0.8


WEATHER CONDITIONS
 THE FOLLOWING WEATHER WAS RECORDED YESTERDAY.
  THUNDERSTORM
  HEAVY RAIN
  LIGHT RAIN
  FOG
  HAZE


RELATIVE HUMIDITY (PERCENT)
 HIGHEST   100           200 AM
 LOWEST     69           300 PM
 AVERAGE    85

..........................................................


THE FORT WAYNE CLIMATE NORMALS FOR TODAY
                         NORMAL    RECORD    YEAR
 MAXIMUM TEMPERATURE (F)   84        98      1916
 MINIMUM TEMPERATURE (F)   62        49      1900


SUNRISE AND SUNSET
JULY 28 2014..........SUNRISE   633 AM EDT   SUNSET   901 PM EDT
JULY 29 2014..........SUNRISE   634 AM EDT   SUNSET   900 PM EDT


-  INDICATES NEGATIVE NUMBERS.
R  INDICATES RECORD WAS SET OR TIED.
MM INDICATES DATA IS MISSING.
T  INDICATES TRACE AMOUNT.




$$
