000
CDUS43 KIWX 202020
CLIFWA


CLIMATE REPORT
NATIONAL WEATHER SERVICE NORTHERN INDIANA
420 PM EDT SUN APR 20 2014


...................................

...THE FORT WAYNE CLIMATE SUMMARY FOR APRIL 20 2014...
VALID TODAY AS OF 0400 PM LOCAL TIME.

CLIMATE NORMAL PERIOD 1981 TO 2010
CLIMATE RECORD PERIOD 1897 TO 2014


WEATHER ITEM   OBSERVED TIME   RECORD YEAR NORMAL DEPARTURE LAST
                VALUE   (LST)  VALUE       VALUE  FROM      YEAR
                                                  NORMAL
..................................................................
TEMPERATURE (F)
 TODAY
  MAXIMUM         73    259 PM  84    1985  63     10       44
  MINIMUM         33    536 AM  20    1904  40     -7       31
  AVERAGE         53                        52      1       38

PRECIPITATION (IN)
  TODAY            0.00          1.44 1920   0.11  -0.11      T
  MONTH TO DATE    3.05                      2.40   0.65     5.31
  SINCE MAR 1      4.95                      5.11  -0.16     7.65
  SINCE JAN 1     11.03                      9.41   1.62    12.94

SNOWFALL (IN)
  TODAY            0.0           0.2  1953   0.0    0.0       T
  MONTH TO DATE    1.1                       0.9    0.2       T
  SINCE MAR 1     14.3                       5.0    9.3     18.1
  SINCE JUL 1     74.7                      33.4   41.3     38.5

DEGREE DAYS
 HEATING
  TODAY           12                        14     -2       27
  MONTH TO DATE  333                       341     -8      353
  SINCE MAR 1   1400                      1167    233     1335
  SINCE JUL 1   6653                      5765    888     5726

 COOLING
  TODAY            0                         0      0        0
  MONTH TO DATE    1                         0      1        0
  SINCE MAR 1      1                         0      1        0
  SINCE JAN 1      1                         0      1        0
..................................................................


WIND (MPH)
  HIGHEST WIND SPEED    13   HIGHEST WIND DIRECTION     S (190)
  HIGHEST GUST SPEED    18   HIGHEST GUST DIRECTION     S (180)
  AVERAGE WIND SPEED     6.5


SKY COVER
  POSSIBLE SUNSHINE  MM
  AVERAGE SKY COVER 0.6


WEATHER CONDITIONS
 THE FOLLOWING WEATHER WAS RECORDED TODAY.
  NO SIGNIFICANT WEATHER WAS OBSERVED.


RELATIVE HUMIDITY (PERCENT)
 HIGHEST    82           600 AM
 LOWEST     23           300 PM
 AVERAGE    53

..........................................................


THE FORT WAYNE CLIMATE NORMALS FOR TOMORROW
                         NORMAL    RECORD    YEAR
 MAXIMUM TEMPERATURE (F)   63        87      1985
                                             1899
 MINIMUM TEMPERATURE (F)   41        21      1907


SUNRISE AND SUNSET
APRIL 20 2014.........SUNRISE   654 AM EDT   SUNSET   826 PM EDT
APRIL 21 2014.........SUNRISE   653 AM EDT   SUNSET   827 PM EDT


-  INDICATES NEGATIVE NUMBERS.
R  INDICATES RECORD WAS SET OR TIED.
MM INDICATES DATA IS MISSING.
T  INDICATES TRACE AMOUNT.




$$
