000
CDUS44 KTSA 242144
CLIFYV

CLIMATE REPORT
NATIONAL WEATHER SERVICE TULSA OK
418 PM CDT MON APR 24 2017


...................................

...THE FAYETTEVILLE ARKANSAS CLIMATE SUMMARY FOR APRIL 24 2017...
VALID TODAY AS OF 0400 PM LOCAL TIME.

CLIMATE NORMAL PERIOD 1981 TO 2010
CLIMATE RECORD PERIOD 1905 TO 2017


WEATHER ITEM   OBSERVED TIME   RECORD YEAR NORMAL DEPARTURE LAST
                VALUE   (LST)  VALUE       VALUE  FROM      YEAR
                                                  NORMAL
..................................................................
TEMPERATURE (F)
 TODAY
  MAXIMUM         74    259 PM  86    1989  71      3       78
  MINIMUM         35    556 AM  30    2005  47    -12       45
  AVERAGE         55                        59     -4       62

PRECIPITATION (IN)
  TODAY            0.00                      0.16  -0.16     0.00
  MONTH TO DATE    4.66                      3.54   1.12     0.95
  SINCE MAR 1     10.61                      7.49   3.12     4.66
  SINCE JAN 1     14.11                     13.14   0.97     5.81

SNOWFALL (IN)
  TODAY            0.0                                       0.0
  MONTH TO DATE    0.0                                       0.0
  SINCE MAR 1      0.2                                       0.0
  SINCE JUL 1      1.0                                        T

DEGREE DAYS
 HEATING
  TODAY           10                         7      3        3
  MONTH TO DATE  128                       234   -106      204
  SINCE MAR 1    515                       760   -245      628
  SINCE JUL 1   3086                      4063   -977     3444

 COOLING
  TODAY            0                         1     -1        0
  MONTH TO DATE   15                        21     -6        1
  SINCE MAR 1     28                        25      3        3
  SINCE JAN 1     33                        25      8        3
..................................................................


WIND (MPH)
  HIGHEST WIND SPEED    20   HIGHEST WIND DIRECTION     S (170)
  HIGHEST GUST SPEED    24   HIGHEST GUST DIRECTION     S (160)
  AVERAGE WIND SPEED     6.0


SKY COVER
  POSSIBLE SUNSHINE  MM
  AVERAGE SKY COVER 0.0


WEATHER CONDITIONS
 THE FOLLOWING WEATHER WAS RECORDED TODAY.
  NO SIGNIFICANT WEATHER WAS OBSERVED.


RELATIVE HUMIDITY (PERCENT)
 HIGHEST   100          1200 AM
 LOWEST     23           100 PM
 AVERAGE    62

..........................................................


THE FAYETTEVILLE ARKANSAS CLIMATE NORMALS FOR TOMORROW
                         NORMAL    RECORD    YEAR
 MAXIMUM TEMPERATURE (F)   72        85      1989
 MINIMUM TEMPERATURE (F)   48        27      2013


SUNRISE AND SUNSET
APRIL 24 2017.........SUNRISE   632 AM CDT   SUNSET   758 PM CDT
APRIL 25 2017.........SUNRISE   631 AM CDT   SUNSET   759 PM CDT


-  INDICATES NEGATIVE NUMBERS.
R  INDICATES RECORD WAS SET OR TIED.
MM INDICATES DATA IS MISSING.
T  INDICATES TRACE AMOUNT.




$$
