000
CDUS44 KTSA 172118 RRA
CLIFYV

CLIMATE REPORT
NATIONAL WEATHER SERVICE TULSA OK
418 PM CDT TUE OCT 17 2017


...................................

...THE FAYETTEVILLE ARKANSAS CLIMATE SUMMARY FOR OCTOBER 17 2017...
VALID TODAY AS OF 0400 PM LOCAL TIME.

CLIMATE NORMAL PERIOD 1981 TO 2010
CLIMATE RECORD PERIOD 1905 TO 2017


WEATHER ITEM   OBSERVED TIME   RECORD YEAR NORMAL DEPARTURE LAST
                VALUE   (LST)  VALUE       VALUE  FROM      YEAR
                                                  NORMAL
..................................................................
TEMPERATURE (F)
 TODAY
  MAXIMUM         69    259 PM  86    1950  70     -1       84
  MINIMUM         36    646 AM  28    1976  45     -9       69
  AVERAGE         53                        57     -4       77

PRECIPITATION (IN)
  TODAY            0.00                      0.13  -0.13      T
  MONTH TO DATE    1.88                      2.39  -0.51     2.46
  SINCE SEP 1      3.38                      7.21  -3.83     5.10
  SINCE JAN 1     46.22                     39.10   7.12    30.28

SNOWFALL (IN)
  TODAY            0.0                                       0.0
  MONTH TO DATE    0.0                                       0.0
  SINCE SEP 1      0.0                                       0.0
  SINCE JUL 1      0.0                                       0.0

DEGREE DAYS
 HEATING
  TODAY           12                         8      4        0
  MONTH TO DATE   69                       108    -39       50
  SINCE SEP 1     85                       159    -74       74
  SINCE JUL 1     85                       160    -75       74

 COOLING
  TODAY            0                         0      0       12
  MONTH TO DATE   51                        18     33       43
  SINCE SEP 1    216                       176     40      251
  SINCE JAN 1   1228                      1301    -73     1470
..................................................................


WIND (MPH)
  HIGHEST WIND SPEED    14   HIGHEST WIND DIRECTION     S (180)
  HIGHEST GUST SPEED    18   HIGHEST GUST DIRECTION     S (180)
  AVERAGE WIND SPEED     3.2


SKY COVER
  POSSIBLE SUNSHINE  MM
  AVERAGE SKY COVER 0.0


WEATHER CONDITIONS
 THE FOLLOWING WEATHER WAS RECORDED TODAY.
  NO SIGNIFICANT WEATHER WAS OBSERVED.


RELATIVE HUMIDITY (PERCENT)
 HIGHEST   100          1200 AM
 LOWEST     37           200 PM
 AVERAGE    69

..........................................................


THE FAYETTEVILLE ARKANSAS CLIMATE NORMALS FOR TOMORROW
                         NORMAL    RECORD    YEAR
 MAXIMUM TEMPERATURE (F)   70        89      2005
 MINIMUM TEMPERATURE (F)   45        29      2009
                                             1955


SUNRISE AND SUNSET
OCTOBER 17 2017.......SUNRISE   725 AM CDT   SUNSET   638 PM CDT
OCTOBER 18 2017.......SUNRISE   726 AM CDT   SUNSET   637 PM CDT


-  INDICATES NEGATIVE NUMBERS.
R  INDICATES RECORD WAS SET OR TIED.
MM INDICATES DATA IS MISSING.
T  INDICATES TRACE AMOUNT.




$$
