843
CDUS44 KTSA 240818 RRA
CLIFYV

CLIMATE REPORT
NATIONAL WEATHER SERVICE TULSA OK
147 AM CDT WED MAY 24 2017


...................................

...THE FAYETTEVILLE ARKANSAS CLIMATE SUMMARY FOR MAY 23 2017...

CLIMATE NORMAL PERIOD 1981 TO 2010
CLIMATE RECORD PERIOD 1905 TO 2017


WEATHER ITEM   OBSERVED TIME   RECORD YEAR NORMAL DEPARTURE LAST
                VALUE   (LST)  VALUE       VALUE  FROM      YEAR
                                                  NORMAL
..................................................................
TEMPERATURE (F)
 YESTERDAY
  MAXIMUM         70   1231 PM  92    1962  78     -8       73
  MINIMUM         53   1159 PM  35    1963  56     -3       52
  AVERAGE         62                        67     -5       63

PRECIPITATION (IN)
  YESTERDAY        0.02                      0.20  -0.18     0.01
  MONTH TO DATE    4.67                      4.55   0.12     2.07
  SINCE MAR 1     23.48                     13.07  10.41     9.73
  SINCE JAN 1     26.98                     18.72   8.26    10.88

DEGREE DAYS
 COOLING
  YESTERDAY        0                         4     -4        0
  MONTH TO DATE   33                        50    -17       18
  SINCE MAR 1     65                        78    -13       31
  SINCE JAN 1     70                        78     -8       31
..................................................................


WIND (MPH)
  HIGHEST WIND SPEED    20   HIGHEST WIND DIRECTION    NW (330)
  HIGHEST GUST SPEED    24   HIGHEST GUST DIRECTION    NW (330)
  AVERAGE WIND SPEED     6.1


SKY COVER
  POSSIBLE SUNSHINE  MM
  AVERAGE SKY COVER 0.7


WEATHER CONDITIONS
 THE FOLLOWING WEATHER WAS RECORDED YESTERDAY.
  LIGHT RAIN


RELATIVE HUMIDITY (PERCENT)
 HIGHEST   100           300 AM
 LOWEST     61           100 PM
 AVERAGE    81

..........................................................


THE FAYETTEVILLE ARKANSAS CLIMATE NORMALS FOR TODAY
                         NORMAL    RECORD    YEAR
 MAXIMUM TEMPERATURE (F)   78        89      2000
 MINIMUM TEMPERATURE (F)   56        41      1983


SUNRISE AND SUNSET
MAY 24 2017...........SUNRISE   605 AM CDT   SUNSET   823 PM CDT
MAY 25 2017...........SUNRISE   604 AM CDT   SUNSET   823 PM CDT


-  INDICATES NEGATIVE NUMBERS.
R  INDICATES RECORD WAS SET OR TIED.
MM INDICATES DATA IS MISSING.
T  INDICATES TRACE AMOUNT.




$$
