000
CDUS44 KTSA 011517
CLIFYV

CLIMATE REPORT
NATIONAL WEATHER SERVICE TULSA OK
917 AM CST WED MAR 1 2017


...................................

...THE FAYETTEVILLE ARKANSAS CLIMATE SUMMARY FOR MARCH 1 2017...
VALID AS OF 0900 AM LOCAL TIME.

CLIMATE NORMAL PERIOD 1981 TO 2010
CLIMATE RECORD PERIOD 1905 TO 2017


WEATHER ITEM   OBSERVED RECORD YEAR NORMAL DEPARTURE LAST
                VALUE   VALUE       VALUE  FROM      YEAR
                                           NORMAL
...........................................................
TEMPERATURE (F)
 TODAY
  MAXIMUM         72     83    2006  55
  MINIMUM         40     12    1980  32
                               1962
  AVERAGE         56

PRECIPITATION (IN)
  TODAY            T      1.73 1973   0.12  -0.12     0.78
  MONTH TO DATE    T                  0.12  -0.12     0.78
  SINCE MAR 1      T                  0.12  -0.12     0.78
  SINCE JAN 1      3.50               5.77  -2.27     1.93

SNOWFALL (IN)
  TODAY            0.0                                0.0
  MONTH TO DATE    0.0                                0.0
  SINCE MAR 1      0.0                                0.0
  SINCE JUL 1      0.8                                 T

DEGREE DAYS
 HEATING
  TODAY            9
...........................................................


WIND (MPH)
  RESULTANT WIND SPEED   8   RESULTANT WIND DIRECTION   W (280)
  HIGHEST WIND SPEED    26   HIGHEST WIND DIRECTION     W (270)
  HIGHEST GUST SPEED    39   HIGHEST GUST DIRECTION     S (200)


SKY COVER
  POSSIBLE SUNSHINE  MM
  AVERAGE SKY COVER 0.2


WEATHER CONDITIONS
 THE FOLLOWING WEATHER WAS RECORDED TODAY.
  THUNDERSTORM
  LIGHT RAIN
  FOG


RELATIVE HUMIDITY (PERCENT)
 HIGHEST    92
 LOWEST     44
 AVERAGE    68

..........................................................


THE FAYETTEVILLE ARKANSAS CLIMATE NORMALS FOR TOMORROW
                         NORMAL    RECORD    YEAR
 MAXIMUM TEMPERATURE (F)   56        78      1983
 MINIMUM TEMPERATURE (F)   32         7      1980


SUNRISE AND SUNSET
MARCH  1 2017.........SUNRISE   646 AM CST   SUNSET   612 PM CST
MARCH  2 2017.........SUNRISE   645 AM CST   SUNSET   613 PM CST


-  INDICATES NEGATIVE NUMBERS.
R  INDICATES RECORD WAS SET OR TIED.
MM INDICATES DATA IS MISSING.
T  INDICATES TRACE AMOUNT.




$$
