000
CDUS44 KTSA 260806 RRA
CLIFYV

CLIMATE REPORT
NATIONAL WEATHER SERVICE TULSA OK
147 AM CDT THU MAY 26 2016


...................................

...THE FAYETTEVILLE ARKANSAS CLIMATE SUMMARY FOR MAY 25 2016...

CLIMATE NORMAL PERIOD 1981 TO 2010
CLIMATE RECORD PERIOD 1905 TO 2016


WEATHER ITEM   OBSERVED TIME   RECORD YEAR NORMAL DEPARTURE LAST
                VALUE   (LST)  VALUE       VALUE  FROM      YEAR
                                                  NORMAL
..................................................................
TEMPERATURE (F)
 YESTERDAY
  MAXIMUM         80   1237 PM  91    2006  78      2       80
                                      1980
  MINIMUM         61    613 AM  40    2001  57      4       58
  AVERAGE         71                        67      4       69

PRECIPITATION (IN)
  YESTERDAY        1.94                      0.19   1.75     0.38
  MONTH TO DATE    4.08                      4.94  -0.86    12.00
  SINCE MAR 1     11.66                     13.46  -1.80    19.39
  SINCE JAN 1     12.81                     19.11  -6.30    22.45

DEGREE DAYS
 COOLING
  YESTERDAY        6                         4      2        4
  MONTH TO DATE   29                        58    -29       53
  SINCE MAR 1     42                        86    -44       76
  SINCE JAN 1     42                        86    -44       76
..................................................................


WIND (MPH)
  HIGHEST WIND SPEED    35   HIGHEST WIND DIRECTION    SW (210)
  HIGHEST GUST SPEED    46   HIGHEST GUST DIRECTION     S (200)
  AVERAGE WIND SPEED     9.5


SKY COVER
  POSSIBLE SUNSHINE  MM
  AVERAGE SKY COVER 0.3


WEATHER CONDITIONS
 THE FOLLOWING WEATHER WAS RECORDED YESTERDAY.
  THUNDERSTORM
  HEAVY RAIN
  RAIN
  LIGHT RAIN
  FOG


RELATIVE HUMIDITY (PERCENT)
 HIGHEST   100           900 PM
 LOWEST     71           100 PM
 AVERAGE    86

..........................................................


THE FAYETTEVILLE ARKANSAS CLIMATE NORMALS FOR TODAY
                         NORMAL    RECORD    YEAR
 MAXIMUM TEMPERATURE (F)   78        90      2012
                                             1953
 MINIMUM TEMPERATURE (F)   57        38      1988


SUNRISE AND SUNSET
MAY 26 2016...........SUNRISE   604 AM CDT   SUNSET   824 PM CDT
MAY 27 2016...........SUNRISE   603 AM CDT   SUNSET   825 PM CDT


-  INDICATES NEGATIVE NUMBERS.
R  INDICATES RECORD WAS SET OR TIED.
MM INDICATES DATA IS MISSING.
T  INDICATES TRACE AMOUNT.




$$
