000
CDUS44 KTSA 272132
CLIFYV

CLIMATE REPORT
NATIONAL WEATHER SERVICE TULSA OK
418 PM CDT TUE SEP 27 2016


...................................

...THE FAYETTEVILLE ARKANSAS CLIMATE SUMMARY FOR SEPTEMBER 27 2016...
VALID TODAY AS OF 0400 PM LOCAL TIME.

CLIMATE NORMAL PERIOD 1981 TO 2010
CLIMATE RECORD PERIOD 1905 TO 2016


WEATHER ITEM   OBSERVED TIME   RECORD YEAR NORMAL DEPARTURE LAST
                VALUE   (LST)  VALUE       VALUE  FROM      YEAR
                                                  NORMAL
..................................................................
TEMPERATURE (F)
 TODAY
  MAXIMUM         78    259 PM  96    1953  76      2       81
  MINIMUM         43    638 AM  35    1985  52     -9       51
  AVERAGE         61                        64     -3       66

PRECIPITATION (IN)
  TODAY            0.00                      0.17  -0.17     0.00
  MONTH TO DATE    2.64                      4.33  -1.69     1.75
  SINCE SEP 1      2.64                      4.33  -1.69     1.75
  SINCE JAN 1     27.74                     36.22  -8.48    44.44

DEGREE DAYS
 HEATING
  TODAY            4                         4      0        0
  MONTH TO DATE   11                        36    -25       13
  SINCE SEP 1     11                        36    -25       13
  SINCE JUL 1     11                        37    -26       14

 COOLING
  TODAY            0                         3     -3        1
  MONTH TO DATE  208                       151     57      175
  SINCE SEP 1    208                       151     57      175
  SINCE JAN 1   1427                      1276    151     1300
..................................................................


WIND (MPH)
  HIGHEST WIND SPEED     9   HIGHEST WIND DIRECTION    NW (310)
  HIGHEST GUST SPEED    12   HIGHEST GUST DIRECTION    NW (310)
  AVERAGE WIND SPEED     0.6


SKY COVER
  POSSIBLE SUNSHINE  MM
  AVERAGE SKY COVER 0.0


WEATHER CONDITIONS
 THE FOLLOWING WEATHER WAS RECORDED TODAY.
  FOG


RELATIVE HUMIDITY (PERCENT)
 HIGHEST   100          1200 AM
 LOWEST     33           300 PM
 AVERAGE    67

..........................................................


THE FAYETTEVILLE ARKANSAS CLIMATE NORMALS FOR TOMORROW
                         NORMAL    RECORD    YEAR
 MAXIMUM TEMPERATURE (F)   76       100      1953
 MINIMUM TEMPERATURE (F)   51        35      1967


SUNRISE AND SUNSET
SEPTEMBER 27 2016.....SUNRISE   709 AM CDT   SUNSET   705 PM CDT
SEPTEMBER 28 2016.....SUNRISE   710 AM CDT   SUNSET   704 PM CDT


-  INDICATES NEGATIVE NUMBERS.
R  INDICATES RECORD WAS SET OR TIED.
MM INDICATES DATA IS MISSING.
T  INDICATES TRACE AMOUNT.




$$
