000
CDUS44 KTSA 140810
CLIFYV

CLIMATE REPORT
NATIONAL WEATHER SERVICE TULSA OK
302 AM CDT MON JUL 14 2014


...................................

...THE FAYETTEVILLE ARKANSAS CLIMATE SUMMARY FOR JULY 13 2014...

CLIMATE NORMAL PERIOD 1981 TO 2010
CLIMATE RECORD PERIOD 1905 TO 2014


WEATHER ITEM   OBSERVED TIME   RECORD YEAR NORMAL DEPARTURE LAST
                VALUE   (LST)  VALUE       VALUE  FROM      YEAR
                                                  NORMAL
..................................................................
TEMPERATURE (F)
 YESTERDAY
  MAXIMUM         92    302 PM 110    1954  88      4       89
  MINIMUM         67    416 AM  49    1975  67      0       58
  AVERAGE         80                        78      2       74

PRECIPITATION (IN)
  YESTERDAY        0.00                      0.12  -0.12     0.00
  MONTH TO DATE    0.59                      1.66  -1.07     0.05
  SINCE JUN 1      4.69                      6.64  -1.95     1.42
  SINCE JAN 1     19.21                     26.85  -7.64    25.52

DEGREE DAYS
 COOLING
  YESTERDAY       15                        13      2        9
  MONTH TO DATE  129                       156    -27      132
  SINCE JUN 1    391                       401    -10      422
  SINCE JAN 1    539                       514     25      558
..................................................................


WIND (MPH)
  HIGHEST WIND SPEED    21   HIGHEST WIND DIRECTION     S (190)
  HIGHEST GUST SPEED    35   HIGHEST GUST DIRECTION     S (200)
  AVERAGE WIND SPEED     7.9


SKY COVER
  POSSIBLE SUNSHINE  MM
  AVERAGE SKY COVER 0.1


WEATHER CONDITIONS
 THE FOLLOWING WEATHER WAS RECORDED YESTERDAY.
  NO SIGNIFICANT WEATHER WAS OBSERVED.


RELATIVE HUMIDITY (PERCENT)
 HIGHEST    97          1200 AM
 LOWEST     49           200 PM
 AVERAGE    73

..........................................................


THE FAYETTEVILLE ARKANSAS CLIMATE NORMALS FOR TODAY
                         NORMAL    RECORD    YEAR
 MAXIMUM TEMPERATURE (F)   89       109      1954
 MINIMUM TEMPERATURE (F)   67        49      1975
                                             1967


SUNRISE AND SUNSET
JULY 14 2014..........SUNRISE   611 AM CDT   SUNSET   834 PM CDT
JULY 15 2014..........SUNRISE   612 AM CDT   SUNSET   833 PM CDT


-  INDICATES NEGATIVE NUMBERS.
R  INDICATES RECORD WAS SET OR TIED.
MM INDICATES DATA IS MISSING.
T  INDICATES TRACE AMOUNT.




$$
