000
CDUS44 KTSA 300807
CLIFYV

CLIMATE REPORT
NATIONAL WEATHER SERVICE TULSA OK
306 AM CDT SAT MAY 30 2015


...................................

...THE FAYETTEVILLE ARKANSAS CLIMATE SUMMARY FOR MAY 29 2015...

CLIMATE NORMAL PERIOD 1981 TO 2010
CLIMATE RECORD PERIOD 1905 TO 2015


WEATHER ITEM   OBSERVED TIME   RECORD YEAR NORMAL DEPARTURE LAST
                VALUE   (LST)  VALUE       VALUE  FROM      YEAR
                                                  NORMAL
..................................................................
TEMPERATURE (F)
 YESTERDAY
  MAXIMUM         81    140 PM  92    2012  79      2       77
  MINIMUM         62   1226 AM  41    1952  58      4       60
  AVERAGE         72                        68      4       69

PRECIPITATION (IN)
  YESTERDAY        0.79                      0.18   0.61     0.13
  MONTH TO DATE   12.99                      5.69   7.30     3.31
  SINCE MAR 1     20.38                     14.21   6.17    11.92
  SINCE JAN 1     23.44                     19.86   3.58    14.40

DEGREE DAYS
 COOLING
  YESTERDAY        7                         4      3        4
  MONTH TO DATE   73                        74     -1      121
  SINCE MAR 1     96                       102     -6      133
  SINCE JAN 1     96                       102     -6      133
..................................................................


WIND (MPH)
  HIGHEST WIND SPEED    21   HIGHEST WIND DIRECTION    SE (120)
  HIGHEST GUST SPEED    28   HIGHEST GUST DIRECTION    SE (120)
  AVERAGE WIND SPEED     4.8


SKY COVER
  POSSIBLE SUNSHINE  MM
  AVERAGE SKY COVER 0.6


WEATHER CONDITIONS
 THE FOLLOWING WEATHER WAS RECORDED YESTERDAY.
  THUNDERSTORM
  HEAVY RAIN
  RAIN
  LIGHT RAIN
  FOG


RELATIVE HUMIDITY (PERCENT)
 HIGHEST   100          1200 AM
 LOWEST     67           100 PM
 AVERAGE    84

..........................................................


THE FAYETTEVILLE ARKANSAS CLIMATE NORMALS FOR TODAY
                         NORMAL    RECORD    YEAR
 MAXIMUM TEMPERATURE (F)   79        93      1977
 MINIMUM TEMPERATURE (F)   58        40      1984


SUNRISE AND SUNSET
MAY 30 2015...........SUNRISE   602 AM CDT   SUNSET   827 PM CDT
MAY 31 2015...........SUNRISE   602 AM CDT   SUNSET   827 PM CDT


-  INDICATES NEGATIVE NUMBERS.
R  INDICATES RECORD WAS SET OR TIED.
MM INDICATES DATA IS MISSING.
T  INDICATES TRACE AMOUNT.




$$
