000
CDUS43 KUNR 030833
CLIGCC


CLIMATE REPORT
NATIONAL WEATHER SERVICE RAPID CITY SD
232 AM MDT MON AUG 3 2015


...................................

...THE GILLETTE AIRPORT WY CLIMATE SUMMARY FOR AUGUST 2 2015...

CLIMATE NORMAL PERIOD 1981 TO 2010
CLIMATE RECORD PERIOD 9999 TO 9999


WEATHER ITEM   OBSERVED TIME   NORMAL DEPARTURE LAST
                VALUE   (LST)  VALUE  FROM      YEAR
                                      NORMAL
......................................................
TEMPERATURE (F)
 YESTERDAY
  MAXIMUM         92    325 PM  88      4       87
  MINIMUM         57   1134 PM  57      0       50
  AVERAGE         75            72      3       69

PRECIPITATION (IN)
  YESTERDAY        0.00          0.04  -0.04     0.00
  MONTH TO DATE    0.00          0.09  -0.09     0.00
  SINCE JUN 1      4.15          3.96   0.19     3.51
  SINCE JAN 1     11.27          9.62   1.65    13.11

DEGREE DAYS
 HEATING
  YESTERDAY        0             0      0        0
  MONTH TO DATE    0             0      0        0
  SINCE JUN 1     61           161   -100      205
  SINCE JUL 1     22            19      3       13

 COOLING
  YESTERDAY       10             8      2        4
  MONTH TO DATE   22            16      6       12
  SINCE JUN 1    260           290    -30      206
  SINCE JAN 1    260           298    -38      214
......................................................


WIND (MPH)
  HIGHEST WIND SPEED    18   HIGHEST WIND DIRECTION    NE (40)
  HIGHEST GUST SPEED    26   HIGHEST GUST DIRECTION     N (360)
  AVERAGE WIND SPEED     7.4


SKY COVER
  AVERAGE SKY COVER 0.0


WEATHER CONDITIONS
 THE FOLLOWING WEATHER WAS RECORDED YESTERDAY.
  NO SIGNIFICANT WEATHER WAS OBSERVED.


RELATIVE HUMIDITY (PERCENT)
 HIGHEST    72          1100 PM
 LOWEST     16          1000 AM
 AVERAGE    44

..........................................................




SUNRISE AND SUNSET
AUGUST  3 2015........SUNRISE   551 AM MDT   SUNSET   825 PM MDT
AUGUST  4 2015........SUNRISE   552 AM MDT   SUNSET   823 PM MDT


-  INDICATES NEGATIVE NUMBERS.
R  INDICATES RECORD WAS SET OR TIED.
MM INDICATES DATA IS MISSING.
T  INDICATES TRACE AMOUNT.




$$
