000
CDUS43 KUNR 010845
CLIGCC


CLIMATE REPORT
NATIONAL WEATHER SERVICE RAPID CITY SD
143 AM MST SUN MAR 1 2015


...................................

...THE GILLETTE AIRPORT WY CLIMATE SUMMARY FOR FEBRUARY 28 2015...

CLIMATE NORMAL PERIOD 1981 TO 2010
CLIMATE RECORD PERIOD 9999 TO 9999


WEATHER ITEM   OBSERVED TIME   NORMAL DEPARTURE LAST
                VALUE   (LST)  VALUE  FROM      YEAR
                                      NORMAL
......................................................
TEMPERATURE (F)
 YESTERDAY
  MAXIMUM         20    342 PM  42    -22       37
  MINIMUM          2    232 AM  19    -17       -2
  AVERAGE         11            30    -19       18

PRECIPITATION (IN)
  YESTERDAY        T             0.01  -0.01     0.06
  MONTH TO DATE    0.57          0.39   0.18     0.89
  SINCE DEC 1      1.25          1.18   0.07     1.95
  SINCE JAN 1      0.85          0.78   0.07     1.28

DEGREE DAYS
 HEATING
  YESTERDAY       54            35     19       47
  MONTH TO DATE 1012          1054    -42     1342
  SINCE DEC 1   3307          3533   -226     3933
  SINCE JUL 1   5090          5408   -318     5645

 COOLING
  YESTERDAY        0             0      0        0
  MONTH TO DATE    0             0      0        0
  SINCE DEC 1      0             0      0        0
  SINCE JAN 1      0             0      0        0
......................................................


WIND (MPH)
  HIGHEST WIND SPEED    15   HIGHEST WIND DIRECTION    NW (330)
  HIGHEST GUST SPEED    18   HIGHEST GUST DIRECTION    NW (330)
  AVERAGE WIND SPEED     6.6


SKY COVER
  AVERAGE SKY COVER 0.7


WEATHER CONDITIONS
 THE FOLLOWING WEATHER WAS RECORDED YESTERDAY.
  LIGHT SNOW
  FOG
  HAZE


RELATIVE HUMIDITY (PERCENT)
 HIGHEST    88           100 AM
 LOWEST     56           300 PM
 AVERAGE    72

..........................................................




SUNRISE AND SUNSET
MARCH  1 2015.........SUNRISE   640 AM MST   SUNSET   550 PM MST
MARCH  2 2015.........SUNRISE   638 AM MST   SUNSET   551 PM MST


-  INDICATES NEGATIVE NUMBERS.
R  INDICATES RECORD WAS SET OR TIED.
MM INDICATES DATA IS MISSING.
T  INDICATES TRACE AMOUNT.




$$
