000
CDUS43 KUNR 150833
CLIGCC


CLIMATE REPORT
NATIONAL WEATHER SERVICE RAPID CITY SD
232 AM MDT TUE APR 15 2014


...................................

...THE GILLETTE AIRPORT WY CLIMATE SUMMARY FOR APRIL 14 2014...

CLIMATE NORMAL PERIOD 1981 TO 2010
CLIMATE RECORD PERIOD 9999 TO 9999


WEATHER ITEM   OBSERVED TIME   NORMAL DEPARTURE LAST
                VALUE   (LST)  VALUE  FROM      YEAR
                                      NORMAL
......................................................
TEMPERATURE (F)
 YESTERDAY
  MAXIMUM         46    409 PM  55     -9       34
  MINIMUM         18    525 AM  29    -11       17
  AVERAGE         32            42    -10       26

PRECIPITATION (IN)
  YESTERDAY        0.00          0.05  -0.05     0.01
  MONTH TO DATE    0.14          0.50  -0.36     0.85
  SINCE MAR 1      1.23          1.46  -0.23     1.13
  SINCE JAN 1      2.51          2.24   0.27     2.26

DEGREE DAYS
 HEATING
  YESTERDAY       33            23     10       39
  MONTH TO DATE  345           347     -2      402
  SINCE MAR 1   1309          1286     23     1366
  SINCE JUL 1   6954          6694    260     6489

 COOLING
  YESTERDAY        0             0      0        0
  MONTH TO DATE    0             0      0        0
  SINCE MAR 1      0             0      0        0
  SINCE JAN 1      0             0      0        0
......................................................


WIND (MPH)
  HIGHEST WIND SPEED    21   HIGHEST WIND DIRECTION     W (290)
  HIGHEST GUST SPEED    26   HIGHEST GUST DIRECTION     W (290)
  AVERAGE WIND SPEED    12.7


SKY COVER
  AVERAGE SKY COVER 0.1


WEATHER CONDITIONS
 THE FOLLOWING WEATHER WAS RECORDED YESTERDAY.
  NO SIGNIFICANT WEATHER WAS OBSERVED.


RELATIVE HUMIDITY (PERCENT)
 HIGHEST    77          1200 AM
 LOWEST     31           300 PM
 AVERAGE    54

..........................................................




SUNRISE AND SUNSET
APRIL 15 2014.........SUNRISE   618 AM MDT   SUNSET   747 PM MDT
APRIL 16 2014.........SUNRISE   617 AM MDT   SUNSET   748 PM MDT


-  INDICATES NEGATIVE NUMBERS.
R  INDICATES RECORD WAS SET OR TIED.
MM INDICATES DATA IS MISSING.
T  INDICATES TRACE AMOUNT.




$$
