000
CDUS43 KUNR 250832
CLIGCC


CLIMATE REPORT
NATIONAL WEATHER SERVICE RAPID CITY SD
231 AM MDT TUE APR 25 2017


...................................

...THE GILLETTE AIRPORT WY CLIMATE SUMMARY FOR APRIL 24 2017...

CLIMATE NORMAL PERIOD 1981 TO 2010
CLIMATE RECORD PERIOD 9999 TO 9999


WEATHER ITEM   OBSERVED TIME   NORMAL DEPARTURE LAST
                VALUE   (LST)  VALUE  FROM      YEAR
                                      NORMAL
......................................................
TEMPERATURE (F)
 YESTERDAY
  MAXIMUM         62    246 PM  59      3       48
  MINIMUM         35    449 AM  32      3       33
  AVERAGE         49            45      4       41

PRECIPITATION (IN)
  YESTERDAY        0.17          0.06   0.11     0.56
  MONTH TO DATE    2.01          1.03   0.98     1.74
  SINCE MAR 1      2.80          1.99   0.81     2.85
  SINCE JAN 1      3.64          2.77   0.87     4.36

DEGREE DAYS
 HEATING
  YESTERDAY       16            20     -4       24
  MONTH TO DATE  465           559    -94      440
  SINCE MAR 1   1170          1498   -328     1228
  SINCE JUL 1   5927          6906   -979     5959

 COOLING
  YESTERDAY        0             0      0        0
  MONTH TO DATE    0             0      0        0
  SINCE MAR 1      0             0      0        0
  SINCE JAN 1      0             0      0        0
......................................................


WIND (MPH)
  HIGHEST WIND SPEED    24   HIGHEST WIND DIRECTION     S (190)
  HIGHEST GUST SPEED    30   HIGHEST GUST DIRECTION     S (190)
  AVERAGE WIND SPEED     9.5


SKY COVER
  AVERAGE SKY COVER 0.5


WEATHER CONDITIONS
 THE FOLLOWING WEATHER WAS RECORDED YESTERDAY.
  RAIN
  LIGHT RAIN


RELATIVE HUMIDITY (PERCENT)
 HIGHEST   100           300 AM
 LOWEST     36           300 PM
 AVERAGE    68

..........................................................




SUNRISE AND SUNSET
APRIL 25 2017.........SUNRISE   601 AM MDT   SUNSET   759 PM MDT
APRIL 26 2017.........SUNRISE   600 AM MDT   SUNSET   801 PM MDT


-  INDICATES NEGATIVE NUMBERS.
R  INDICATES RECORD WAS SET OR TIED.
MM INDICATES DATA IS MISSING.
T  INDICATES TRACE AMOUNT.




$$
