531
CDUS43 KUNR 300832
CLIGCC


CLIMATE REPORT
NATIONAL WEATHER SERVICE RAPID CITY SD
232 AM MDT SAT APR 30 2016


...................................

...THE GILLETTE AIRPORT WY CLIMATE SUMMARY FOR APRIL 29 2016...

CLIMATE NORMAL PERIOD 1981 TO 2010
CLIMATE RECORD PERIOD 9999 TO 9999


WEATHER ITEM   OBSERVED TIME   NORMAL DEPARTURE LAST
                VALUE   (LST)  VALUE  FROM      YEAR
                                      NORMAL
......................................................
TEMPERATURE (F)
 YESTERDAY
  MAXIMUM         46    215 PM  60    -14       76
  MINIMUM         34    224 AM  34      0       38
  AVERAGE         40            47     -7       57

PRECIPITATION (IN)
  YESTERDAY        0.04          0.07  -0.03     0.00
  MONTH TO DATE    2.53          1.39   1.14     1.20
  SINCE MAR 1      3.64          2.35   1.29     1.65
  SINCE JAN 1      5.15          3.13   2.02     2.50

DEGREE DAYS
 HEATING
  YESTERDAY       25            18      7        8
  MONTH TO DATE  581           651    -70      594
  SINCE MAR 1   1369          1590   -221     1291
  SINCE JUL 1   6100          6998   -898     6381

 COOLING
  YESTERDAY        0             0      0        0
  MONTH TO DATE    0             0      0        0
  SINCE MAR 1      0             0      0        0
  SINCE JAN 1      0             0      0        0
......................................................


WIND (MPH)
  HIGHEST WIND SPEED    18   HIGHEST WIND DIRECTION    NE (60)
  HIGHEST GUST SPEED    20   HIGHEST GUST DIRECTION    NE (60)
  AVERAGE WIND SPEED     6.7


SKY COVER
  AVERAGE SKY COVER 1.0


WEATHER CONDITIONS
 THE FOLLOWING WEATHER WAS RECORDED YESTERDAY.
  LIGHT RAIN
  FOG


RELATIVE HUMIDITY (PERCENT)
 HIGHEST   100          1200 AM
 LOWEST     60           100 PM
 AVERAGE    80

..........................................................




SUNRISE AND SUNSET
APRIL 30 2016.........SUNRISE   554 AM MDT   SUNSET   806 PM MDT
MAY  1 2016...........SUNRISE   552 AM MDT   SUNSET   807 PM MDT


-  INDICATES NEGATIVE NUMBERS.
R  INDICATES RECORD WAS SET OR TIED.
MM INDICATES DATA IS MISSING.
T  INDICATES TRACE AMOUNT.




$$
