000
CDUS43 KUNR 170921
CLIGCC


CLIMATE REPORT
NATIONAL WEATHER SERVICE RAPID CITY SD
221 AM MST WED JAN 17 2018


...................................

...THE GILLETTE AIRPORT WY CLIMATE SUMMARY FOR JANUARY 16 2018...

CLIMATE NORMAL PERIOD 1981 TO 2010
CLIMATE RECORD PERIOD 9999 TO 9999


WEATHER ITEM   OBSERVED TIME   NORMAL DEPARTURE LAST
                VALUE   (LST)  VALUE  FROM      YEAR
                                      NORMAL
......................................................
TEMPERATURE (F)
 YESTERDAY
  MAXIMUM         MM        MM  38     MM       32
  MINIMUM         MM        MM  15     MM       10
  AVERAGE         MM            26     MM       21

PRECIPITATION (IN)
  YESTERDAY        0.00          0.01  -0.01     0.00
  MONTH TO DATE    0.29          0.16   0.13     0.13
  SINCE DEC 1      1.00          0.56   0.44     0.98
  SINCE JAN 1      0.29          0.16   0.13     0.13

DEGREE DAYS
 HEATING
  YESTERDAY       MM            39     MM       44
  MONTH TO DATE  620           629     -9      621
  SINCE DEC 1   1891          1895     -4     1890
  SINCE JUL 1   3662          3770   -108     3283

 COOLING
  YESTERDAY       MM             0     MM        0
  MONTH TO DATE    0             0      0        0
  SINCE DEC 1      0             0      0        0
  SINCE JAN 1      0             0      0        0
......................................................


WIND (MPH)
  HIGHEST WIND SPEED    17   HIGHEST WIND DIRECTION     S (170)
  HIGHEST GUST SPEED    MM   HIGHEST GUST DIRECTION    MM
  AVERAGE WIND SPEED    12.6


SKY COVER
  AVERAGE SKY COVER 0.0


WEATHER CONDITIONS
 THE FOLLOWING WEATHER WAS RECORDED YESTERDAY.
  HAZE


RELATIVE HUMIDITY (PERCENT)
 HIGHEST    75           400 AM
 LOWEST     60          1200 PM
 AVERAGE    68

..........................................................




SUNRISE AND SUNSET
JANUARY 17 2018.......SUNRISE   733 AM MST   SUNSET   452 PM MST
JANUARY 18 2018.......SUNRISE   733 AM MST   SUNSET   453 PM MST


-  INDICATES NEGATIVE NUMBERS.
R  INDICATES RECORD WAS SET OR TIED.
MM INDICATES DATA IS MISSING.
T  INDICATES TRACE AMOUNT.




$$
