000
CDUS43 KUNR 210838
CLIGCC


CLIMATE REPORT
NATIONAL WEATHER SERVICE RAPID CITY SD
237 AM MDT FRI JUL 21 2017


...................................

...THE GILLETTE AIRPORT WY CLIMATE SUMMARY FOR JULY 20 2017...

CLIMATE NORMAL PERIOD 1981 TO 2010
CLIMATE RECORD PERIOD 9999 TO 9999


WEATHER ITEM   OBSERVED TIME   NORMAL DEPARTURE LAST
                VALUE   (LST)  VALUE  FROM      YEAR
                                      NORMAL
......................................................
TEMPERATURE (F)
 YESTERDAY
  MAXIMUM        100    352 PM  88     12      100
  MINIMUM         67   1147 PM  57     10       58
  AVERAGE         84            72     12       79

PRECIPITATION (IN)
  YESTERDAY        T             0.05  -0.05     0.00
  MONTH TO DATE    0.38          1.11  -0.73     0.18
  SINCE JUN 1      2.28          3.32  -1.04     0.62
  SINCE JAN 1      9.47          8.98   0.49     6.46

DEGREE DAYS
 HEATING
  YESTERDAY        0             0      0        0
  MONTH TO DATE    0            14    -14        7
  SINCE JUN 1     90           156    -66       41
  SINCE JUL 1      0            14    -14        7

 COOLING
  YESTERDAY       19             8     11       14
  MONTH TO DATE  251           128    123      122
  SINCE JUN 1    304           188    116      286
  SINCE JAN 1    308           196    112      286
......................................................


WIND (MPH)
  HIGHEST WIND SPEED    28   HIGHEST WIND DIRECTION    NW (310)
  HIGHEST GUST SPEED    37   HIGHEST GUST DIRECTION     N (350)
  AVERAGE WIND SPEED    15.1


SKY COVER
  AVERAGE SKY COVER 0.2


WEATHER CONDITIONS
 THE FOLLOWING WEATHER WAS RECORDED YESTERDAY.
  THUNDERSTORM
  LIGHT RAIN


RELATIVE HUMIDITY (PERCENT)
 HIGHEST    73          1100 PM
 LOWEST     16           500 PM
 AVERAGE    45

..........................................................




SUNRISE AND SUNSET
JULY 21 2017..........SUNRISE   538 AM MDT   SUNSET   838 PM MDT
JULY 22 2017..........SUNRISE   539 AM MDT   SUNSET   838 PM MDT


-  INDICATES NEGATIVE NUMBERS.
R  INDICATES RECORD WAS SET OR TIED.
MM INDICATES DATA IS MISSING.
T  INDICATES TRACE AMOUNT.




$$
