000
CDUS43 KUNR 170831
CLIGCC


CLIMATE REPORT
NATIONAL WEATHER SERVICE RAPID CITY SD
131 AM MST FRI NOV 17 2017


...................................

...THE GILLETTE AIRPORT WY CLIMATE SUMMARY FOR NOVEMBER 16 2017...

CLIMATE NORMAL PERIOD 1981 TO 2010
CLIMATE RECORD PERIOD 9999 TO 9999


WEATHER ITEM   OBSERVED TIME   NORMAL DEPARTURE LAST
                VALUE   (LST)  VALUE  FROM      YEAR
                                      NORMAL
......................................................
TEMPERATURE (F)
 YESTERDAY
  MAXIMUM         66    249 PM  44     22       56
  MINIMUM         38   1200 AM  21     17       35
  AVERAGE         52            32     20       46

PRECIPITATION (IN)
  YESTERDAY        0.00          0.01  -0.01     0.00
  MONTH TO DATE    0.35          0.33   0.02     0.00
  SINCE SEP 1      3.05          2.79   0.26     3.95
  SINCE JAN 1     13.20         13.27  -0.07    13.11

DEGREE DAYS
 HEATING
  YESTERDAY       13            32    -19       19
  MONTH TO DATE  509           462     47      256
  SINCE SEP 1   1400          1314     86      914
  SINCE JUL 1   1435          1371     64      968

 COOLING
  YESTERDAY        0             0      0        0
  MONTH TO DATE    0             0      0        0
  SINCE SEP 1     65            42     23       25
  SINCE JAN 1    617           502    115      569
......................................................


WIND (MPH)
  HIGHEST WIND SPEED    38   HIGHEST WIND DIRECTION    SW (230)
  HIGHEST GUST SPEED    49   HIGHEST GUST DIRECTION    SW (230)
  AVERAGE WIND SPEED    21.3


SKY COVER
  AVERAGE SKY COVER 0.1


WEATHER CONDITIONS
 THE FOLLOWING WEATHER WAS RECORDED YESTERDAY.
  NO SIGNIFICANT WEATHER WAS OBSERVED.


RELATIVE HUMIDITY (PERCENT)
 HIGHEST    59          1100 PM
 LOWEST     24           100 PM
 AVERAGE    42

..........................................................




SUNRISE AND SUNSET
NOVEMBER 17 2017......SUNRISE   701 AM MST   SUNSET   433 PM MST
NOVEMBER 18 2017......SUNRISE   702 AM MST   SUNSET   432 PM MST


-  INDICATES NEGATIVE NUMBERS.
R  INDICATES RECORD WAS SET OR TIED.
MM INDICATES DATA IS MISSING.
T  INDICATES TRACE AMOUNT.




$$
