000
CDUS43 KDDC 142336
CLIGCK


CLIMATE REPORT
NATIONAL WEATHER SERVICE DODGE CITY KS
632 PM CDT SUN SEP 14 2014


...................................

...THE GARDEN CITY REGIONAL ARPT KS CLIMATE SUMMARY FOR SEPTEMBER 14 2014...
VALID TODAY AS OF 0500 PM LOCAL TIME.

CLIMATE NORMAL PERIOD 1981 TO 2010
CLIMATE RECORD PERIOD 1948 TO 2014


WEATHER ITEM   OBSERVED TIME   RECORD YEAR NORMAL DEPARTURE LAST
                VALUE   (LST)  VALUE       VALUE  FROM      YEAR
                                                  NORMAL
..................................................................
TEMPERATURE (F)
 TODAY
  MAXIMUM         87    354 PM 101    1955  83      4       83
  MINIMUM         46    622 AM  39    1993  55     -9       59
  AVERAGE         67                        69     -2       71

PRECIPITATION (IN)
  TODAY            0.00          1.73 2002   0.05  -0.05     0.01
  MONTH TO DATE    1.47                      0.74   0.73     0.74
  SINCE SEP 1      1.47                      0.74   0.73     0.74
  SINCE JAN 1     19.12                     16.39   2.73    10.91

DEGREE DAYS
 HEATING
  TODAY            0                         2     -2        0
  MONTH TO DATE   52                        12     40        0
  SINCE SEP 1     52                        12     40        0
  SINCE JUL 1     62                        16     46        0

 COOLING
  TODAY            2                         6     -4        6
  MONTH TO DATE   82                       104    -22      161
  SINCE SEP 1     82                       104    -22      161
  SINCE JAN 1   1242                      1220     22     1503
..................................................................


WIND (MPH)
  HIGHEST WIND SPEED    22   HIGHEST WIND DIRECTION     S (200)
  HIGHEST GUST SPEED    27   HIGHEST GUST DIRECTION     S (190)
  AVERAGE WIND SPEED    12.2



WEATHER CONDITIONS
 THE FOLLOWING WEATHER WAS RECORDED TODAY.
  NO SIGNIFICANT WEATHER WAS OBSERVED.


RELATIVE HUMIDITY (PERCENT)
 HIGHEST   100           700 AM
 LOWEST     36           400 PM
 AVERAGE    68

..........................................................


THE GARDEN CITY REGIONAL ARPT KS CLIMATE NORMALS FOR TOMORROW
                         NORMAL    RECORD    YEAR
 MAXIMUM TEMPERATURE (F)   83       100      1990
 MINIMUM TEMPERATURE (F)   55        36      1993


SUNRISE AND SUNSET
SEPTEMBER 14 2014.....SUNRISE   724 AM CDT   SUNSET   752 PM CDT
SEPTEMBER 15 2014.....SUNRISE   725 AM CDT   SUNSET   751 PM CDT


-  INDICATES NEGATIVE NUMBERS.
R  INDICATES RECORD WAS SET OR TIED.
MM INDICATES DATA IS MISSING.
T  INDICATES TRACE AMOUNT.




$$
