000
CDUS43 KDDC 021007
CLIGCK


CLIMATE REPORT
NATIONAL WEATHER SERVICE DODGE CITY KS
506 AM CDT THU OCT 2 2014


...................................

...THE GARDEN CITY REGIONAL ARPT KS CLIMATE SUMMARY FOR OCTOBER 1 2014...

CLIMATE NORMAL PERIOD 1981 TO 2010
CLIMATE RECORD PERIOD 1948 TO 2014


WEATHER ITEM   OBSERVED TIME   RECORD YEAR NORMAL DEPARTURE LAST
                VALUE   (LST)  VALUE       VALUE  FROM      YEAR
                                                  NORMAL
..................................................................
TEMPERATURE (F)
 YESTERDAY
  MAXIMUM         81    505 PM  95    2000  76      5       81
                                      1963
  MINIMUM         51    702 AM  28    1985  47      4       49
  AVERAGE         66                        62      4       65

PRECIPITATION (IN)
  YESTERDAY        T             1.16 1950   0.05  -0.05     0.00
  MONTH TO DATE    T                         0.05  -0.05     0.00
  SINCE SEP 1      1.99                      1.52   0.47     2.42
  SINCE JAN 1     19.64                     17.17   2.47    12.59

DEGREE DAYS
 HEATING
  YESTERDAY        0                         6     -6
  MONTH TO DATE    0                         6     -6
  SINCE SEP 1     56                        74    -18
  SINCE JUL 1     66                        78    -12

 COOLING
  YESTERDAY        1                         2     -1
  MONTH TO DATE    1                         2     -1
  SINCE SEP 1    173                       164      9
  SINCE JAN 1   1333                      1280     53
..................................................................


WIND (MPH)
  HIGHEST WIND SPEED    33   HIGHEST WIND DIRECTION    NW (330)
  HIGHEST GUST SPEED    43   HIGHEST GUST DIRECTION    NW (330)
  AVERAGE WIND SPEED     8.8



WEATHER CONDITIONS
 THE FOLLOWING WEATHER WAS RECORDED YESTERDAY.
  NO SIGNIFICANT WEATHER WAS OBSERVED.


RELATIVE HUMIDITY (PERCENT)
 HIGHEST    84          1100 PM
 LOWEST     26           300 PM
 AVERAGE    55

..........................................................


THE GARDEN CITY REGIONAL ARPT KS CLIMATE NORMALS FOR TODAY
                         NORMAL    RECORD    YEAR
 MAXIMUM TEMPERATURE (F)   75        96      1979
 MINIMUM TEMPERATURE (F)   47        33      1999


SUNRISE AND SUNSET
OCTOBER  2 2014.......SUNRISE   739 AM CDT   SUNSET   724 PM CDT
OCTOBER  3 2014.......SUNRISE   740 AM CDT   SUNSET   723 PM CDT


-  INDICATES NEGATIVE NUMBERS.
R  INDICATES RECORD WAS SET OR TIED.
MM INDICATES DATA IS MISSING.
T  INDICATES TRACE AMOUNT.




$$
