000
CDUS43 KDDC 010709
CLIGCK


CLIMATE REPORT
NATIONAL WEATHER SERVICE DODGE CITY KS
205 AM CDT SAT OCT 1 2016


...................................

...THE GARDEN CITY REGIONAL ARPT KS CLIMATE SUMMARY FOR SEPTEMBER 30 2016...

CLIMATE NORMAL PERIOD 1981 TO 2010
CLIMATE RECORD PERIOD 1948 TO 2016


WEATHER ITEM   OBSERVED TIME   RECORD YEAR NORMAL DEPARTURE LAST
                VALUE   (LST)  VALUE       VALUE  FROM      YEAR
                                                  NORMAL
..................................................................
TEMPERATURE (F)
 YESTERDAY
  MAXIMUM         79    338 PM  96    2009  76      3       69
  MINIMUM         46    639 AM  26    1985  48     -2       55
  AVERAGE         63                        62      1       62

PRECIPITATION (IN)
  YESTERDAY        0.00          0.48 2014   0.04  -0.04     0.00
  MONTH TO DATE    0.19                      1.47  -1.28     0.11
  SINCE SEP 1      0.19                      1.47  -1.28     0.11
  SINCE JAN 1     20.02                     17.12   2.90    19.90

DEGREE DAYS
 HEATING
  YESTERDAY        2                         5     -3
  MONTH TO DATE   28                        68    -40
  SINCE SEP 1     28                        68    -40
  SINCE JUL 1     28                        72    -44

 COOLING
  YESTERDAY        0                         2     -2
  MONTH TO DATE  217                       162     55
  SINCE SEP 1    217                       162     55
  SINCE JAN 1   1373                      1278     95
..................................................................


WIND (MPH)
  HIGHEST WIND SPEED    22   HIGHEST WIND DIRECTION    SE (140)
  HIGHEST GUST SPEED    29   HIGHEST GUST DIRECTION    SE (120)
  AVERAGE WIND SPEED    12.8



WEATHER CONDITIONS
 THE FOLLOWING WEATHER WAS RECORDED YESTERDAY.
  NO SIGNIFICANT WEATHER WAS OBSERVED.


RELATIVE HUMIDITY (PERCENT)
 HIGHEST    86           600 AM
 LOWEST     32           400 PM
 AVERAGE    59

..........................................................


THE GARDEN CITY REGIONAL ARPT KS CLIMATE NORMALS FOR TODAY
                         NORMAL    RECORD    YEAR
 MAXIMUM TEMPERATURE (F)   76        95      2000
                                             1963
 MINIMUM TEMPERATURE (F)   47        28      1985


SUNRISE AND SUNSET
OCTOBER  1 2016.......SUNRISE   739 AM CDT   SUNSET   725 PM CDT
OCTOBER  2 2016.......SUNRISE   740 AM CDT   SUNSET   724 PM CDT


-  INDICATES NEGATIVE NUMBERS.
R  INDICATES RECORD WAS SET OR TIED.
MM INDICATES DATA IS MISSING.
T  INDICATES TRACE AMOUNT.




$$
