000
CDUS43 KDDC 260711
CLIGCK


CLIMATE REPORT
NATIONAL WEATHER SERVICE DODGE CITY KS
207 AM CDT FRI AUG 26 2016


...................................

...THE GARDEN CITY REGIONAL ARPT KS CLIMATE SUMMARY FOR AUGUST 25 2016...

CLIMATE NORMAL PERIOD 1981 TO 2010
CLIMATE RECORD PERIOD 1948 TO 2016


WEATHER ITEM   OBSERVED TIME   RECORD YEAR NORMAL DEPARTURE LAST
                VALUE   (LST)  VALUE       VALUE  FROM      YEAR
                                                  NORMAL
..................................................................
TEMPERATURE (F)
 YESTERDAY
  MAXIMUM         74    541 PM 106    1973  89    -15       90
  MINIMUM         58    508 AM  49    1985  62     -4       60
  AVERAGE         66                        76    -10       75

PRECIPITATION (IN)
  YESTERDAY        0.05          1.50 1979   0.06  -0.01     0.00
  MONTH TO DATE    1.59                      2.08  -0.49     1.87
  SINCE JUN 1     14.24                      8.34   5.90    10.95
  SINCE JAN 1     19.70                     15.28   4.42    19.77

DEGREE DAYS
 HEATING
  YESTERDAY        0                         0      0
  MONTH TO DATE    0                         0      0
  SINCE JUN 1      2                        17    -15
  SINCE JUL 1      0                         1     -1

 COOLING
  YESTERDAY        1                        11    -10
  MONTH TO DATE  276                       306    -30
  SINCE JUN 1   1053                       968     85
  SINCE JAN 1   1112                      1057     55
..................................................................


WIND (MPH)
  HIGHEST WIND SPEED    15   HIGHEST WIND DIRECTION    NE (30)
  HIGHEST GUST SPEED    19   HIGHEST GUST DIRECTION    NE (30)
  AVERAGE WIND SPEED     7.8



WEATHER CONDITIONS
 THE FOLLOWING WEATHER WAS RECORDED YESTERDAY.
  LIGHT RAIN


RELATIVE HUMIDITY (PERCENT)
 HIGHEST    97           100 AM
 LOWEST     57           500 PM
 AVERAGE    77

..........................................................


THE GARDEN CITY REGIONAL ARPT KS CLIMATE NORMALS FOR TODAY
                         NORMAL    RECORD    YEAR
 MAXIMUM TEMPERATURE (F)   89       106      2011
 MINIMUM TEMPERATURE (F)   62        50      2010


SUNRISE AND SUNSET
AUGUST 26 2016........SUNRISE   708 AM CDT   SUNSET   820 PM CDT
AUGUST 27 2016........SUNRISE   709 AM CDT   SUNSET   819 PM CDT


-  INDICATES NEGATIVE NUMBERS.
R  INDICATES RECORD WAS SET OR TIED.
MM INDICATES DATA IS MISSING.
T  INDICATES TRACE AMOUNT.




$$
