000
CDUS43 KDDC 230706
CLIGCK


CLIMATE REPORT
NATIONAL WEATHER SERVICE DODGE CITY KS
205 AM CDT SUN APR 23 2017


...................................

...THE GARDEN CITY REGIONAL ARPT KS CLIMATE SUMMARY FOR APRIL 22 2017...

CLIMATE NORMAL PERIOD 1981 TO 2010
CLIMATE RECORD PERIOD 1948 TO 2017


WEATHER ITEM   OBSERVED TIME   RECORD YEAR NORMAL DEPARTURE LAST
                VALUE   (LST)  VALUE       VALUE  FROM      YEAR
                                                  NORMAL
..................................................................
TEMPERATURE (F)
 YESTERDAY
  MAXIMUM         58    356 PM 100    1989  69    -11       76
  MINIMUM         35   1246 AM  25    1982  41     -6       40
  AVERAGE         47                        55     -8       58

PRECIPITATION (IN)
  YESTERDAY        0.00          0.53 2010   0.07  -0.07     0.00
  MONTH TO DATE    1.49                      1.19   0.30     3.28
  SINCE MAR 1      3.99                      2.65   1.34     3.28
  SINCE JAN 1      5.28                      3.53   1.75     3.50

DEGREE DAYS
 HEATING
  YESTERDAY       18                        10      8
  MONTH TO DATE  199                       302   -103
  SINCE MAR 1    709                       966   -257
  SINCE JUL 1   4183                      4990   -807

 COOLING
  YESTERDAY        0                         1     -1
  MONTH TO DATE   29                         3     26
  SINCE MAR 1     37                         3     34
  SINCE JAN 1     37                         3     34
..................................................................


WIND (MPH)
  HIGHEST WIND SPEED    23   HIGHEST WIND DIRECTION    NE (30)
  HIGHEST GUST SPEED    27   HIGHEST GUST DIRECTION    NE (30)
  AVERAGE WIND SPEED    10.2



WEATHER CONDITIONS
 THE FOLLOWING WEATHER WAS RECORDED YESTERDAY.
  NO SIGNIFICANT WEATHER WAS OBSERVED.


RELATIVE HUMIDITY (PERCENT)
 HIGHEST    92          1200 AM
 LOWEST     38           500 PM
 AVERAGE    65

..........................................................


THE GARDEN CITY REGIONAL ARPT KS CLIMATE NORMALS FOR TODAY
                         NORMAL    RECORD    YEAR
 MAXIMUM TEMPERATURE (F)   70        96      1989
 MINIMUM TEMPERATURE (F)   41        24      2013


SUNRISE AND SUNSET
APRIL 23 2017.........SUNRISE   656 AM CDT   SUNSET   826 PM CDT
APRIL 24 2017.........SUNRISE   655 AM CDT   SUNSET   827 PM CDT


-  INDICATES NEGATIVE NUMBERS.
R  INDICATES RECORD WAS SET OR TIED.
MM INDICATES DATA IS MISSING.
T  INDICATES TRACE AMOUNT.




$$
