000
CDUS41 KPHI 090632
CLIGED


CLIMATE REPORT
NATIONAL WEATHER SERVICE MOUNT HOLLY NJ
128 AM EST TUE FEB 9 2016


...................................

...THE GEORGETOWN DE CLIMATE SUMMARY FOR FEBRUARY 8 2016...

CLIMATE NORMAL PERIOD 1981 TO 2010
CLIMATE RECORD PERIOD 1948 TO 2016


WEATHER ITEM   OBSERVED TIME   RECORD YEAR NORMAL DEPARTURE LAST
                VALUE   (LST)  VALUE       VALUE  FROM      YEAR
                                                  NORMAL
..................................................................
TEMPERATURE (F)
 YESTERDAY
  MAXIMUM         43    311 PM  69    1965  45     -2       62
  MINIMUM         35   1056 PM   3    1967  27      8       33
  AVERAGE         39                        36      3       48

PRECIPITATION (IN)
  YESTERDAY        0.05          1.45 1961   0.09  -0.04     0.00
  MONTH TO DATE    1.25                      0.77   0.48     0.75
  SINCE DEC 1      8.28                      6.98   1.30     8.81
  SINCE JAN 1      4.12                      3.69   0.43     5.28

SNOWFALL (IN)
  YESTERDAY       MM            MM      MM  MM     MM       MM
  MONTH TO DATE   MM                        MM     MM       MM
  SINCE DEC 1     MM                        MM     MM       MM
  SINCE JUL 1     MM                        MM     MM       MM
  SNOW DEPTH      MM

DEGREE DAYS
 HEATING
  YESTERDAY       26                        29     -3       17
  MONTH TO DATE  172                       232    -60      244
  SINCE DEC 1   1487                      1958   -471     1907
  SINCE JUL 1   2127                      2742   -615     2670

 COOLING
  YESTERDAY        0                         0      0        0
  MONTH TO DATE    0                         0      0        0
  SINCE DEC 1      9                         0      9        0
  SINCE JAN 1      0                         0      0        0
..................................................................


WIND (MPH)
  HIGHEST WIND SPEED    22   HIGHEST WIND DIRECTION     N (20)
  HIGHEST GUST SPEED    32   HIGHEST GUST DIRECTION     N (10)
  AVERAGE WIND SPEED     8.9


SKY COVER
  POSSIBLE SUNSHINE  MM
  AVERAGE SKY COVER 1.0


WEATHER CONDITIONS
 THE FOLLOWING WEATHER WAS RECORDED YESTERDAY.
  LIGHT RAIN


RELATIVE HUMIDITY (PERCENT)
 HIGHEST    92           800 PM
 LOWEST     62          1100 AM
 AVERAGE    77

..........................................................


THE GEORGETOWN DE CLIMATE NORMALS FOR TODAY
                         NORMAL    RECORD    YEAR
 MAXIMUM TEMPERATURE (F)   46        69      1965
 MINIMUM TEMPERATURE (F)   27         0      1967


SUNRISE AND SUNSET
FEBRUARY  9 2016......SUNRISE   700 AM EST   SUNSET   532 PM EST
FEBRUARY 10 2016......SUNRISE   659 AM EST   SUNSET   533 PM EST


-  INDICATES NEGATIVE NUMBERS.
R  INDICATES RECORD WAS SET OR TIED.
MM INDICATES DATA IS MISSING.
T  INDICATES TRACE AMOUNT.




$$
