000
CDUS41 KPHI 240627
CLIGED


CLIMATE REPORT
NATIONAL WEATHER SERVICE MOUNT HOLLY NJ
227 AM EDT WED MAY 24 2017


...................................

...THE GEORGETOWN DE CLIMATE SUMMARY FOR MAY 23 2017...

CLIMATE NORMAL PERIOD 1981 TO 2010
CLIMATE RECORD PERIOD 1948 TO 2017


WEATHER ITEM   OBSERVED TIME   RECORD YEAR NORMAL DEPARTURE LAST
                VALUE   (LST)  VALUE       VALUE  FROM      YEAR
                                                  NORMAL
..................................................................
TEMPERATURE (F)
 YESTERDAY
  MAXIMUM         65    107 PM  93    1964  76    -11       69
  MINIMUM         57   1122 PM  39    2006  55      2       56
  AVERAGE         61                        65     -4       63

PRECIPITATION (IN)
  YESTERDAY        0.14          2.22 1951   0.14   0.00     0.01
  MONTH TO DATE    3.52                      2.50   1.02     4.95
  SINCE MAR 1     10.37                     10.18   0.19    10.31
  SINCE JAN 1     14.61                     15.89  -1.28    16.78

DEGREE DAYS
 HEATING
  YESTERDAY        4                         3      1        2
  MONTH TO DATE  106                       118    -12      159
  SINCE MAR 1    887                      1098   -211      981
  SINCE JUL 1   3572                      4378   -806     3659

 COOLING
  YESTERDAY        0                         3     -3        0
  MONTH TO DATE   57                        44     13        0
  SINCE MAR 1    125                        64     61       21
  SINCE JAN 1    125                        64     61       21
..................................................................


WIND (MPH)
  HIGHEST WIND SPEED    15   HIGHEST WIND DIRECTION     E (80)
  HIGHEST GUST SPEED    19   HIGHEST GUST DIRECTION    NE (50)
  AVERAGE WIND SPEED     7.8


SKY COVER
  POSSIBLE SUNSHINE  MM
  AVERAGE SKY COVER 0.8


WEATHER CONDITIONS
 THE FOLLOWING WEATHER WAS RECORDED YESTERDAY.
  LIGHT RAIN
  FOG
  HAZE


RELATIVE HUMIDITY (PERCENT)
 HIGHEST    93           100 AM
 LOWEST     60           200 PM
 AVERAGE    77

..........................................................


THE GEORGETOWN DE CLIMATE NORMALS FOR TODAY
                         NORMAL    RECORD    YEAR
 MAXIMUM TEMPERATURE (F)   76        93      1964
 MINIMUM TEMPERATURE (F)   55        37      1963


SUNRISE AND SUNSET
MAY 24 2017...........SUNRISE   543 AM EDT   SUNSET   815 PM EDT
MAY 25 2017...........SUNRISE   542 AM EDT   SUNSET   815 PM EDT


-  INDICATES NEGATIVE NUMBERS.
R  INDICATES RECORD WAS SET OR TIED.
MM INDICATES DATA IS MISSING.
T  INDICATES TRACE AMOUNT.




$$
