000
CDUS41 KPHI 270630
CLIGED


CLIMATE REPORT
NATIONAL WEATHER SERVICE MOUNT HOLLY NJ
229 AM EDT TUE JUN 27 2017


...................................

...THE GEORGETOWN DE CLIMATE SUMMARY FOR JUNE 26 2017...

CLIMATE NORMAL PERIOD 1981 TO 2010
CLIMATE RECORD PERIOD 1948 TO 2017


WEATHER ITEM   OBSERVED TIME   RECORD YEAR NORMAL DEPARTURE LAST
                VALUE   (LST)  VALUE       VALUE  FROM      YEAR
                                                  NORMAL
..................................................................
TEMPERATURE (F)
 YESTERDAY
  MAXIMUM         84    309 PM  99    1952  85     -1       80
  MINIMUM         66   1159 PM  45    1979  65      1       57
  AVERAGE         75                        75      0       69

PRECIPITATION (IN)
  YESTERDAY        0.00          0.89 1970   0.17  -0.17     0.00
  MONTH TO DATE    1.77                      3.97  -2.20     2.73
  SINCE JUN 1      1.77                      3.97  -2.20     2.73
  SINCE JAN 1     17.95                     20.91  -2.96    20.96

DEGREE DAYS
 HEATING
  YESTERDAY        0                         0      0        0
  MONTH TO DATE   12                        10      2        1
  SINCE JUN 1     12                        10      2        1
  SINCE JUL 1   3590                      4403   -813     3660

 COOLING
  YESTERDAY       10                        10      0        4
  MONTH TO DATE  267                       197     70      180
  SINCE JUN 1    267                       197     70      180
  SINCE JAN 1    413                       291    122      270
..................................................................


WIND (MPH)
  HIGHEST WIND SPEED    14   HIGHEST WIND DIRECTION    SW (220)
  HIGHEST GUST SPEED    21   HIGHEST GUST DIRECTION    SW (230)
  AVERAGE WIND SPEED     4.9


SKY COVER
  POSSIBLE SUNSHINE  MM
  AVERAGE SKY COVER 0.3


WEATHER CONDITIONS
 THE FOLLOWING WEATHER WAS RECORDED YESTERDAY.
  NO SIGNIFICANT WEATHER WAS OBSERVED.


RELATIVE HUMIDITY (PERCENT)
 HIGHEST    73          1100 PM
 LOWEST     26           100 PM
 AVERAGE    50

..........................................................


THE GEORGETOWN DE CLIMATE NORMALS FOR TODAY
                         NORMAL    RECORD    YEAR
 MAXIMUM TEMPERATURE (F)   85        98      1952
 MINIMUM TEMPERATURE (F)   66        45      1979


SUNRISE AND SUNSET
JUNE 27 2017..........SUNRISE   539 AM EDT   SUNSET   830 PM EDT
JUNE 28 2017..........SUNRISE   539 AM EDT   SUNSET   830 PM EDT


-  INDICATES NEGATIVE NUMBERS.
R  INDICATES RECORD WAS SET OR TIED.
MM INDICATES DATA IS MISSING.
T  INDICATES TRACE AMOUNT.




$$
