000
CDUS41 KPHI 170547
CLIGED


CLIMATE REPORT
NATIONAL WEATHER SERVICE MOUNT HOLLY NJ
146 AM EDT TUE OCT 17 2017


...................................

...THE GEORGETOWN DE CLIMATE SUMMARY FOR OCTOBER 16 2017...

CLIMATE NORMAL PERIOD 1981 TO 2010
CLIMATE RECORD PERIOD 1948 TO 2017


WEATHER ITEM   OBSERVED TIME   RECORD YEAR NORMAL DEPARTURE LAST
                VALUE   (LST)  VALUE       VALUE  FROM      YEAR
                                                  NORMAL
..................................................................
TEMPERATURE (F)
 YESTERDAY
  MAXIMUM         74   1244 AM  87    2008  68      6       74
  MINIMUM         47   1159 PM  30    1978  47      0       45
  AVERAGE         61                        58      3       60

PRECIPITATION (IN)
  YESTERDAY        0.12          1.38 2002   0.13  -0.01     0.00
  MONTH TO DATE    0.77                      1.92  -1.15     3.01
  SINCE SEP 1      2.96                      6.05  -3.09    15.30
  SINCE JAN 1     36.97                     35.32   1.65    44.66

DEGREE DAYS
 HEATING
  YESTERDAY        4                         8     -4        5
  MONTH TO DATE   21                        94    -73       64
  SINCE SEP 1     32                       131    -99       71
  SINCE JUL 1     32                       132   -100       71

 COOLING
  YESTERDAY        0                         0      0        0
  MONTH TO DATE   80                        18     62       12
  SINCE SEP 1    271                       160    111      245
  SINCE JAN 1   1504                      1189    315     1459
..................................................................


WIND (MPH)
  HIGHEST WIND SPEED    16   HIGHEST WIND DIRECTION     N (340)
  HIGHEST GUST SPEED    25   HIGHEST GUST DIRECTION    NW (310)
  AVERAGE WIND SPEED     5.8


SKY COVER
  POSSIBLE SUNSHINE  MM
  AVERAGE SKY COVER 0.5


WEATHER CONDITIONS
 THE FOLLOWING WEATHER WAS RECORDED YESTERDAY.
  LIGHT RAIN
  FOG


RELATIVE HUMIDITY (PERCENT)
 HIGHEST    93           800 AM
 LOWEST     57           400 PM
 AVERAGE    75

..........................................................


THE GEORGETOWN DE CLIMATE NORMALS FOR TODAY
                         NORMAL    RECORD    YEAR
 MAXIMUM TEMPERATURE (F)   68        85      1989
 MINIMUM TEMPERATURE (F)   47        31      1973


SUNRISE AND SUNSET
OCTOBER 17 2017.......SUNRISE   713 AM EDT   SUNSET   620 PM EDT
OCTOBER 18 2017.......SUNRISE   714 AM EDT   SUNSET   619 PM EDT


-  INDICATES NEGATIVE NUMBERS.
R  INDICATES RECORD WAS SET OR TIED.
MM INDICATES DATA IS MISSING.
T  INDICATES TRACE AMOUNT.




$$
