000
CDUS41 KPHI 260630
CLIGED


CLIMATE REPORT
NATIONAL WEATHER SERVICE MOUNT HOLLY NJ
129 AM EST FRI DEC 26 2014


...................................

...THE GEORGETOWN DE CLIMATE SUMMARY FOR DECEMBER 25 2014...

CLIMATE NORMAL PERIOD 1981 TO 2010
CLIMATE RECORD PERIOD 1948 TO 2014


WEATHER ITEM   OBSERVED TIME   RECORD YEAR NORMAL DEPARTURE LAST
                VALUE   (LST)  VALUE       VALUE  FROM      YEAR
                                                  NORMAL
..................................................................
TEMPERATURE (F)
 YESTERDAY
  MAXIMUM         67    135 AM  71    1964  46     21       35
  MINIMUM         37   1159 PM   2    1989  28      9       23
  AVERAGE         52                        37     15       29

PRECIPITATION (IN)
  YESTERDAY        0.13          2.05 1986   0.10   0.03     0.00
  MONTH TO DATE    3.41                      2.79   0.62     3.76
  SINCE DEC 1      3.41                      2.79   0.62     3.76
  SINCE JAN 1     43.65                     43.27   0.38    53.32

SNOWFALL (IN)
  YESTERDAY       MM            MM      MM  MM     MM       MM
  MONTH TO DATE   MM                        MM     MM       MM
  SINCE DEC 1     MM                        MM     MM       MM
  SINCE JUL 1     MM                        MM     MM       MM
  SNOW DEPTH      MM

DEGREE DAYS
 HEATING
  YESTERDAY       13                        28    -15       36
  MONTH TO DATE  553                       625    -72      554
  SINCE DEC 1    553                       625    -72      554
  SINCE JUL 1   1316                      1409    -93     1357

 COOLING
  YESTERDAY        0                         0      0        0
  MONTH TO DATE    0                         0      0        4
  SINCE DEC 1      0                         0      0        4
  SINCE JAN 1   1151                      1196    -45     1400
..................................................................


WIND (MPH)
  HIGHEST WIND SPEED    23   HIGHEST WIND DIRECTION    NW (300)
  HIGHEST GUST SPEED    38   HIGHEST GUST DIRECTION    NW (300)
  AVERAGE WIND SPEED     8.4


SKY COVER
  POSSIBLE SUNSHINE  MM
  AVERAGE SKY COVER 0.4


WEATHER CONDITIONS
 THE FOLLOWING WEATHER WAS RECORDED YESTERDAY.
  RAIN
  LIGHT RAIN
  FOG


RELATIVE HUMIDITY (PERCENT)
 HIGHEST    86           600 AM
 LOWEST     38           200 PM
 AVERAGE    62

..........................................................


THE GEORGETOWN DE CLIMATE NORMALS FOR TODAY
                         NORMAL    RECORD    YEAR
 MAXIMUM TEMPERATURE (F)   45        72      1964
 MINIMUM TEMPERATURE (F)   28         2      1980


SUNRISE AND SUNSET
DECEMBER 26 2014......SUNRISE   718 AM EST   SUNSET   446 PM EST
DECEMBER 27 2014......SUNRISE   718 AM EST   SUNSET   447 PM EST


-  INDICATES NEGATIVE NUMBERS.
R  INDICATES RECORD WAS SET OR TIED.
MM INDICATES DATA IS MISSING.
T  INDICATES TRACE AMOUNT.




$$
