000
CDUS46 KOTX 250426
CLIGEG


CLIMATE REPORT
NATIONAL WEATHER SERVICE SPOKANE, WA
925 PM PDT SUN MAY 24 2015


...................................

...THE SPOKANE WA AIRPORT CLIMATE SUMMARY FOR MAY 24 2015...
VALID TODAY AS OF 0800 PM LOCAL TIME.

CLIMATE NORMAL PERIOD 1981 TO 2010
CLIMATE RECORD PERIOD 1881 TO 2015


WEATHER ITEM   OBSERVED TIME   RECORD YEAR NORMAL DEPARTURE LAST
                VALUE   (LST)  VALUE       VALUE  FROM      YEAR
                                                  NORMAL
..................................................................
TEMPERATURE (F)
 TODAY
  MAXIMUM         78    344 PM  95    1934  69      9       71
  MINIMUM         55    440 AM  32    2010  46      9       52
  AVERAGE         67                        57     10       62

PRECIPITATION (IN)
  TODAY            0.00          1.01 1953   0.06  -0.06     0.00
  MONTH TO DATE    0.51                      1.19  -0.68     0.46
  SINCE OCT 1     11.15                     12.98  -1.83     9.63
  SINCE JAN 1      6.42                      7.20  -0.78     7.30

DEGREE DAYS
 HEATING
  TODAY            0                         8     -8        3
  MONTH TO DATE  141                       268   -127      177
  SINCE MAR 1   1257                      1575   -318     1494
  SINCE JUL 1   5379                      6404  -1025     6537

 COOLING
  TODAY            2                         1      1        0
  MONTH TO DATE   15                         3     12        6
  SINCE MAR 1     15                         3     12        6
  SINCE JAN 1     15                         3     12        6
..................................................................


WIND (MPH)
  HIGHEST WIND SPEED    16   HIGHEST WIND DIRECTION    SW (230)
  HIGHEST GUST SPEED    21   HIGHEST GUST DIRECTION    SW (230)
  AVERAGE WIND SPEED     5.2


SKY COVER
  POSSIBLE SUNSHINE  MM
  AVERAGE SKY COVER 0.7


WEATHER CONDITIONS
 THE FOLLOWING WEATHER WAS RECORDED TODAY.
  NO SIGNIFICANT WEATHER WAS OBSERVED.


RELATIVE HUMIDITY (PERCENT)
 HIGHEST    83           500 AM
 LOWEST     29           400 PM
 AVERAGE    56

..........................................................


THE SPOKANE WA AIRPORT CLIMATE NORMALS FOR TOMORROW
                         NORMAL    RECORD    YEAR
 MAXIMUM TEMPERATURE (F)   69        97      1928
 MINIMUM TEMPERATURE (F)   46        31      1964


SUNRISE AND SUNSET
MAY 24 2015...........SUNRISE   503 AM PDT   SUNSET   832 PM PDT
MAY 25 2015...........SUNRISE   502 AM PDT   SUNSET   833 PM PDT


-  INDICATES NEGATIVE NUMBERS.
R  INDICATES RECORD WAS SET OR TIED.
MM INDICATES DATA IS MISSING.
T  INDICATES TRACE AMOUNT.




$$
