000
CDUS46 KOTX 290822
CLIGEG


CLIMATE REPORT
NATIONAL WEATHER SERVICE SPOKANE, WA
121 AM PDT WED MAR 29 2017


...................................

...THE SPOKANE WA AIRPORT CLIMATE SUMMARY FOR MARCH 28 2017...

CLIMATE NORMAL PERIOD 1981 TO 2010
CLIMATE RECORD PERIOD 1881 TO 2017


WEATHER ITEM   OBSERVED TIME   RECORD YEAR NORMAL DEPARTURE LAST
                VALUE   (LST)  VALUE       VALUE  FROM      YEAR
                                                  NORMAL
..................................................................
TEMPERATURE (F)
 YESTERDAY
  MAXIMUM         46    151 PM  72    1941  53     -7       46
  MINIMUM         36    449 AM  15    1965  34      2       32
                                      1954
  AVERAGE         41                        43     -2       39

PRECIPITATION (IN)
  YESTERDAY        0.02          0.56 1934   0.06  -0.04     0.09
  MONTH TO DATE    3.70                      1.46   2.24     3.30
  SINCE OCT 1     19.23                     10.36   8.87    13.12
  SINCE JAN 1      9.94                      4.58   5.36     6.76

SNOWFALL (IN)
  YESTERDAY        0.0           3.1  2008   0.1   -0.1      0.6
  MONTH TO DATE    5.4                       3.2    2.2      0.6
  SINCE MAR 1      5.4                       3.2    2.2      0.6
  SINCE JUL 1     61.0                      43.5   17.5     34.2
  SNOW DEPTH       0

DEGREE DAYS
 HEATING
  YESTERDAY       24                        22      2       26
  MONTH TO DATE  679                       704    -25      634
  SINCE MAR 1    679                       704    -25      634
  SINCE JUL 1   5672                      5533    139     4923

 COOLING
  YESTERDAY        0                         0      0        0
  MONTH TO DATE    0                         0      0        0
  SINCE MAR 1      0                         0      0        0
  SINCE JAN 1      0                         0      0        0
..................................................................


WIND (MPH)
  HIGHEST WIND SPEED    21   HIGHEST WIND DIRECTION    SW (220)
  HIGHEST GUST SPEED    27   HIGHEST GUST DIRECTION    SW (210)
  AVERAGE WIND SPEED    12.1


SKY COVER
  POSSIBLE SUNSHINE  MM
  AVERAGE SKY COVER 0.8


WEATHER CONDITIONS
 THE FOLLOWING WEATHER WAS RECORDED YESTERDAY.
  LIGHT RAIN
  FOG


RELATIVE HUMIDITY (PERCENT)
 HIGHEST    92           200 AM
 LOWEST     65          1100 AM
 AVERAGE    79

..........................................................


THE SPOKANE WA AIRPORT CLIMATE NORMALS FOR TODAY
                         NORMAL    RECORD    YEAR
 MAXIMUM TEMPERATURE (F)   53        70      2004
                                             1966
                                             1881
 MINIMUM TEMPERATURE (F)   35        16      1954


SUNRISE AND SUNSET
MARCH 29 2017.........SUNRISE   634 AM PDT   SUNSET   716 PM PDT
MARCH 30 2017.........SUNRISE   632 AM PDT   SUNSET   718 PM PDT


-  INDICATES NEGATIVE NUMBERS.
R  INDICATES RECORD WAS SET OR TIED.
MM INDICATES DATA IS MISSING.
T  INDICATES TRACE AMOUNT.




$$
