000
CDUS46 KOTX 290425
CLIGEG


CLIMATE REPORT
NATIONAL WEATHER SERVICE SPOKANE, WA
824 PM PST FRI NOV 28 2014


...................................

...THE SPOKANE WA AIRPORT CLIMATE SUMMARY FOR NOVEMBER 28 2014...
VALID TODAY AS OF 0800 PM LOCAL TIME.

CLIMATE NORMAL PERIOD 1981 TO 2010
CLIMATE RECORD PERIOD 1881 TO 2014


WEATHER ITEM   OBSERVED TIME   RECORD YEAR NORMAL DEPARTURE LAST
                VALUE   (LST)  VALUE       VALUE  FROM      YEAR
                                                  NORMAL
..................................................................
TEMPERATURE (F)
 TODAY
  MAXIMUM         52    230 PM  55    1883  36     16       38
  MINIMUM         46    704 PM -13    1896  26     20       22
  AVERAGE         49                        31     18       30

PRECIPITATION (IN)
  TODAY            0.06          0.55 1927   0.09  -0.03     0.00
  MONTH TO DATE    1.29                      2.13  -0.84     1.49
  SINCE OCT 1      2.71                      3.31  -0.60     1.58
  SINCE JAN 1     12.97                     14.09  -1.12    10.61

DEGREE DAYS
 HEATING
  TODAY           16                        34    -18       35
  MONTH TO DATE  820                       810     10      825
  SINCE SEP 1   1271                      1533   -262     1575
  SINCE JUL 1   1283                      1598   -315     1582

 COOLING
  TODAY            0                         0      0        0
  MONTH TO DATE    0                         0      0        0
  SINCE SEP 1     48                        39      9      108
  SINCE JAN 1    654                       450    204      709
..................................................................


WIND (MPH)
  HIGHEST WIND SPEED    39   HIGHEST WIND DIRECTION    SW (220)
  HIGHEST GUST SPEED    51   HIGHEST GUST DIRECTION    SW (220)
  AVERAGE WIND SPEED    23.9


SKY COVER
  POSSIBLE SUNSHINE  MM
  AVERAGE SKY COVER 0.6


WEATHER CONDITIONS
 THE FOLLOWING WEATHER WAS RECORDED TODAY.
  RAIN
  LIGHT RAIN
  FOG


RELATIVE HUMIDITY (PERCENT)
 HIGHEST    86           700 PM
 LOWEST     63           100 PM
 AVERAGE    75

..........................................................


THE SPOKANE WA AIRPORT CLIMATE NORMALS FOR TOMORROW
                         NORMAL    RECORD    YEAR
 MAXIMUM TEMPERATURE (F)   35        59      1907
 MINIMUM TEMPERATURE (F)   26        -8      1896


SUNRISE AND SUNSET
NOVEMBER 28 2014......SUNRISE   714 AM PST   SUNSET   402 PM PST
NOVEMBER 29 2014......SUNRISE   715 AM PST   SUNSET   402 PM PST


-  INDICATES NEGATIVE NUMBERS.
R  INDICATES RECORD WAS SET OR TIED.
MM INDICATES DATA IS MISSING.
T  INDICATES TRACE AMOUNT.




$$
