000
CDUS46 KOTX 250827
CLIGEG


CLIMATE REPORT
NATIONAL WEATHER SERVICE SPOKANE, WA
127 AM PDT WED MAY 25 2016


...................................

...THE SPOKANE WA AIRPORT CLIMATE SUMMARY FOR MAY 24 2016...

CLIMATE NORMAL PERIOD 1981 TO 2010
CLIMATE RECORD PERIOD 1881 TO 2016


WEATHER ITEM   OBSERVED TIME   RECORD YEAR NORMAL DEPARTURE LAST
                VALUE   (LST)  VALUE       VALUE  FROM      YEAR
                                                  NORMAL
..................................................................
TEMPERATURE (F)
 YESTERDAY
  MAXIMUM         64    254 PM  95    1934  69     -5       78
  MINIMUM         49    536 AM  32    2010  46      3       55
  AVERAGE         57                        57      0       67

PRECIPITATION (IN)
  YESTERDAY        0.05          1.01 1953   0.06  -0.01     0.00
  MONTH TO DATE    0.78                      1.19  -0.41     0.51
  SINCE OCT 1     14.22                     12.98   1.24    11.15
  SINCE JAN 1      7.86                      7.20   0.66     6.42

SNOWFALL (IN)
  YESTERDAY        0.0           T    1975   0.0    0.0      0.0
  MONTH TO DATE    0.0                       0.1   -0.1      0.0
  SINCE MAR 1      0.6                       4.6   -4.0      1.9
  SINCE JUL 1     34.2                      44.9  -10.7     17.6
  SNOW DEPTH       0

DEGREE DAYS
 HEATING
  YESTERDAY        8                         8      0        0
  MONTH TO DATE  146                       268   -122      141
  SINCE MAR 1   1137                      1575   -438     1257
  SINCE JUL 1   5426                      6404   -978     5379

 COOLING
  YESTERDAY        0                         1     -1        2
  MONTH TO DATE    6                         3      3       15
  SINCE MAR 1     12                         3      9       15
  SINCE JAN 1     12                         3      9       15
..................................................................


WIND (MPH)
  HIGHEST WIND SPEED    10   HIGHEST WIND DIRECTION    SE (150)
  HIGHEST GUST SPEED    12   HIGHEST GUST DIRECTION    SE (150)
  AVERAGE WIND SPEED     4.7


SKY COVER
  POSSIBLE SUNSHINE  MM
  AVERAGE SKY COVER 0.8


WEATHER CONDITIONS
 THE FOLLOWING WEATHER WAS RECORDED YESTERDAY.
  LIGHT RAIN


RELATIVE HUMIDITY (PERCENT)
 HIGHEST    93           400 AM
 LOWEST     52           300 PM
 AVERAGE    73

..........................................................


THE SPOKANE WA AIRPORT CLIMATE NORMALS FOR TODAY
                         NORMAL    RECORD    YEAR
 MAXIMUM TEMPERATURE (F)   69        97      1928
 MINIMUM TEMPERATURE (F)   46        31      1964


SUNRISE AND SUNSET
MAY 25 2016...........SUNRISE   501 AM PDT   SUNSET   834 PM PDT
MAY 26 2016...........SUNRISE   500 AM PDT   SUNSET   835 PM PDT


-  INDICATES NEGATIVE NUMBERS.
R  INDICATES RECORD WAS SET OR TIED.
MM INDICATES DATA IS MISSING.
T  INDICATES TRACE AMOUNT.




$$
