439
CDUS46 KOTX 200827
CLIGEG


CLIMATE REPORT
NATIONAL WEATHER SERVICE SPOKANE, WA
1226 AM PST MON NOV 20 2017


...................................

...THE SPOKANE WA AIRPORT CLIMATE SUMMARY FOR NOVEMBER 19 2017...

CLIMATE NORMAL PERIOD 1981 TO 2010
CLIMATE RECORD PERIOD 1881 TO 2017


WEATHER ITEM   OBSERVED TIME   RECORD YEAR NORMAL DEPARTURE LAST
                VALUE   (LST)  VALUE       VALUE  FROM      YEAR
                                                  NORMAL
..................................................................
TEMPERATURE (F)
 YESTERDAY
  MAXIMUM         43   1046 PM  60    1936  40      3       41
  MINIMUM         31    716 AM  -9    1985  29      2       36
  AVERAGE         37                        34      3       39

PRECIPITATION (IN)
  YESTERDAY        0.03          1.24 1996   0.08  -0.05     0.07
  MONTH TO DATE    1.48                      1.39   0.09     0.90
  SINCE OCT 1      2.88                      2.57   0.31     7.13
  SINCE JAN 1     18.06                     13.35   4.71    16.14

SNOWFALL (IN)
  YESTERDAY        T             6.5  1897   0.3   -0.3      0.0
  MONTH TO DATE    7.2                       3.4    3.8      0.7
  SINCE SEP 1      7.2                       3.5    3.7      0.7
  SINCE JUL 1      7.2                       3.5    3.7      0.7
  SNOW DEPTH       0

DEGREE DAYS
 HEATING
  YESTERDAY       28                        31     -3       26
  MONTH TO DATE  543                       517     26      348
  SINCE SEP 1   1269                      1240     29     1014
  SINCE JUL 1   1272                      1305    -33     1044

 COOLING
  YESTERDAY        0                         0      0        0
  MONTH TO DATE    0                         0      0        0
  SINCE SEP 1     89                        39     50        7
  SINCE JAN 1    794                       450    344      494
..................................................................


WIND (MPH)
  HIGHEST WIND SPEED    35   HIGHEST WIND DIRECTION    SW (230)
  HIGHEST GUST SPEED    41   HIGHEST GUST DIRECTION    SW (230)
  AVERAGE WIND SPEED    11.0


SKY COVER
  POSSIBLE SUNSHINE  MM
  AVERAGE SKY COVER 0.9


WEATHER CONDITIONS
 THE FOLLOWING WEATHER WAS RECORDED YESTERDAY.
  LIGHT RAIN
  LIGHT SNOW
  FOG


RELATIVE HUMIDITY (PERCENT)
 HIGHEST   100           100 AM
 LOWEST     53           100 PM
 AVERAGE    77

..........................................................


THE SPOKANE WA AIRPORT CLIMATE NORMALS FOR TODAY
                         NORMAL    RECORD    YEAR
 MAXIMUM TEMPERATURE (F)   39        61      1917
 MINIMUM TEMPERATURE (F)   29         4      1985
                                             1900


SUNRISE AND SUNSET
NOVEMBER 20 2017......SUNRISE   703 AM PST   SUNSET   408 PM PST
NOVEMBER 21 2017......SUNRISE   705 AM PST   SUNSET   407 PM PST


-  INDICATES NEGATIVE NUMBERS.
R  INDICATES RECORD WAS SET OR TIED.
MM INDICATES DATA IS MISSING.
T  INDICATES TRACE AMOUNT.




$$
