169
CDUS46 KOTX 290431
CLIGEG


CLIMATE REPORT
NATIONAL WEATHER SERVICE SPOKANE, WA
930 PM PDT THU JUL 28 2016


...................................

...THE SPOKANE WA AIRPORT CLIMATE SUMMARY FOR JULY 28 2016...
VALID TODAY AS OF 0800 PM LOCAL TIME.

CLIMATE NORMAL PERIOD 1981 TO 2010
CLIMATE RECORD PERIOD 1881 TO 2016


WEATHER ITEM   OBSERVED TIME   RECORD YEAR NORMAL DEPARTURE LAST
                VALUE   (LST)  VALUE       VALUE  FROM      YEAR
                                                  NORMAL
..................................................................
TEMPERATURE (F)
 TODAY
  MAXIMUM         95    445 PM 102    1939  86      9       80
  MINIMUM         67    156 AM  44    1959  58      9       49
  AVERAGE         81                        72      9       65

PRECIPITATION (IN)
  TODAY            0.00          0.33 1948   0.01  -0.01     0.00
  MONTH TO DATE    0.27                      0.59  -0.32     0.19
  SINCE OCT 1     15.00                     15.25  -0.25    11.75
  SINCE JAN 1      8.64                      9.47  -0.83     7.02

DEGREE DAYS
 HEATING
  TODAY            0                         0      0        0
  MONTH TO DATE   20                        31    -11        5
  SINCE JUN 1    130                       167    -37       30
  SINCE JUL 1     20                        31    -11        5

 COOLING
  TODAY           16                         7      9        0
  MONTH TO DATE  115                       157    -42      262
  SINCE JUN 1    229                       206     23      487
  SINCE JAN 1    241                       220     21      519
..................................................................


WIND (MPH)
  HIGHEST WIND SPEED    14   HIGHEST WIND DIRECTION    NW (320)
  HIGHEST GUST SPEED    20   HIGHEST GUST DIRECTION     N (20)
  AVERAGE WIND SPEED     5.8


SKY COVER
  POSSIBLE SUNSHINE  MM
  AVERAGE SKY COVER 0.2


WEATHER CONDITIONS
 THE FOLLOWING WEATHER WAS RECORDED TODAY.
  NO SIGNIFICANT WEATHER WAS OBSERVED.


RELATIVE HUMIDITY (PERCENT)
 HIGHEST    55           500 AM
 LOWEST     14           600 PM
 AVERAGE    35

..........................................................


THE SPOKANE WA AIRPORT CLIMATE NORMALS FOR TOMORROW
                         NORMAL    RECORD    YEAR
 MAXIMUM TEMPERATURE (F)   86       100      2014
 MINIMUM TEMPERATURE (F)   58        45      1917


SUNRISE AND SUNSET
JULY 28 2016..........SUNRISE   523 AM PDT   SUNSET   829 PM PDT
JULY 29 2016..........SUNRISE   524 AM PDT   SUNSET   828 PM PDT


-  INDICATES NEGATIVE NUMBERS.
R  INDICATES RECORD WAS SET OR TIED.
MM INDICATES DATA IS MISSING.
T  INDICATES TRACE AMOUNT.




$$
