000
CDUS46 KOTX 180823
CLIGEG


CLIMATE REPORT
NATIONAL WEATHER SERVICE SPOKANE, WA
1223 AM PST THU JAN 18 2018


...................................

...THE SPOKANE WA AIRPORT CLIMATE SUMMARY FOR JANUARY 17 2018...

CLIMATE NORMAL PERIOD 1981 TO 2010
CLIMATE RECORD PERIOD 1881 TO 2018


WEATHER ITEM   OBSERVED TIME   RECORD YEAR NORMAL DEPARTURE LAST
                VALUE   (LST)  VALUE       VALUE  FROM      YEAR
                                                  NORMAL
..................................................................
TEMPERATURE (F)
 YESTERDAY
  MAXIMUM         42    744 PM  51    1919  35      7       30
  MINIMUM         32    825 AM -18    1950  25      7        9
                                      1888
  AVERAGE         37                        30      7       20

PRECIPITATION (IN)
  YESTERDAY        0.03          0.63 2015   0.05  -0.02     0.24
  MONTH TO DATE    1.33                      1.06   0.27     1.19
  SINCE OCT 1      8.49                      6.84   1.65    10.48
  SINCE JAN 1      1.33                      1.06   0.27     1.19

SNOWFALL (IN)
  YESTERDAY        0.0           3.4  1953   0.3   -0.3      0.1
  MONTH TO DATE    6.7                       7.4   -0.7     11.6
  SINCE DEC 1     23.8                      22.0    1.8     30.6
  SINCE JUL 1     31.0                      29.5    1.5     33.9
  SNOW DEPTH       T

DEGREE DAYS
 HEATING
  YESTERDAY       28                        35     -7       45
  MONTH TO DATE  561                       619    -58      886
  SINCE DEC 1   1740                      1786    -46     2175
  SINCE JUL 1   3280                      3453   -173     3508

 COOLING
  YESTERDAY        0                         0      0        0
  MONTH TO DATE    0                         0      0        0
  SINCE DEC 1      0                         0      0        0
  SINCE JAN 1      0                         0      0        0
..................................................................


WIND (MPH)
  HIGHEST WIND SPEED    13   HIGHEST WIND DIRECTION    NE (60)
  HIGHEST GUST SPEED    15   HIGHEST GUST DIRECTION     E (110)
  AVERAGE WIND SPEED     6.8


SKY COVER
  POSSIBLE SUNSHINE  MM
  AVERAGE SKY COVER 1.0


WEATHER CONDITIONS
 THE FOLLOWING WEATHER WAS RECORDED YESTERDAY.
  LIGHT RAIN
  FOG
  FOG W/VISIBILITY <= 1/4 MILE


RELATIVE HUMIDITY (PERCENT)
 HIGHEST   100          1200 AM
 LOWEST     85           500 PM
 AVERAGE    93

..........................................................


THE SPOKANE WA AIRPORT CLIMATE NORMALS FOR TODAY
                         NORMAL    RECORD    YEAR
 MAXIMUM TEMPERATURE (F)   35        54      1919
 MINIMUM TEMPERATURE (F)   25       -28      1883


SUNRISE AND SUNSET
JANUARY 18 2018.......SUNRISE   731 AM PST   SUNSET   430 PM PST
JANUARY 19 2018.......SUNRISE   731 AM PST   SUNSET   432 PM PST


-  INDICATES NEGATIVE NUMBERS.
R  INDICATES RECORD WAS SET OR TIED.
MM INDICATES DATA IS MISSING.
T  INDICATES TRACE AMOUNT.




$$
