000
CDUS45 KRIW 280742
CLIGEY


CLIMATE REPORT
NATIONAL WEATHER SERVICE RIVERTON WY
127 AM MDT SAT MAR 28 2015


...................................

...THE GREYBULL WY CLIMATE SUMMARY FOR MARCH 27 2015...

CLIMATE NORMAL PERIOD 1981 TO 2010
CLIMATE RECORD PERIOD 1998 TO 2015


WEATHER ITEM   OBSERVED TIME   RECORD YEAR NORMAL DEPARTURE LAST
                VALUE   (LST)  VALUE       VALUE  FROM      YEAR
                                                  NORMAL
..................................................................
TEMPERATURE (F)
 YESTERDAY
  MAXIMUM         73    520 PM  77    2007  55     18       47
  MINIMUM         34    525 AM  11    2009  27      7       34
  AVERAGE         54                        41     13       41

PRECIPITATION (IN)
  YESTERDAY        0.00          0.10 2014   0.02  -0.02     0.10
  MONTH TO DATE    0.14                      0.32  -0.18     0.17
  SINCE MAR 1      0.14                      0.32  -0.18     0.17
  SINCE JAN 1      0.40                      0.73  -0.33     0.43

DEGREE DAYS
 HEATING
  YESTERDAY       11                        24    -13       24
  MONTH TO DATE  659                       777   -118      815
  SINCE MAR 1    659                       777   -118      815
  SINCE JUL 1   6303                      6748   -445     6702

 COOLING
  YESTERDAY        0                         0      0        0
  MONTH TO DATE    0                         0      0        0
  SINCE MAR 1      0                         0      0        0
  SINCE JAN 1      0                         0      0        0
..................................................................


WIND (MPH)
  HIGHEST WIND SPEED    12   HIGHEST WIND DIRECTION    SE (120)
  HIGHEST GUST SPEED    14   HIGHEST GUST DIRECTION    SE (150)
  AVERAGE WIND SPEED     4.3


SKY COVER
  POSSIBLE SUNSHINE  MM
  AVERAGE SKY COVER 0.0


WEATHER CONDITIONS
 THE FOLLOWING WEATHER WAS RECORDED YESTERDAY.
  NO SIGNIFICANT WEATHER WAS OBSERVED.


RELATIVE HUMIDITY (PERCENT)
 HIGHEST    82           500 AM
 LOWEST     19           500 PM
 AVERAGE    51

..........................................................


THE GREYBULL WY CLIMATE NORMALS FOR TODAY
                         NORMAL    RECORD    YEAR
 MAXIMUM TEMPERATURE (F)   55        71      2012
 MINIMUM TEMPERATURE (F)   27        15      2008


SUNRISE AND SUNSET
MARCH 28 2015.........SUNRISE   701 AM MDT   SUNSET   735 PM MDT
MARCH 29 2015.........SUNRISE   659 AM MDT   SUNSET   736 PM MDT


-  INDICATES NEGATIVE NUMBERS.
R  INDICATES RECORD WAS SET OR TIED.
MM INDICATES DATA IS MISSING.
T  INDICATES TRACE AMOUNT.




$$
