000
CDUS45 KRIW 280738
CLIGEY


CLIMATE REPORT
NATIONAL WEATHER SERVICE RIVERTON WY
128 AM MDT THU APR 28 2016


...................................

...THE GREYBULL WY CLIMATE SUMMARY FOR APRIL 27 2016...

CLIMATE NORMAL PERIOD 1981 TO 2010
CLIMATE RECORD PERIOD 1998 TO 2016


WEATHER ITEM   OBSERVED TIME   RECORD YEAR NORMAL DEPARTURE LAST
                VALUE   (LST)  VALUE       VALUE  FROM      YEAR
                                                  NORMAL
..................................................................
TEMPERATURE (F)
 YESTERDAY
  MAXIMUM         47    129 PM  82    2004  64    -17       58
  MINIMUM         35    547 AM  23    2008  36     -1       37
  AVERAGE         41                        50     -9       48

PRECIPITATION (IN)
  YESTERDAY        0.00          0.14 2002   0.03  -0.03     0.01
  MONTH TO DATE    0.46                      0.62  -0.16     0.08
  SINCE MAR 1      0.82                      1.02  -0.20     0.22
  SINCE JAN 1      0.93                      1.43  -0.50     0.48

DEGREE DAYS
 HEATING
  YESTERDAY       24                        15      9       17
  MONTH TO DATE  388                       514   -126      469
  SINCE MAR 1   1136                      1385   -249     1172
  SINCE JUL 1   6289                      7356  -1067     6816

 COOLING
  YESTERDAY        0                         0      0        0
  MONTH TO DATE    0                         0      0        0
  SINCE MAR 1      0                         0      0        0
  SINCE JAN 1      0                         0      0        0
..................................................................


WIND (MPH)
  HIGHEST WIND SPEED    23   HIGHEST WIND DIRECTION    NW (330)
  HIGHEST GUST SPEED    30   HIGHEST GUST DIRECTION     N (340)
  AVERAGE WIND SPEED    15.1


SKY COVER
  POSSIBLE SUNSHINE  MM
  AVERAGE SKY COVER 1.0


WEATHER CONDITIONS
 THE FOLLOWING WEATHER WAS RECORDED YESTERDAY.
  NO SIGNIFICANT WEATHER WAS OBSERVED.


RELATIVE HUMIDITY (PERCENT)
 HIGHEST    82           100 AM
 LOWEST     45           300 PM
 AVERAGE    64

..........................................................


THE GREYBULL WY CLIMATE NORMALS FOR TODAY
                         NORMAL    RECORD    YEAR
 MAXIMUM TEMPERATURE (F)   65        87      2000
 MINIMUM TEMPERATURE (F)   36        28      2005


SUNRISE AND SUNSET
APRIL 28 2016.........SUNRISE   606 AM MDT   SUNSET   814 PM MDT
APRIL 29 2016.........SUNRISE   605 AM MDT   SUNSET   815 PM MDT


-  INDICATES NEGATIVE NUMBERS.
R  INDICATES RECORD WAS SET OR TIED.
MM INDICATES DATA IS MISSING.
T  INDICATES TRACE AMOUNT.




$$
