000
CDUS45 KRIW 030047
CLIGEY


CLIMATE REPORT
NATIONAL WEATHER SERVICE RIVERTON WY
545 PM MST MON MAR 2 2015


...................................

...THE GREYBULL WY CLIMATE SUMMARY FOR MARCH 2 2015...
VALID TODAY AS OF 0500 PM LOCAL TIME.

CLIMATE NORMAL PERIOD 1981 TO 2010
CLIMATE RECORD PERIOD 1998 TO 2015


WEATHER ITEM   OBSERVED TIME   RECORD YEAR NORMAL DEPARTURE LAST
                VALUE   (LST)  VALUE       VALUE  FROM      YEAR
                                                  NORMAL
..................................................................
TEMPERATURE (F)
 TODAY
  MAXIMUM         42        MM  60    2009  44     -2       11
  MINIMUM         10        MM  -9    2014  18     -8       -9
  AVERAGE         26

PRECIPITATION (IN)
  TODAY            0.00          T    2012   0.00   0.00     0.00
                                      2008
                                      2007
  MONTH TO DATE    0.00                      0.01  -0.01      T
  SINCE MAR 1      0.00                      0.01  -0.01      T
  SINCE JAN 1      0.26                      0.42  -0.16     0.26

DEGREE DAYS
 HEATING
  TODAY           39                        34      5       64
  MONTH TO DATE   83                        69     14      130
  SINCE MAR 1     83                        69     14      130
  SINCE JUL 1   5727                      6040   -313     6017

 COOLING
  TODAY            0                         0      0        0
  MONTH TO DATE    0                         0      0        0
  SINCE MAR 1      0                         0      0        0
  SINCE JAN 1      0                         0      0        0
..................................................................


WIND (MPH)
  HIGHEST WIND SPEED     6   HIGHEST WIND DIRECTION     S (170)
  HIGHEST GUST SPEED    MM   HIGHEST GUST DIRECTION    MM
  AVERAGE WIND SPEED     3.0


SKY COVER
  POSSIBLE SUNSHINE  MM
  AVERAGE SKY COVER 0.1


WEATHER CONDITIONS
 THE FOLLOWING WEATHER WAS RECORDED TODAY.
  NO SIGNIFICANT WEATHER WAS OBSERVED.


RELATIVE HUMIDITY (PERCENT)
 HIGHEST    84           400 AM
 LOWEST     30           400 PM
 AVERAGE    57

..........................................................


THE GREYBULL WY CLIMATE NORMALS FOR TOMORROW
                         NORMAL    RECORD    YEAR
 MAXIMUM TEMPERATURE (F)   45        63      1999
 MINIMUM TEMPERATURE (F)   18         2      2002


SUNRISE AND SUNSET
MARCH  2 2015.........SUNRISE   648 AM MST   SUNSET   601 PM MST
MARCH  3 2015.........SUNRISE   646 AM MST   SUNSET   603 PM MST


-  INDICATES NEGATIVE NUMBERS.
R  INDICATES RECORD WAS SET OR TIED.
MM INDICATES DATA IS MISSING.
T  INDICATES TRACE AMOUNT.




$$
