000
CDUS45 KRIW 100744
CLIGEY


CLIMATE REPORT
NATIONAL WEATHER SERVICE RIVERTON WY
1235 AM MST WED FEB 10 2016


...................................

...THE GREYBULL WY CLIMATE SUMMARY FOR FEBRUARY 9 2016...

CLIMATE NORMAL PERIOD 1981 TO 2010
CLIMATE RECORD PERIOD 1998 TO 2016


WEATHER ITEM   OBSERVED TIME   RECORD YEAR NORMAL DEPARTURE LAST
                VALUE   (LST)  VALUE       VALUE  FROM      YEAR
                                                  NORMAL
..................................................................
TEMPERATURE (F)
 YESTERDAY
  MAXIMUM         50    435 PM  62    1999  33     17       56
  MINIMUM         15    621 AM -25    2001   9      6       26
  AVERAGE         33                        21     12       41

PRECIPITATION (IN)
  YESTERDAY        0.00          0.08 2014   0.00   0.00     0.00
  MONTH TO DATE    T                         0.05  -0.05      T
  SINCE DEC 1      0.12                      0.56  -0.44     0.43
  SINCE JAN 1      0.11                      0.28  -0.17     0.22

DEGREE DAYS
 HEATING
  YESTERDAY       32                        44    -12       24
  MONTH TO DATE  340                       407    -67      278
  SINCE DEC 1   3110                      3364   -254     3191
  SINCE JUL 1   4627                      5221   -594     5024

 COOLING
  YESTERDAY        0                         0      0        0
  MONTH TO DATE    0                         0      0        0
  SINCE DEC 1      0                         0      0        0
  SINCE JAN 1      0                         0      0        0
..................................................................


WIND (MPH)
  HIGHEST WIND SPEED     8   HIGHEST WIND DIRECTION     S (160)
  HIGHEST GUST SPEED    11   HIGHEST GUST DIRECTION     S (200)
  AVERAGE WIND SPEED     2.5


SKY COVER
  POSSIBLE SUNSHINE  MM
  AVERAGE SKY COVER 0.0


WEATHER CONDITIONS
 THE FOLLOWING WEATHER WAS RECORDED YESTERDAY.
  NO SIGNIFICANT WEATHER WAS OBSERVED.


RELATIVE HUMIDITY (PERCENT)
 HIGHEST    92           600 AM
 LOWEST     39           400 PM
 AVERAGE    66

..........................................................


THE GREYBULL WY CLIMATE NORMALS FOR TODAY
                         NORMAL    RECORD    YEAR
 MAXIMUM TEMPERATURE (F)   33        52      2015
 MINIMUM TEMPERATURE (F)    9       -17      2001


SUNRISE AND SUNSET
FEBRUARY 10 2016......SUNRISE   720 AM MST   SUNSET   534 PM MST
FEBRUARY 11 2016......SUNRISE   719 AM MST   SUNSET   535 PM MST


-  INDICATES NEGATIVE NUMBERS.
R  INDICATES RECORD WAS SET OR TIED.
MM INDICATES DATA IS MISSING.
T  INDICATES TRACE AMOUNT.




$$
