000
CDUS45 KRIW 260100
CLIGEY


CLIMATE REPORT
NATIONAL WEATHER SERVICE RIVERTON WY
557 PM MST TUE NOV 25 2014


...................................

...THE GREYBULL WY CLIMATE SUMMARY FOR NOVEMBER 25 2014...
VALID TODAY AS OF 0500 PM LOCAL TIME.

CLIMATE NORMAL PERIOD 1981 TO 2010
CLIMATE RECORD PERIOD 1998 TO 2014


WEATHER ITEM   OBSERVED TIME   RECORD YEAR NORMAL DEPARTURE LAST
                VALUE   (LST)  VALUE       VALUE  FROM      YEAR
                                                  NORMAL
..................................................................
TEMPERATURE (F)
 TODAY
  MAXIMUM         33        MM  51    2005  37     -4       35
  MINIMUM         20    300 AM  -7    2010  13      7        9
  AVERAGE         27

PRECIPITATION (IN)
  TODAY            0.39R         0.13 2012   0.01   0.38     0.00
  MONTH TO DATE    0.48                      0.25   0.23      T
  SINCE SEP 1      1.35                      1.73  -0.38     2.23
  SINCE JAN 1      5.21                      7.18  -1.97     4.85

DEGREE DAYS
 HEATING
  TODAY           38                        40     -2       43
  MONTH TO DATE 1050                       824    226      822
  SINCE SEP 1   1592                      1625    -33     1631
  SINCE JUL 1   1619                      1646    -27     1631

 COOLING
  TODAY            0                         0      0        0
  MONTH TO DATE    0                         0      0        0
  SINCE SEP 1     43                        36      7       96
  SINCE JAN 1    698                       669     29     1005
..................................................................


WIND (MPH)
  HIGHEST WIND SPEED     9   HIGHEST WIND DIRECTION     W (280)
  HIGHEST GUST SPEED    39   HIGHEST GUST DIRECTION     N (340)
  AVERAGE WIND SPEED     4.8


SKY COVER
  POSSIBLE SUNSHINE  MM
  AVERAGE SKY COVER 1.0


WEATHER CONDITIONS
 THE FOLLOWING WEATHER WAS RECORDED TODAY.
  SNOW
  LIGHT SNOW
  FOG
  FOG W/VISIBILITY <= 1/4 MILE


RELATIVE HUMIDITY (PERCENT)
 HIGHEST   100           700 AM
 LOWEST     74          1200 AM
 AVERAGE    87

..........................................................


THE GREYBULL WY CLIMATE NORMALS FOR TOMORROW
                         NORMAL    RECORD    YEAR
 MAXIMUM TEMPERATURE (F)   36        64      1998
 MINIMUM TEMPERATURE (F)   12       -12      2002


SUNRISE AND SUNSET
NOVEMBER 25 2014......SUNRISE   722 AM MST   SUNSET   437 PM MST
NOVEMBER 26 2014......SUNRISE   723 AM MST   SUNSET   436 PM MST


-  INDICATES NEGATIVE NUMBERS.
R  INDICATES RECORD WAS SET OR TIED.
MM INDICATES DATA IS MISSING.
T  INDICATES TRACE AMOUNT.




$$
