000
CDUS45 KRIW 300043
CLIGEY


CLIMATE REPORT
NATIONAL WEATHER SERVICE RIVERTON WY
640 PM MDT TUE JUL 29 2014


...................................

...THE GREYBULL WY CLIMATE SUMMARY FOR JULY 29 2014...
VALID TODAY AS OF 0500 PM LOCAL TIME.

CLIMATE NORMAL PERIOD 1981 TO 2010
CLIMATE RECORD PERIOD 1998 TO 2014


WEATHER ITEM   OBSERVED TIME   RECORD YEAR NORMAL DEPARTURE LAST
                VALUE   (LST)  VALUE       VALUE  FROM      YEAR
                                                  NORMAL
..................................................................
TEMPERATURE (F)
 TODAY
  MAXIMUM         82   1200 AM 103    2006  92    -10       84
  MINIMUM         70        MM  53    2009  58     12       54
  AVERAGE         76

PRECIPITATION (IN)
  TODAY            T             0.01 2010   0.02  -0.02      T
  MONTH TO DATE    0.21                      0.63  -0.42     0.30
  SINCE JUN 1      1.15                      1.83  -0.68     0.70
  SINCE JAN 1      2.85                      5.00  -2.15     2.60

DEGREE DAYS
 HEATING
  TODAY            0                         0      0        0
  MONTH TO DATE    0                         1     -1        0
  SINCE JUN 1     56                        71    -15       36
  SINCE JUL 1      0                         1     -1        0

 COOLING
  TODAY           11                        10      1        4
  MONTH TO DATE  333                       258     75      370
  SINCE JUN 1    382                       364     18      543
  SINCE JAN 1    424                       384     40      570
..................................................................


WIND (MPH)
  HIGHEST WIND SPEED    18   HIGHEST WIND DIRECTION    SE (150)
  HIGHEST GUST SPEED    23   HIGHEST GUST DIRECTION    SE (150)
  AVERAGE WIND SPEED    11.0


SKY COVER
  POSSIBLE SUNSHINE  MM
  AVERAGE SKY COVER 0.4


WEATHER CONDITIONS
 THE FOLLOWING WEATHER WAS RECORDED TODAY.
  LIGHT RAIN


RELATIVE HUMIDITY (PERCENT)
 HIGHEST    61           100 PM
 LOWEST     23          1200 AM
 AVERAGE    42

..........................................................


THE GREYBULL WY CLIMATE NORMALS FOR TOMORROW
                         NORMAL    RECORD    YEAR
 MAXIMUM TEMPERATURE (F)   92       101      2000
 MINIMUM TEMPERATURE (F)   58        45      2009


SUNRISE AND SUNSET
JULY 29 2014..........SUNRISE   556 AM MDT   SUNSET   841 PM MDT
JULY 30 2014..........SUNRISE   557 AM MDT   SUNSET   840 PM MDT


-  INDICATES NEGATIVE NUMBERS.
R  INDICATES RECORD WAS SET OR TIED.
MM INDICATES DATA IS MISSING.
T  INDICATES TRACE AMOUNT.




$$
