000
CDUS43 KIND 210531
CLIGEZ


CLIMATE REPORT
NATIONAL WEATHER SERVICE INDIANAPOLIS IN
130 AM EDT SAT OCT 21 2017


...................................

...THE SHELBYVILLE IN CLIMATE SUMMARY FOR OCTOBER 20 2017...

CLIMATE NORMAL PERIOD 1981 TO 2010
CLIMATE RECORD PERIOD 9999 TO 9999


WEATHER ITEM   OBSERVED TIME   NORMAL DEPARTURE LAST
                VALUE   (LST)  VALUE  FROM      YEAR
                                      NORMAL
......................................................
TEMPERATURE (F)
 YESTERDAY
  MAXIMUM         77    417 PM  64     13       60
  MINIMUM         46    719 AM  41      5       54
  AVERAGE         62            53      9       57

PRECIPITATION (IN)
  YESTERDAY        0.00          0.10  -0.10     1.21
  MONTH TO DATE    3.78          2.08   1.70     1.98
  SINCE SEP 1      5.54          5.25   0.29     5.78
  SINCE JAN 1     38.43         35.53   2.90    38.97

DEGREE DAYS
 HEATING
  YESTERDAY        3            12     -9        8
  MONTH TO DATE   58           196   -138       56
  SINCE SEP 1    108           275   -167       69
  SINCE JUL 1    108           281   -173       71

 COOLING
  YESTERDAY        0             0      0        0
  MONTH TO DATE   47            11     36       63
  SINCE SEP 1    193           104     89      281
  SINCE JAN 1   1129           910    219     1460
......................................................


WIND (MPH)
  HIGHEST WIND SPEED    14   HIGHEST WIND DIRECTION     S (190)
  HIGHEST GUST SPEED    19   HIGHEST GUST DIRECTION     S (170)
  AVERAGE WIND SPEED     6.2


SKY COVER
  AVERAGE SKY COVER 0.0


WEATHER CONDITIONS
 THE FOLLOWING WEATHER WAS RECORDED YESTERDAY.
  FOG
  HAZE


RELATIVE HUMIDITY (PERCENT)
 HIGHEST    89           800 AM
 LOWEST     33           300 PM
 AVERAGE    61

..........................................................


THE SHELBYVILLE IN CLIMATE NORMALS FOR TODAY
                         NORMAL
 MAXIMUM TEMPERATURE (F)   64
 MINIMUM TEMPERATURE (F)   41


SUNRISE AND SUNSET
OCTOBER 21 2017.......SUNRISE   800 AM EDT   SUNSET   655 PM EDT
OCTOBER 22 2017.......SUNRISE   801 AM EDT   SUNSET   654 PM EDT


-  INDICATES NEGATIVE NUMBERS.
R  INDICATES RECORD WAS SET OR TIED.
MM INDICATES DATA IS MISSING.
T  INDICATES TRACE AMOUNT.




$$
