000
CDUS43 KIND 080534
CLIGEZ


CLIMATE REPORT
NATIONAL WEATHER SERVICE INDIANAPOLIS IN
1232 AM EST THU DEC 8 2016


...................................

...THE SHELBYVILLE IN CLIMATE SUMMARY FOR DECEMBER 7 2016...

CLIMATE NORMAL PERIOD 1981 TO 2010
CLIMATE RECORD PERIOD 9999 TO 9999


WEATHER ITEM   OBSERVED TIME   NORMAL DEPARTURE LAST
                VALUE   (LST)  VALUE  FROM      YEAR
                                      NORMAL
......................................................
TEMPERATURE (F)
 YESTERDAY
  MAXIMUM         37    458 PM  42     -5       51
  MINIMUM         25    809 AM  27     -2       34
  AVERAGE         31            34     -3       43

PRECIPITATION (IN)
  YESTERDAY        0.00          0.12  -0.12     0.05
  MONTH TO DATE    0.58          0.78  -0.20     0.28
  SINCE DEC 1      0.58          0.78  -0.20     0.28
  SINCE JAN 1     41.93         41.07   0.86    39.35

DEGREE DAYS
 HEATING
  YESTERDAY       34            31      3       22
  MONTH TO DATE  194           207    -13      192
  SINCE DEC 1    194           207    -13      192
  SINCE JUL 1    880          1282   -402      919

 COOLING
  YESTERDAY        0             0      0        0
  MONTH TO DATE    0             0      0        0
  SINCE DEC 1      0             0      0        0
  SINCE JAN 1   1470           913    557     1229
......................................................


WIND (MPH)
  HIGHEST WIND SPEED    15   HIGHEST WIND DIRECTION     W (270)
  HIGHEST GUST SPEED    18   HIGHEST GUST DIRECTION     W (280)
  AVERAGE WIND SPEED     7.5


SKY COVER
  AVERAGE SKY COVER 0.5


WEATHER CONDITIONS
 THE FOLLOWING WEATHER WAS RECORDED YESTERDAY.
  NO SIGNIFICANT WEATHER WAS OBSERVED.


RELATIVE HUMIDITY (PERCENT)
 HIGHEST    82          1200 AM
 LOWEST     54           300 PM
 AVERAGE    68

..........................................................


THE SHELBYVILLE IN CLIMATE NORMALS FOR TODAY
                         NORMAL
 MAXIMUM TEMPERATURE (F)   42
 MINIMUM TEMPERATURE (F)   26


SUNRISE AND SUNSET
DECEMBER  8 2016......SUNRISE   752 AM EST   SUNSET   519 PM EST
DECEMBER  9 2016......SUNRISE   752 AM EST   SUNSET   519 PM EST


-  INDICATES NEGATIVE NUMBERS.
R  INDICATES RECORD WAS SET OR TIED.
MM INDICATES DATA IS MISSING.
T  INDICATES TRACE AMOUNT.




$$
