000
CDUS43 KIND 252030
CLIGEZ


CLIMATE REPORT
NATIONAL WEATHER SERVICE INDIANAPOLIS IN
430 PM EDT SAT MAR 25 2017


...................................

...THE SHELBYVILLE IN CLIMATE SUMMARY FOR MARCH 25 2017...
VALID TODAY AS OF 0400 PM LOCAL TIME.

CLIMATE NORMAL PERIOD 1981 TO 2010
CLIMATE RECORD PERIOD 9999 TO 9999


WEATHER ITEM   OBSERVED TIME   NORMAL DEPARTURE LAST
                VALUE   (LST)  VALUE  FROM      YEAR
                                      NORMAL
......................................................
TEMPERATURE (F)
 TODAY
  MAXIMUM         78    233 PM  56     22       49
  MINIMUM         61    724 AM  35     26       36
  AVERAGE         70            45     25       43

PRECIPITATION (IN)
  TODAY            0.00          0.13  -0.13     0.00
  MONTH TO DATE    2.61          2.60   0.01     3.62
  SINCE MAR 1      2.61          2.60   0.01     3.62
  SINCE JAN 1      8.05          7.35   0.70     8.26

......................................................


WIND (MPH)
  HIGHEST WIND SPEED    24   HIGHEST WIND DIRECTION     S (170)
  HIGHEST GUST SPEED    34   HIGHEST GUST DIRECTION     S (170)
  AVERAGE WIND SPEED    15.8


SKY COVER
  AVERAGE SKY COVER 0.2


WEATHER CONDITIONS
 THE FOLLOWING WEATHER WAS RECORDED TODAY.
  NO SIGNIFICANT WEATHER WAS OBSERVED.


RELATIVE HUMIDITY (PERCENT)
 HIGHEST    67           400 AM
 LOWEST     39           300 PM

..........................................................


THE SHELBYVILLE IN CLIMATE NORMALS FOR TOMORROW
                         NORMAL
 MAXIMUM TEMPERATURE (F)   56
 MINIMUM TEMPERATURE (F)   35


SUNRISE AND SUNSET
MARCH 25 2017.........SUNRISE   738 AM EDT   SUNSET   801 PM EDT
MARCH 26 2017.........SUNRISE   737 AM EDT   SUNSET   802 PM EDT


-  INDICATES NEGATIVE NUMBERS.
R  INDICATES RECORD WAS SET OR TIED.
MM INDICATES DATA IS MISSING.
T  INDICATES TRACE AMOUNT.




$$
