000
CDUS43 KIND 250531
CLIGEZ


CLIMATE REPORT
NATIONAL WEATHER SERVICE INDIANAPOLIS IN
131 AM EDT MON MAY 25 2015


...................................

...THE SHELBYVILLE IN CLIMATE SUMMARY FOR MAY 24 2015...

CLIMATE NORMAL PERIOD 1981 TO 2010
CLIMATE RECORD PERIOD 9999 TO 9999


WEATHER ITEM   OBSERVED TIME   NORMAL DEPARTURE LAST
                VALUE   (LST)  VALUE  FROM      YEAR
                                      NORMAL
......................................................
TEMPERATURE (F)
 YESTERDAY
  MAXIMUM         87    415 PM  76     11       78
  MINIMUM         63    531 AM  55      8       53
  AVERAGE         75            66      9       66

PRECIPITATION (IN)
  YESTERDAY        0.00          0.16  -0.16     0.00
  MONTH TO DATE    1.27          4.29  -3.02     4.13
  SINCE MAR 1      9.80         12.04  -2.24    11.59
  SINCE JAN 1     12.82         16.79  -3.97    15.47

DEGREE DAYS
 HEATING
  YESTERDAY        0             3     -3        0
  MONTH TO DATE   59           121    -62      103
  SINCE MAR 1   1113          1218   -105     1204
  SINCE JUL 1   5554          5381    173     5702

 COOLING
  YESTERDAY       10             3      7        1
  MONTH TO DATE  116            43     73       79
  SINCE MAR 1    124            56     68       89
  SINCE JAN 1    124            56     68       89
......................................................


WIND (MPH)
  HIGHEST WIND SPEED    23   HIGHEST WIND DIRECTION     S (160)
  HIGHEST GUST SPEED    29   HIGHEST GUST DIRECTION     S (160)
  AVERAGE WIND SPEED    12.1


SKY COVER
  AVERAGE SKY COVER 0.1


WEATHER CONDITIONS
 THE FOLLOWING WEATHER WAS RECORDED YESTERDAY.
  NO SIGNIFICANT WEATHER WAS OBSERVED.


RELATIVE HUMIDITY (PERCENT)
 HIGHEST    60           500 AM
 LOWEST     32           300 PM
 AVERAGE    46

..........................................................


THE SHELBYVILLE IN CLIMATE NORMALS FOR TODAY
                         NORMAL
 MAXIMUM TEMPERATURE (F)   76
 MINIMUM TEMPERATURE (F)   55


SUNRISE AND SUNSET
MAY 25 2015...........SUNRISE   621 AM EDT   SUNSET   859 PM EDT
MAY 26 2015...........SUNRISE   621 AM EDT   SUNSET   900 PM EDT


-  INDICATES NEGATIVE NUMBERS.
R  INDICATES RECORD WAS SET OR TIED.
MM INDICATES DATA IS MISSING.
T  INDICATES TRACE AMOUNT.




$$
