000
CDUS43 KIND 282137
CLIGEZ


CLIMATE REPORT
NATIONAL WEATHER SERVICE INDIANAPOLIS IN
437 PM EST WED JAN 28 2015


...................................

...THE SHELBYVILLE IN CLIMATE SUMMARY FOR JANUARY 28 2015...
VALID TODAY AS OF 0400 PM LOCAL TIME.

CLIMATE NORMAL PERIOD 1981 TO 2010
CLIMATE RECORD PERIOD 9999 TO 9999


WEATHER ITEM   OBSERVED TIME   NORMAL DEPARTURE LAST
                VALUE   (LST)  VALUE  FROM      YEAR
                                      NORMAL
......................................................
TEMPERATURE (F)
 TODAY
  MAXIMUM         37    341 PM  37      0       13
  MINIMUM         16    810 AM  21     -5       -4
  AVERAGE         27            29     -2        5

PRECIPITATION (IN)
  TODAY            0.00          0.05  -0.05     0.00
  MONTH TO DATE    1.86          2.21  -0.35     2.01
  SINCE DEC 1      4.84          5.48  -0.64     7.89
  SINCE JAN 1      1.86          2.21  -0.35     2.01

......................................................


WIND (MPH)
  HIGHEST WIND SPEED    16   HIGHEST WIND DIRECTION     S (170)
  HIGHEST GUST SPEED    19   HIGHEST GUST DIRECTION     S (160)
  AVERAGE WIND SPEED     5.8


SKY COVER
  AVERAGE SKY COVER 0.0


WEATHER CONDITIONS
 THE FOLLOWING WEATHER WAS RECORDED TODAY.
  FOG
  HAZE


RELATIVE HUMIDITY (PERCENT)
 HIGHEST    88           600 AM
 LOWEST     52           300 PM

..........................................................


THE SHELBYVILLE IN CLIMATE NORMALS FOR TOMORROW
                         NORMAL
 MAXIMUM TEMPERATURE (F)   37
 MINIMUM TEMPERATURE (F)   21


SUNRISE AND SUNSET
JANUARY 28 2015.......SUNRISE   754 AM EST   SUNSET   558 PM EST
JANUARY 29 2015.......SUNRISE   754 AM EST   SUNSET   559 PM EST


-  INDICATES NEGATIVE NUMBERS.
R  INDICATES RECORD WAS SET OR TIED.
MM INDICATES DATA IS MISSING.
T  INDICATES TRACE AMOUNT.




$$
