000
CDUS43 KFGF 190633
CLIGFK


CLIMATE REPORT
NATIONAL WEATHER SERVICE EASTERN NORTH DAKOTA/GRAND FORKS
133 AM CDT FRI SEP 19 2014


...................................

...THE GRAND FORKS INTL AP ND CLIMATE SUMMARY FOR SEPTEMBER 18 2014...

CLIMATE NORMAL PERIOD 1981 TO 2010
CLIMATE RECORD PERIOD 1941 TO 2014


WEATHER ITEM   OBSERVED TIME   RECORD YEAR NORMAL DEPARTURE LAST
                VALUE   (LST)  VALUE       VALUE  FROM      YEAR
                                                  NORMAL
..................................................................
TEMPERATURE (F)
 YESTERDAY
  MAXIMUM         74    324 PM  87    1989  69      5       73
  MINIMUM         36    618 AM  32    2012  43     -7       60
  AVERAGE         55                        56     -1       67

PRECIPITATION (IN)
  YESTERDAY        0.00          2.48 1946   0.06  -0.06     0.01
  MONTH TO DATE    0.63                      1.29  -0.66     0.58
  SINCE SEP 1      0.63                      1.29  -0.66     0.58
  SINCE JAN 1     21.31                     16.52   4.79    14.81

SNOWFALL (IN)
  YESTERDAY        0.0           T    1991   0.0    0.0      0.0
  MONTH TO DATE    0.0                       0.0    0.0      0.0
  SINCE SEP 1      0.0                       0.0    0.0      0.0
  SINCE JUL 1      0.0                       0.0    0.0      0.0
  SNOW DEPTH       0

DEGREE DAYS
 HEATING
  YESTERDAY       10                        10      0        0
  MONTH TO DATE  140                       120     20       67
  SINCE SEP 1    140                       120     20       67
  SINCE JUL 1    194                       202     -8      149

 COOLING
  YESTERDAY        0                         1     -1        2
  MONTH TO DATE    5                        24    -19       32
  SINCE SEP 1      5                        24    -19       32
  SINCE JAN 1    366                       376    -10      480
..................................................................


WIND (MPH)
  HIGHEST WIND SPEED    25   HIGHEST WIND DIRECTION     S (180)
  HIGHEST GUST SPEED    33   HIGHEST GUST DIRECTION     S (180)
  AVERAGE WIND SPEED    11.6


SKY COVER
  POSSIBLE SUNSHINE  MM
  AVERAGE SKY COVER 0.5


WEATHER CONDITIONS
 THE FOLLOWING WEATHER WAS RECORDED YESTERDAY.
  FOG
  FOG W/VISIBILITY <= 1/4 MILE


RELATIVE HUMIDITY (PERCENT)
 HIGHEST   100           200 AM
 LOWEST     53           400 PM
 AVERAGE    77

..........................................................


THE GRAND FORKS INTL AP ND CLIMATE NORMALS FOR TODAY
                         NORMAL    RECORD    YEAR
 MAXIMUM TEMPERATURE (F)   68        91      2004
                                             1941
 MINIMUM TEMPERATURE (F)   43        28      1942


SUNRISE AND SUNSET
SEPTEMBER 19 2014.....SUNRISE   711 AM CDT   SUNSET   733 PM CDT
SEPTEMBER 20 2014.....SUNRISE   713 AM CDT   SUNSET   731 PM CDT


-  INDICATES NEGATIVE NUMBERS.
R  INDICATES RECORD WAS SET OR TIED.
MM INDICATES DATA IS MISSING.
T  INDICATES TRACE AMOUNT.




$$
