000
CDUS43 KFGF 270637
CLIGFK


CLIMATE REPORT
NATIONAL WEATHER SERVICE EASTERN NORTH DAKOTA/GRAND FORKS
135 AM CDT FRI MAR 27 2015


...................................

...THE GRAND FORKS INTL AP ND CLIMATE SUMMARY FOR MARCH 26 2015...

CLIMATE NORMAL PERIOD 1981 TO 2010
CLIMATE RECORD PERIOD 1941 TO 2015


WEATHER ITEM   OBSERVED TIME   RECORD YEAR NORMAL DEPARTURE LAST
                VALUE   (LST)  VALUE       VALUE  FROM      YEAR
                                                  NORMAL
..................................................................
TEMPERATURE (F)
 YESTERDAY
  MAXIMUM         33    356 PM  68    1946  40     -7       37
  MINIMUM         15   1153 PM -13    1964  21     -6       13
  AVERAGE         24                        30     -6       25

PRECIPITATION (IN)
  YESTERDAY        T             0.76 1995   0.03  -0.03      T
  MONTH TO DATE    0.18                      0.80  -0.62     0.59
  SINCE MAR 1      0.18                      0.80  -0.62     0.59
  SINCE JAN 1      1.00                      1.87  -0.87     1.66

SNOWFALL (IN)
  YESTERDAY        T            MM      MM   0.2   -0.2       T
  MONTH TO DATE    2.1                       6.5   -4.4      2.0
  SINCE MAR 1      2.1                       6.5   -4.4      2.0
  SINCE JUL 1     16.4                      43.7  -27.3     47.7
  SNOW DEPTH       0

DEGREE DAYS
 HEATING
  YESTERDAY       41                        34      7       40
  MONTH TO DATE  913                      1073   -160     1256
  SINCE MAR 1    913                      1073   -160     1256
  SINCE JUL 1   7830                      8223   -393     9151

 COOLING
  YESTERDAY        0                         0      0        0
  MONTH TO DATE    0                         0      0        0
  SINCE MAR 1      0                         0      0        0
  SINCE JAN 1      0                         0      0        0
..................................................................


WIND (MPH)
  HIGHEST WIND SPEED    24   HIGHEST WIND DIRECTION     N (350)
  HIGHEST GUST SPEED    29   HIGHEST GUST DIRECTION     N (350)
  AVERAGE WIND SPEED    10.4


SKY COVER
  POSSIBLE SUNSHINE  MM
  AVERAGE SKY COVER 0.4


WEATHER CONDITIONS
 THE FOLLOWING WEATHER WAS RECORDED YESTERDAY.
  LIGHT SNOW
  FOG


RELATIVE HUMIDITY (PERCENT)
 HIGHEST    92          1200 AM
 LOWEST     49          1100 AM
 AVERAGE    71

..........................................................


THE GRAND FORKS INTL AP ND CLIMATE NORMALS FOR TODAY
                         NORMAL    RECORD    YEAR
 MAXIMUM TEMPERATURE (F)   41        79      1946
 MINIMUM TEMPERATURE (F)   22       -13      1955


SUNRISE AND SUNSET
MARCH 27 2015.........SUNRISE   718 AM CDT   SUNSET   751 PM CDT
MARCH 28 2015.........SUNRISE   716 AM CDT   SUNSET   753 PM CDT


-  INDICATES NEGATIVE NUMBERS.
R  INDICATES RECORD WAS SET OR TIED.
MM INDICATES DATA IS MISSING.
T  INDICATES TRACE AMOUNT.




$$
