000
CDUS43 KFGF 200649
CLIGFK


CLIMATE REPORT
NATIONAL WEATHER SERVICE EASTERN NORTH DAKOTA/GRAND FORKS
1247 AM CST MON FEB 20 2017


...................................

...THE GRAND FORKS INTL AP ND CLIMATE SUMMARY FOR FEBRUARY 19 2017...

CLIMATE NORMAL PERIOD 1981 TO 2010
CLIMATE RECORD PERIOD 1941 TO 2017


WEATHER ITEM   OBSERVED TIME   RECORD YEAR NORMAL DEPARTURE LAST
                VALUE   (LST)  VALUE       VALUE  FROM      YEAR
                                                  NORMAL
..................................................................
TEMPERATURE (F)
 YESTERDAY
  MAXIMUM         46R   256 PM  44    2016  23     23       44
  MINIMUM         34    433 AM -31    1941   4     30       34
  AVERAGE         40                        13     27       39

PRECIPITATION (IN)
  YESTERDAY        0.00          0.18 1983   0.02  -0.02     0.01
  MONTH TO DATE    0.15                      0.30  -0.15     0.25
  SINCE DEC 1      2.21                      1.46   0.75     1.63
  SINCE JAN 1      0.60                      0.85  -0.25     0.57

SNOWFALL (IN)
  YESTERDAY        0.0           2.5  1986   0.3   -0.3      0.0
  MONTH TO DATE    3.7                       4.2   -0.5      2.6
  SINCE DEC 1     36.2                      25.6   10.6     23.2
  SINCE JUL 1     37.3                      34.8    2.5     25.9
  SNOW DEPTH       3

DEGREE DAYS
 HEATING
  YESTERDAY       25                        52    -27       26
  MONTH TO DATE  886                      1037   -151      871
  SINCE DEC 1   4131                      4504   -373     3928
  SINCE JUL 1   5599                      6703  -1104     5593

 COOLING
  YESTERDAY        0                         0      0        0
  MONTH TO DATE    0                         0      0        0
  SINCE DEC 1      0                         0      0        0
  SINCE JAN 1      0                         0      0        0
..................................................................


WIND (MPH)
  HIGHEST WIND SPEED    21   HIGHEST WIND DIRECTION    SE (130)
  HIGHEST GUST SPEED    26   HIGHEST GUST DIRECTION    SE (130)
  AVERAGE WIND SPEED    11.9


SKY COVER
  POSSIBLE SUNSHINE  MM
  AVERAGE SKY COVER 0.7


WEATHER CONDITIONS
 THE FOLLOWING WEATHER WAS RECORDED YESTERDAY.
  NO SIGNIFICANT WEATHER WAS OBSERVED.


RELATIVE HUMIDITY (PERCENT)
 HIGHEST    82          1200 AM
 LOWEST     60           300 PM
 AVERAGE    71

..........................................................


THE GRAND FORKS INTL AP ND CLIMATE NORMALS FOR TODAY
                         NORMAL    RECORD    YEAR
 MAXIMUM TEMPERATURE (F)   23        51      2000
 MINIMUM TEMPERATURE (F)    4       -33      2008


SUNRISE AND SUNSET
FEBRUARY 20 2017......SUNRISE   726 AM CST   SUNSET   600 PM CST
FEBRUARY 21 2017......SUNRISE   724 AM CST   SUNSET   601 PM CST


-  INDICATES NEGATIVE NUMBERS.
R  INDICATES RECORD WAS SET OR TIED.
MM INDICATES DATA IS MISSING.
T  INDICATES TRACE AMOUNT.




$$
