000
CDUS43 KFGF 270636
CLIGFK


CLIMATE REPORT
NATIONAL WEATHER SERVICE EASTERN NORTH DAKOTA/GRAND FORKS
134 AM CDT SAT AUG 27 2016


...................................

...THE GRAND FORKS INTL AP ND CLIMATE SUMMARY FOR AUGUST 26 2016...

CLIMATE NORMAL PERIOD 1981 TO 2010
CLIMATE RECORD PERIOD 1941 TO 2016


WEATHER ITEM   OBSERVED TIME   RECORD YEAR NORMAL DEPARTURE LAST
                VALUE   (LST)  VALUE       VALUE  FROM      YEAR
                                                  NORMAL
..................................................................
TEMPERATURE (F)
 YESTERDAY
  MAXIMUM         78    111 PM  97    1953  78      0       76
  MINIMUM         47    544 AM  37    1982  52     -5       46
  AVERAGE         63                        65     -2       61

PRECIPITATION (IN)
  YESTERDAY        0.00          3.14 1946   0.09  -0.09     0.00
  MONTH TO DATE    3.21                      2.43   0.78     2.89
  SINCE JUN 1     11.81                      9.06   2.75    10.50
  SINCE JAN 1     18.20                     14.78   3.42    16.81

SNOWFALL (IN)
  YESTERDAY        0.0          MM      MM   0.0    0.0      0.0
  MONTH TO DATE    0.0                       0.0    0.0      0.0
  SINCE JUN 1      0.0                       0.0    0.0      0.0
  SINCE JUL 1      0.0                       0.0    0.0      0.0
  SNOW DEPTH       0

DEGREE DAYS
 HEATING
  YESTERDAY        2                         3     -1        4
  MONTH TO DATE   13                        38    -25       50
  SINCE JUN 1     79                       169    -90      122
  SINCE JUL 1     25                        66    -41       64

 COOLING
  YESTERDAY        0                         3     -3        0
  MONTH TO DATE  129                       109     20       98
  SINCE JUN 1    374                       325     49      358
  SINCE JAN 1    396                       342     54      364
..................................................................


WIND (MPH)
  HIGHEST WIND SPEED    18   HIGHEST WIND DIRECTION    SW (220)
  HIGHEST GUST SPEED    24   HIGHEST GUST DIRECTION     S (200)
  AVERAGE WIND SPEED     8.0


SKY COVER
  POSSIBLE SUNSHINE  MM
  AVERAGE SKY COVER 0.4


WEATHER CONDITIONS
 THE FOLLOWING WEATHER WAS RECORDED YESTERDAY.
  NO SIGNIFICANT WEATHER WAS OBSERVED.


RELATIVE HUMIDITY (PERCENT)
 HIGHEST    93           100 AM
 LOWEST     40           100 PM
 AVERAGE    67

..........................................................


THE GRAND FORKS INTL AP ND CLIMATE NORMALS FOR TODAY
                         NORMAL    RECORD    YEAR
 MAXIMUM TEMPERATURE (F)   78        98      1991
 MINIMUM TEMPERATURE (F)   52        32      1982


SUNRISE AND SUNSET
AUGUST 27 2016........SUNRISE   641 AM CDT   SUNSET   818 PM CDT
AUGUST 28 2016........SUNRISE   642 AM CDT   SUNSET   816 PM CDT


-  INDICATES NEGATIVE NUMBERS.
R  INDICATES RECORD WAS SET OR TIED.
MM INDICATES DATA IS MISSING.
T  INDICATES TRACE AMOUNT.




$$
