000
CDUS43 KFGF 220634
CLIGFK


CLIMATE REPORT
NATIONAL WEATHER SERVICE EASTERN NORTH DAKOTA/GRAND FORKS
133 AM CDT TUE JUL 22 2014


...................................

...THE GRAND FORKS INTL AP ND CLIMATE SUMMARY FOR JULY 21 2014...

CLIMATE NORMAL PERIOD 1981 TO 2010
CLIMATE RECORD PERIOD 1941 TO 2014


WEATHER ITEM   OBSERVED TIME   RECORD YEAR NORMAL DEPARTURE LAST
                VALUE   (LST)  VALUE       VALUE  FROM      YEAR
                                                  NORMAL
..................................................................
TEMPERATURE (F)
 YESTERDAY
  MAXIMUM         91    255 PM  98    1955  82      9       82
  MINIMUM         63    422 AM  39    1947  57      6       47
  AVERAGE         77                        69      8       65

PRECIPITATION (IN)
  YESTERDAY        2.79R         2.57 1966   0.09   2.70     0.67
  MONTH TO DATE    3.69                      2.27   1.42     1.96
  SINCE JUN 1     10.29                      5.75   4.54     5.06
  SINCE JAN 1     17.47                     11.47   6.00    13.23

SNOWFALL (IN)
  YESTERDAY        0.0          MM      MM   0.0    0.0      0.0
  MONTH TO DATE    0.0                       0.0    0.0      0.0
  SINCE JUN 1      0.0                       0.0    0.0      0.0
  SINCE JUL 1      0.0                       0.0    0.0      0.0
  SNOW DEPTH       0

DEGREE DAYS
 HEATING
  YESTERDAY        0                         1     -1        0
  MONTH TO DATE   29                        22      7        3
  SINCE JUN 1     75                       125    -50       80
  SINCE JUL 1     29                        22      7        3

 COOLING
  YESTERDAY       12                         5      7        0
  MONTH TO DATE   87                        95     -8      160
  SINCE JUN 1    154                       170    -16      273
  SINCE JAN 1    207                       187     20      282
..................................................................


WIND (MPH)
  HIGHEST WIND SPEED    53   HIGHEST WIND DIRECTION     N (20)
  HIGHEST GUST SPEED    69   HIGHEST GUST DIRECTION    NW (320)
  AVERAGE WIND SPEED    12.8


SKY COVER
  POSSIBLE SUNSHINE  MM
  AVERAGE SKY COVER 0.5


WEATHER CONDITIONS
 THE FOLLOWING WEATHER WAS RECORDED YESTERDAY.
  THUNDERSTORM
  HEAVY RAIN
  RAIN
  LIGHT RAIN
  FOG
  FOG W/VISIBILITY <= 1/4 MILE


RELATIVE HUMIDITY (PERCENT)
 HIGHEST   100           400 AM
 LOWEST     56          1200 PM
 AVERAGE    78

..........................................................


THE GRAND FORKS INTL AP ND CLIMATE NORMALS FOR TODAY
                         NORMAL    RECORD    YEAR
 MAXIMUM TEMPERATURE (F)   82        97      1976
 MINIMUM TEMPERATURE (F)   57        45      1985
                                             1973
                                             1949


SUNRISE AND SUNSET
JULY 22 2014..........SUNRISE   553 AM CDT   SUNSET   917 PM CDT
JULY 23 2014..........SUNRISE   554 AM CDT   SUNSET   916 PM CDT


-  INDICATES NEGATIVE NUMBERS.
R  INDICATES RECORD WAS SET OR TIED.
MM INDICATES DATA IS MISSING.
T  INDICATES TRACE AMOUNT.




$$
