000
CDUS43 KFGF 282150
CLIGFK


CLIMATE REPORT
NATIONAL WEATHER SERVICE EASTERN NORTH DAKOTA/GRAND FORKS
447 PM CDT FRI AUG 28 2015


...................................

...THE GRAND FORKS INTL AP ND CLIMATE SUMMARY FOR AUGUST 28 2015...
VALID TODAY AS OF 0400 PM LOCAL TIME.

CLIMATE NORMAL PERIOD 1981 TO 2010
CLIMATE RECORD PERIOD 1941 TO 2015


WEATHER ITEM   OBSERVED TIME   RECORD YEAR NORMAL DEPARTURE LAST
                VALUE   (LST)  VALUE       VALUE  FROM      YEAR
                                                  NORMAL
..................................................................
TEMPERATURE (F)
 TODAY
  MAXIMUM         85    222 PM  99    1991  78      7       77
  MINIMUM         62    347 AM  31    1986  51     11       60
  AVERAGE         74                        64     10       69

PRECIPITATION (IN)
  TODAY            0.00          1.82 2002   0.09  -0.09      T
  MONTH TO DATE    2.89                      2.61   0.28     3.05
  SINCE JUN 1     10.50                      9.24   1.26    13.35
  SINCE JAN 1     16.81                     14.96   1.85    20.53

SNOWFALL (IN)
  TODAY            0.0          MM      MM   0.0    0.0      0.0
  MONTH TO DATE    0.0                       0.0    0.0      0.0
  SINCE JUN 1      0.0                       0.0    0.0      0.0
  SINCE JUL 1      0.0                       0.0    0.0      0.0
  SNOW DEPTH       0

DEGREE DAYS
 HEATING
  TODAY            0                         3     -3        0
  MONTH TO DATE   50                        44      6       21
  SINCE JUN 1    122                       175    -53       96
  SINCE JUL 1     64                        72     -8       50

 COOLING
  TODAY            9                         3      6        4
  MONTH TO DATE  108                       115     -7      129
  SINCE JUN 1    368                       331     37      307
  SINCE JAN 1    374                       348     26      360
..................................................................


WIND (MPH)
  HIGHEST WIND SPEED    26   HIGHEST WIND DIRECTION     S (200)
  HIGHEST GUST SPEED    32   HIGHEST GUST DIRECTION     S (200)
  AVERAGE WIND SPEED    11.1


SKY COVER
  POSSIBLE SUNSHINE  MM
  AVERAGE SKY COVER 0.5


WEATHER CONDITIONS
 THE FOLLOWING WEATHER WAS RECORDED TODAY.
  FOG


RELATIVE HUMIDITY (PERCENT)
 HIGHEST   100          1200 AM
 LOWEST     55           200 PM
 AVERAGE    78

..........................................................


THE GRAND FORKS INTL AP ND CLIMATE NORMALS FOR TOMORROW
                         NORMAL    RECORD    YEAR
 MAXIMUM TEMPERATURE (F)   77        97      2012
 MINIMUM TEMPERATURE (F)   51        37      1988


SUNRISE AND SUNSET
AUGUST 28 2015........SUNRISE   641 AM CDT   SUNSET   818 PM CDT
AUGUST 29 2015........SUNRISE   642 AM CDT   SUNSET   816 PM CDT


-  INDICATES NEGATIVE NUMBERS.
R  INDICATES RECORD WAS SET OR TIED.
MM INDICATES DATA IS MISSING.
T  INDICATES TRACE AMOUNT.




$$
