000
CDUS43 KFGF 030640
CLIGFK


CLIMATE REPORT
NATIONAL WEATHER SERVICE EASTERN NORTH DAKOTA/GRAND FORKS
1240 AM CST TUE MAR 3 2015


...................................

...THE GRAND FORKS INTL AP ND CLIMATE SUMMARY FOR MARCH 2 2015...

CLIMATE NORMAL PERIOD 1981 TO 2010
CLIMATE RECORD PERIOD 1941 TO 2015


WEATHER ITEM   OBSERVED TIME   RECORD YEAR NORMAL DEPARTURE LAST
                VALUE   (LST)  VALUE       VALUE  FROM      YEAR
                                                  NORMAL
..................................................................
TEMPERATURE (F)
 YESTERDAY
  MAXIMUM         30    451 PM  43    1993  27      3        0
  MINIMUM         -6    525 AM -26    1972   9    -15      -23
  AVERAGE         12                        18     -6      -11

PRECIPITATION (IN)
  YESTERDAY        0.00          0.43 1979   0.03  -0.03     0.00
  MONTH TO DATE    T                         0.06  -0.06     0.00
  SINCE MAR 1      T                         0.06  -0.06     0.00
  SINCE JAN 1      0.82                      1.13  -0.31     1.07

SNOWFALL (IN)
  YESTERDAY        0.0          MM      MM   0.3   -0.3      0.0
  MONTH TO DATE    T                         0.6   -0.6      0.0
  SINCE MAR 1      T                         0.6   -0.6      0.0
  SINCE JUL 1     14.3                      37.8  -23.5     45.7
  SNOW DEPTH       3

DEGREE DAYS
 HEATING
  YESTERDAY       53                        47      6       76
  MONTH TO DATE  108                        94     14      159
  SINCE MAR 1    108                        94     14      159
  SINCE JUL 1   7025                      7244   -219     8054

 COOLING
  YESTERDAY        0                         0      0        0
  MONTH TO DATE    0                         0      0        0
  SINCE MAR 1      0                         0      0        0
  SINCE JAN 1      0                         0      0        0
..................................................................


WIND (MPH)
  HIGHEST WIND SPEED    30   HIGHEST WIND DIRECTION     S (180)
  HIGHEST GUST SPEED    39   HIGHEST GUST DIRECTION     S (180)
  AVERAGE WIND SPEED    13.6


SKY COVER
  POSSIBLE SUNSHINE  MM
  AVERAGE SKY COVER 0.3


WEATHER CONDITIONS
 THE FOLLOWING WEATHER WAS RECORDED YESTERDAY.
  NO SIGNIFICANT WEATHER WAS OBSERVED.


RELATIVE HUMIDITY (PERCENT)
 HIGHEST    86          1200 AM
 LOWEST     58           300 PM
 AVERAGE    72

..........................................................


THE GRAND FORKS INTL AP ND CLIMATE NORMALS FOR TODAY
                         NORMAL    RECORD    YEAR
 MAXIMUM TEMPERATURE (F)   27        58      2000
 MINIMUM TEMPERATURE (F)    9       -19      2014


SUNRISE AND SUNSET
MARCH  3 2015.........SUNRISE   706 AM CST   SUNSET   616 PM CST
MARCH  4 2015.........SUNRISE   704 AM CST   SUNSET   617 PM CST


-  INDICATES NEGATIVE NUMBERS.
R  INDICATES RECORD WAS SET OR TIED.
MM INDICATES DATA IS MISSING.
T  INDICATES TRACE AMOUNT.




$$
