842
CDUS41 KALY 282043
CLIGFL


CLIMATE REPORT
NATIONAL WEATHER SERVICE ALBANY NY
443 PM EDT WED JUN 28 2017


...................................

...THE GLENS FALLS NY CLIMATE SUMMARY FOR JUNE 28 2017...
VALID TODAY AS OF 0400 PM LOCAL TIME.

CLIMATE NORMAL PERIOD 1981 TO 2010
CLIMATE RECORD PERIOD 1949 TO 2017


WEATHER ITEM   OBSERVED TIME   RECORD YEAR NORMAL DEPARTURE LAST
                VALUE   (LST)  VALUE       VALUE  FROM      YEAR
                                                  NORMAL
..................................................................
TEMPERATURE (F)
 TODAY
  MAXIMUM         75    157 PM  94    1991  80     -5       84
  MINIMUM         46    512 AM  40    1970  55     -9       65
  AVERAGE         61                        67     -6       75

PRECIPITATION (IN)
  TODAY            0.00          1.26 2008   0.12  -0.12     0.59
  MONTH TO DATE    3.32                      3.31   0.01     3.07
  SINCE JUN 1      3.32                      3.31   0.01     3.07
  SINCE JAN 1     19.66                     17.80   1.86    14.69

DEGREE DAYS
 HEATING
  TODAY            4                         1      3        0
  MONTH TO DATE   89                        87      2       44
  SINCE JUN 1     89                        87      2       44
  SINCE JUL 1   6406                      7673  -1267     5927

 COOLING
  TODAY            0                         4     -4       10
  MONTH TO DATE   83                        61     22       92
  SINCE JUN 1     83                        61     22       92
  SINCE JAN 1    104                        73     31      148
..................................................................


WIND (MPH)
  HIGHEST WIND SPEED    15   HIGHEST WIND DIRECTION    SW (240)
  HIGHEST GUST SPEED    18   HIGHEST GUST DIRECTION    SW (230)
  AVERAGE WIND SPEED     4.9


SKY COVER
  AVERAGE SKY COVER 0.4



RELATIVE HUMIDITY (PERCENT)
 HIGHEST    96          1200 AM
 LOWEST     38           200 PM
 AVERAGE    67

..........................................................


THE GLENS FALLS NY CLIMATE NORMALS FOR TOMORROW
                         NORMAL    RECORD    YEAR
 MAXIMUM TEMPERATURE (F)   80        93      1959
 MINIMUM TEMPERATURE (F)   55        44      1970


SUNRISE AND SUNSET
JUNE 28 2017..........SUNRISE   517 AM EDT   SUNSET   839 PM EDT
JUNE 29 2017..........SUNRISE   517 AM EDT   SUNSET   839 PM EDT


-  INDICATES NEGATIVE NUMBERS.
R  INDICATES RECORD WAS SET OR TIED.
MM INDICATES DATA IS MISSING.
T  INDICATES TRACE AMOUNT.




$$
