000
CDUS41 KALY 050628
CLIGFL


CLIMATE REPORT
NATIONAL WEATHER SERVICE ALBANY NY
228 AM EDT WED AUG 5 2015


...................................

...THE GLENS FALLS NY CLIMATE SUMMARY FOR AUGUST 4 2015...

CLIMATE NORMAL PERIOD 1981 TO 2010
CLIMATE RECORD PERIOD 1949 TO 2015


WEATHER ITEM   OBSERVED TIME   RECORD YEAR NORMAL DEPARTURE LAST
                VALUE   (LST)  VALUE       VALUE  FROM      YEAR
                                                  NORMAL
..................................................................
TEMPERATURE (F)
 YESTERDAY
  MAXIMUM         84    122 PM  92    2012  80      4       81
  MINIMUM         63   1158 PM  45    1966  57      6       63
  AVERAGE         74                        69      5       72

PRECIPITATION (IN)
  YESTERDAY        0.00          0.75 1953   0.13  -0.13     0.02
  MONTH TO DATE    0.09                      0.54  -0.45     0.03
  SINCE JUN 1      8.53                      8.18   0.35    10.13
  SINCE JAN 1     15.84                     22.67  -6.83    23.24

DEGREE DAYS
 HEATING
  YESTERDAY        0                         1     -1        0
  MONTH TO DATE    0                         4     -4        0
  SINCE JUN 1     90                       115    -25       33
  SINCE JUL 1     11                        25    -14        1

 COOLING
  YESTERDAY        9                         4      5        7
  MONTH TO DATE   26                        16     10       23
  SINCE JUN 1    269                       224     45      256
  SINCE JAN 1    345                       236    109      276
..................................................................


WIND (MPH)
  HIGHEST WIND SPEED    17   HIGHEST WIND DIRECTION    NW (300)
  HIGHEST GUST SPEED    23   HIGHEST GUST DIRECTION    NW (300)
  AVERAGE WIND SPEED     5.6


SKY COVER
  AVERAGE SKY COVER 0.4



RELATIVE HUMIDITY (PERCENT)
 HIGHEST   100           100 AM
 LOWEST     39           400 PM
 AVERAGE    70

..........................................................


THE GLENS FALLS NY CLIMATE NORMALS FOR TODAY
                         NORMAL    RECORD    YEAR
 MAXIMUM TEMPERATURE (F)   80        96      1955
 MINIMUM TEMPERATURE (F)   57        42      1972


SUNRISE AND SUNSET
AUGUST  5 2015........SUNRISE   548 AM EDT   SUNSET   812 PM EDT
AUGUST  6 2015........SUNRISE   549 AM EDT   SUNSET   811 PM EDT


-  INDICATES NEGATIVE NUMBERS.
R  INDICATES RECORD WAS SET OR TIED.
MM INDICATES DATA IS MISSING.
T  INDICATES TRACE AMOUNT.




$$
