000
CDUS44 KSHV 300808
CLIGGG


CLIMATE REPORT
NATIONAL WEATHER SERVICE SHREVEPORT, LA
305 AM CDT SAT APR 30 2016


...................................

...THE LONGVIEW CLIMATE SUMMARY FOR APRIL 29 2016...

CLIMATE NORMAL PERIOD 1981 TO 2010
CLIMATE RECORD PERIOD 1902 TO 2016


WEATHER ITEM   OBSERVED TIME   RECORD YEAR NORMAL DEPARTURE LAST
                VALUE   (LST)  VALUE       VALUE  FROM      YEAR
                                                  NORMAL
..................................................................
TEMPERATURE (F)
 YESTERDAY
  MAXIMUM         80   1001 AM  92    1938  80      0       76
  MINIMUM         67   1154 PM  41    1921  57     10       50
  AVERAGE         74                        68      6       63

PRECIPITATION (IN)
  YESTERDAY        3.53          3.56 1963   0.12   3.41     0.00
  MONTH TO DATE    8.70                      3.09   5.61     6.19
  SINCE DEC 1     29.69                     19.29  10.40    25.54
  SINCE JAN 1     23.63                     14.80   8.83    23.24

SNOWFALL (IN)
  YESTERDAY        0.0
  MONTH TO DATE    0.0
  SINCE MAR 1      0.0
  SINCE JUL 1      0.0
  SNOW DEPTH       0

DEGREE DAYS
 HEATING
  YESTERDAY        0                         1     -1        2
  MONTH TO DATE   49                        88    -39       40
  SINCE MAR 1    190                       343   -153      309
  SINCE JUL 1   1639                      2247   -608     2282

 COOLING
  YESTERDAY        9                         5      4        0
  MONTH TO DATE   89                        82      7      137
  SINCE MAR 1    127                       109     18      162
  SINCE JAN 1    133                       121     12      162
..................................................................


WIND (MPH)
  HIGHEST WIND SPEED    26   HIGHEST WIND DIRECTION     W (260)
  HIGHEST GUST SPEED    39   HIGHEST GUST DIRECTION     S (160)
  AVERAGE WIND SPEED    11.3


SKY COVER
  POSSIBLE SUNSHINE  MM
  AVERAGE SKY COVER 0.7


WEATHER CONDITIONS
 THE FOLLOWING WEATHER WAS RECORDED YESTERDAY.
  THUNDERSTORM
  HEAVY RAIN
  RAIN
  LIGHT RAIN
  FOG


RELATIVE HUMIDITY (PERCENT)
 HIGHEST   100           900 PM
 LOWEST     68          1200 AM
 AVERAGE    84

..........................................................


THE LONGVIEW CLIMATE NORMALS FOR TODAY
                         NORMAL    RECORD    YEAR
 MAXIMUM TEMPERATURE (F)   80        95      1943
 MINIMUM TEMPERATURE (F)   58        37      1908


SUNRISE AND SUNSET
APRIL 30 2016.........SUNRISE   633 AM CDT   SUNSET   800 PM CDT
MAY  1 2016...........SUNRISE   632 AM CDT   SUNSET   800 PM CDT


-  INDICATES NEGATIVE NUMBERS.
R  INDICATES RECORD WAS SET OR TIED.
MM INDICATES DATA IS MISSING.
T  INDICATES TRACE AMOUNT.




$$
