000
CDUS44 KSHV 050734
CLIGGG


CLIMATE REPORT
NATIONAL WEATHER SERVICE SHREVEPORT, LA
231 AM CDT SAT SEP 5 2015


...................................

...THE LONGVIEW CLIMATE SUMMARY FOR SEPTEMBER 4 2015...

CLIMATE NORMAL PERIOD 1981 TO 2010
CLIMATE RECORD PERIOD 1902 TO 2015


WEATHER ITEM   OBSERVED TIME   RECORD YEAR NORMAL DEPARTURE LAST
                VALUE   (LST)  VALUE       VALUE  FROM      YEAR
                                                  NORMAL
..................................................................
TEMPERATURE (F)
 YESTERDAY
  MAXIMUM         95    344 PM 109    2000  91      4       96
  MINIMUM         74    637 AM  51    1974  68      6       73
  AVERAGE         85                        80      5       85

PRECIPITATION (IN)
  YESTERDAY        0.00          4.09 1968   0.10  -0.10     0.00
  MONTH TO DATE    0.00                      0.40  -0.40     0.16
  SINCE DEC 1     45.70                     35.54  10.16    30.33
  SINCE JAN 1     43.40                     31.05  12.35    26.18

SNOWFALL (IN)
  YESTERDAY        0.0
  MONTH TO DATE    0.0
  SINCE SEP 1      0.0
  SINCE JUL 1      0.0
  SNOW DEPTH       0

DEGREE DAYS
 HEATING
  YESTERDAY        0                         0      0        0
  MONTH TO DATE    0                         0      0        0
  SINCE SEP 1      0                         0      0        0
  SINCE JUL 1      0                         0      0        0

 COOLING
  YESTERDAY       20                        15      5       20
  MONTH TO DATE   69                        61      8       81
  SINCE SEP 1     69                        61      8       81
  SINCE JAN 1   2241                      2001    240     1935
..................................................................


WIND (MPH)
  HIGHEST WIND SPEED    12   HIGHEST WIND DIRECTION     S (160)
  HIGHEST GUST SPEED    16   HIGHEST GUST DIRECTION     E (110)
  AVERAGE WIND SPEED     4.5


SKY COVER
  POSSIBLE SUNSHINE  MM
  AVERAGE SKY COVER 0.3


WEATHER CONDITIONS
 THE FOLLOWING WEATHER WAS RECORDED YESTERDAY.
  NO SIGNIFICANT WEATHER WAS OBSERVED.


RELATIVE HUMIDITY (PERCENT)
 HIGHEST    93           500 AM
 LOWEST     46           500 PM
 AVERAGE    70

..........................................................


THE LONGVIEW CLIMATE NORMALS FOR TODAY
                         NORMAL    RECORD    YEAR
 MAXIMUM TEMPERATURE (F)   91       108      1939
 MINIMUM TEMPERATURE (F)   68        51      1974


SUNRISE AND SUNSET
SEPTEMBER  5 2015.....SUNRISE   656 AM CDT   SUNSET   738 PM CDT
SEPTEMBER  6 2015.....SUNRISE   657 AM CDT   SUNSET   737 PM CDT


-  INDICATES NEGATIVE NUMBERS.
R  INDICATES RECORD WAS SET OR TIED.
MM INDICATES DATA IS MISSING.
T  INDICATES TRACE AMOUNT.




$$
