938
CDUS44 KSHV 290733
CLIGGG


CLIMATE REPORT
NATIONAL WEATHER SERVICE SHREVEPORT, LA
233 AM CDT THU SEP 29 2016


...................................

...THE LONGVIEW CLIMATE SUMMARY FOR SEPTEMBER 28 2016...

CLIMATE NORMAL PERIOD 1981 TO 2010
CLIMATE RECORD PERIOD 1902 TO 2016


WEATHER ITEM   OBSERVED TIME   RECORD YEAR NORMAL DEPARTURE LAST
                VALUE   (LST)  VALUE       VALUE  FROM      YEAR
                                                  NORMAL
..................................................................
TEMPERATURE (F)
 YESTERDAY
  MAXIMUM         86    316 PM 100    1938  84      2       89
  MINIMUM         55    631 AM  44    1908  60     -5       69
  AVERAGE         71                        72     -1       79

PRECIPITATION (IN)
  YESTERDAY        0.00          3.41 1964   0.13  -0.13      T
  MONTH TO DATE    0.31                      3.09  -2.78     0.04
  SINCE DEC 1     47.07                     38.23   8.84    45.74
  SINCE JAN 1     41.01                     33.74   7.27    43.44

SNOWFALL (IN)
  YESTERDAY        0.0
  MONTH TO DATE    0.0
  SINCE SEP 1      0.0
  SINCE JUL 1      0.0
  SNOW DEPTH       0

DEGREE DAYS
 HEATING
  YESTERDAY        0                         1     -1        0
  MONTH TO DATE    0                         2     -2        0
  SINCE SEP 1      0                         2     -2        0
  SINCE JUL 1      0                         2     -2        0

 COOLING
  YESTERDAY        6                         7     -1       14
  MONTH TO DATE  420                       325     95      441
  SINCE SEP 1    420                       325     95      441
  SINCE JAN 1   2465                      2265    200     2613
..................................................................


WIND (MPH)
  HIGHEST WIND SPEED    10   HIGHEST WIND DIRECTION     N (340)
  HIGHEST GUST SPEED    14   HIGHEST GUST DIRECTION    SW (230)
  AVERAGE WIND SPEED     4.0


SKY COVER
  POSSIBLE SUNSHINE  MM
  AVERAGE SKY COVER 0.0


WEATHER CONDITIONS
 THE FOLLOWING WEATHER WAS RECORDED YESTERDAY.
  NO SIGNIFICANT WEATHER WAS OBSERVED.


RELATIVE HUMIDITY (PERCENT)
 HIGHEST   100           200 AM
 LOWEST     34           300 PM
 AVERAGE    67

..........................................................


THE LONGVIEW CLIMATE NORMALS FOR TODAY
                         NORMAL    RECORD    YEAR
 MAXIMUM TEMPERATURE (F)   83       104      1953
 MINIMUM TEMPERATURE (F)   60        40      1908


SUNRISE AND SUNSET
SEPTEMBER 29 2016.....SUNRISE   712 AM CDT   SUNSET   705 PM CDT
SEPTEMBER 30 2016.....SUNRISE   713 AM CDT   SUNSET   704 PM CDT


-  INDICATES NEGATIVE NUMBERS.
R  INDICATES RECORD WAS SET OR TIED.
MM INDICATES DATA IS MISSING.
T  INDICATES TRACE AMOUNT.




$$
