000
CDUS44 KSHV 032150
CLIGGG


CLIMATE REPORT
NATIONAL WEATHER SERVICE SHREVEPORT, LA
450 PM CDT WED JUN 3 2015


...................................

...THE LONGVIEW CLIMATE SUMMARY FOR JUNE 3 2015...
VALID TODAY AS OF 0400 PM LOCAL TIME.

CLIMATE NORMAL PERIOD 1981 TO 2010
CLIMATE RECORD PERIOD 1902 TO 2015


WEATHER ITEM   OBSERVED TIME   RECORD YEAR NORMAL DEPARTURE LAST
                VALUE   (LST)  VALUE       VALUE  FROM      YEAR
                                                  NORMAL
..................................................................
TEMPERATURE (F)
 TODAY
  MAXIMUM         88    311 PM 101    1911  88      0       89
  MINIMUM         65    514 AM  52    1970  67     -2       72
  AVERAGE         77                        77      0       81

PRECIPITATION (IN)
  TODAY            0.00          5.74 1957   0.16  -0.16     0.00
  MONTH TO DATE    0.00                      0.46  -0.46     0.00
  SINCE DEC 1     37.11                     24.68  12.43    22.31
  SINCE JAN 1     34.81                     20.19  14.62    18.16

DEGREE DAYS
 HEATING
  TODAY            0                         0      0        0
  MONTH TO DATE    0                         0      0        0
  SINCE JUN 1      0                         0      0        0
  SINCE JUL 1   2282                      2258     24     2611

 COOLING
  TODAY           12                        12      0       16
  MONTH TO DATE   30                        36     -6       45
  SINCE JUN 1     30                        36     -6       45
  SINCE JAN 1    488                       415     73      399
..................................................................


WIND (MPH)
  HIGHEST WIND SPEED    10   HIGHEST WIND DIRECTION     S (160)
  HIGHEST GUST SPEED    15   HIGHEST GUST DIRECTION     S (160)
  AVERAGE WIND SPEED     3.6


SKY COVER
  POSSIBLE SUNSHINE  MM
  AVERAGE SKY COVER 0.2


WEATHER CONDITIONS
 THE FOLLOWING WEATHER WAS RECORDED TODAY.
  NO SIGNIFICANT WEATHER WAS OBSERVED.


RELATIVE HUMIDITY (PERCENT)
 HIGHEST    93           300 AM
 LOWEST     46           300 PM
 AVERAGE    70

..........................................................


THE LONGVIEW CLIMATE NORMALS FOR TOMORROW
                         NORMAL    RECORD    YEAR
 MAXIMUM TEMPERATURE (F)   88       100      1911
 MINIMUM TEMPERATURE (F)   67        54      1970


SUNRISE AND SUNSET
JUNE  3 2015..........SUNRISE   612 AM CDT   SUNSET   822 PM CDT
JUNE  4 2015..........SUNRISE   612 AM CDT   SUNSET   823 PM CDT


-  INDICATES NEGATIVE NUMBERS.
R  INDICATES RECORD WAS SET OR TIED.
MM INDICATES DATA IS MISSING.
T  INDICATES TRACE AMOUNT.




$$
