000
CDUS44 KSHV 062134
CLIGGG


CLIMATE REPORT
NATIONAL WEATHER SERVICE SHREVEPORT, LA
431 PM CDT MON JUL 6 2015


...................................

...THE LONGVIEW CLIMATE SUMMARY FOR JULY 6 2015...
VALID TODAY AS OF 0400 PM LOCAL TIME.

CLIMATE NORMAL PERIOD 1981 TO 2010
CLIMATE RECORD PERIOD 1902 TO 2015


WEATHER ITEM   OBSERVED TIME   RECORD YEAR NORMAL DEPARTURE LAST
                VALUE   (LST)  VALUE       VALUE  FROM      YEAR
                                                  NORMAL
..................................................................
TEMPERATURE (F)
 TODAY
  MAXIMUM         MM        MM 105    1938  93     MM       92
  MINIMUM         MM        MM  58    1924  73     MM       69
  AVERAGE         MM                        83     MM       81

PRECIPITATION (IN)
  TODAY            0.00          3.82 2007   0.12  -0.12     0.00
  MONTH TO DATE    0.01                      0.73  -0.72     0.00
  SINCE DEC 1     43.77                     29.96  13.81    26.32
  SINCE JAN 1     41.47                     25.47  16.00    22.17

DEGREE DAYS
 HEATING
  TODAY           MM                         0     MM        0
  MONTH TO DATE    0                         0      0        0
  SINCE JUN 1      0                         0      0        0
  SINCE JUL 1      0                         0      0        0

 COOLING
  TODAY           MM                        18     MM       16
  MONTH TO DATE   85                       107    -22       96
  SINCE JUN 1    571                       546     25      556
  SINCE JAN 1   1029                       925    104      910
..................................................................


WIND (MPH)
  HIGHEST WIND SPEED    21   HIGHEST WIND DIRECTION     S (200)
  HIGHEST GUST SPEED    27   HIGHEST GUST DIRECTION     S (200)
  AVERAGE WIND SPEED    11.7


SKY COVER
  POSSIBLE SUNSHINE  MM
  AVERAGE SKY COVER 0.3


WEATHER CONDITIONS
 THE FOLLOWING WEATHER WAS RECORDED TODAY.
  NO SIGNIFICANT WEATHER WAS OBSERVED.


RELATIVE HUMIDITY (PERCENT)
 HIGHEST    85           100 AM
 LOWEST     49           100 PM
 AVERAGE    67

..........................................................


THE LONGVIEW CLIMATE NORMALS FOR TOMORROW
                         NORMAL    RECORD    YEAR
 MAXIMUM TEMPERATURE (F)   93       106      1939
 MINIMUM TEMPERATURE (F)   73        60      1924


SUNRISE AND SUNSET
JULY  6 2015..........SUNRISE   618 AM CDT   SUNSET   829 PM CDT
JULY  7 2015..........SUNRISE   618 AM CDT   SUNSET   829 PM CDT


-  INDICATES NEGATIVE NUMBERS.
R  INDICATES RECORD WAS SET OR TIED.
MM INDICATES DATA IS MISSING.
T  INDICATES TRACE AMOUNT.




$$
