000
CDUS44 KSHV 020731
CLIGGG


CLIMATE REPORT
NATIONAL WEATHER SERVICE SHREVEPORT, LA
231 AM CDT TUE SEP 2 2014


...................................

...THE LONGVIEW CLIMATE SUMMARY FOR SEPTEMBER 1 2014...

CLIMATE NORMAL PERIOD 1981 TO 2010
CLIMATE RECORD PERIOD 1902 TO 2014


WEATHER ITEM   OBSERVED TIME   RECORD YEAR NORMAL DEPARTURE LAST
                VALUE   (LST)  VALUE       VALUE  FROM      YEAR
                                                  NORMAL
..................................................................
TEMPERATURE (F)
 YESTERDAY
  MAXIMUM         97    224 PM 108    2000  92      5      102
  MINIMUM         76    130 AM  54    1967  69      7       77
  AVERAGE         87                        81      6       90

PRECIPITATION (IN)
  YESTERDAY        0.00          1.28 1965   0.10  -0.10     0.10
  MONTH TO DATE    0.00                      0.10  -0.10     0.10
  SINCE DEC 1     30.17                     35.24  -5.07    24.78
  SINCE JAN 1     26.02                     30.75  -4.73    20.43

SNOWFALL (IN)
  YESTERDAY        0.0
  MONTH TO DATE    0.0
  SINCE SEP 1      0.0
  SINCE JUL 1      0.0
  SNOW DEPTH       0

DEGREE DAYS
 HEATING
  YESTERDAY        0                         0      0        0
  MONTH TO DATE    0                         0      0        0
  SINCE SEP 1      0                         0      0        0
  SINCE JUL 1      0                         0      0        0

 COOLING
  YESTERDAY       22                        16      6       25
  MONTH TO DATE   22                        16      6       25
  SINCE SEP 1     22                        16      6       25
  SINCE JAN 1   1876                      1956    -80     2120
..................................................................


WIND (MPH)
  HIGHEST WIND SPEED    21   HIGHEST WIND DIRECTION     S (180)
  HIGHEST GUST SPEED    24   HIGHEST GUST DIRECTION     S (180)
  AVERAGE WIND SPEED    10.5


SKY COVER
  POSSIBLE SUNSHINE  MM
  AVERAGE SKY COVER 0.4


WEATHER CONDITIONS
 THE FOLLOWING WEATHER WAS RECORDED YESTERDAY.
  NO SIGNIFICANT WEATHER WAS OBSERVED.


RELATIVE HUMIDITY (PERCENT)
 HIGHEST    88           600 AM
 LOWEST     42           200 PM
 AVERAGE    65

..........................................................


THE LONGVIEW CLIMATE NORMALS FOR TODAY
                         NORMAL    RECORD    YEAR
 MAXIMUM TEMPERATURE (F)   92       109      1939
 MINIMUM TEMPERATURE (F)   69        50      1919


SUNRISE AND SUNSET
SEPTEMBER  2 2014.....SUNRISE   655 AM CDT   SUNSET   742 PM CDT
SEPTEMBER  3 2014.....SUNRISE   655 AM CDT   SUNSET   741 PM CDT


-  INDICATES NEGATIVE NUMBERS.
R  INDICATES RECORD WAS SET OR TIED.
MM INDICATES DATA IS MISSING.
T  INDICATES TRACE AMOUNT.




$$
