000
CDUS44 KSHV 270845
CLIGGG


CLIMATE REPORT
NATIONAL WEATHER SERVICE SHREVEPORT, LA
244 AM CST FRI FEB 27 2015


...................................

...THE LONGVIEW CLIMATE SUMMARY FOR FEBRUARY 26 2015...

CLIMATE NORMAL PERIOD 1981 TO 2010
CLIMATE RECORD PERIOD 1902 TO 2015


WEATHER ITEM   OBSERVED TIME   RECORD YEAR NORMAL DEPARTURE LAST
                VALUE   (LST)  VALUE       VALUE  FROM      YEAR
                                                  NORMAL
..................................................................
TEMPERATURE (F)
 YESTERDAY
  MAXIMUM         38    555 PM  86    1917  65    -27       47
  MINIMUM         31    701 AM  20    1960  42    -11       31
  AVERAGE         35                        53    -18       39

PRECIPITATION (IN)
  YESTERDAY        0.00          1.33 1922   0.15  -0.15     0.04
  MONTH TO DATE    3.39                      3.73  -0.34     2.51
  SINCE DEC 1     11.11                     11.54  -0.43     7.13
  SINCE JAN 1      8.81                      7.05   1.76     2.98

SNOWFALL (IN)
  YESTERDAY        0.0
  MONTH TO DATE    0.0
  SINCE DEC 1      0.0
  SINCE JUL 1      0.0
  SNOW DEPTH       0

DEGREE DAYS
 HEATING
  YESTERDAY       30                        12     18       26
  MONTH TO DATE  460                       398     62      446
  SINCE DEC 1   1509                      1509      0     1656
  SINCE JUL 1   1919                      1881     38     2084

 COOLING
  YESTERDAY        0                         0      0        0
  MONTH TO DATE    0                         0      0        5
  SINCE DEC 1      5                        10     -5       16
  SINCE JAN 1      0                         4     -4        5
..................................................................


WIND (MPH)
  HIGHEST WIND SPEED    16   HIGHEST WIND DIRECTION     N (350)
  HIGHEST GUST SPEED    21   HIGHEST GUST DIRECTION     N (350)
  AVERAGE WIND SPEED     6.8


SKY COVER
  POSSIBLE SUNSHINE  MM
  AVERAGE SKY COVER 1.0


WEATHER CONDITIONS
 THE FOLLOWING WEATHER WAS RECORDED YESTERDAY.
  FOG
  HAZE


RELATIVE HUMIDITY (PERCENT)
 HIGHEST    92           600 AM
 LOWEST     64           500 PM
 AVERAGE    78

..........................................................


THE LONGVIEW CLIMATE NORMALS FOR TODAY
                         NORMAL    RECORD    YEAR
 MAXIMUM TEMPERATURE (F)   65        85      1918
 MINIMUM TEMPERATURE (F)   42        17      2002


SUNRISE AND SUNSET
FEBRUARY 27 2015......SUNRISE   649 AM CST   SUNSET   615 PM CST
FEBRUARY 28 2015......SUNRISE   648 AM CST   SUNSET   615 PM CST


-  INDICATES NEGATIVE NUMBERS.
R  INDICATES RECORD WAS SET OR TIED.
MM INDICATES DATA IS MISSING.
T  INDICATES TRACE AMOUNT.




$$
