000
CDUS45 KGGW 170025
CLIGGW


CLIMATE REPORT
NATIONAL WEATHER SERVICE GLASGOW MT
623 PM MDT WED APR 16 2014


...................................

...THE GLASGOW MT CLIMATE SUMMARY FOR APRIL 16 2014...
VALID TODAY AS OF 0500 PM LOCAL TIME.

CLIMATE NORMAL PERIOD 1981 TO 2010
CLIMATE RECORD PERIOD 1893 TO 2014


WEATHER ITEM   OBSERVED TIME   RECORD YEAR NORMAL DEPARTURE LAST
                VALUE   (LST)  VALUE       VALUE  FROM      YEAR
                                                  NORMAL
..................................................................
TEMPERATURE (F)
 TODAY
  MAXIMUM         38        MM  80    1926  58    -20       31
                                      1906
  MINIMUM         23        MM   6    1896  32     -9       22
  AVERAGE         31                        45    -14       27

PRECIPITATION (IN)
  TODAY            0.00          0.50 1963   0.03  -0.03     0.09
  MONTH TO DATE    T                         0.37  -0.37     1.05
  SINCE OCT 1      2.51                      2.97  -0.46     4.91
  SINCE JAN 1      1.06                      1.42  -0.36     2.71

SNOWFALL (IN)
  TODAY            0.0           2.0  1920   0.1   -0.1      1.3
  MONTH TO DATE    0.0                       1.3   -1.3     11.1
  SINCE MAR 1      6.6                       6.0    0.6     24.4
  SINCE JUL 1     30.4                      33.0   -2.6     61.7
  SNOW DEPTH       0   (12Z/6AM MDT)

DEGREE DAYS
 HEATING
  TODAY           34                        20     14       38
  MONTH TO DATE  421                       362     59      465
  SINCE MAR 1   1575                      1396    179     1721
  SINCE JUL 1   8223                      7766    457     7928

 COOLING
  TODAY            0                         0      0        0
  MONTH TO DATE    0                         0      0        0
  SINCE MAR 1      0                         0      0        0
  SINCE JAN 1      0                         0      0        0
..................................................................


WIND (MPH)
  HIGHEST WIND SPEED    17   HIGHEST WIND DIRECTION    NE (50)
  HIGHEST GUST SPEED    20   HIGHEST GUST DIRECTION    SE (130)
  AVERAGE WIND SPEED     9.2


SKY COVER
  POSSIBLE SUNSHINE  MM
  AVERAGE SKY COVER 0.6


WEATHER CONDITIONS
 THE FOLLOWING WEATHER WAS RECORDED TODAY.
  NO SIGNIFICANT WEATHER WAS OBSERVED.


RELATIVE HUMIDITY (PERCENT)
 HIGHEST    88           400 AM
 LOWEST     52           300 PM
 AVERAGE    70

..........................................................


THE GLASGOW MT CLIMATE NORMALS FOR TOMORROW
                         NORMAL    RECORD    YEAR
 MAXIMUM TEMPERATURE (F)   59        87      1931
 MINIMUM TEMPERATURE (F)   33        14      1989


SUNRISE AND SUNSET
APRIL 16 2014.........SUNRISE   615 AM MDT   SUNSET   759 PM MDT
APRIL 17 2014.........SUNRISE   613 AM MDT   SUNSET   800 PM MDT


-  INDICATES NEGATIVE NUMBERS.
R  INDICATES RECORD WAS SET OR TIED.
MM INDICATES DATA IS MISSING.
T  INDICATES TRACE AMOUNT.




$$

SNOW DEPTH AT 12Z/5AM MDT
