000
CDUS45 KGGW 030015
CLIGGW


CLIMATE REPORT
NATIONAL WEATHER SERVICE GLASGOW MT
615 PM MDT SUN AUG 2 2015


...................................

...THE GLASGOW MT CLIMATE SUMMARY FOR AUGUST 2 2015...
VALID TODAY AS OF 0500 PM LOCAL TIME.

CLIMATE NORMAL PERIOD 1981 TO 2010
CLIMATE RECORD PERIOD 1893 TO 2015


WEATHER ITEM   OBSERVED TIME   RECORD YEAR NORMAL DEPARTURE LAST
                VALUE   (LST)  VALUE       VALUE  FROM      YEAR
                                                  NORMAL
..................................................................
TEMPERATURE (F)
 TODAY
  MAXIMUM         85        MM 102    1973  87     -2       88
  MINIMUM         57        MM  39    1923  59     -2       54
  AVERAGE         71                        73     -2       71

PRECIPITATION (IN)
  TODAY            0.00          2.96 1985   0.04  -0.04     0.03
  MONTH TO DATE    0.00                      0.09  -0.09     0.11
  SINCE OCT 1      9.91                      9.57   0.34     7.79
  SINCE JAN 1      8.65                      8.02   0.63     6.34

SNOWFALL (IN)
  TODAY            0.0           0.0  2002   0.0    0.0      0.0
                                      2001
                                      2000
  MONTH TO DATE    0.0                       0.0    0.0      0.0
  SINCE JUN 1      0.0                       0.0    0.0      0.0
  SINCE JUL 1      0.0                       0.0    0.0      0.0
  SNOW DEPTH       0

DEGREE DAYS
 HEATING
  TODAY            0                         0      0        0
  MONTH TO DATE    0                         0      0        0
  SINCE JUN 1     51                       123    -72      112
  SINCE JUL 1      5                        18    -13        4

 COOLING
  TODAY            6                         8     -2        6
  MONTH TO DATE   19                        16      3       18
  SINCE JUN 1    367                       298     69      255
  SINCE JAN 1    367                       315     52      289
..................................................................


WIND (MPH)
  HIGHEST WIND SPEED    10   HIGHEST WIND DIRECTION     N (350)
  HIGHEST GUST SPEED    MM   HIGHEST GUST DIRECTION    MM
  AVERAGE WIND SPEED     5.9


SKY COVER
  POSSIBLE SUNSHINE  MM
  AVERAGE SKY COVER 0.0


WEATHER CONDITIONS
 THE FOLLOWING WEATHER WAS RECORDED TODAY.
  NO SIGNIFICANT WEATHER WAS OBSERVED.


RELATIVE HUMIDITY (PERCENT)
 HIGHEST    80           400 AM
 LOWEST     26           400 PM
 AVERAGE    53

..........................................................


THE GLASGOW MT CLIMATE NORMALS FOR TOMORROW
                         NORMAL    RECORD    YEAR
 MAXIMUM TEMPERATURE (F)   87       103      1983
 MINIMUM TEMPERATURE (F)   59        40      1978


SUNRISE AND SUNSET
AUGUST  2 2015........SUNRISE   543 AM MDT   SUNSET   842 PM MDT
AUGUST  3 2015........SUNRISE   545 AM MDT   SUNSET   840 PM MDT


-  INDICATES NEGATIVE NUMBERS.
R  INDICATES RECORD WAS SET OR TIED.
MM INDICATES DATA IS MISSING.
T  INDICATES TRACE AMOUNT.




$$
