000
CDUS45 KGGW 170741
CLIGGW


CLIMATE REPORT
NATIONAL WEATHER SERVICE GLASGOW MT
1240 AM MST TUE JAN 17 2017


...................................

...THE GLASGOW MT CLIMATE SUMMARY FOR JANUARY 16 2017...

CLIMATE NORMAL PERIOD 1981 TO 2010
CLIMATE RECORD PERIOD 1893 TO 2017


WEATHER ITEM   OBSERVED TIME   RECORD YEAR NORMAL DEPARTURE LAST
                VALUE   (LST)  VALUE       VALUE  FROM      YEAR
                                                  NORMAL
..................................................................
TEMPERATURE (F)
 YESTERDAY
  MAXIMUM         19    303 PM  53    1944  23     -4        0
  MINIMUM         -1    646 AM -40    1950   4     -5      -22
  AVERAGE          9                        14     -5      -11

PRECIPITATION (IN)
  YESTERDAY        0.00          0.20 1911   0.01  -0.01     0.00
  MONTH TO DATE    0.43                      0.22   0.21     0.14
  SINCE OCT 1      3.96                      1.77   2.19     3.12
  SINCE JAN 1      0.43                      0.22   0.21     0.14

SNOWFALL (IN)
  YESTERDAY        0.0           4.0  1996   0.2   -0.2      0.0
  MONTH TO DATE   11.6                       4.8    6.8      2.4
  SINCE DEC 1     20.8                      12.8    8.0     15.2
  SINCE JUL 1     21.2                      19.4    1.8     16.2
  SNOW DEPTH       5  (12Z / 5AM MST)

DEGREE DAYS
 HEATING
  YESTERDAY       56                        51      5       76
  MONTH TO DATE 1075                       831    244      841
  SINCE DEC 1   2712                      2340    372     2184
  SINCE JUL 1   4331                      4333     -2     3846

 COOLING
  YESTERDAY        0                         0      0        0
  MONTH TO DATE    0                         0      0        0
  SINCE DEC 1      0                         0      0        0
  SINCE JAN 1      0                         0      0        0
..................................................................


WIND (MPH)
  HIGHEST WIND SPEED    17   HIGHEST WIND DIRECTION    SE (120)
  HIGHEST GUST SPEED    18   HIGHEST GUST DIRECTION    SE (120)
  AVERAGE WIND SPEED     7.6


SKY COVER
  POSSIBLE SUNSHINE  MM
  AVERAGE SKY COVER 0.0


WEATHER CONDITIONS
 THE FOLLOWING WEATHER WAS RECORDED YESTERDAY.
  HAZE


RELATIVE HUMIDITY (PERCENT)
 HIGHEST    91           800 AM
 LOWEST     56           100 PM
 AVERAGE    74

..........................................................


THE GLASGOW MT CLIMATE NORMALS FOR TODAY
                         NORMAL    RECORD    YEAR
 MAXIMUM TEMPERATURE (F)   23        62      1919
 MINIMUM TEMPERATURE (F)    4       -40      1950


SUNRISE AND SUNSET
JANUARY 17 2017.......SUNRISE   750 AM MST   SUNSET   444 PM MST
JANUARY 18 2017.......SUNRISE   750 AM MST   SUNSET   445 PM MST


-  INDICATES NEGATIVE NUMBERS.
R  INDICATES RECORD WAS SET OR TIED.
MM INDICATES DATA IS MISSING.
T  INDICATES TRACE AMOUNT.




$$
