956
CDUS45 KGGW 090017
CLIGGW


CLIMATE REPORT
NATIONAL WEATHER SERVICE GLASGOW MT
516 PM MST MON FEB 8 2016


...................................

...THE GLASGOW MT CLIMATE SUMMARY FOR FEBRUARY 8 2016...
VALID TODAY AS OF 0500 PM LOCAL TIME.

CLIMATE NORMAL PERIOD 1981 TO 2010
CLIMATE RECORD PERIOD 1893 TO 2016


WEATHER ITEM   OBSERVED TIME   RECORD YEAR NORMAL DEPARTURE LAST
                VALUE   (LST)  VALUE       VALUE  FROM      YEAR
                                                  NORMAL
..................................................................
TEMPERATURE (F)
 TODAY
  MAXIMUM         38    257 PM  57    2000  27     11       49
  MINIMUM         19    445 AM -49    1936   7     12       24
  AVERAGE         29                        17     12       37

PRECIPITATION (IN)
  TODAY            0.00          0.58 1916   0.01  -0.01     0.00
  MONTH TO DATE    0.02                      0.07  -0.05     0.20
  SINCE OCT 1      3.34                      1.99   1.35     2.26
  SINCE JAN 1      0.36                      0.44  -0.08     1.00

SNOWFALL (IN)
  TODAY            0.0           4.5  1916   0.2   -0.2      0.0
  MONTH TO DATE    0.2                       1.3   -1.1      2.6
  SINCE DEC 1     18.6                      17.3    1.3     23.3
  SINCE JUL 1     19.6                      23.9   -4.3     34.7
  SNOW DEPTH       1 (12Z / 5AM MST)

DEGREE DAYS
 HEATING
  TODAY           36                        48    -12       28
  MONTH TO DATE  315                       389    -74      389
  SINCE DEC 1   3157                      3485   -328     3110
  SINCE JUL 1   4819                      5478   -659     5195

 COOLING
  TODAY            0                         0      0        0
  MONTH TO DATE    0                         0      0        0
  SINCE DEC 1      0                         0      0        0
  SINCE JAN 1      0                         0      0        0
..................................................................


WIND (MPH)
  HIGHEST WIND SPEED     9   HIGHEST WIND DIRECTION     W (290)
  HIGHEST GUST SPEED    MM   HIGHEST GUST DIRECTION    MM
  AVERAGE WIND SPEED     5.3


SKY COVER
  POSSIBLE SUNSHINE  MM
  AVERAGE SKY COVER 0.3


WEATHER CONDITIONS
 THE FOLLOWING WEATHER WAS RECORDED TODAY.
  NO SIGNIFICANT WEATHER WAS OBSERVED.


RELATIVE HUMIDITY (PERCENT)
 HIGHEST    77           100 AM
 LOWEST     48           200 PM
 AVERAGE    63

..........................................................


THE GLASGOW MT CLIMATE NORMALS FOR TOMORROW
                         NORMAL    RECORD    YEAR
 MAXIMUM TEMPERATURE (F)   27        51      1952
 MINIMUM TEMPERATURE (F)    8       -44      1936


SUNRISE AND SUNSET
FEBRUARY  8 2016......SUNRISE   725 AM MST   SUNSET   517 PM MST
FEBRUARY  9 2016......SUNRISE   724 AM MST   SUNSET   518 PM MST


-  INDICATES NEGATIVE NUMBERS.
R  INDICATES RECORD WAS SET OR TIED.
MM INDICATES DATA IS MISSING.
T  INDICATES TRACE AMOUNT.

$$
