000
CDUS45 KGGW 200740
CLIGGW


CLIMATE REPORT
NATIONAL WEATHER SERVICE GLASGOW MT
140 AM MDT WED SEP 20 2017


...................................

...THE GLASGOW MT CLIMATE SUMMARY FOR SEPTEMBER 19 2017...

CLIMATE NORMAL PERIOD 1981 TO 2010
CLIMATE RECORD PERIOD 1893 TO 2017


WEATHER ITEM   OBSERVED TIME   RECORD YEAR NORMAL DEPARTURE LAST
                VALUE   (LST)  VALUE       VALUE  FROM      YEAR
                                                  NORMAL
..................................................................
TEMPERATURE (F)
 YESTERDAY
  MAXIMUM         60   1212 PM  96    2009  70    -10       74
  MINIMUM         43   1052 PM  24    1913  43      0       41
  AVERAGE         52                        56     -4       58

PRECIPITATION (IN)
  YESTERDAY        0.05          0.97 1925   0.03   0.02     0.00
  MONTH TO DATE    1.06                      0.59   0.47     0.60
  SINCE OCT 1      8.31                     11.31  -3.00    19.24
  SINCE JAN 1      4.78                      9.76  -4.98    16.26

SNOWFALL (IN)
  YESTERDAY        0.0           T    1978   0.0    0.0      0.0
  MONTH TO DATE    0.0                       0.0    0.0      0.0
  SINCE SEP 1      0.0                       0.0    0.0      0.0
  SINCE JUL 1      0.0                       0.0    0.0      0.0
  SNOW DEPTH       0

DEGREE DAYS
 HEATING
  YESTERDAY       13                         9      4        7
  MONTH TO DATE  102                       115    -13      131
  SINCE SEP 1    102                       115    -13      131
  SINCE JUL 1    109                       168    -59      165

 COOLING
  YESTERDAY        0                         1     -1        0
  MONTH TO DATE   54                        34     20       26
  SINCE SEP 1     54                        34     20       26
  SINCE JAN 1    684                       529    155      431
..................................................................


WIND (MPH)
  HIGHEST WIND SPEED    25   HIGHEST WIND DIRECTION     W (270)
  HIGHEST GUST SPEED    31   HIGHEST GUST DIRECTION     W (270)
  AVERAGE WIND SPEED    10.0


SKY COVER
  POSSIBLE SUNSHINE  MM
  AVERAGE SKY COVER 0.6


WEATHER CONDITIONS
 THE FOLLOWING WEATHER WAS RECORDED YESTERDAY.
  LIGHT RAIN


RELATIVE HUMIDITY (PERCENT)
 HIGHEST    93           600 AM
 LOWEST     40           500 PM
 AVERAGE    67

..........................................................


THE GLASGOW MT CLIMATE NORMALS FOR TODAY
                         NORMAL    RECORD    YEAR
 MAXIMUM TEMPERATURE (F)   70       100      1922
 MINIMUM TEMPERATURE (F)   43        20      1995


SUNRISE AND SUNSET
SEPTEMBER 20 2017.....SUNRISE   651 AM MDT   SUNSET   708 PM MDT
SEPTEMBER 21 2017.....SUNRISE   652 AM MDT   SUNSET   706 PM MDT


-  INDICATES NEGATIVE NUMBERS.
R  INDICATES RECORD WAS SET OR TIED.
MM INDICATES DATA IS MISSING.
T  INDICATES TRACE AMOUNT.




$$
