000
CDUS45 KGGW 300741
CLIGGW


CLIMATE REPORT
NATIONAL WEATHER SERVICE GLASGOW MT
140 AM MDT TUE SEP 30 2014


...................................

...THE GLASGOW MT CLIMATE SUMMARY FOR SEPTEMBER 29 2014...

CLIMATE NORMAL PERIOD 1981 TO 2010
CLIMATE RECORD PERIOD 1893 TO 2014


WEATHER ITEM   OBSERVED TIME   RECORD YEAR NORMAL DEPARTURE LAST
                VALUE   (LST)  VALUE       VALUE  FROM      YEAR
                                                  NORMAL
..................................................................
TEMPERATURE (F)
 YESTERDAY
  MAXIMUM         50   1159 PM  87    1967  65    -15       72
  MINIMUM         45    656 AM  20    1912  39      6       44
  AVERAGE         48                        52     -4       58

PRECIPITATION (IN)
  YESTERDAY        T             1.45 1925   0.04  -0.04     0.00
  MONTH TO DATE    0.57                      0.91  -0.34     1.83
  SINCE OCT 1     14.97                     11.63   3.34    16.62
  SINCE JAN 1     13.52                     10.08   3.44    14.42

SNOWFALL (IN)
  YESTERDAY        0.0           2.1  1983   0.1   -0.1      0.0
  MONTH TO DATE    0.0                       0.2   -0.2      0.0
  SINCE SEP 1      0.0                       0.2   -0.2      0.0
  SINCE JUL 1      0.0                       0.2   -0.2      0.0
  SNOW DEPTH       0

DEGREE DAYS
 HEATING
  YESTERDAY       17                        13      4        7
  MONTH TO DATE  224                       229     -5      111
  SINCE SEP 1    224                       229     -5      111
  SINCE JUL 1    277                       282     -5      126

 COOLING
  YESTERDAY        0                         0      0        0
  MONTH TO DATE   23                        37    -14       86
  SINCE SEP 1     23                        37    -14       86
  SINCE JAN 1    495                       532    -37      563
..................................................................


WIND (MPH)
  HIGHEST WIND SPEED    24   HIGHEST WIND DIRECTION    SE (120)
  HIGHEST GUST SPEED    29   HIGHEST GUST DIRECTION    SE (120)
  AVERAGE WIND SPEED    17.5


SKY COVER
  POSSIBLE SUNSHINE  MM
  AVERAGE SKY COVER 1.0


WEATHER CONDITIONS
 THE FOLLOWING WEATHER WAS RECORDED YESTERDAY.
  LIGHT RAIN
  FOG


RELATIVE HUMIDITY (PERCENT)
 HIGHEST    93          1100 AM
 LOWEST     86          1200 AM
 AVERAGE    90

..........................................................


THE GLASGOW MT CLIMATE NORMALS FOR TODAY
                         NORMAL    RECORD    YEAR
 MAXIMUM TEMPERATURE (F)   65        92      1963
 MINIMUM TEMPERATURE (F)   39        15      1907


SUNRISE AND SUNSET
SEPTEMBER 30 2014.....SUNRISE   704 AM MDT   SUNSET   648 PM MDT
OCTOBER  1 2014.......SUNRISE   706 AM MDT   SUNSET   645 PM MDT


-  INDICATES NEGATIVE NUMBERS.
R  INDICATES RECORD WAS SET OR TIED.
MM INDICATES DATA IS MISSING.
T  INDICATES TRACE AMOUNT.




$$
