000
CDUS45 KGGW 180026
CLIGGW


CLIMATE REPORT
NATIONAL WEATHER SERVICE GLASGOW MT
521 PM MST FRI NOV 17 2017


...................................

...THE GLASGOW MT CLIMATE SUMMARY FOR NOVEMBER 17 2017...
VALID TODAY AS OF 0500 PM LOCAL TIME.

CLIMATE NORMAL PERIOD 1981 TO 2010
CLIMATE RECORD PERIOD 1893 TO 2017


WEATHER ITEM   OBSERVED TIME   RECORD YEAR NORMAL DEPARTURE LAST
                VALUE   (LST)  VALUE       VALUE  FROM      YEAR
                                                  NORMAL
..................................................................
TEMPERATURE (F)
 TODAY
  MAXIMUM         42    102 PM  68    2009  39      3       38
  MINIMUM         15    726 AM -27    1896  18     -3       21
  AVERAGE         29                        28      1       30

PRECIPITATION (IN)
  TODAY            0.00          0.29 1981   0.01  -0.01     0.00
  MONTH TO DATE    0.11                      0.24  -0.13     0.06
  SINCE OCT 1      1.02                      0.99   0.03     3.17
  SINCE JAN 1      5.86                     11.10  -5.24    20.50

SNOWFALL (IN)
  TODAY            0.0           3.4  1986   0.2   -0.2      0.0
  MONTH TO DATE    0.9                       2.5   -1.6      0.0
  SINCE SEP 1      1.6                       4.0   -2.4      0.4
  SINCE JUL 1      1.6                       4.0   -2.4      0.4
  SNOW DEPTH       0

DEGREE DAYS
 HEATING
  TODAY           36                        37     -1       35
  MONTH TO DATE  695                       546    149      322
  SINCE SEP 1   1542                      1417    125     1161
  SINCE JUL 1   1549                      1470     79     1195

 COOLING
  TODAY            0                         0      0        0
  MONTH TO DATE    0                         0      0        0
  SINCE SEP 1     54                        38     16       29
  SINCE JAN 1    684                       533    151      434
..................................................................


WIND (MPH)
  HIGHEST WIND SPEED    14   HIGHEST WIND DIRECTION     E (100)
  HIGHEST GUST SPEED    MM   HIGHEST GUST DIRECTION    NW (300)
  AVERAGE WIND SPEED     6.0


SKY COVER
  POSSIBLE SUNSHINE  MM
  AVERAGE SKY COVER 0.1


WEATHER CONDITIONS
 THE FOLLOWING WEATHER WAS RECORDED TODAY.
  FOG
  FOG W/VISIBILITY <= 1/4 MILE


RELATIVE HUMIDITY (PERCENT)
 HIGHEST   100           900 AM
 LOWEST     54           100 PM
 AVERAGE    77

..........................................................


THE GLASGOW MT CLIMATE NORMALS FOR TOMORROW
                         NORMAL    RECORD    YEAR
 MAXIMUM TEMPERATURE (F)   38        66      2008
                                             1995
 MINIMUM TEMPERATURE (F)   18       -29      1896


SUNRISE AND SUNSET
NOVEMBER 17 2017......SUNRISE   717 AM MST   SUNSET   426 PM MST
NOVEMBER 18 2017......SUNRISE   719 AM MST   SUNSET   424 PM MST


-  INDICATES NEGATIVE NUMBERS.
R  INDICATES RECORD WAS SET OR TIED.
MM INDICATES DATA IS MISSING.
T  INDICATES TRACE AMOUNT.




$$
