000
CDUS45 KGGW 280741
CLIGGW


CLIMATE REPORT
NATIONAL WEATHER SERVICE GLASGOW MT
140 AM MDT SAT MAY 28 2016


...................................

...THE GLASGOW MT CLIMATE SUMMARY FOR MAY 27 2016...

CLIMATE NORMAL PERIOD 1981 TO 2010
CLIMATE RECORD PERIOD 1893 TO 2016


WEATHER ITEM   OBSERVED TIME   RECORD YEAR NORMAL DEPARTURE LAST
                VALUE   (LST)  VALUE       VALUE  FROM      YEAR
                                                  NORMAL
..................................................................
TEMPERATURE (F)
 YESTERDAY
  MAXIMUM         70    520 PM  96    1934  71     -1       73
                                      1919
  MINIMUM         47    501 AM  28    1947  46      1       55
  AVERAGE         59                        58      1       64

PRECIPITATION (IN)
  YESTERDAY        0.00          1.15 1912   0.08  -0.08     0.20
  MONTH TO DATE    4.08                      1.59   2.49     0.93
  SINCE OCT 1     10.81                      5.04   5.77     5.19
  SINCE JAN 1      7.83                      3.49   4.34     3.93

SNOWFALL (IN)
  YESTERDAY        0.0           3.7  1911   0.0    0.0      0.0
  MONTH TO DATE    0.0                       1.2   -1.2      0.0
  SINCE MAR 1      6.1                       7.8   -1.7      8.1
  SINCE JUL 1     27.6                      34.8   -7.2     43.2
  SNOW DEPTH       0

DEGREE DAYS
 HEATING
  YESTERDAY        6                         7     -1        1
  MONTH TO DATE  240                       297    -57      311
  SINCE MAR 1   1563                      1934   -371     1652
  SINCE JUL 1   7028                      8304  -1276     7736

 COOLING
  YESTERDAY        0                         1     -1        0
  MONTH TO DATE   11                         7      4        0
  SINCE MAR 1     11                         8      3        0
  SINCE JAN 1     11                         8      3        0
..................................................................


WIND (MPH)
  HIGHEST WIND SPEED    21   HIGHEST WIND DIRECTION     E (70)
  HIGHEST GUST SPEED    26   HIGHEST GUST DIRECTION    NE (60)
  AVERAGE WIND SPEED     7.1


SKY COVER
  POSSIBLE SUNSHINE  MM
  AVERAGE SKY COVER 0.5


WEATHER CONDITIONS
 THE FOLLOWING WEATHER WAS RECORDED YESTERDAY.
  NO SIGNIFICANT WEATHER WAS OBSERVED.


RELATIVE HUMIDITY (PERCENT)
 HIGHEST   100           500 AM
 LOWEST     40           600 PM
 AVERAGE    70

..........................................................


THE GLASGOW MT CLIMATE NORMALS FOR TODAY
                         NORMAL    RECORD    YEAR
 MAXIMUM TEMPERATURE (F)   71        97      1934
                                             1919
 MINIMUM TEMPERATURE (F)   47        20      1947


SUNRISE AND SUNSET
MAY 28 2016...........SUNRISE   513 AM MDT   SUNSET   855 PM MDT
MAY 29 2016...........SUNRISE   512 AM MDT   SUNSET   857 PM MDT


-  INDICATES NEGATIVE NUMBERS.
R  INDICATES RECORD WAS SET OR TIED.
MM INDICATES DATA IS MISSING.
T  INDICATES TRACE AMOUNT.




$$
