000
CDUS45 KGGW 050743
CLIGGW


CLIMATE REPORT
NATIONAL WEATHER SERVICE GLASGOW MT
1241 AM MST MON DEC 5 2016


...................................

...THE GLASGOW MT CLIMATE SUMMARY FOR DECEMBER 4 2016...

CLIMATE NORMAL PERIOD 1981 TO 2010
CLIMATE RECORD PERIOD 1893 TO 2016


WEATHER ITEM   OBSERVED TIME   RECORD YEAR NORMAL DEPARTURE LAST
                VALUE   (LST)  VALUE       VALUE  FROM      YEAR
                                                  NORMAL
..................................................................
TEMPERATURE (F)
 YESTERDAY
  MAXIMUM         43    126 PM  58    1979  30     13       47
  MINIMUM         17    609 AM -36    1928  10      7       26
  AVERAGE         30                        20     10       37

PRECIPITATION (IN)
  YESTERDAY        0.03          0.20 1948   0.01   0.02     0.00
  MONTH TO DATE    0.06                      0.05   0.01     0.00
  SINCE OCT 1      3.23                      1.20   2.03     2.27
  SINCE JAN 1     20.56                     11.31   9.25    12.33

SNOWFALL (IN)
  YESTERDAY        0.2           2.5  1998   0.2    0.0      0.0
  MONTH TO DATE    0.6                       0.8   -0.2      0.0
  SINCE DEC 1      0.6                       0.8   -0.2      0.0
  SINCE JUL 1      1.0                       7.4   -6.4      1.0
  SNOW DEPTH       0

DEGREE DAYS
 HEATING
  YESTERDAY       35                        45    -10       28
  MONTH TO DATE  143                       178    -35      148
  SINCE DEC 1    143                       178    -35      148
  SINCE JUL 1   1762                      2171   -409     1810

 COOLING
  YESTERDAY        0                         0      0        0
  MONTH TO DATE    0                         0      0        0
  SINCE DEC 1      0                         0      0        0
  SINCE JAN 1    434                       533    -99      619
..................................................................


WIND (MPH)
  HIGHEST WIND SPEED    25   HIGHEST WIND DIRECTION     W (290)
  HIGHEST GUST SPEED    29   HIGHEST GUST DIRECTION     W (290)
  AVERAGE WIND SPEED     9.1


SKY COVER
  POSSIBLE SUNSHINE  MM
  AVERAGE SKY COVER 0.5


WEATHER CONDITIONS
 THE FOLLOWING WEATHER WAS RECORDED YESTERDAY.
  LIGHT SNOW
  FOG
  FOG W/VISIBILITY <= 1/4 MILE


RELATIVE HUMIDITY (PERCENT)
 HIGHEST    92           600 AM
 LOWEST     51           200 PM
 AVERAGE    72

..........................................................


THE GLASGOW MT CLIMATE NORMALS FOR TODAY
                         NORMAL    RECORD    YEAR
 MAXIMUM TEMPERATURE (F)   29        57      1939
 MINIMUM TEMPERATURE (F)   10       -29      1972


SUNRISE AND SUNSET
DECEMBER  5 2016......SUNRISE   742 AM MST   SUNSET   413 PM MST
DECEMBER  6 2016......SUNRISE   743 AM MST   SUNSET   413 PM MST


-  INDICATES NEGATIVE NUMBERS.
R  INDICATES RECORD WAS SET OR TIED.
MM INDICATES DATA IS MISSING.
T  INDICATES TRACE AMOUNT.




$$
