000
CDUS45 KGGW 250740
CLIGGW


CLIMATE REPORT
NATIONAL WEATHER SERVICE GLASGOW MT
140 AM MDT TUE JUL 25 2017


...................................

...THE GLASGOW MT CLIMATE SUMMARY FOR JULY 24 2017...

CLIMATE NORMAL PERIOD 1981 TO 2010
CLIMATE RECORD PERIOD 1893 TO 2017


WEATHER ITEM   OBSERVED TIME   RECORD YEAR NORMAL DEPARTURE LAST
                VALUE   (LST)  VALUE       VALUE  FROM      YEAR
                                                  NORMAL
..................................................................
TEMPERATURE (F)
 YESTERDAY
  MAXIMUM         86    124 PM 108    1929  87     -1       89
  MINIMUM         67   1132 PM  42    1901  58      9       56
  AVERAGE         77                        73      4       73

PRECIPITATION (IN)
  YESTERDAY        0.00          1.34 2001   0.05  -0.05     0.00
  MONTH TO DATE    0.48                      1.45  -0.97     2.84
  SINCE OCT 1      6.76                      9.15  -2.39    17.54
  SINCE JAN 1      3.23                      7.60  -4.37    14.56

SNOWFALL (IN)
  YESTERDAY        0.0           T    1999   0.0    0.0      0.0
  MONTH TO DATE    0.0                       0.0    0.0      0.0
  SINCE JUN 1      0.0                       0.0    0.0      0.0
  SINCE JUL 1      0.0                       0.0    0.0      0.0
  SNOW DEPTH       0

DEGREE DAYS
 HEATING
  YESTERDAY        0                         0      0        0
  MONTH TO DATE    0                        15    -15        8
  SINCE JUN 1     47                       120    -73       40
  SINCE JUL 1      0                        15    -15        8

 COOLING
  YESTERDAY       12                         8      4        8
  MONTH TO DATE  296                       151    145      115
  SINCE JUN 1    376                       226    150      184
  SINCE JAN 1    391                       243    148      195
..................................................................


WIND (MPH)
  HIGHEST WIND SPEED    29   HIGHEST WIND DIRECTION    NW (330)
  HIGHEST GUST SPEED    36   HIGHEST GUST DIRECTION    NW (330)
  AVERAGE WIND SPEED    13.1


SKY COVER
  POSSIBLE SUNSHINE  MM
  AVERAGE SKY COVER 0.0


WEATHER CONDITIONS
 THE FOLLOWING WEATHER WAS RECORDED YESTERDAY.
  HAZE


RELATIVE HUMIDITY (PERCENT)
 HIGHEST    53           700 AM
 LOWEST     22           400 PM
 AVERAGE    38

..........................................................


THE GLASGOW MT CLIMATE NORMALS FOR TODAY
                         NORMAL    RECORD    YEAR
 MAXIMUM TEMPERATURE (F)   87       108      1929
 MINIMUM TEMPERATURE (F)   58        42      1918


SUNRISE AND SUNSET
JULY 25 2017..........SUNRISE   534 AM MDT   SUNSET   852 PM MDT
JULY 26 2017..........SUNRISE   535 AM MDT   SUNSET   850 PM MDT


-  INDICATES NEGATIVE NUMBERS.
R  INDICATES RECORD WAS SET OR TIED.
MM INDICATES DATA IS MISSING.
T  INDICATES TRACE AMOUNT.




$$
