000
CDUS45 KGGW 170017
CLIGGW


CLIMATE REPORT
NATIONAL WEATHER SERVICE GLASGOW MT
516 PM MST TUE JAN 16 2018


...................................

...THE GLASGOW MT CLIMATE SUMMARY FOR JANUARY 16 2018...
VALID TODAY AS OF 0500 PM LOCAL TIME.

CLIMATE NORMAL PERIOD 1981 TO 2010
CLIMATE RECORD PERIOD 1893 TO 2018


WEATHER ITEM   OBSERVED TIME   RECORD YEAR NORMAL DEPARTURE LAST
                VALUE   (LST)  VALUE       VALUE  FROM      YEAR
                                                  NORMAL
..................................................................
TEMPERATURE (F)
 TODAY
  MAXIMUM          9    347 PM  53    1944  23    -14       19
  MINIMUM        -14   1250 AM -40    1950   4    -18       -1
  AVERAGE         -2                        14    -16        9

PRECIPITATION (IN)
  TODAY            0.00          0.20 1911   0.01  -0.01     0.00
  MONTH TO DATE    0.34                      0.22   0.12     0.43
  SINCE OCT 1      2.14                      1.77   0.37     3.96
  SINCE JAN 1      0.34                      0.22   0.12     0.43

SNOWFALL (IN)
  TODAY            0.0           4.0  1996   0.2   -0.2      0.0
  MONTH TO DATE    6.3                       4.8    1.5     11.6
  SINCE DEC 1     19.4                      12.8    6.6     20.8
  SINCE JUL 1     21.0                      19.4    1.6     21.2
  SNOW DEPTH       5

DEGREE DAYS
 HEATING
  TODAY           67                        51     16       56
  MONTH TO DATE  974                       831    143     1075
  SINCE DEC 1   2451                      2340    111     2712
  SINCE JUL 1   4386                      4333     53     4331

 COOLING
  TODAY            0                         0      0        0
  MONTH TO DATE    0                         0      0        0
  SINCE DEC 1      0                         0      0        0
  SINCE JAN 1      0                         0      0        0
..................................................................


WIND (MPH)
  HIGHEST WIND SPEED    18   HIGHEST WIND DIRECTION     E (110)
  HIGHEST GUST SPEED    MM   HIGHEST GUST DIRECTION    MM
  AVERAGE WIND SPEED    16.4


SKY COVER
  POSSIBLE SUNSHINE  MM
  AVERAGE SKY COVER 0.0


WEATHER CONDITIONS
 THE FOLLOWING WEATHER WAS RECORDED TODAY.
  NO SIGNIFICANT WEATHER WAS OBSERVED.


RELATIVE HUMIDITY (PERCENT)
 HIGHEST    76           200 PM
 LOWEST     68          1200 PM
 AVERAGE    72

..........................................................


THE GLASGOW MT CLIMATE NORMALS FOR TOMORROW
                         NORMAL    RECORD    YEAR
 MAXIMUM TEMPERATURE (F)   23        62      1919
 MINIMUM TEMPERATURE (F)    4       -40      1950


SUNRISE AND SUNSET
JANUARY 16 2018.......SUNRISE   751 AM MST   SUNSET   442 PM MST
JANUARY 17 2018.......SUNRISE   751 AM MST   SUNSET   443 PM MST


-  INDICATES NEGATIVE NUMBERS.
R  INDICATES RECORD WAS SET OR TIED.
MM INDICATES DATA IS MISSING.
T  INDICATES TRACE AMOUNT.

$$
