000
CDUS45 KGGW 050741
CLIGGW


CLIMATE REPORT
NATIONAL WEATHER SERVICE GLASGOW MT
140 AM MDT THU MAY 5 2016


...................................

...THE GLASGOW MT CLIMATE SUMMARY FOR MAY 4 2016...

CLIMATE NORMAL PERIOD 1981 TO 2010
CLIMATE RECORD PERIOD 1893 TO 2016


WEATHER ITEM   OBSERVED TIME   RECORD YEAR NORMAL DEPARTURE LAST
                VALUE   (LST)  VALUE       VALUE  FROM      YEAR
                                                  NORMAL
..................................................................
TEMPERATURE (F)
 YESTERDAY
  MAXIMUM         85    429 PM  91    1918  65     20       75
  MINIMUM         49    504 AM  20    2002  38     11       38
  AVERAGE         67                        51     16       57

PRECIPITATION (IN)
  YESTERDAY        0.00          0.45 1986   0.05  -0.05     0.00
  MONTH TO DATE    0.00                      0.18  -0.18     0.00
  SINCE OCT 1      6.73                      3.63   3.10     4.26
  SINCE JAN 1      3.75                      2.08   1.67     3.00

SNOWFALL (IN)
  YESTERDAY        0.0           0.4  1991   0.0    0.0      0.0
  MONTH TO DATE    0.0                       0.2   -0.2      0.0
  SINCE MAR 1      6.1                       6.8   -0.7      8.1
  SINCE JUL 1     27.6                      33.8   -6.2     43.2
  SNOW DEPTH       0

DEGREE DAYS
 HEATING
  YESTERDAY        0                        14    -14        8
  MONTH TO DATE   24                        58    -34       40
  SINCE MAR 1   1347                      1695   -348     1381
  SINCE JUL 1   6812                      8065  -1253     7465

 COOLING
  YESTERDAY        2                         0      2        0
  MONTH TO DATE    2                         0      2        0
  SINCE MAR 1      2                         1      1        0
  SINCE JAN 1      2                         1      1        0
..................................................................


WIND (MPH)
  HIGHEST WIND SPEED    18   HIGHEST WIND DIRECTION     S (160)
  HIGHEST GUST SPEED    24   HIGHEST GUST DIRECTION     S (170)
  AVERAGE WIND SPEED    11.0


SKY COVER
  POSSIBLE SUNSHINE  MM
  AVERAGE SKY COVER 0.0


WEATHER CONDITIONS
 THE FOLLOWING WEATHER WAS RECORDED YESTERDAY.
  NO SIGNIFICANT WEATHER WAS OBSERVED.


RELATIVE HUMIDITY (PERCENT)
 HIGHEST    71           500 AM
 LOWEST     19           400 PM
 AVERAGE    45

..........................................................


THE GLASGOW MT CLIMATE NORMALS FOR TODAY
                         NORMAL    RECORD    YEAR
 MAXIMUM TEMPERATURE (F)   65        89      1918
                                             1897
 MINIMUM TEMPERATURE (F)   38        20      1913
                                             1906


SUNRISE AND SUNSET
MAY  5 2016...........SUNRISE   541 AM MDT   SUNSET   827 PM MDT
MAY  6 2016...........SUNRISE   539 AM MDT   SUNSET   828 PM MDT


-  INDICATES NEGATIVE NUMBERS.
R  INDICATES RECORD WAS SET OR TIED.
MM INDICATES DATA IS MISSING.
T  INDICATES TRACE AMOUNT.

$$
