000
CDUS45 KGGW 210016
CLIGGW


CLIMATE REPORT
NATIONAL WEATHER SERVICE GLASGOW MT
515 PM MST SAT DEC 20 2014


...................................

...THE GLASGOW MT CLIMATE SUMMARY FOR DECEMBER 20 2014...
VALID TODAY AS OF 0500 PM LOCAL TIME.

CLIMATE NORMAL PERIOD 1981 TO 2010
CLIMATE RECORD PERIOD 1893 TO 2014


WEATHER ITEM   OBSERVED TIME   RECORD YEAR NORMAL DEPARTURE LAST
                VALUE   (LST)  VALUE       VALUE  FROM      YEAR
                                                  NORMAL
..................................................................
TEMPERATURE (F)
 TODAY
  MAXIMUM         45        MM  53    1954  25     20        4
                                      1941
  MINIMUM         22        MM -38    1929   5     17      -14
  AVERAGE         34                        15     19       -5

PRECIPITATION (IN)
  TODAY            0.00          0.21 1953   0.02  -0.02     0.00
  MONTH TO DATE    0.03                      0.24  -0.21     0.52
  SINCE OCT 1      1.18                      1.39  -0.21     1.11
  SINCE JAN 1     14.92                     11.50   3.42    15.53

SNOWFALL (IN)
  TODAY            0.0           6.2  2010   0.3   -0.3      0.0
  MONTH TO DATE    0.1                       4.6   -4.5      9.9
  SINCE DEC 1      0.1                       4.6   -4.5      9.9
  SINCE JUL 1     11.5                      11.2    0.3     13.6
  SNOW DEPTH       0   (12Z/5AM MST)

DEGREE DAYS
 HEATING
  TODAY           31                        50    -19       70
  MONTH TO DATE  820                       948   -128     1191
  SINCE DEC 1    820                       948   -128     1191
  SINCE JUL 1   2905                      2941    -36     3102

 COOLING
  TODAY            0                         0      0        0
  MONTH TO DATE    0                         0      0        0
  SINCE DEC 1      0                         0      0        0
  SINCE JAN 1    495                       533    -38      563
..................................................................


WIND (MPH)
  HIGHEST WIND SPEED    21   HIGHEST WIND DIRECTION     W (280)
  HIGHEST GUST SPEED    MM   HIGHEST GUST DIRECTION    MM
  AVERAGE WIND SPEED     8.1


SKY COVER
  POSSIBLE SUNSHINE  MM
  AVERAGE SKY COVER 0.3


WEATHER CONDITIONS
 THE FOLLOWING WEATHER WAS RECORDED TODAY.
  NO SIGNIFICANT WEATHER WAS OBSERVED.


RELATIVE HUMIDITY (PERCENT)
 HIGHEST    96           600 AM
 LOWEST     41           100 PM
 AVERAGE    69

..........................................................


THE GLASGOW MT CLIMATE NORMALS FOR TOMORROW
                         NORMAL    RECORD    YEAR
 MAXIMUM TEMPERATURE (F)   24        57      1954
 MINIMUM TEMPERATURE (F)    5       -39      1924


SUNRISE AND SUNSET
DECEMBER 20 2014......SUNRISE   754 AM MST   SUNSET   414 PM MST
DECEMBER 21 2014......SUNRISE   754 AM MST   SUNSET   415 PM MST


-  INDICATES NEGATIVE NUMBERS.
R  INDICATES RECORD WAS SET OR TIED.
MM INDICATES DATA IS MISSING.
T  INDICATES TRACE AMOUNT.




$$
